4.251.36.195 - - [28/Aug/2026:14:06:09 +0200] "GET /wp-content/uploads/2021/09/Clean-277x540.png HTTP/1.1" 200 35199 "https://www.arithmetic.fr/" "Mozilla/5.0 (Windows NT 10.0; Win64; x64) AppleWebKit/537.36 (KHTML, like Gecko) Chrome/142.0.7444.162 Safari/537.36"
4.251.36.195 - - [28/Aug/2026:14:06:10 +0200] "GET /wp-content/uploads/2021/09/Lift-277x540.png HTTP/1.1" 200 35119 "https://www.arithmetic.fr/" "Mozilla/5.0 (Windows NT 10.0; Win64; x64) AppleWebKit/537.36 (KHTML, like Gecko) Chrome/142.0.7444.162 Safari/537.36"
4.251.36.195 - - [28/Aug/2026:14:06:10 +0200] "GET /wp-content/plugins/contact-form-7/includes/swv/js/index.js HTTP/1.1" 200 3052 "https://www.arithmetic.fr/" "Mozilla/5.0 (Windows NT 10.0; Win64; x64) AppleWebKit/537.36 (KHTML, like Gecko) Chrome/142.0.7444.162 Safari/537.36"
4.251.36.195 - - [28/Aug/2026:14:06:10 +0200] "GET /wp-content/plugins/contact-form-7/includes/js/index.js HTTP/1.1" 200 4197 "https://www.arithmetic.fr/" "Mozilla/5.0 (Windows NT 10.0; Win64; x64) AppleWebKit/537.36 (KHTML, like Gecko) Chrome/142.0.7444.162 Safari/537.36"
4.251.36.195 - - [28/Aug/2026:14:06:10 +0200] "GET /wp-content/themes/stabapp/assets/js/post-favorite.js HTTP/1.1" 200 401 "https://www.arithmetic.fr/" "Mozilla/5.0 (Windows NT 10.0; Win64; x64) AppleWebKit/537.36 (KHTML, like Gecko) Chrome/142.0.7444.162 Safari/537.36"
4.251.36.195 - - [28/Aug/2026:14:06:10 +0200] "GET /wp-content/themes/stabapp/assets/vendors/flexslider/jquery.flexslider-min.js HTTP/1.1" 200 6374 "https://www.arithmetic.fr/" "Mozilla/5.0 (Windows NT 10.0; Win64; x64) AppleWebKit/537.36 (KHTML, like Gecko) Chrome/142.0.7444.162 Safari/537.36"
4.251.36.195 - - [28/Aug/2026:14:06:10 +0200] "GET /wp-content/themes/stabapp/assets/vendors/owl-carousel/owl.carousel.min.js HTTP/1.1" 200 10541 "https://www.arithmetic.fr/" "Mozilla/5.0 (Windows NT 10.0; Win64; x64) AppleWebKit/537.36 (KHTML, like Gecko) Chrome/142.0.7444.162 Safari/537.36"
4.251.36.195 - - [28/Aug/2026:14:06:10 +0200] "GET /wp-content/themes/stabapp/assets/vendors/waypoint/jquery.waypoints.min.js HTTP/1.1" 200 2710 "https://www.arithmetic.fr/" "Mozilla/5.0 (Windows NT 10.0; Win64; x64) AppleWebKit/537.36 (KHTML, like Gecko) Chrome/142.0.7444.162 Safari/537.36"
4.251.36.195 - - [28/Aug/2026:14:06:10 +0200] "GET /wp-content/themes/stabapp/assets/js/animated.js HTTP/1.1" 200 375 "https://www.arithmetic.fr/" "Mozilla/5.0 (Windows NT 10.0; Win64; x64) AppleWebKit/537.36 (KHTML, like Gecko) Chrome/142.0.7444.162 Safari/537.36"
4.251.36.195 - - [28/Aug/2026:14:06:10 +0200] "GET /wp-content/themes/stabapp/assets/vendors/fancybox/jquery.fancybox.js HTTP/1.1" 200 13932 "https://www.arithmetic.fr/" "Mozilla/5.0 (Windows NT 10.0; Win64; x64) AppleWebKit/537.36 (KHTML, like Gecko) Chrome/142.0.7444.162 Safari/537.36"
4.251.36.195 - - [28/Aug/2026:14:06:10 +0200] "GET /wp-content/themes/stabapp/assets/js/bootstrap.min.js HTTP/1.1" 200 9845 "https://www.arithmetic.fr/" "Mozilla/5.0 (Windows NT 10.0; Win64; x64) AppleWebKit/537.36 (KHTML, like Gecko) Chrome/142.0.7444.162 Safari/537.36"
4.251.36.195 - - [28/Aug/2026:14:06:10 +0200] "GET /wp-content/themes/stabapp/assets/js/jquery.colorbox.js HTTP/1.1" 200 5560 "https://www.arithmetic.fr/" "Mozilla/5.0 (Windows NT 10.0; Win64; x64) AppleWebKit/537.36 (KHTML, like Gecko) Chrome/142.0.7444.162 Safari/537.36"
4.251.36.195 - - [28/Aug/2026:14:06:10 +0200] "GET /wp-content/themes/stabapp/framework/shortcodes/shortcodes.js HTTP/1.1" 200 369 "https://www.arithmetic.fr/" "Mozilla/5.0 (Windows NT 10.0; Win64; x64) AppleWebKit/537.36 (KHTML, like Gecko) Chrome/142.0.7444.162 Safari/537.36"
4.251.36.195 - - [28/Aug/2026:14:06:10 +0200] "GET /wp-content/themes/stabapp/assets/js/jquery.easytabs.min.js HTTP/1.1" 200 3027 "https://www.arithmetic.fr/" "Mozilla/5.0 (Windows NT 10.0; Win64; x64) AppleWebKit/537.36 (KHTML, like Gecko) Chrome/142.0.7444.162 Safari/537.36"
4.251.36.195 - - [28/Aug/2026:14:06:10 +0200] "GET /wp-content/themes/stabapp/assets/js/swfobject.js HTTP/1.1" 200 2260 "https://www.arithmetic.fr/" "Mozilla/5.0 (Windows NT 10.0; Win64; x64) AppleWebKit/537.36 (KHTML, like Gecko) Chrome/142.0.7444.162 Safari/537.36"
4.251.36.195 - - [28/Aug/2026:14:06:10 +0200] "GET /wp-content/themes/stabapp/assets/js/jquery.nicescroll.min.js HTTP/1.1" 200 16648 "https://www.arithmetic.fr/" "Mozilla/5.0 (Windows NT 10.0; Win64; x64) AppleWebKit/537.36 (KHTML, like Gecko) Chrome/142.0.7444.162 Safari/537.36"
4.251.36.195 - - [28/Aug/2026:14:06:10 +0200] "GET /wp-content/themes/stabapp/assets/vendors/match-height/jquery.matchHeight-min.js HTTP/1.1" 200 1377 "https://www.arithmetic.fr/" "Mozilla/5.0 (Windows NT 10.0; Win64; x64) AppleWebKit/537.36 (KHTML, like Gecko) Chrome/142.0.7444.162 Safari/537.36"
4.251.36.195 - - [28/Aug/2026:14:06:10 +0200] "GET /wp-content/themes/stabapp/assets/js/SmoothScroll.js HTTP/1.1" 200 6555 "https://www.arithmetic.fr/" "Mozilla/5.0 (Windows NT 10.0; Win64; x64) AppleWebKit/537.36 (KHTML, like Gecko) Chrome/142.0.7444.162 Safari/537.36"
4.251.36.195 - - [28/Aug/2026:14:06:11 +0200] "GET /wp-content/themes/stabapp/assets/js/main.js HTTP/1.1" 200 7259 "https://www.arithmetic.fr/" "Mozilla/5.0 (Windows NT 10.0; Win64; x64) AppleWebKit/537.36 (KHTML, like Gecko) Chrome/142.0.7444.162 Safari/537.36"
4.251.36.195 - - [28/Aug/2026:14:06:11 +0200] "GET /wp-content/themes/stabapp/assets/vendors/jquery-cookie/jquery.cookie.js HTTP/1.1" 200 1407 "https://www.arithmetic.fr/" "Mozilla/5.0 (Windows NT 10.0; Win64; x64) AppleWebKit/537.36 (KHTML, like Gecko) Chrome/142.0.7444.162 Safari/537.36"
4.251.36.195 - - [28/Aug/2026:14:06:11 +0200] "GET /wp-content/plugins/newsletter/main.js HTTP/1.1" 200 416 "https://www.arithmetic.fr/" "Mozilla/5.0 (Windows NT 10.0; Win64; x64) AppleWebKit/537.36 (KHTML, like Gecko) Chrome/142.0.7444.162 Safari/537.36"
4.251.36.195 - - [28/Aug/2026:14:06:11 +0200] "GET /wp-content/themes/stabapp/assets/fonts/hurme_geometric_sans_4_w00_bold-webfont.woff2 HTTP/1.1" 200 29784 "https://www.arithmetic.fr/wp-content/themes/stabapp/assets/css/tb.core.min.css" "Mozilla/5.0 (Windows NT 10.0; Win64; x64) AppleWebKit/537.36 (KHTML, like Gecko) Chrome/142.0.7444.162 Safari/537.36"
4.251.36.195 - - [28/Aug/2026:14:06:11 +0200] "GET /wp-content/themes/stabapp/assets/fonts/fontawesome-webfont.woff2?v=4.5.0 HTTP/1.1" 200 66624 "https://www.arithmetic.fr/wp-content/themes/stabapp/assets/css/font-awesome.min.css" "Mozilla/5.0 (Windows NT 10.0; Win64; x64) AppleWebKit/537.36 (KHTML, like Gecko) Chrome/142.0.7444.162 Safari/537.36"
4.251.36.195 - - [28/Aug/2026:14:06:11 +0200] "GET /wp-content/plugins/js_composer/assets/js/dist/js_composer_front.min.js HTTP/1.1" 200 5843 "https://www.arithmetic.fr/" "Mozilla/5.0 (Windows NT 10.0; Win64; x64) AppleWebKit/537.36 (KHTML, like Gecko) Chrome/142.0.7444.162 Safari/537.36"
4.251.36.195 - - [28/Aug/2026:14:06:11 +0200] "GET /wp-content/themes/stabapp/assets/vendors/flipster/js/jquery.flipster.min.js HTTP/1.1" 200 3421 "https://www.arithmetic.fr/" "Mozilla/5.0 (Windows NT 10.0; Win64; x64) AppleWebKit/537.36 (KHTML, like Gecko) Chrome/142.0.7444.162 Safari/537.36"
4.251.36.195 - - [28/Aug/2026:14:06:11 +0200] "GET /wp-content/themes/stabapp/assets/js/jquery.incremental-counter.min.js HTTP/1.1" 200 576 "https://www.arithmetic.fr/" "Mozilla/5.0 (Windows NT 10.0; Win64; x64) AppleWebKit/537.36 (KHTML, like Gecko) Chrome/142.0.7444.162 Safari/537.36"
4.251.36.195 - - [28/Aug/2026:14:06:11 +0200] "GET /wp-content/plugins/google-analytics-for-wordpress/assets/js/frontend-gtag.min.js HTTP/1.1" 200 3296 "https://www.arithmetic.fr/" "Mozilla/5.0 (Windows NT 10.0; Win64; x64) AppleWebKit/537.36 (KHTML, like Gecko) Chrome/142.0.7444.162 Safari/537.36"
4.251.36.195 - - [28/Aug/2026:14:06:11 +0200] "GET /wp-content/uploads/2019/12/traits.png HTTP/1.1" 200 407 "https://www.arithmetic.fr/" "Mozilla/5.0 (Windows NT 10.0; Win64; x64) AppleWebKit/537.36 (KHTML, like Gecko) Chrome/142.0.7444.162 Safari/537.36"
4.251.36.195 - - [28/Aug/2026:14:06:11 +0200] "GET /wp-content/themes/stabapp/assets/images/logement.svg HTTP/1.1" 200 384 "https://www.arithmetic.fr/wp-content/themes/stabapp/assets/css/tb.core.min.css" "Mozilla/5.0 (Windows NT 10.0; Win64; x64) AppleWebKit/537.36 (KHTML, like Gecko) Chrome/142.0.7444.162 Safari/537.36"
4.251.36.195 - - [28/Aug/2026:14:06:11 +0200] "GET /wp-content/themes/stabapp/assets/images/plateforme.svg HTTP/1.1" 200 437 "https://www.arithmetic.fr/wp-content/themes/stabapp/assets/css/tb.core.min.css" "Mozilla/5.0 (Windows NT 10.0; Win64; x64) AppleWebKit/537.36 (KHTML, like Gecko) Chrome/142.0.7444.162 Safari/537.36"
4.251.36.195 - - [28/Aug/2026:14:06:11 +0200] "GET /wp-content/themes/stabapp/assets/images/picto_qualite.png HTTP/1.1" 200 4457 "https://www.arithmetic.fr/wp-content/themes/stabapp/assets/css/tb.core.min.css" "Mozilla/5.0 (Windows NT 10.0; Win64; x64) AppleWebKit/537.36 (KHTML, like Gecko) Chrome/142.0.7444.162 Safari/537.36"
4.251.36.195 - - [28/Aug/2026:14:06:11 +0200] "GET /wp-content/themes/stabapp/assets/images/elevator.svg HTTP/1.1" 403 193 "https://www.arithmetic.fr/wp-content/themes/stabapp/assets/css/tb.core.min.css" "Mozilla/5.0 (Windows NT 10.0; Win64; x64) AppleWebKit/537.36 (KHTML, like Gecko) Chrome/142.0.7444.162 Safari/537.36"
4.251.36.195 - - [28/Aug/2026:14:06:11 +0200] "GET /wp-content/uploads/2019/12/bg_tem.jpg?id=1205 HTTP/1.1" 200 81502 "https://www.arithmetic.fr/" "Mozilla/5.0 (Windows NT 10.0; Win64; x64) AppleWebKit/537.36 (KHTML, like Gecko) Chrome/142.0.7444.162 Safari/537.36"
4.251.36.195 - - [28/Aug/2026:14:06:11 +0200] "GET /wp-content/uploads/2019/12/iPhone_X_Mockup.png HTTP/1.1" 200 52310 "https://www.arithmetic.fr/" "Mozilla/5.0 (Windows NT 10.0; Win64; x64) AppleWebKit/537.36 (KHTML, like Gecko) Chrome/142.0.7444.162 Safari/537.36"
4.251.36.195 - - [28/Aug/2026:14:06:11 +0200] "GET /wp-content/uploads/2020/12/etape_hp.png HTTP/1.1" 200 279268 "https://www.arithmetic.fr/" "Mozilla/5.0 (Windows NT 10.0; Win64; x64) AppleWebKit/537.36 (KHTML, like Gecko) Chrome/142.0.7444.162 Safari/537.36"
4.251.36.195 - - [28/Aug/2026:14:06:12 +0200] "GET /wp-content/plugins/revslider/public/assets/assets/loader.gif HTTP/1.1" 200 2545 "https://www.arithmetic.fr/wp-content/plugins/revslider/public/assets/css/rs6.css" "Mozilla/5.0 (Windows NT 10.0; Win64; x64) AppleWebKit/537.36 (KHTML, like Gecko) Chrome/142.0.7444.162 Safari/537.36"
4.251.36.195 - - [28/Aug/2026:14:06:13 +0200] "GET /wp-includes/js/wp-emoji-release.min.js HTTP/1.1" 200 5397 "https://www.arithmetic.fr/" "Mozilla/5.0 (Windows NT 10.0; Win64; x64) AppleWebKit/537.36 (KHTML, like Gecko) Chrome/142.0.7444.162 Safari/537.36"
4.251.36.195 - - [28/Aug/2026:14:06:16 +0200] "GET /wp-content/uploads/2019/12/favico.png HTTP/1.1" 200 6999 "https://www.arithmetic.fr/" "Mozilla/5.0 (Windows NT 10.0; Win64; x64) AppleWebKit/537.36 (KHTML, like Gecko) Chrome/142.0.7444.162 Safari/537.36"
91.230.168.22 - - [28/Aug/2026:14:08:27 +0200] "GET /wp-content/uploads/2019/12/favico.png HTTP/1.1" 200 6999 "-" "Mozilla/5.0 (X11; Ubuntu; Linux x86_64; rv:134.0) Gecko/20100101 Firefox/134.0"
146.59.197.208 - - [28/Aug/2026:14:08:37 +0200] "POST /wp-cron.php?doing_wp_cron=1787918917.4542019367218017578125 HTTP/1.1" 200 31 "-" "WordPress/7.0.1; https://www.arithmetic.fr"
177.18.230.34 - - [28/Aug/2026:14:08:37 +0200] "GET / HTTP/1.1" 200 16233 "https://arithmetic.fr" "Mozilla/5.0 (Windows NT 10.0; Win64; x64) AppleWebKit/537.36 (KHTML, like Gecko) Chrome/131.0.0.0 Safari/537.36"
146.59.197.208 - - [28/Aug/2026:14:09:32 +0200] "POST /wp-cron.php?doing_wp_cron=1787918972.6591570377349853515625 HTTP/1.1" 200 31 "-" "WordPress/7.0.1; https://www.arithmetic.fr"
207.46.13.6 - - [28/Aug/2026:14:09:32 +0200] "GET /online-con-prelievi-istantanei-accedi-ora-5/ HTTP/1.1" 404 10480 "-" "Mozilla/5.0 AppleWebKit/537.36 (KHTML, like Gecko; compatible; bingbot/2.0; +http://www.bing.com/bingbot.htm) Chrome/116.0.1938.76 Safari/537.36"
146.59.197.208 - - [28/Aug/2026:14:13:28 +0200] "POST /wp-cron.php?doing_wp_cron=1787919208.6587829589843750000000 HTTP/1.1" 200 31 "-" "WordPress/7.0.1; https://www.arithmetic.fr"
44.212.131.50 - - [28/Aug/2026:14:13:28 +0200] "GET /x-4/ HTTP/1.1" 200 14030 "-" "Mozilla/5.0 AppleWebKit/537.36 (KHTML, like Gecko; compatible; Amazonbot/0.1; +https://developer.amazon.com/support/amazonbot) Chrome/119.0.6045.214 Safari/537.36"
146.59.197.208 - - [28/Aug/2026:14:13:29 +0200] "POST /wp-cron.php?doing_wp_cron=1787919208.9744861125946044921875 HTTP/1.1" 200 31 "-" "WordPress/7.0.1; https://www.arithmetic.fr"
57.141.0.22 - - [28/Aug/2026:14:13:29 +0200] "GET /examen-des-options-de-paiement-proposees-par-julius-casino/ HTTP/1.1" 404 10493 "-" "Mozilla/5.0 (Windows NT 10.0; Win64; x64) AppleWebKit/537.36 (KHTML, like Gecko) Chrome/145.0.0.0 Safari/537.36 (compatible; meta-externalagent/1.1 (+https://developers.facebook.com/docs/sharing/webmasters/crawler))"
146.59.197.208 - - [28/Aug/2026:14:14:58 +0200] "POST /wp-cron.php?doing_wp_cron=1787919298.2824749946594238281250 HTTP/1.1" 200 31 "-" "WordPress/7.0.1; https://www.arithmetic.fr"
57.141.0.44 - - [28/Aug/2026:14:14:58 +0200] "GET /recenzja-bonusy-gry-i-wypaty-2026-2/ HTTP/1.1" 404 10483 "-" "Mozilla/5.0 (X11; Linux x86_64) AppleWebKit/537.36 (KHTML, like Gecko) Chrome/145.0.0.0 Safari/537.36 (compatible; meta-externalagent/1.1 (+https://developers.facebook.com/docs/sharing/webmasters/crawler))"
85.137.57.233 - - [28/Aug/2026:14:15:22 +0200] "GET / HTTP/1.1" 200 70526 "https://arithmetic.fr:443" "Mozilla/5.0 (Macintosh; Intel Mac OS X 10_15_7) AppleWebKit/537.36 (KHTML, like Gecko) Chrome/124.0.0.0 Safari/537.36"
85.137.57.233 - - [28/Aug/2026:14:15:23 +0200] "GET / HTTP/1.1" 200 70526 "https://arithmetic.fr:443" "Mozilla/5.0 (Macintosh; Intel Mac OS X 10_15_7) AppleWebKit/537.36 (KHTML, like Gecko) Chrome/124.0.0.0 Safari/537.36"
85.137.57.233 - - [28/Aug/2026:14:15:43 +0200] "GET / HTTP/1.1" 301 5 "-" "Mozilla/5.0 (Macintosh; Intel Mac OS X 10_15_7) AppleWebKit/537.36 (KHTML, like Gecko) Chrome/124.0.0.0 Safari/537.36"
85.137.57.233 - - [28/Aug/2026:14:15:46 +0200] "GET / HTTP/1.1" 301 5 "-" "Mozilla/5.0 (Macintosh; Intel Mac OS X 10_15_7) AppleWebKit/537.36 (KHTML, like Gecko) Chrome/124.0.0.0 Safari/537.36"
146.59.197.208 - - [28/Aug/2026:14:16:01 +0200] "POST /wp-cron.php?doing_wp_cron=1787919361.7912909984588623046875 HTTP/1.1" 200 31 "-" "WordPress/7.0.1; https://www.arithmetic.fr"
106.63.26.21 - - [28/Aug/2026:14:16:01 +0200] "GET / HTTP/1.1" 200 16235 "https://arithmetic.fr/" "Mozilla/5.0 (Macintosh; Intel Mac OS X 10_15_7) AppleWebKit/537.36 (KHTML, like Gecko) Chrome/120.0.0.0 Safari/537.36 Edg/120.0.0.0"
146.59.197.208 - - [28/Aug/2026:14:20:12 +0200] "POST /wp-cron.php?doing_wp_cron=1787919612.7754468917846679687500 HTTP/1.1" 200 31 "-" "WordPress/7.0.1; https://www.arithmetic.fr"
57.141.0.29 - - [28/Aug/2026:14:20:12 +0200] "GET /zontana-kazino-kai-oi-apithanes-empeiries-paikhnidiou-tous/ HTTP/1.1" 404 10499 "-" "Mozilla/5.0 (Macintosh; Intel Mac OS X 10_15_7) AppleWebKit/537.36 (KHTML, like Gecko) Chrome/145.0.0.0 Safari/537.36 (compatible; meta-externalagent/1.1 (+https://developers.facebook.com/docs/sharing/webmasters/crawler))"
57.141.0.71 - - [28/Aug/2026:14:20:18 +0200] "GET /playamo-casino-quickhit-slots-live-action-and-cryp/ HTTP/1.1" 404 10488 "-" "Mozilla/5.0 (Macintosh; Intel Mac OS X 10_15_7) AppleWebKit/537.36 (KHTML, like Gecko) Chrome/145.0.0.0 Safari/537.36 (compatible; meta-externalagent/1.1 (+https://developers.facebook.com/docs/sharing/webmasters/crawler))"
146.59.197.208 - - [28/Aug/2026:14:30:02 +0200] "POST /wp-cron.php?doing_wp_cron=1787920201.9670839309692382812500 HTTP/1.1" 200 31 "-" "WordPress/7.0.1; https://www.arithmetic.fr"
51.91.208.97 - - [28/Aug/2026:14:30:02 +0200] "GET / HTTP/1.1" 200 16234 "-" "Mozilla/5.0 (X11; Linux x86_64) AppleWebKit/537.36 (KHTML, like Gecko; compatible; pageburst) Chrome/147.0.7727.116 Safari/537.36"
51.91.208.97 - - [28/Aug/2026:14:30:02 +0200] "GET /wp-content/uploads/2019/12/favico.png HTTP/1.1" 200 6999 "https://www.arithmetic.fr" "Mozilla/5.0 (Macintosh; Intel Mac OS X 10_15_7) AppleWebKit/605.1.15 (KHTML, like Gecko) Version/18.5 Safari/605.1.15"
57.141.0.7 - - [28/Aug/2026:14:30:51 +0200] "GET /rizz-casino-quickfire-slot-play-for-the-modern-gam/ HTTP/1.1" 404 10490 "-" "Mozilla/5.0 (Macintosh; Intel Mac OS X 10_15_7) AppleWebKit/537.36 (KHTML, like Gecko) Chrome/145.0.0.0 Safari/537.36 (compatible; meta-externalagent/1.1 (+https://developers.facebook.com/docs/sharing/webmasters/crawler))"
146.59.197.208 - - [28/Aug/2026:14:34:25 +0200] "POST /wp-cron.php?doing_wp_cron=1787920465.0077049732208251953125 HTTP/1.1" 200 31 "-" "WordPress/7.0.1; https://www.arithmetic.fr"
45.77.42.191 - - [28/Aug/2026:14:34:25 +0200] "GET / HTTP/1.1" 200 70527 "-" "Mozilla/5.0 (Macintosh; Intel Mac OS X 10_15_7) AppleWebKit/537.36 (KHTML, like Gecko) Chrome/120.0.0.0 Safari/537.36"
57.141.0.67 - - [28/Aug/2026:14:34:38 +0200] "GET /experiencia-de-casino-movel-em-seu-smartphone-onde-quer-que-esteja/ HTTP/1.1" 404 10505 "-" "Mozilla/5.0 (Macintosh; Intel Mac OS X 10_15_7) AppleWebKit/537.36 (KHTML, like Gecko) Chrome/145.0.0.0 Safari/537.36 (compatible; meta-externalagent/1.1 (+https://developers.facebook.com/docs/sharing/webmasters/crawler))"
146.59.197.208 - - [28/Aug/2026:14:39:30 +0200] "POST /wp-cron.php?doing_wp_cron=1787920770.3972530364990234375000 HTTP/1.1" 200 31 "-" "WordPress/7.0.1; https://www.arithmetic.fr"
57.141.0.21 - - [28/Aug/2026:14:39:30 +0200] "GET /casinia-casino-turboplay-quick-wins-for-the-speedo/ HTTP/1.1" 404 10486 "-" "Mozilla/5.0 (Windows NT 10.0; Win64; x64) AppleWebKit/537.36 (KHTML, like Gecko) Chrome/145.0.0.0 Safari/537.36 (compatible; meta-externalagent/1.1 (+https://developers.facebook.com/docs/sharing/webmasters/crawler))"
146.59.197.208 - - [28/Aug/2026:14:45:49 +0200] "POST /wp-cron.php?doing_wp_cron=1787921149.7000679969787597656250 HTTP/1.1" 200 31 "-" "WordPress/7.0.1; https://www.arithmetic.fr"
57.141.0.2 - - [28/Aug/2026:14:45:49 +0200] "GET /neue-spieler-finden-spass-und-spannung-in-book-of-ra-classic/ HTTP/1.1" 404 10494 "-" "Mozilla/5.0 (X11; Linux x86_64) AppleWebKit/537.36 (KHTML, like Gecko) Chrome/145.0.0.0 Safari/537.36 (compatible; meta-externalagent/1.1 (+https://developers.facebook.com/docs/sharing/webmasters/crawler))"
146.59.197.208 - - [28/Aug/2026:14:45:54 +0200] "POST /wp-cron.php?doing_wp_cron=1787921154.2734270095825195312500 HTTP/1.1" 200 31 "-" "WordPress/7.0.1; https://www.arithmetic.fr"
159.89.91.236 - - [28/Aug/2026:14:45:54 +0200] "POST /xmlrpc.php HTTP/1.1" 200 221 "-" "Mozilla/5.0 (Windows NT 10.0; Win64; x64) AppleWebKit/537.36 (KHTML, like Gecko) Chrome/141.0.0.0 Safari/537.36"
146.59.197.208 - - [28/Aug/2026:14:48:19 +0200] "POST /wp-cron.php?doing_wp_cron=1787921299.6393599510192871093750 HTTP/1.1" 200 31 "-" "WordPress/7.0.1; https://www.arithmetic.fr"
43.157.175.122 - - [28/Aug/2026:14:48:19 +0200] "GET / HTTP/1.1" 200 16231 "http://arithmetic.fr" "Mozilla/5.0 (iPhone; CPU iPhone OS 13_2_3 like Mac OS X) AppleWebKit/605.1.15 (KHTML, like Gecko) Version/13.0.3 Mobile/15E148 Safari/604.1"
4.251.36.105 - - [28/Aug/2026:14:48:47 +0200] "GET / HTTP/1.1" 200 16232 "-" "Mozilla/5.0 (Macintosh; Intel Mac OS X 15_7_2) AppleWebKit/537.36 (KHTML, like Gecko) Chrome/142.0.0.0 Safari/537.36"
4.251.36.105 - - [28/Aug/2026:14:48:48 +0200] "GET /wp-content/plugins/contact-form-7/includes/css/styles.css HTTP/1.1" 200 1016 "https://www.arithmetic.fr/" "Mozilla/5.0 (Macintosh; Intel Mac OS X 15_7_2) AppleWebKit/537.36 (KHTML, like Gecko) Chrome/142.0.0.0 Safari/537.36"
4.251.36.105 - - [28/Aug/2026:14:48:48 +0200] "GET /wp-content/plugins/revslider/public/assets/css/rs6.css HTTP/1.1" 200 11973 "https://www.arithmetic.fr/" "Mozilla/5.0 (Macintosh; Intel Mac OS X 15_7_2) AppleWebKit/537.36 (KHTML, like Gecko) Chrome/142.0.0.0 Safari/537.36"
4.251.36.105 - - [28/Aug/2026:14:48:48 +0200] "GET /wp-content/themes/stabapp/assets/vendors/fancybox/jquery.fancybox.css HTTP/1.1" 200 1435 "https://www.arithmetic.fr/" "Mozilla/5.0 (Macintosh; Intel Mac OS X 15_7_2) AppleWebKit/537.36 (KHTML, like Gecko) Chrome/142.0.0.0 Safari/537.36"
4.251.36.105 - - [28/Aug/2026:14:48:48 +0200] "GET /wp-content/themes/stabapp/assets/css/colorbox.css HTTP/1.1" 200 1456 "https://www.arithmetic.fr/" "Mozilla/5.0 (Macintosh; Intel Mac OS X 15_7_2) AppleWebKit/537.36 (KHTML, like Gecko) Chrome/142.0.0.0 Safari/537.36"
4.251.36.105 - - [28/Aug/2026:14:48:48 +0200] "GET /wp-content/plugins/complianz-gdpr/assets/css/cookieblocker.min.css HTTP/1.1" 200 735 "https://www.arithmetic.fr/" "Mozilla/5.0 (Macintosh; Intel Mac OS X 15_7_2) AppleWebKit/537.36 (KHTML, like Gecko) Chrome/142.0.0.0 Safari/537.36"
4.251.36.105 - - [28/Aug/2026:14:48:48 +0200] "GET /wp-content/themes/stabapp/assets/css/bootstrap.min.css HTTP/1.1" 200 19753 "https://www.arithmetic.fr/" "Mozilla/5.0 (Macintosh; Intel Mac OS X 15_7_2) AppleWebKit/537.36 (KHTML, like Gecko) Chrome/142.0.0.0 Safari/537.36"
4.251.36.105 - - [28/Aug/2026:14:48:48 +0200] "GET /wp-content/themes/stabapp/assets/vendors/pe-icon-7-stroke/css/pe-icon-7-stroke.css HTTP/1.1" 200 1840 "https://www.arithmetic.fr/" "Mozilla/5.0 (Macintosh; Intel Mac OS X 15_7_2) AppleWebKit/537.36 (KHTML, like Gecko) Chrome/142.0.0.0 Safari/537.36"
4.251.36.105 - - [28/Aug/2026:14:48:48 +0200] "GET /wp-content/themes/stabapp/assets/vendors/owl-carousel/owl.carousel.css HTTP/1.1" 200 1115 "https://www.arithmetic.fr/" "Mozilla/5.0 (Macintosh; Intel Mac OS X 15_7_2) AppleWebKit/537.36 (KHTML, like Gecko) Chrome/142.0.0.0 Safari/537.36"
4.251.36.105 - - [28/Aug/2026:14:48:48 +0200] "GET /wp-content/themes/stabapp/assets/css/tb.core.min.css HTTP/1.1" 200 6686 "https://www.arithmetic.fr/" "Mozilla/5.0 (Macintosh; Intel Mac OS X 15_7_2) AppleWebKit/537.36 (KHTML, like Gecko) Chrome/142.0.0.0 Safari/537.36"
4.251.36.105 - - [28/Aug/2026:14:48:48 +0200] "GET /wp-content/themes/stabapp/assets/css/stylea.css HTTP/1.1" 200 839 "https://www.arithmetic.fr/" "Mozilla/5.0 (Macintosh; Intel Mac OS X 15_7_2) AppleWebKit/537.36 (KHTML, like Gecko) Chrome/142.0.0.0 Safari/537.36"
4.251.36.105 - - [28/Aug/2026:14:48:48 +0200] "GET /wp-content/themes/stabapp/assets/css/main-style.css HTTP/1.1" 200 719 "https://www.arithmetic.fr/" "Mozilla/5.0 (Macintosh; Intel Mac OS X 15_7_2) AppleWebKit/537.36 (KHTML, like Gecko) Chrome/142.0.0.0 Safari/537.36"
4.251.36.105 - - [28/Aug/2026:14:48:48 +0200] "GET /wp-content/themes/stabapp/style.css HTTP/1.1" 200 53764 "https://www.arithmetic.fr/" "Mozilla/5.0 (Macintosh; Intel Mac OS X 15_7_2) AppleWebKit/537.36 (KHTML, like Gecko) Chrome/142.0.0.0 Safari/537.36"
4.251.36.105 - - [28/Aug/2026:14:48:48 +0200] "GET /wp-content/plugins/js_composer/assets/lib/flexslider/flexslider.min.css HTTP/1.1" 200 1263 "https://www.arithmetic.fr/" "Mozilla/5.0 (Macintosh; Intel Mac OS X 15_7_2) AppleWebKit/537.36 (KHTML, like Gecko) Chrome/142.0.0.0 Safari/537.36"
4.251.36.105 - - [28/Aug/2026:14:48:48 +0200] "GET /wp-content/themes/stabapp/assets/css/font-awesome.min.css HTTP/1.1" 200 6254 "https://www.arithmetic.fr/" "Mozilla/5.0 (Macintosh; Intel Mac OS X 15_7_2) AppleWebKit/537.36 (KHTML, like Gecko) Chrome/142.0.0.0 Safari/537.36"
4.251.36.105 - - [28/Aug/2026:14:48:48 +0200] "GET /wp-content/themes/stabapp-child/style.css HTTP/1.1" 200 665 "https://www.arithmetic.fr/" "Mozilla/5.0 (Macintosh; Intel Mac OS X 15_7_2) AppleWebKit/537.36 (KHTML, like Gecko) Chrome/142.0.0.0 Safari/537.36"
4.251.36.105 - - [28/Aug/2026:14:48:48 +0200] "GET /wp-content/themes/stabapp/assets/css/wp_custom_style.css HTTP/1.1" 200 0 "https://www.arithmetic.fr/" "Mozilla/5.0 (Macintosh; Intel Mac OS X 15_7_2) AppleWebKit/537.36 (KHTML, like Gecko) Chrome/142.0.0.0 Safari/537.36"
4.251.36.105 - - [28/Aug/2026:14:48:48 +0200] "GET /wp-content/plugins/newsletter/style.css HTTP/1.1" 200 1470 "https://www.arithmetic.fr/" "Mozilla/5.0 (Macintosh; Intel Mac OS X 15_7_2) AppleWebKit/537.36 (KHTML, like Gecko) Chrome/142.0.0.0 Safari/537.36"
4.251.36.105 - - [28/Aug/2026:14:48:48 +0200] "GET /wp-content/themes/stabapp/assets/vendors/flipster/css/flipsternavtabs.css HTTP/1.1" 200 1012 "https://www.arithmetic.fr/" "Mozilla/5.0 (Macintosh; Intel Mac OS X 15_7_2) AppleWebKit/537.36 (KHTML, like Gecko) Chrome/142.0.0.0 Safari/537.36"
4.251.36.105 - - [28/Aug/2026:14:48:48 +0200] "GET /wp-content/plugins/js_composer/assets/css/js_composer.min.css HTTP/1.1" 200 45729 "https://www.arithmetic.fr/" "Mozilla/5.0 (Macintosh; Intel Mac OS X 15_7_2) AppleWebKit/537.36 (KHTML, like Gecko) Chrome/142.0.0.0 Safari/537.36"
4.251.36.105 - - [28/Aug/2026:14:48:48 +0200] "GET /wp-content/uploads/js_composer/custom.css HTTP/1.1" 200 155 "https://www.arithmetic.fr/" "Mozilla/5.0 (Macintosh; Intel Mac OS X 15_7_2) AppleWebKit/537.36 (KHTML, like Gecko) Chrome/142.0.0.0 Safari/537.36"
4.251.36.105 - - [28/Aug/2026:14:48:48 +0200] "GET /wp-content/themes/stabapp/assets/vendors/flipster/css/jquery.flipster.min.css HTTP/1.1" 200 1309 "https://www.arithmetic.fr/" "Mozilla/5.0 (Macintosh; Intel Mac OS X 15_7_2) AppleWebKit/537.36 (KHTML, like Gecko) Chrome/142.0.0.0 Safari/537.36"
4.251.36.105 - - [28/Aug/2026:14:48:48 +0200] "GET /wp-includes/js/jquery/jquery.min.js HTTP/1.1" 200 30432 "https://www.arithmetic.fr/" "Mozilla/5.0 (Macintosh; Intel Mac OS X 15_7_2) AppleWebKit/537.36 (KHTML, like Gecko) Chrome/142.0.0.0 Safari/537.36"
4.251.36.105 - - [28/Aug/2026:14:48:48 +0200] "GET /wp-includes/js/jquery/jquery-migrate.min.js HTTP/1.1" 200 4885 "https://www.arithmetic.fr/" "Mozilla/5.0 (Macintosh; Intel Mac OS X 15_7_2) AppleWebKit/537.36 (KHTML, like Gecko) Chrome/142.0.0.0 Safari/537.36"
4.251.36.105 - - [28/Aug/2026:14:48:48 +0200] "GET /wp-content/uploads/2019/12/bghome.jpg HTTP/1.1" 200 83262 "https://www.arithmetic.fr/" "Mozilla/5.0 (Macintosh; Intel Mac OS X 15_7_2) AppleWebKit/537.36 (KHTML, like Gecko) Chrome/142.0.0.0 Safari/537.36"
4.251.36.105 - - [28/Aug/2026:14:48:48 +0200] "GET /wp-content/plugins/revslider/public/assets/js/rs6.min.js HTTP/1.1" 200 70216 "https://www.arithmetic.fr/" "Mozilla/5.0 (Macintosh; Intel Mac OS X 15_7_2) AppleWebKit/537.36 (KHTML, like Gecko) Chrome/142.0.0.0 Safari/537.36"
4.251.36.105 - - [28/Aug/2026:14:48:48 +0200] "GET /wp-content/plugins/revslider/public/assets/js/revolution.tools.min.js HTTP/1.1" 200 51569 "https://www.arithmetic.fr/" "Mozilla/5.0 (Macintosh; Intel Mac OS X 15_7_2) AppleWebKit/537.36 (KHTML, like Gecko) Chrome/142.0.0.0 Safari/537.36"
4.251.36.105 - - [28/Aug/2026:14:48:48 +0200] "GET /wp-content/uploads/2019/12/logo.png HTTP/1.1" 200 15949 "https://www.arithmetic.fr/" "Mozilla/5.0 (Macintosh; Intel Mac OS X 15_7_2) AppleWebKit/537.36 (KHTML, like Gecko) Chrome/142.0.0.0 Safari/537.36"
4.251.36.105 - - [28/Aug/2026:14:48:48 +0200] "GET /wp-content/uploads/2021/09/Clean-277x540.png HTTP/1.1" 200 35199 "https://www.arithmetic.fr/" "Mozilla/5.0 (Macintosh; Intel Mac OS X 15_7_2) AppleWebKit/537.36 (KHTML, like Gecko) Chrome/142.0.0.0 Safari/537.36"
4.251.36.105 - - [28/Aug/2026:14:48:48 +0200] "GET /wp-content/uploads/2021/09/Lift-277x540.png HTTP/1.1" 200 35119 "https://www.arithmetic.fr/" "Mozilla/5.0 (Macintosh; Intel Mac OS X 15_7_2) AppleWebKit/537.36 (KHTML, like Gecko) Chrome/142.0.0.0 Safari/537.36"
4.251.36.105 - - [28/Aug/2026:14:48:49 +0200] "GET /wp-content/plugins/contact-form-7/includes/swv/js/index.js HTTP/1.1" 200 3052 "https://www.arithmetic.fr/" "Mozilla/5.0 (Macintosh; Intel Mac OS X 15_7_2) AppleWebKit/537.36 (KHTML, like Gecko) Chrome/142.0.0.0 Safari/537.36"
4.251.36.105 - - [28/Aug/2026:14:48:49 +0200] "GET /wp-content/plugins/contact-form-7/includes/js/index.js HTTP/1.1" 200 4197 "https://www.arithmetic.fr/" "Mozilla/5.0 (Macintosh; Intel Mac OS X 15_7_2) AppleWebKit/537.36 (KHTML, like Gecko) Chrome/142.0.0.0 Safari/537.36"
4.251.36.105 - - [28/Aug/2026:14:48:49 +0200] "GET /wp-content/themes/stabapp/assets/js/post-favorite.js HTTP/1.1" 200 401 "https://www.arithmetic.fr/" "Mozilla/5.0 (Macintosh; Intel Mac OS X 15_7_2) AppleWebKit/537.36 (KHTML, like Gecko) Chrome/142.0.0.0 Safari/537.36"
4.251.36.105 - - [28/Aug/2026:14:48:49 +0200] "GET /wp-content/themes/stabapp/assets/vendors/flexslider/jquery.flexslider-min.js HTTP/1.1" 200 6374 "https://www.arithmetic.fr/" "Mozilla/5.0 (Macintosh; Intel Mac OS X 15_7_2) AppleWebKit/537.36 (KHTML, like Gecko) Chrome/142.0.0.0 Safari/537.36"
4.251.36.105 - - [28/Aug/2026:14:48:49 +0200] "GET /wp-content/themes/stabapp/assets/vendors/waypoint/jquery.waypoints.min.js HTTP/1.1" 200 2710 "https://www.arithmetic.fr/" "Mozilla/5.0 (Macintosh; Intel Mac OS X 15_7_2) AppleWebKit/537.36 (KHTML, like Gecko) Chrome/142.0.0.0 Safari/537.36"
4.251.36.105 - - [28/Aug/2026:14:48:49 +0200] "GET /wp-content/themes/stabapp/assets/vendors/owl-carousel/owl.carousel.min.js HTTP/1.1" 200 10541 "https://www.arithmetic.fr/" "Mozilla/5.0 (Macintosh; Intel Mac OS X 15_7_2) AppleWebKit/537.36 (KHTML, like Gecko) Chrome/142.0.0.0 Safari/537.36"
4.251.36.105 - - [28/Aug/2026:14:48:49 +0200] "GET /wp-content/themes/stabapp/assets/js/animated.js HTTP/1.1" 200 375 "https://www.arithmetic.fr/" "Mozilla/5.0 (Macintosh; Intel Mac OS X 15_7_2) AppleWebKit/537.36 (KHTML, like Gecko) Chrome/142.0.0.0 Safari/537.36"
4.251.36.105 - - [28/Aug/2026:14:48:49 +0200] "GET /wp-content/themes/stabapp/assets/vendors/fancybox/jquery.fancybox.js HTTP/1.1" 200 13932 "https://www.arithmetic.fr/" "Mozilla/5.0 (Macintosh; Intel Mac OS X 15_7_2) AppleWebKit/537.36 (KHTML, like Gecko) Chrome/142.0.0.0 Safari/537.36"
4.251.36.105 - - [28/Aug/2026:14:48:49 +0200] "GET /wp-content/themes/stabapp/assets/js/bootstrap.min.js HTTP/1.1" 200 9845 "https://www.arithmetic.fr/" "Mozilla/5.0 (Macintosh; Intel Mac OS X 15_7_2) AppleWebKit/537.36 (KHTML, like Gecko) Chrome/142.0.0.0 Safari/537.36"
4.251.36.105 - - [28/Aug/2026:14:48:49 +0200] "GET /wp-content/themes/stabapp/framework/shortcodes/shortcodes.js HTTP/1.1" 200 369 "https://www.arithmetic.fr/" "Mozilla/5.0 (Macintosh; Intel Mac OS X 15_7_2) AppleWebKit/537.36 (KHTML, like Gecko) Chrome/142.0.0.0 Safari/537.36"
4.251.36.105 - - [28/Aug/2026:14:48:49 +0200] "GET /wp-content/themes/stabapp/assets/js/jquery.easytabs.min.js HTTP/1.1" 200 3027 "https://www.arithmetic.fr/" "Mozilla/5.0 (Macintosh; Intel Mac OS X 15_7_2) AppleWebKit/537.36 (KHTML, like Gecko) Chrome/142.0.0.0 Safari/537.36"
4.251.36.105 - - [28/Aug/2026:14:48:49 +0200] "GET /wp-content/themes/stabapp/assets/js/jquery.colorbox.js HTTP/1.1" 200 5560 "https://www.arithmetic.fr/" "Mozilla/5.0 (Macintosh; Intel Mac OS X 15_7_2) AppleWebKit/537.36 (KHTML, like Gecko) Chrome/142.0.0.0 Safari/537.36"
4.251.36.105 - - [28/Aug/2026:14:48:49 +0200] "GET /wp-content/themes/stabapp/assets/js/swfobject.js HTTP/1.1" 200 2260 "https://www.arithmetic.fr/" "Mozilla/5.0 (Macintosh; Intel Mac OS X 15_7_2) AppleWebKit/537.36 (KHTML, like Gecko) Chrome/142.0.0.0 Safari/537.36"
4.251.36.105 - - [28/Aug/2026:14:48:49 +0200] "GET /wp-content/themes/stabapp/assets/js/jquery.nicescroll.min.js HTTP/1.1" 200 16648 "https://www.arithmetic.fr/" "Mozilla/5.0 (Macintosh; Intel Mac OS X 15_7_2) AppleWebKit/537.36 (KHTML, like Gecko) Chrome/142.0.0.0 Safari/537.36"
4.251.36.105 - - [28/Aug/2026:14:48:49 +0200] "GET /wp-content/themes/stabapp/assets/vendors/match-height/jquery.matchHeight-min.js HTTP/1.1" 200 1377 "https://www.arithmetic.fr/" "Mozilla/5.0 (Macintosh; Intel Mac OS X 15_7_2) AppleWebKit/537.36 (KHTML, like Gecko) Chrome/142.0.0.0 Safari/537.36"
4.251.36.105 - - [28/Aug/2026:14:48:49 +0200] "GET /wp-content/themes/stabapp/assets/js/SmoothScroll.js HTTP/1.1" 200 6555 "https://www.arithmetic.fr/" "Mozilla/5.0 (Macintosh; Intel Mac OS X 15_7_2) AppleWebKit/537.36 (KHTML, like Gecko) Chrome/142.0.0.0 Safari/537.36"
4.251.36.105 - - [28/Aug/2026:14:48:49 +0200] "GET /wp-content/themes/stabapp/assets/js/main.js HTTP/1.1" 200 7259 "https://www.arithmetic.fr/" "Mozilla/5.0 (Macintosh; Intel Mac OS X 15_7_2) AppleWebKit/537.36 (KHTML, like Gecko) Chrome/142.0.0.0 Safari/537.36"
4.251.36.105 - - [28/Aug/2026:14:48:49 +0200] "GET /wp-content/themes/stabapp/assets/vendors/jquery-cookie/jquery.cookie.js HTTP/1.1" 200 1407 "https://www.arithmetic.fr/" "Mozilla/5.0 (Macintosh; Intel Mac OS X 15_7_2) AppleWebKit/537.36 (KHTML, like Gecko) Chrome/142.0.0.0 Safari/537.36"
4.251.36.105 - - [28/Aug/2026:14:48:49 +0200] "GET /wp-content/themes/stabapp/assets/fonts/fontawesome-webfont.woff2?v=4.5.0 HTTP/1.1" 200 66624 "https://www.arithmetic.fr/wp-content/themes/stabapp/assets/css/font-awesome.min.css" "Mozilla/5.0 (Macintosh; Intel Mac OS X 15_7_2) AppleWebKit/537.36 (KHTML, like Gecko) Chrome/142.0.0.0 Safari/537.36"
4.251.36.105 - - [28/Aug/2026:14:48:49 +0200] "GET /wp-content/plugins/newsletter/main.js HTTP/1.1" 200 416 "https://www.arithmetic.fr/" "Mozilla/5.0 (Macintosh; Intel Mac OS X 15_7_2) AppleWebKit/537.36 (KHTML, like Gecko) Chrome/142.0.0.0 Safari/537.36"
4.251.36.105 - - [28/Aug/2026:14:48:49 +0200] "GET /wp-content/themes/stabapp/assets/fonts/hurme_geometric_sans_4_w00_bold-webfont.woff2 HTTP/1.1" 200 29784 "https://www.arithmetic.fr/wp-content/themes/stabapp/assets/css/tb.core.min.css" "Mozilla/5.0 (Macintosh; Intel Mac OS X 15_7_2) AppleWebKit/537.36 (KHTML, like Gecko) Chrome/142.0.0.0 Safari/537.36"
4.251.36.105 - - [28/Aug/2026:14:48:49 +0200] "GET /wp-content/plugins/js_composer/assets/js/dist/js_composer_front.min.js HTTP/1.1" 200 5843 "https://www.arithmetic.fr/" "Mozilla/5.0 (Macintosh; Intel Mac OS X 15_7_2) AppleWebKit/537.36 (KHTML, like Gecko) Chrome/142.0.0.0 Safari/537.36"
4.251.36.105 - - [28/Aug/2026:14:48:49 +0200] "GET /wp-content/themes/stabapp/assets/vendors/flipster/js/jquery.flipster.min.js HTTP/1.1" 200 3421 "https://www.arithmetic.fr/" "Mozilla/5.0 (Macintosh; Intel Mac OS X 15_7_2) AppleWebKit/537.36 (KHTML, like Gecko) Chrome/142.0.0.0 Safari/537.36"
4.251.36.105 - - [28/Aug/2026:14:48:49 +0200] "GET /wp-content/themes/stabapp/assets/js/jquery.incremental-counter.min.js HTTP/1.1" 200 576 "https://www.arithmetic.fr/" "Mozilla/5.0 (Macintosh; Intel Mac OS X 15_7_2) AppleWebKit/537.36 (KHTML, like Gecko) Chrome/142.0.0.0 Safari/537.36"
4.251.36.105 - - [28/Aug/2026:14:48:50 +0200] "GET /wp-content/plugins/google-analytics-for-wordpress/assets/js/frontend-gtag.min.js HTTP/1.1" 200 3296 "https://www.arithmetic.fr/" "Mozilla/5.0 (Macintosh; Intel Mac OS X 15_7_2) AppleWebKit/537.36 (KHTML, like Gecko) Chrome/142.0.0.0 Safari/537.36"
4.251.36.105 - - [28/Aug/2026:14:48:50 +0200] "GET /wp-content/uploads/2019/12/traits.png HTTP/1.1" 200 407 "https://www.arithmetic.fr/" "Mozilla/5.0 (Macintosh; Intel Mac OS X 15_7_2) AppleWebKit/537.36 (KHTML, like Gecko) Chrome/142.0.0.0 Safari/537.36"
4.251.36.105 - - [28/Aug/2026:14:48:50 +0200] "GET /wp-content/themes/stabapp/assets/images/logement.svg HTTP/1.1" 200 384 "https://www.arithmetic.fr/wp-content/themes/stabapp/assets/css/tb.core.min.css" "Mozilla/5.0 (Macintosh; Intel Mac OS X 15_7_2) AppleWebKit/537.36 (KHTML, like Gecko) Chrome/142.0.0.0 Safari/537.36"
4.251.36.105 - - [28/Aug/2026:14:48:50 +0200] "GET /wp-content/themes/stabapp/assets/images/picto_qualite.png HTTP/1.1" 200 4457 "https://www.arithmetic.fr/wp-content/themes/stabapp/assets/css/tb.core.min.css" "Mozilla/5.0 (Macintosh; Intel Mac OS X 15_7_2) AppleWebKit/537.36 (KHTML, like Gecko) Chrome/142.0.0.0 Safari/537.36"
4.251.36.105 - - [28/Aug/2026:14:48:50 +0200] "GET /wp-content/themes/stabapp/assets/images/plateforme.svg HTTP/1.1" 200 437 "https://www.arithmetic.fr/wp-content/themes/stabapp/assets/css/tb.core.min.css" "Mozilla/5.0 (Macintosh; Intel Mac OS X 15_7_2) AppleWebKit/537.36 (KHTML, like Gecko) Chrome/142.0.0.0 Safari/537.36"
4.251.36.105 - - [28/Aug/2026:14:48:50 +0200] "GET /wp-content/themes/stabapp/assets/images/elevator.svg HTTP/1.1" 403 193 "https://www.arithmetic.fr/wp-content/themes/stabapp/assets/css/tb.core.min.css" "Mozilla/5.0 (Macintosh; Intel Mac OS X 15_7_2) AppleWebKit/537.36 (KHTML, like Gecko) Chrome/142.0.0.0 Safari/537.36"
4.251.36.105 - - [28/Aug/2026:14:48:51 +0200] "GET /wp-content/uploads/2019/12/bg_tem.jpg?id=1205 HTTP/1.1" 200 81502 "https://www.arithmetic.fr/" "Mozilla/5.0 (Macintosh; Intel Mac OS X 15_7_2) AppleWebKit/537.36 (KHTML, like Gecko) Chrome/142.0.0.0 Safari/537.36"
4.251.36.105 - - [28/Aug/2026:14:48:51 +0200] "GET /wp-content/uploads/2019/12/iPhone_X_Mockup.png HTTP/1.1" 200 52310 "https://www.arithmetic.fr/" "Mozilla/5.0 (Macintosh; Intel Mac OS X 15_7_2) AppleWebKit/537.36 (KHTML, like Gecko) Chrome/142.0.0.0 Safari/537.36"
4.251.36.105 - - [28/Aug/2026:14:48:51 +0200] "GET /wp-content/uploads/2020/12/etape_hp.png HTTP/1.1" 200 279268 "https://www.arithmetic.fr/" "Mozilla/5.0 (Macintosh; Intel Mac OS X 15_7_2) AppleWebKit/537.36 (KHTML, like Gecko) Chrome/142.0.0.0 Safari/537.36"
4.251.36.105 - - [28/Aug/2026:14:48:51 +0200] "GET /wp-content/plugins/revslider/public/assets/assets/loader.gif HTTP/1.1" 200 2545 "https://www.arithmetic.fr/wp-content/plugins/revslider/public/assets/css/rs6.css" "Mozilla/5.0 (Macintosh; Intel Mac OS X 15_7_2) AppleWebKit/537.36 (KHTML, like Gecko) Chrome/142.0.0.0 Safari/537.36"
4.251.36.105 - - [28/Aug/2026:14:48:53 +0200] "GET /wp-includes/js/wp-emoji-release.min.js HTTP/1.1" 200 5397 "https://www.arithmetic.fr/" "Mozilla/5.0 (Macintosh; Intel Mac OS X 15_7_2) AppleWebKit/537.36 (KHTML, like Gecko) Chrome/142.0.0.0 Safari/537.36"
4.251.36.105 - - [28/Aug/2026:14:49:02 +0200] "GET /wp-content/uploads/2019/12/favico.png HTTP/1.1" 200 6999 "https://www.arithmetic.fr/" "Mozilla/5.0 (Macintosh; Intel Mac OS X 15_7_2) AppleWebKit/537.36 (KHTML, like Gecko) Chrome/142.0.0.0 Safari/537.36"
146.59.197.208 - - [28/Aug/2026:14:52:36 +0200] "POST /wp-cron.php?doing_wp_cron=1787921556.3464651107788085937500 HTTP/1.1" 200 31 "-" "WordPress/7.0.1; https://www.arithmetic.fr"
52.167.144.185 - - [28/Aug/2026:14:52:36 +0200] "GET /methodoi-kai-diadikasies-analepses-khrematon-sto-gxbet-casino/ HTTP/1.1" 404 10500 "-" "Mozilla/5.0 AppleWebKit/537.36 (KHTML, like Gecko; compatible; bingbot/2.0; +http://www.bing.com/bingbot.htm) Chrome/116.0.1938.76 Safari/537.36"
146.59.197.208 - - [28/Aug/2026:14:53:18 +0200] "POST /wp-cron.php?doing_wp_cron=1787921598.8084878921508789062500 HTTP/1.1" 200 31 "-" "WordPress/7.0.1; https://www.arithmetic.fr"
2.24.76.122 - - [28/Aug/2026:14:53:18 +0200] "POST /xmlrpc.php HTTP/1.1" 200 221 "-" "Mozilla/5.0 (Windows NT 10.0) AppleWebKit/537.43 (KHTML, like Gecko) Chrome/135.0.0.0 Safari/537.36 OPR/120.0.0.0"
146.59.197.208 - - [28/Aug/2026:14:54:25 +0200] "POST /wp-cron.php?doing_wp_cron=1787921665.8959829807281494140625 HTTP/1.1" 200 31 "-" "WordPress/7.0.1; https://www.arithmetic.fr"
157.55.39.10 - - [28/Aug/2026:14:54:25 +0200] "GET /bet-on-red-action-de-casino-rapidehit-pour-les-jou/ HTTP/1.1" 404 10492 "-" "Mozilla/5.0 AppleWebKit/537.36 (KHTML, like Gecko; compatible; bingbot/2.0; +http://www.bing.com/bingbot.htm) Chrome/116.0.1938.76 Safari/537.36"
193.149.129.13 - - [28/Aug/2026:14:55:34 +0200] "GET / HTTP/1.1" 200 16232 "-" "Mozilla/5.0 (Windows NT 10.0; Win64; x64) AppleWebKit/537.36 (KHTML, like Gecko) Chrome/122.0.0.0 Safari/537.36"
146.59.197.208 - - [28/Aug/2026:14:55:34 +0200] "POST /wp-cron.php?doing_wp_cron=1787921734.5533840656280517578125 HTTP/1.1" 200 31 "-" "WordPress/7.0.1; https://www.arithmetic.fr"
206.188.196.241 - - [28/Aug/2026:14:55:34 +0200] "GET / HTTP/1.1" 200 16234 "-" "Mozilla/5.0 (Windows NT 10.0; Win64; x64; rv:124.0) Gecko/20100101 Firefox/124.0"
146.59.197.208 - - [28/Aug/2026:14:57:05 +0200] "POST /wp-cron.php?doing_wp_cron=1787921825.2382409572601318359375 HTTP/1.1" 200 31 "-" "WordPress/7.0.1; https://www.arithmetic.fr"
57.141.0.50 - - [28/Aug/2026:14:57:05 +0200] "GET /merkur-bets-schnelle-gewinne-und-high-intensity-sl/ HTTP/1.1" 404 10489 "-" "Mozilla/5.0 (Windows NT 10.0; Win64; x64) AppleWebKit/537.36 (KHTML, like Gecko) Chrome/145.0.0.0 Safari/537.36 (compatible; meta-externalagent/1.1 (+https://developers.facebook.com/docs/sharing/webmasters/crawler))"
146.59.197.208 - - [28/Aug/2026:14:58:37 +0200] "POST /wp-cron.php?doing_wp_cron=1787921917.8960239887237548828125 HTTP/1.1" 200 31 "-" "WordPress/7.0.1; https://www.arithmetic.fr"
143.244.47.89 - - [28/Aug/2026:14:58:37 +0200] "HEAD / HTTP/1.1" 200 0 "-" "Mozilla/5.0 (Windows NT 10.0; Win64; x64) AppleWebKit/537.36 (KHTML, like Gecko) Chrome/58.0.3029.110 Safari/537.3"
146.59.197.208 - - [28/Aug/2026:14:58:57 +0200] "POST /wp-cron.php?doing_wp_cron=1787921937.1283519268035888671875 HTTP/1.1" 200 31 "-" "WordPress/7.0.1; https://www.arithmetic.fr"
52.167.144.185 - - [28/Aug/2026:14:58:57 +0200] "GET /ivibet-casino-mobile-rychl-vhry-pro-hre-na-cestch/ HTTP/1.1" 404 10491 "-" "Mozilla/5.0 AppleWebKit/537.36 (KHTML, like Gecko; compatible; bingbot/2.0; +http://www.bing.com/bingbot.htm) Chrome/116.0.1938.76 Safari/537.36"
146.59.197.208 - - [28/Aug/2026:15:02:08 +0200] "POST /wp-cron.php?doing_wp_cron=1787922128.3939530849456787109375 HTTP/1.1" 200 31 "-" "WordPress/7.0.1; https://www.arithmetic.fr"
57.141.0.40 - - [28/Aug/2026:15:02:08 +0200] "GET /vegasino-casino-quickfire-slots-live-action-for-th/ HTTP/1.1" 404 10485 "-" "Mozilla/5.0 (Windows NT 10.0; Win64; x64) AppleWebKit/537.36 (KHTML, like Gecko) Chrome/145.0.0.0 Safari/537.36 (compatible; meta-externalagent/1.1 (+https://developers.facebook.com/docs/sharing/webmasters/crawler))"
62.60.130.62 - - [28/Aug/2026:15:03:42 +0200] "GET //images/images/cache.php HTTP/1.1" 404 47 "-" "Mozilla/5.0 (Windows NT 10.0; Win64; x64) AppleWebKit/537.36 (KHTML, like Gecko) Chrome/112.0.0.0 Safari/537.36"
62.60.130.62 - - [28/Aug/2026:15:03:46 +0200] "GET //cgi-bin/cgi-bin/cgi-bin/cgi-bin/cache.php HTTP/1.1" 404 47 "-" "Mozilla/5.0 (Windows NT 10.0; Win64; x64) AppleWebKit/537.36 (KHTML, like Gecko) Chrome/112.0.0.0 Safari/537.36"
62.60.130.62 - - [28/Aug/2026:15:03:50 +0200] "GET //images/images/images/images/images/images/images/images/cache.php HTTP/1.1" 404 47 "-" "Mozilla/5.0 (Windows NT 10.0; Win64; x64) AppleWebKit/537.36 (KHTML, like Gecko) Chrome/112.0.0.0 Safari/537.36"
62.60.130.62 - - [28/Aug/2026:15:03:53 +0200] "GET //images/images/images/images/images/images/images/cache.php HTTP/1.1" 404 47 "-" "Mozilla/5.0 (Windows NT 10.0; Win64; x64) AppleWebKit/537.36 (KHTML, like Gecko) Chrome/112.0.0.0 Safari/537.36"
62.60.130.62 - - [28/Aug/2026:15:03:58 +0200] "GET //images/images/images/images/images/images/cache.php HTTP/1.1" 404 47 "-" "Mozilla/5.0 (Windows NT 10.0; Win64; x64) AppleWebKit/537.36 (KHTML, like Gecko) Chrome/112.0.0.0 Safari/537.36"
62.60.130.62 - - [28/Aug/2026:15:04:01 +0200] "GET //images/images/images/images/images/cache.php HTTP/1.1" 404 47 "-" "Mozilla/5.0 (Windows NT 10.0; Win64; x64) AppleWebKit/537.36 (KHTML, like Gecko) Chrome/112.0.0.0 Safari/537.36"
62.60.130.62 - - [28/Aug/2026:15:04:04 +0200] "GET //images/images/images/images/cache.php HTTP/1.1" 404 47 "-" "Mozilla/5.0 (Windows NT 10.0; Win64; x64) AppleWebKit/537.36 (KHTML, like Gecko) Chrome/112.0.0.0 Safari/537.36"
62.60.130.62 - - [28/Aug/2026:15:04:08 +0200] "GET //images/images/images/cache.php HTTP/1.1" 404 47 "-" "Mozilla/5.0 (Windows NT 10.0; Win64; x64) AppleWebKit/537.36 (KHTML, like Gecko) Chrome/112.0.0.0 Safari/537.36"
62.60.130.62 - - [28/Aug/2026:15:04:10 +0200] "GET //wp-content/plugins/plugins/cache.php HTTP/1.1" 404 47 "-" "Mozilla/5.0 (Windows NT 10.0; Win64; x64) AppleWebKit/537.36 (KHTML, like Gecko) Chrome/112.0.0.0 Safari/537.36"
62.60.130.62 - - [28/Aug/2026:15:04:13 +0200] "GET //assets/images/images/cache.php HTTP/1.1" 404 47 "-" "Mozilla/5.0 (Windows NT 10.0; Win64; x64) AppleWebKit/537.36 (KHTML, like Gecko) Chrome/112.0.0.0 Safari/537.36"
62.60.130.62 - - [28/Aug/2026:15:04:16 +0200] "GET //blogs/media/media/cache.php HTTP/1.1" 404 47 "-" "Mozilla/5.0 (Windows NT 10.0; Win64; x64) AppleWebKit/537.36 (KHTML, like Gecko) Chrome/112.0.0.0 Safari/537.36"
62.60.130.62 - - [28/Aug/2026:15:04:19 +0200] "GET //cache/cache/cache.php HTTP/1.1" 404 47 "-" "Mozilla/5.0 (Windows NT 10.0; Win64; x64) AppleWebKit/537.36 (KHTML, like Gecko) Chrome/112.0.0.0 Safari/537.36"
146.59.197.208 - - [28/Aug/2026:15:08:26 +0200] "POST /wp-cron.php?doing_wp_cron=1787922506.7019560337066650390625 HTTP/1.1" 200 31 "-" "WordPress/7.0.1; https://www.arithmetic.fr"
191.242.48.126 - - [28/Aug/2026:15:08:26 +0200] "POST /xmlrpc.php HTTP/1.1" 200 221 "-" "Mozilla/5.0 (Windows NT 10.0; WOW64; rv:143.0) Gecko/20100101 Firefox/143.0"
57.141.0.68 - - [28/Aug/2026:15:08:29 +0200] "GET /chicken-road-game-accin-rpida-y-ganancias-rpidas/ HTTP/1.1" 404 10487 "-" "Mozilla/5.0 (Windows NT 10.0; Win64; x64) AppleWebKit/537.36 (KHTML, like Gecko) Chrome/145.0.0.0 Safari/537.36 (compatible; meta-externalagent/1.1 (+https://developers.facebook.com/docs/sharing/webmasters/crawler))"
57.141.0.64 - - [28/Aug/2026:15:08:51 +0200] "GET /magius-casino-review-highintensity-play-for-quick/ HTTP/1.1" 404 10487 "-" "Mozilla/5.0 (Windows NT 10.0; Win64; x64) AppleWebKit/537.36 (KHTML, like Gecko) Chrome/144.0.0.0 Safari/537.36 Edg/144.0.0.0 (compatible; meta-externalagent/1.1 (+https://developers.facebook.com/docs/sharing/webmasters/crawler))"
146.59.197.208 - - [28/Aug/2026:15:09:15 +0200] "POST /wp-cron.php?doing_wp_cron=1787922555.6721060276031494140625 HTTP/1.1" 200 31 "-" "WordPress/7.0.1; https://www.arithmetic.fr"
157.55.39.10 - - [28/Aug/2026:15:09:15 +0200] "GET /sevenplay-speedy-slots-and-quick-wins-for-on-the-g/ HTTP/1.1" 404 10484 "-" "Mozilla/5.0 AppleWebKit/537.36 (KHTML, like Gecko; compatible; bingbot/2.0; +http://www.bing.com/bingbot.htm) Chrome/116.0.1938.76 Safari/537.36"
85.215.45.9 - - [28/Aug/2026:15:09:45 +0200] "GET / HTTP/1.1" 200 16238 "http://arithmetic.fr" "Mozilla/5.0 (Windows NT 10.0; Win64; x64) AppleWebKit/537.36 (KHTML, like Gecko) Chrome/123.0.0.0 Safari/537.36"
66.249.70.164 - - [28/Aug/2026:15:09:49 +0200] "GET /1red-casino-review-snelspelplezier-voor-de-moderne/ HTTP/1.1" 404 10489 "-" "Mozilla/5.0 (Linux; Android 6.0.1; Nexus 5X Build/MMB29P) AppleWebKit/537.36 (KHTML, like Gecko) Chrome/151.0.7922.173 Mobile Safari/537.36 (compatible; Googlebot/2.1; +http://www.google.com/bot.html)"
146.59.197.208 - - [28/Aug/2026:15:10:12 +0200] "POST /wp-cron.php?doing_wp_cron=1787922612.3935561180114746093750 HTTP/1.1" 200 31 "-" "WordPress/7.0.1; https://www.arithmetic.fr"
57.141.0.68 - - [28/Aug/2026:15:10:12 +0200] "GET /our-story/ HTTP/1.1" 404 10457 "-" "Mozilla/5.0 (Windows NT 10.0; Win64; x64) AppleWebKit/537.36 (KHTML, like Gecko) Chrome/145.0.0.0 Safari/537.36 (compatible; meta-externalagent/1.1 (+https://developers.facebook.com/docs/sharing/webmasters/crawler))"
146.59.197.208 - - [28/Aug/2026:15:13:59 +0200] "POST /wp-cron.php?doing_wp_cron=1787922839.4471590518951416015625 HTTP/1.1" 200 31 "-" "WordPress/7.0.1; https://www.arithmetic.fr"
54.38.81.102 - - [28/Aug/2026:15:13:59 +0200] "GET / HTTP/1.1" 200 70527 "-" "Mozilla/5.0 (Windows NT 10.0; Win64; x64) AppleWebKit/537.36 (KHTML, like Gecko) Chrome/126.0.0.0 Safari/537.36"
146.59.197.208 - - [28/Aug/2026:15:25:35 +0200] "POST /wp-cron.php?doing_wp_cron=1787923535.7684149742126464843750 HTTP/1.1" 200 31 "-" "WordPress/7.0.1; https://www.arithmetic.fr"
57.141.0.40 - - [28/Aug/2026:15:25:35 +0200] "GET /to-mellon-ton-kazino-kai-ton-phroutakion-sta-nea-dedomena/ HTTP/1.1" 404 10493 "-" "Mozilla/5.0 (Macintosh; Intel Mac OS X 10_15_7) AppleWebKit/537.36 (KHTML, like Gecko) Chrome/145.0.0.0 Safari/537.36 (compatible; meta-externalagent/1.1 (+https://developers.facebook.com/docs/sharing/webmasters/crawler))"
146.59.197.208 - - [28/Aug/2026:15:36:50 +0200] "POST /wp-cron.php?doing_wp_cron=1787924210.7122910022735595703125 HTTP/1.1" 200 31 "-" "WordPress/7.0.1; https://www.arithmetic.fr"
51.68.111.243 - - [28/Aug/2026:15:36:50 +0200] "GET / HTTP/1.1" 200 16234 "-" "Mozilla/5.0 (compatible; MJ12bot/v2.0.5; http://mj12bot.com/)"
146.59.197.208 - - [28/Aug/2026:15:39:45 +0200] "POST /wp-cron.php?doing_wp_cron=1787924385.3045890331268310546875 HTTP/1.1" 200 31 "-" "WordPress/7.0.1; https://www.arithmetic.fr"
43.156.13.166 - - [28/Aug/2026:15:39:45 +0200] "POST /xmlrpc.php HTTP/1.1" 200 221 "-" "Mozilla/5.0 (Windows NT 10.0; WOW64) AppleWebKit/537.36 (KHTML, like Gecko) Chrome/142.0.0.0 Safari/537.36 Edg/142.0.0.0"
146.59.197.208 - - [28/Aug/2026:15:41:48 +0200] "POST /wp-cron.php?doing_wp_cron=1787924508.0552721023559570312500 HTTP/1.1" 200 31 "-" "WordPress/7.0.1; https://www.arithmetic.fr"
165.232.139.188 - - [28/Aug/2026:15:41:48 +0200] "GET / HTTP/1.1" 200 16232 "-" "Mozilla/5.0 (X11; Linux x86_64) AppleWebKit/537.36 (KHTML, like Gecko) Chrome/142.0.0.0 Safari/537.36"
165.232.139.188 - - [28/Aug/2026:15:41:51 +0200] "GET /wp-content/uploads/2019/12/favico.png HTTP/1.1" 200 6999 "https://www.arithmetic.fr/" "Mozilla/5.0 (X11; Linux x86_64) AppleWebKit/537.36 (KHTML, like Gecko) Chrome/142.0.0.0 Safari/537.36"
146.59.197.208 - - [28/Aug/2026:15:41:55 +0200] "POST /wp-cron.php?doing_wp_cron=1787924515.8493480682373046875000 HTTP/1.1" 200 31 "-" "WordPress/7.0.1; https://www.arithmetic.fr"
47.82.54.186 - - [28/Aug/2026:15:41:55 +0200] "GET /sitemap.xml.gz HTTP/1.1" 200 442 "-" "Mozilla/5.0 (Macintosh; Intel Mac OS X 10_15_7) AppleWebKit/537.36 (KHTML, like Gecko) Chrome/147.0.0.0 Safari/537.36"
146.59.197.208 - - [28/Aug/2026:15:42:22 +0200] "POST /wp-cron.php?doing_wp_cron=1787924542.0991659164428710937500 HTTP/1.1" 200 31 "-" "WordPress/7.0.1; https://www.arithmetic.fr"
47.82.53.131 - - [28/Aug/2026:15:42:22 +0200] "GET /sitemap.xml HTTP/1.1" 200 442 "-" "Mozilla/5.0 (Macintosh; Intel Mac OS X 10_15_7) AppleWebKit/537.36 (KHTML, like Gecko) Chrome/145.0.0.0 Safari/537.36"
47.82.48.89 - - [28/Aug/2026:15:42:27 +0200] "GET /sitemap.xml HTTP/1.1" 200 442 "-" "Mozilla/5.0 (Windows NT 10.0; Win64; x64) AppleWebKit/537.36 (KHTML, like Gecko) Chrome/142.0.0.0 Safari/537.36"
