74.7.242.57 - - [28/Aug/2026:20:06:35 +0200] "GET /?rename=%2Fhome%2Farithmetic.fr%2Fwp-content%2Fthemes%2Ftwentytwentyfour%2Fparts%2Fpost-meta.html HTTP/1.1" 200 85422 "https://www.arithmetic.fr/?lph=%2Fhome%2Farithmetic.fr%2Fwp-content%2Fthemes%2Ftwentytwentyfour%2Fparts" "Mozilla/5.0 AppleWebKit/537.36 (KHTML, like Gecko; compatible; GPTBot/1.4; +https://openai.com/gptbot)"
74.7.242.57 - - [28/Aug/2026:20:06:36 +0200] "GET /?edit=%2Fhome%2Farithmetic.fr%2Fwp-content%2Fthemes%2Ftwentytwentyfour%2Fparts%2Fsidebar.html HTTP/1.1" 200 85588 "https://www.arithmetic.fr/?lph=%2Fhome%2Farithmetic.fr%2Fwp-content%2Fthemes%2Ftwentytwentyfour%2Fparts" "Mozilla/5.0 AppleWebKit/537.36 (KHTML, like Gecko; compatible; GPTBot/1.4; +https://openai.com/gptbot)"
74.7.242.57 - - [28/Aug/2026:20:06:37 +0200] "GET /?lph=%2Fhome%2Farithmetic.fr%2Fwp-content%2Fthemes%2Ftwentytwentyfour%2Fassets%2Ffonts%2Finter HTTP/1.1" 200 145355 "https://www.arithmetic.fr/?lph=%2Fhome%2Farithmetic.fr%2Fwp-content%2Fthemes%2Ftwentytwentyfour%2Fassets%2Ffonts" "Mozilla/5.0 AppleWebKit/537.36 (KHTML, like Gecko; compatible; GPTBot/1.4; +https://openai.com/gptbot)"
74.7.242.57 - - [28/Aug/2026:20:06:37 +0200] "GET /?rename=%2Fhome%2Farithmetic.fr%2Fwp-content%2Fthemes%2Ftwentytwentyfour%2Fassets%2Ffonts%2Fjost HTTP/1.1" 200 85419 "https://www.arithmetic.fr/?lph=%2Fhome%2Farithmetic.fr%2Fwp-content%2Fthemes%2Ftwentytwentyfour%2Fassets%2Ffonts" "Mozilla/5.0 AppleWebKit/537.36 (KHTML, like Gecko; compatible; GPTBot/1.4; +https://openai.com/gptbot)"
74.7.242.57 - - [28/Aug/2026:20:06:38 +0200] "GET /?chmod=%2Fhome%2Farithmetic.fr%2Fwp-content%2Fthemes%2Ftwentytwentyfour%2Fassets%2Ffonts%2Finter HTTP/1.1" 200 85447 "https://www.arithmetic.fr/?lph=%2Fhome%2Farithmetic.fr%2Fwp-content%2Fthemes%2Ftwentytwentyfour%2Fassets%2Ffonts" "Mozilla/5.0 AppleWebKit/537.36 (KHTML, like Gecko; compatible; GPTBot/1.4; +https://openai.com/gptbot)"
74.7.242.57 - - [28/Aug/2026:20:06:39 +0200] "GET /?rename=%2Fhome%2Farithmetic.fr%2Fwp-content%2Fthemes%2Ftwentytwentyfour%2Fassets%2Ffonts%2Finter HTTP/1.1" 200 85422 "https://www.arithmetic.fr/?lph=%2Fhome%2Farithmetic.fr%2Fwp-content%2Fthemes%2Ftwentytwentyfour%2Fassets%2Ffonts" "Mozilla/5.0 AppleWebKit/537.36 (KHTML, like Gecko; compatible; GPTBot/1.4; +https://openai.com/gptbot)"
74.7.242.57 - - [28/Aug/2026:20:06:40 +0200] "GET /?rename=%2Fhome%2Farithmetic.fr%2Fwp-content%2Fthemes%2Ftwentytwentyfour%2Fassets%2Ffonts%2Fcardo HTTP/1.1" 200 85422 "https://www.arithmetic.fr/?lph=%2Fhome%2Farithmetic.fr%2Fwp-content%2Fthemes%2Ftwentytwentyfour%2Fassets%2Ffonts" "Mozilla/5.0 AppleWebKit/537.36 (KHTML, like Gecko; compatible; GPTBot/1.4; +https://openai.com/gptbot)"
74.7.242.57 - - [28/Aug/2026:20:06:41 +0200] "GET /?chmod=%2Fhome%2Farithmetic.fr%2Fwp-content%2Fthemes%2Ftwentytwentyfour%2Fassets%2Ffonts%2Fjost HTTP/1.1" 200 85445 "https://www.arithmetic.fr/?lph=%2Fhome%2Farithmetic.fr%2Fwp-content%2Fthemes%2Ftwentytwentyfour%2Fassets%2Ffonts" "Mozilla/5.0 AppleWebKit/537.36 (KHTML, like Gecko; compatible; GPTBot/1.4; +https://openai.com/gptbot)"
74.7.242.57 - - [28/Aug/2026:20:06:42 +0200] "GET /?lph=%2Fhome%2Farithmetic.fr%2Fwp-content%2Fthemes%2Ftwentytwentyfour%2Fassets%2Ffonts%2Fjost HTTP/1.1" 200 147008 "https://www.arithmetic.fr/?lph=%2Fhome%2Farithmetic.fr%2Fwp-content%2Fthemes%2Ftwentytwentyfour%2Fassets%2Ffonts" "Mozilla/5.0 AppleWebKit/537.36 (KHTML, like Gecko; compatible; GPTBot/1.4; +https://openai.com/gptbot)"
74.7.242.57 - - [28/Aug/2026:20:06:42 +0200] "GET /?lph=%2Fhome%2Farithmetic.fr%2Fwp-content%2Fthemes%2Ftwentytwentyfour%2Fassets%2Ffonts%2Fcardo HTTP/1.1" 200 148574 "https://www.arithmetic.fr/?lph=%2Fhome%2Farithmetic.fr%2Fwp-content%2Fthemes%2Ftwentytwentyfour%2Fassets%2Ffonts" "Mozilla/5.0 AppleWebKit/537.36 (KHTML, like Gecko; compatible; GPTBot/1.4; +https://openai.com/gptbot)"
74.7.242.57 - - [28/Aug/2026:20:06:43 +0200] "GET /?chmod=%2Fhome%2Farithmetic.fr%2Fwp-content%2Fthemes%2Ftwentytwentyfour%2Fassets%2Ffonts%2Fcardo HTTP/1.1" 200 85447 "https://www.arithmetic.fr/?lph=%2Fhome%2Farithmetic.fr%2Fwp-content%2Fthemes%2Ftwentytwentyfour%2Fassets%2Ffonts" "Mozilla/5.0 AppleWebKit/537.36 (KHTML, like Gecko; compatible; GPTBot/1.4; +https://openai.com/gptbot)"
74.7.242.57 - - [28/Aug/2026:20:06:44 +0200] "GET /?chmod=%2Fhome%2Farithmetic.fr%2Fwp-content%2Fthemes%2Ftwentytwentyfour%2Fassets%2Ffonts HTTP/1.1" 200 85436 "https://www.arithmetic.fr/?lph=%2Fhome%2Farithmetic.fr%2Fwp-content%2Fthemes%2Ftwentytwentyfour%2Fassets" "Mozilla/5.0 AppleWebKit/537.36 (KHTML, like Gecko; compatible; GPTBot/1.4; +https://openai.com/gptbot)"
74.7.242.57 - - [28/Aug/2026:20:06:45 +0200] "GET /?chmod=%2Fhome%2Farithmetic.fr%2Fwp-content%2Fthemes%2Ftwentytwentyfour%2Fparts%2Fpost-meta.html HTTP/1.1" 200 85451 "https://www.arithmetic.fr/?lph=%2Fhome%2Farithmetic.fr%2Fwp-content%2Fthemes%2Ftwentytwentyfour%2Fparts" "Mozilla/5.0 AppleWebKit/537.36 (KHTML, like Gecko; compatible; GPTBot/1.4; +https://openai.com/gptbot)"
74.7.242.57 - - [28/Aug/2026:20:06:46 +0200] "GET /?edit=%2Fhome%2Farithmetic.fr%2Fwp-content%2Fthemes%2Ftwentytwentyfour%2Fparts%2Fpost-meta.html HTTP/1.1" 200 85594 "https://www.arithmetic.fr/?lph=%2Fhome%2Farithmetic.fr%2Fwp-content%2Fthemes%2Ftwentytwentyfour%2Fparts" "Mozilla/5.0 AppleWebKit/537.36 (KHTML, like Gecko; compatible; GPTBot/1.4; +https://openai.com/gptbot)"
74.7.242.57 - - [28/Aug/2026:20:06:47 +0200] "GET /?rename=%2Fhome%2Farithmetic.fr%2Fwp-content%2Fthemes%2Ftwentytwentyfour%2Fparts%2Fheader.html HTTP/1.1" 200 85408 "https://www.arithmetic.fr/?lph=%2Fhome%2Farithmetic.fr%2Fwp-content%2Fthemes%2Ftwentytwentyfour%2Fparts" "Mozilla/5.0 AppleWebKit/537.36 (KHTML, like Gecko; compatible; GPTBot/1.4; +https://openai.com/gptbot)"
74.7.242.57 - - [28/Aug/2026:20:06:48 +0200] "GET /?edit=%2Fhome%2Farithmetic.fr%2Fwp-content%2Fthemes%2Ftwentytwentyfour%2Fassets%2Fimages%2Fmuseum.webp HTTP/1.1" 200 313773 "https://www.arithmetic.fr/?lph=%2Fhome%2Farithmetic.fr%2Fwp-content%2Fthemes%2Ftwentytwentyfour%2Fassets%2Fimages" "Mozilla/5.0 AppleWebKit/537.36 (KHTML, like Gecko; compatible; GPTBot/1.4; +https://openai.com/gptbot)"
74.7.242.57 - - [28/Aug/2026:20:06:49 +0200] "GET /?chmod=%2Fhome%2Farithmetic.fr%2Fwp-content%2Fthemes%2Ftwentytwentyfour%2Fassets%2Fimages HTTP/1.1" 200 85425 "https://www.arithmetic.fr/?lph=%2Fhome%2Farithmetic.fr%2Fwp-content%2Fthemes%2Ftwentytwentyfour%2Fassets" "Mozilla/5.0 AppleWebKit/537.36 (KHTML, like Gecko; compatible; GPTBot/1.4; +https://openai.com/gptbot)"
74.7.242.57 - - [28/Aug/2026:20:06:49 +0200] "GET /?rename=%2Fhome%2Farithmetic.fr%2Fwp-content%2Fthemes%2Ftwentytwentyfour%2Fparts%2Fsidebar.html HTTP/1.1" 200 85416 "https://www.arithmetic.fr/?lph=%2Fhome%2Farithmetic.fr%2Fwp-content%2Fthemes%2Ftwentytwentyfour%2Fparts" "Mozilla/5.0 AppleWebKit/537.36 (KHTML, like Gecko; compatible; GPTBot/1.4; +https://openai.com/gptbot)"
74.7.242.57 - - [28/Aug/2026:20:06:50 +0200] "GET /?rename=%2Fhome%2Farithmetic.fr%2Fwp-content%2Fthemes%2Ftwentytwentyfour%2Fassets%2Ffonts%2Finstrument-sans HTTP/1.1" 200 85452 "https://www.arithmetic.fr/?lph=%2Fhome%2Farithmetic.fr%2Fwp-content%2Fthemes%2Ftwentytwentyfour%2Fassets%2Ffonts" "Mozilla/5.0 AppleWebKit/537.36 (KHTML, like Gecko; compatible; GPTBot/1.4; +https://openai.com/gptbot)"
74.7.242.57 - - [28/Aug/2026:20:06:51 +0200] "GET /?edit=%2Fhome%2Farithmetic.fr%2Fwp-content%2Fthemes%2Ftwentytwentyfour%2Fassets%2Ffonts%2Fjost%2FOFL.txt HTTP/1.1" 200 90007 "https://www.arithmetic.fr/?lph=%2Fhome%2Farithmetic.fr%2Fwp-content%2Fthemes%2Ftwentytwentyfour%2Fassets%2Ffonts%2Fjost" "Mozilla/5.0 AppleWebKit/537.36 (KHTML, like Gecko; compatible; GPTBot/1.4; +https://openai.com/gptbot)"
74.7.242.57 - - [28/Aug/2026:20:06:52 +0200] "GET /?edit=%2Fhome%2Farithmetic.fr%2Fwp-content%2Fthemes%2Ftwentytwentyfour%2Fassets%2Ffonts%2Fcardo%2FLICENSE.txt HTTP/1.1" 200 90017 "https://www.arithmetic.fr/?lph=%2Fhome%2Farithmetic.fr%2Fwp-content%2Fthemes%2Ftwentytwentyfour%2Fassets%2Ffonts%2Fcardo" "Mozilla/5.0 AppleWebKit/537.36 (KHTML, like Gecko; compatible; GPTBot/1.4; +https://openai.com/gptbot)"
74.7.242.57 - - [28/Aug/2026:20:06:53 +0200] "GET /?chmod=%2Fhome%2Farithmetic.fr%2Fwp-content%2Fthemes%2Ftwentytwentyfour%2Fassets%2Ffonts%2Fjost%2FOFL.txt HTTP/1.1" 200 85485 "https://www.arithmetic.fr/?lph=%2Fhome%2Farithmetic.fr%2Fwp-content%2Fthemes%2Ftwentytwentyfour%2Fassets%2Ffonts%2Fjost" "Mozilla/5.0 AppleWebKit/537.36 (KHTML, like Gecko; compatible; GPTBot/1.4; +https://openai.com/gptbot)"
74.7.242.57 - - [28/Aug/2026:20:06:53 +0200] "GET /?rename=%2Fhome%2Farithmetic.fr%2Fwp-content%2Fthemes%2Ftwentytwentyfour%2Fassets%2Ffonts%2Fjost%2FOFL.txt HTTP/1.1" 200 85436 "https://www.arithmetic.fr/?lph=%2Fhome%2Farithmetic.fr%2Fwp-content%2Fthemes%2Ftwentytwentyfour%2Fassets%2Ffonts%2Fjost" "Mozilla/5.0 AppleWebKit/537.36 (KHTML, like Gecko; compatible; GPTBot/1.4; +https://openai.com/gptbot)"
74.7.242.57 - - [28/Aug/2026:20:06:54 +0200] "GET /?chmod=%2Fhome%2Farithmetic.fr%2Fwp-content%2Fthemes%2Ftwentytwentyfour%2Fassets%2Ffonts%2Finter%2FLICENSE.txt HTTP/1.1" 200 85496 "https://www.arithmetic.fr/?lph=%2Fhome%2Farithmetic.fr%2Fwp-content%2Fthemes%2Ftwentytwentyfour%2Fassets%2Ffonts%2Finter" "Mozilla/5.0 AppleWebKit/537.36 (KHTML, like Gecko; compatible; GPTBot/1.4; +https://openai.com/gptbot)"
74.7.242.57 - - [28/Aug/2026:20:06:55 +0200] "GET /?lph=%2Fhome%2Farithmetic.fr%2Fwp-content%2Fthemes%2Ftwentytwentyfour%2Fassets%2Ffonts%2Finstrument-sans HTTP/1.1" 200 147456 "https://www.arithmetic.fr/?lph=%2Fhome%2Farithmetic.fr%2Fwp-content%2Fthemes%2Ftwentytwentyfour%2Fassets%2Ffonts" "Mozilla/5.0 AppleWebKit/537.36 (KHTML, like Gecko; compatible; GPTBot/1.4; +https://openai.com/gptbot)"
74.7.242.57 - - [28/Aug/2026:20:06:56 +0200] "GET /?edit=%2Fhome%2Farithmetic.fr%2Fwp-content%2Fthemes%2Ftwentytwentyfour%2Fstyles%2Fice.json HTTP/1.1" 200 95017 "https://www.arithmetic.fr/?lph=%2Fhome%2Farithmetic.fr%2Fwp-content%2Fthemes%2Ftwentytwentyfour%2Fstyles" "Mozilla/5.0 AppleWebKit/537.36 (KHTML, like Gecko; compatible; GPTBot/1.4; +https://openai.com/gptbot)"
74.7.242.57 - - [28/Aug/2026:20:06:57 +0200] "GET /?chmod=%2Fhome%2Farithmetic.fr%2Fwp-content%2Fthemes%2Ftwentytwentyfour%2Fassets%2Ffonts%2Fcardo%2FLICENSE.txt HTTP/1.1" 200 85496 "https://www.arithmetic.fr/?lph=%2Fhome%2Farithmetic.fr%2Fwp-content%2Fthemes%2Ftwentytwentyfour%2Fassets%2Ffonts%2Fcardo" "Mozilla/5.0 AppleWebKit/537.36 (KHTML, like Gecko; compatible; GPTBot/1.4; +https://openai.com/gptbot)"
74.7.242.57 - - [28/Aug/2026:20:06:58 +0200] "GET /?rename=%2Fhome%2Farithmetic.fr%2Fwp-content%2Fthemes%2Ftwentytwentyfour%2Fstyles%2Fice.json HTTP/1.1" 200 85407 "https://www.arithmetic.fr/?lph=%2Fhome%2Farithmetic.fr%2Fwp-content%2Fthemes%2Ftwentytwentyfour%2Fstyles" "Mozilla/5.0 AppleWebKit/537.36 (KHTML, like Gecko; compatible; GPTBot/1.4; +https://openai.com/gptbot)"
74.7.242.57 - - [28/Aug/2026:20:06:58 +0200] "GET /?edit=%2Fhome%2Farithmetic.fr%2Fwp-content%2Fthemes%2Ftwentytwentyfour%2Fstyles%2Frust.json HTTP/1.1" 200 89919 "https://www.arithmetic.fr/?lph=%2Fhome%2Farithmetic.fr%2Fwp-content%2Fthemes%2Ftwentytwentyfour%2Fstyles" "Mozilla/5.0 AppleWebKit/537.36 (KHTML, like Gecko; compatible; GPTBot/1.4; +https://openai.com/gptbot)"
74.7.242.57 - - [28/Aug/2026:20:06:59 +0200] "GET /?edit=%2Fhome%2Farithmetic.fr%2Fwp-content%2Fthemes%2Ftwentytwentyfour%2Fstyles%2Fmint.json HTTP/1.1" 200 91017 "https://www.arithmetic.fr/?lph=%2Fhome%2Farithmetic.fr%2Fwp-content%2Fthemes%2Ftwentytwentyfour%2Fstyles" "Mozilla/5.0 AppleWebKit/537.36 (KHTML, like Gecko; compatible; GPTBot/1.4; +https://openai.com/gptbot)"
74.7.242.57 - - [28/Aug/2026:20:07:00 +0200] "GET /?rename=%2Fhome%2Farithmetic.fr%2Fwp-content%2Fthemes%2Ftwentytwentyfour%2Fassets%2Ffonts%2Fcardo%2FLICENSE.txt HTTP/1.1" 200 85464 "https://www.arithmetic.fr/?lph=%2Fhome%2Farithmetic.fr%2Fwp-content%2Fthemes%2Ftwentytwentyfour%2Fassets%2Ffonts%2Fcardo" "Mozilla/5.0 AppleWebKit/537.36 (KHTML, like Gecko; compatible; GPTBot/1.4; +https://openai.com/gptbot)"
74.7.242.57 - - [28/Aug/2026:20:07:01 +0200] "GET /?rename=%2Fhome%2Farithmetic.fr%2Fwp-content%2Fthemes%2Ftwentytwentyfour%2Fassets%2Fimages%2Fmuseum.webp HTTP/1.1" 200 85430 "https://www.arithmetic.fr/?lph=%2Fhome%2Farithmetic.fr%2Fwp-content%2Fthemes%2Ftwentytwentyfour%2Fassets%2Fimages" "Mozilla/5.0 AppleWebKit/537.36 (KHTML, like Gecko; compatible; GPTBot/1.4; +https://openai.com/gptbot)"
74.7.242.57 - - [28/Aug/2026:20:07:02 +0200] "GET /?chmod=%2Fhome%2Farithmetic.fr%2Fwp-content%2Fthemes%2Ftwentytwentyfour%2Fstyles%2Fmint.json HTTP/1.1" 200 85444 "https://www.arithmetic.fr/?lph=%2Fhome%2Farithmetic.fr%2Fwp-content%2Fthemes%2Ftwentytwentyfour%2Fstyles" "Mozilla/5.0 AppleWebKit/537.36 (KHTML, like Gecko; compatible; GPTBot/1.4; +https://openai.com/gptbot)"
74.7.242.57 - - [28/Aug/2026:20:07:02 +0200] "GET /?edit=%2Fhome%2Farithmetic.fr%2Fwp-content%2Fthemes%2Ftwentytwentyfour%2Fstyles%2Fember.json HTTP/1.1" 200 94120 "https://www.arithmetic.fr/?lph=%2Fhome%2Farithmetic.fr%2Fwp-content%2Fthemes%2Ftwentytwentyfour%2Fstyles" "Mozilla/5.0 AppleWebKit/537.36 (KHTML, like Gecko; compatible; GPTBot/1.4; +https://openai.com/gptbot)"
74.7.242.57 - - [28/Aug/2026:20:07:03 +0200] "GET /?chmod=%2Fhome%2Farithmetic.fr%2Fwp-content%2Fthemes%2Ftwentytwentyfour%2Fassets%2Ffonts%2Fcardo%2Fcardo_italic_400.woff2 HTTP/1.1" 200 85505 "https://www.arithmetic.fr/?lph=%2Fhome%2Farithmetic.fr%2Fwp-content%2Fthemes%2Ftwentytwentyfour%2Fassets%2Ffonts%2Fcardo" "Mozilla/5.0 AppleWebKit/537.36 (KHTML, like Gecko; compatible; GPTBot/1.4; +https://openai.com/gptbot)"
74.7.242.57 - - [28/Aug/2026:20:07:04 +0200] "GET /?edit=%2Fhome%2Farithmetic.fr%2Fwp-content%2Fthemes%2Ftwentytwentyfour%2Fassets%2Ffonts%2Fcardo%2Fcardo_normal_400.woff2 HTTP/1.1" 200 355859 "https://www.arithmetic.fr/?lph=%2Fhome%2Farithmetic.fr%2Fwp-content%2Fthemes%2Ftwentytwentyfour%2Fassets%2Ffonts%2Fcardo" "Mozilla/5.0 AppleWebKit/537.36 (KHTML, like Gecko; compatible; GPTBot/1.4; +https://openai.com/gptbot)"
74.7.242.57 - - [28/Aug/2026:20:07:05 +0200] "GET /?edit=%2Fhome%2Farithmetic.fr%2Fwp-content%2Fthemes%2Ftwentytwentyfour%2Fassets%2Ffonts%2Fcardo%2Fcardo_normal_700.woff2 HTTP/1.1" 200 330213 "https://www.arithmetic.fr/?lph=%2Fhome%2Farithmetic.fr%2Fwp-content%2Fthemes%2Ftwentytwentyfour%2Fassets%2Ffonts%2Fcardo" "Mozilla/5.0 AppleWebKit/537.36 (KHTML, like Gecko; compatible; GPTBot/1.4; +https://openai.com/gptbot)"
74.7.242.57 - - [28/Aug/2026:20:07:05 +0200] "GET /?edit=%2Fhome%2Farithmetic.fr%2Fwp-content%2Fthemes%2Ftwentytwentyfour%2Fassets%2Ffonts%2Fcardo%2Fcardo_italic_400.woff2 HTTP/1.1" 200 279665 "https://www.arithmetic.fr/?lph=%2Fhome%2Farithmetic.fr%2Fwp-content%2Fthemes%2Ftwentytwentyfour%2Fassets%2Ffonts%2Fcardo" "Mozilla/5.0 AppleWebKit/537.36 (KHTML, like Gecko; compatible; GPTBot/1.4; +https://openai.com/gptbot)"
74.7.242.57 - - [28/Aug/2026:20:07:06 +0200] "GET /?edit=%2Fhome%2Farithmetic.fr%2Fwp-content%2Fthemes%2Ftwentytwentyfour%2Fstyles%2Fonyx.json HTTP/1.1" 200 90989 "https://www.arithmetic.fr/?lph=%2Fhome%2Farithmetic.fr%2Fwp-content%2Fthemes%2Ftwentytwentyfour%2Fstyles" "Mozilla/5.0 AppleWebKit/537.36 (KHTML, like Gecko; compatible; GPTBot/1.4; +https://openai.com/gptbot)"
74.7.242.57 - - [28/Aug/2026:20:07:07 +0200] "GET /?chmod=%2Fhome%2Farithmetic.fr%2Fwp-content%2Fthemes%2Ftwentytwentyfour%2Fstyles%2Fonyx.json HTTP/1.1" 200 85444 "https://www.arithmetic.fr/?lph=%2Fhome%2Farithmetic.fr%2Fwp-content%2Fthemes%2Ftwentytwentyfour%2Fstyles" "Mozilla/5.0 AppleWebKit/537.36 (KHTML, like Gecko; compatible; GPTBot/1.4; +https://openai.com/gptbot)"
74.7.242.57 - - [28/Aug/2026:20:07:08 +0200] "GET /?chmod=%2Fhome%2Farithmetic.fr%2Fwp-content%2Fthemes%2Ftwentytwentyfour%2Fstyles%2Frust.json HTTP/1.1" 200 85431 "https://www.arithmetic.fr/?lph=%2Fhome%2Farithmetic.fr%2Fwp-content%2Fthemes%2Ftwentytwentyfour%2Fstyles" "Mozilla/5.0 AppleWebKit/537.36 (KHTML, like Gecko; compatible; GPTBot/1.4; +https://openai.com/gptbot)"
74.7.242.57 - - [28/Aug/2026:20:07:08 +0200] "GET /?chmod=%2Fhome%2Farithmetic.fr%2Fwp-content%2Fthemes%2Ftwentytwentyfour%2Fstyles%2Fice.json HTTP/1.1" 200 85442 "https://www.arithmetic.fr/?lph=%2Fhome%2Farithmetic.fr%2Fwp-content%2Fthemes%2Ftwentytwentyfour%2Fstyles" "Mozilla/5.0 AppleWebKit/537.36 (KHTML, like Gecko; compatible; GPTBot/1.4; +https://openai.com/gptbot)"
74.7.242.57 - - [28/Aug/2026:20:07:09 +0200] "GET /?rename=%2Fhome%2Farithmetic.fr%2Fwp-content%2Fthemes%2Ftwentytwentyfour%2Fstyles%2Fmint.json HTTP/1.1" 200 85405 "https://www.arithmetic.fr/?lph=%2Fhome%2Farithmetic.fr%2Fwp-content%2Fthemes%2Ftwentytwentyfour%2Fstyles" "Mozilla/5.0 AppleWebKit/537.36 (KHTML, like Gecko; compatible; GPTBot/1.4; +https://openai.com/gptbot)"
74.7.242.57 - - [28/Aug/2026:20:07:10 +0200] "GET /?rename=%2Fhome%2Farithmetic.fr%2Fwp-content%2Fthemes%2Ftwentytwentyfour%2Fstyles%2Fonyx.json HTTP/1.1" 200 85392 "https://www.arithmetic.fr/?lph=%2Fhome%2Farithmetic.fr%2Fwp-content%2Fthemes%2Ftwentytwentyfour%2Fstyles" "Mozilla/5.0 AppleWebKit/537.36 (KHTML, like Gecko; compatible; GPTBot/1.4; +https://openai.com/gptbot)"
74.7.242.57 - - [28/Aug/2026:20:07:11 +0200] "GET /?rename=%2Fhome%2Farithmetic.fr%2Fwp-content%2Fthemes%2Ftwentytwentyfour%2Fstyles%2Frust.json HTTP/1.1" 200 85405 "https://www.arithmetic.fr/?lph=%2Fhome%2Farithmetic.fr%2Fwp-content%2Fthemes%2Ftwentytwentyfour%2Fstyles" "Mozilla/5.0 AppleWebKit/537.36 (KHTML, like Gecko; compatible; GPTBot/1.4; +https://openai.com/gptbot)"
74.7.242.57 - - [28/Aug/2026:20:07:12 +0200] "GET /?chmod=%2Fhome%2Farithmetic.fr%2Fwp-content%2Fthemes%2Ftwentytwentyfour%2Fassets%2Ffonts%2Finstrument-sans HTTP/1.1" 200 85480 "https://www.arithmetic.fr/?lph=%2Fhome%2Farithmetic.fr%2Fwp-content%2Fthemes%2Ftwentytwentyfour%2Fassets%2Ffonts" "Mozilla/5.0 AppleWebKit/537.36 (KHTML, like Gecko; compatible; GPTBot/1.4; +https://openai.com/gptbot)"
74.7.242.57 - - [28/Aug/2026:20:07:13 +0200] "GET /?edit=%2Fhome%2Farithmetic.fr%2Fwp-content%2Fthemes%2Ftwentytwentyfour%2Fassets%2Fimages%2Fwindows.webp HTTP/1.1" 200 318659 "https://www.arithmetic.fr/?lph=%2Fhome%2Farithmetic.fr%2Fwp-content%2Fthemes%2Ftwentytwentyfour%2Fassets%2Fimages" "Mozilla/5.0 AppleWebKit/537.36 (KHTML, like Gecko; compatible; GPTBot/1.4; +https://openai.com/gptbot)"
74.7.242.57 - - [28/Aug/2026:20:07:13 +0200] "GET /?chmod=%2Fhome%2Farithmetic.fr%2Fwp-content%2Fthemes%2Ftwentytwentyfour%2Fassets%2Fimages%2Fmuseum.webp HTTP/1.1" 200 85475 "https://www.arithmetic.fr/?lph=%2Fhome%2Farithmetic.fr%2Fwp-content%2Fthemes%2Ftwentytwentyfour%2Fassets%2Fimages" "Mozilla/5.0 AppleWebKit/537.36 (KHTML, like Gecko; compatible; GPTBot/1.4; +https://openai.com/gptbot)"
74.7.242.57 - - [28/Aug/2026:20:07:14 +0200] "GET /?edit=%2Fhome%2Farithmetic.fr%2Fwp-content%2Fthemes%2Ftwentytwentyfour%2Fstyles%2Ffossil.json HTTP/1.1" 200 95061 "https://www.arithmetic.fr/?lph=%2Fhome%2Farithmetic.fr%2Fwp-content%2Fthemes%2Ftwentytwentyfour%2Fstyles" "Mozilla/5.0 AppleWebKit/537.36 (KHTML, like Gecko; compatible; GPTBot/1.4; +https://openai.com/gptbot)"
74.7.242.57 - - [28/Aug/2026:20:07:15 +0200] "GET /?chmod=%2Fhome%2Farithmetic.fr%2Fwp-content%2Fthemes%2Ftwentytwentyfour%2Fstyles%2Fember.json HTTP/1.1" 200 85428 "https://www.arithmetic.fr/?lph=%2Fhome%2Farithmetic.fr%2Fwp-content%2Fthemes%2Ftwentytwentyfour%2Fstyles" "Mozilla/5.0 AppleWebKit/537.36 (KHTML, like Gecko; compatible; GPTBot/1.4; +https://openai.com/gptbot)"
146.59.197.208 - - [28/Aug/2026:20:07:16 +0200] "POST /wp-cron.php?doing_wp_cron=1787940436.4457449913024902343750 HTTP/1.1" 200 31 "-" "WordPress/7.0.1; https://www.arithmetic.fr"
74.7.242.57 - - [28/Aug/2026:20:07:16 +0200] "GET /?rename=%2Fhome%2Farithmetic.fr%2Fwp-content%2Fthemes%2Ftwentytwentyfive%2Fassets%2Fimages%2Fruins-image.webp HTTP/1.1" 200 85458 "https://www.arithmetic.fr/?lph=%2Fhome%2Farithmetic.fr%2Fwp-content%2Fthemes%2Ftwentytwentyfive%2Fassets%2Fimages" "Mozilla/5.0 AppleWebKit/537.36 (KHTML, like Gecko; compatible; GPTBot/1.4; +https://openai.com/gptbot)"
74.7.242.57 - - [28/Aug/2026:20:07:17 +0200] "GET /?rename=%2Fhome%2Farithmetic.fr%2Fwp-content%2Fthemes%2Fstabapp%2Fassets%2Fvendors%2Fflexslider%2Ffonts HTTP/1.1" 200 85422 "https://www.arithmetic.fr/?lph=%2Fhome%2Farithmetic.fr%2Fwp-content%2Fthemes%2Fstabapp%2Fassets%2Fvendors%2Fflexslider" "Mozilla/5.0 AppleWebKit/537.36 (KHTML, like Gecko; compatible; GPTBot/1.4; +https://openai.com/gptbot)"
74.7.242.57 - - [28/Aug/2026:20:07:18 +0200] "GET /?rename=%2Fhome%2Farithmetic.fr%2Fwp-content%2Fthemes%2Fstabapp%2Fassets%2Fvendors%2Fflexslider%2Fimages HTTP/1.1" 200 85443 "https://www.arithmetic.fr/?lph=%2Fhome%2Farithmetic.fr%2Fwp-content%2Fthemes%2Fstabapp%2Fassets%2Fvendors%2Fflexslider" "Mozilla/5.0 AppleWebKit/537.36 (KHTML, like Gecko; compatible; GPTBot/1.4; +https://openai.com/gptbot)"
74.7.242.57 - - [28/Aug/2026:20:07:18 +0200] "GET /?chmod=%2Fhome%2Farithmetic.fr%2Fwp-content%2Fthemes%2Fstabapp%2Fassets%2Fimages%2Fcolorbox HTTP/1.1" 200 85442 "https://www.arithmetic.fr/?lph=%2Fhome%2Farithmetic.fr%2Fwp-content%2Fthemes%2Fstabapp%2Fassets%2Fimages" "Mozilla/5.0 AppleWebKit/537.36 (KHTML, like Gecko; compatible; GPTBot/1.4; +https://openai.com/gptbot)"
74.7.242.57 - - [28/Aug/2026:20:07:19 +0200] "GET /?lph=%2Fhome%2Farithmetic.fr%2Fwp-content%2Fthemes%2Fstabapp%2Ffonts HTTP/1.1" 200 275801 "https://www.arithmetic.fr/?lph=%2Fhome%2Farithmetic.fr%2Fwp-content%2Fthemes%2Fstabapp" "Mozilla/5.0 AppleWebKit/537.36 (KHTML, like Gecko; compatible; GPTBot/1.4; +https://openai.com/gptbot)"
74.7.242.57 - - [28/Aug/2026:20:07:20 +0200] "GET /?chmod=%2Fproc%2F8860%2Fsmaps_rollup HTTP/1.1" 200 85273 "https://www.arithmetic.fr/?lph=%2Fproc%2F8860" "Mozilla/5.0 AppleWebKit/537.36 (KHTML, like Gecko; compatible; GPTBot/1.4; +https://openai.com/gptbot)"
74.7.242.57 - - [28/Aug/2026:20:07:21 +0200] "GET /?chmod=%2Fproc%2F1848%2Fsmaps_rollup HTTP/1.1" 200 85273 "https://www.arithmetic.fr/?lph=%2Fproc%2F1848" "Mozilla/5.0 AppleWebKit/537.36 (KHTML, like Gecko; compatible; GPTBot/1.4; +https://openai.com/gptbot)"
74.7.242.57 - - [28/Aug/2026:20:07:22 +0200] "GET /?chmod=%2Fhome%2Farithmetic.fr%2Fwp-content%2Fthemes%2Ftwentytwentyfive%2Fassets HTTP/1.1" 200 85398 "https://www.arithmetic.fr/?lph=%2Fhome%2Farithmetic.fr%2Fwp-content%2Fthemes%2Ftwentytwentyfive" "Mozilla/5.0 AppleWebKit/537.36 (KHTML, like Gecko; compatible; GPTBot/1.4; +https://openai.com/gptbot)"
74.7.242.57 - - [28/Aug/2026:20:07:23 +0200] "GET /?lph=%2Fhome%2Farithmetic.fr%2Fwp-content%2Fthemes%2Ftwentytwentyfour%2Fpatterns HTTP/1.1" 200 232704 "https://www.arithmetic.fr/?lph=%2Fhome%2Farithmetic.fr%2Fwp-content%2Fthemes%2Ftwentytwentyfour" "Mozilla/5.0 AppleWebKit/537.36 (KHTML, like Gecko; compatible; GPTBot/1.4; +https://openai.com/gptbot)"
74.7.242.57 - - [28/Aug/2026:20:07:23 +0200] "GET /?chmod=%2Fhome%2Farithmetic.fr%2Fwp-content%2Fthemes%2Ftwentytwentyfive%2Fassets%2Fimages%2Fman-in-hat.webp HTTP/1.1" 200 85483 "https://www.arithmetic.fr/?lph=%2Fhome%2Farithmetic.fr%2Fwp-content%2Fthemes%2Ftwentytwentyfive%2Fassets%2Fimages" "Mozilla/5.0 AppleWebKit/537.36 (KHTML, like Gecko; compatible; GPTBot/1.4; +https://openai.com/gptbot)"
74.7.242.57 - - [28/Aug/2026:20:07:24 +0200] "GET /?rename=%2Fhome%2Farithmetic.fr%2Fwp-content%2Fthemes%2Fstabapp%2Fframework%2Fwidgets%2Fwidgets.js HTTP/1.1" 200 85425 "https://www.arithmetic.fr/?lph=%2Fhome%2Farithmetic.fr%2Fwp-content%2Fthemes%2Fstabapp%2Fframework%2Fwidgets" "Mozilla/5.0 AppleWebKit/537.36 (KHTML, like Gecko; compatible; GPTBot/1.4; +https://openai.com/gptbot)"
66.249.70.167 - - [28/Aug/2026:20:07:24 +0200] "GET /casinia-casino-quickwin-slots-for-highintensity-pl/?lph=%2Fhome%2Farithmetic.fr%2F.local HTTP/1.1" 200 117097 "-" "Mozilla/5.0 (Linux; Android 6.0.1; Nexus 5X Build/MMB29P) AppleWebKit/537.36 (KHTML, like Gecko) Chrome/151.0.7922.173 Mobile Safari/537.36 (compatible; GoogleOther)"
74.7.242.57 - - [28/Aug/2026:20:07:25 +0200] "GET /?edit=%2Fhome%2Farithmetic.fr%2Fwp-content%2Fthemes%2Ftwentytwentyfive%2Fstyles%2Fblocks%2F02-subtitle.json HTTP/1.1" 200 86031 "https://www.arithmetic.fr/?lph=%2Fhome%2Farithmetic.fr%2Fwp-content%2Fthemes%2Ftwentytwentyfive%2Fstyles%2Fblocks" "Mozilla/5.0 AppleWebKit/537.36 (KHTML, like Gecko; compatible; GPTBot/1.4; +https://openai.com/gptbot)"
74.7.242.57 - - [28/Aug/2026:20:07:26 +0200] "GET /?edit=%2Fhome%2Farithmetic.fr%2Fwp-content%2Fthemes%2Ftwentytwentyfive%2Fstyles%2Fcolors%2F08-midnight.json HTTP/1.1" 200 89500 "https://www.arithmetic.fr/?lph=%2Fhome%2Farithmetic.fr%2Fwp-content%2Fthemes%2Ftwentytwentyfive%2Fstyles%2Fcolors" "Mozilla/5.0 AppleWebKit/537.36 (KHTML, like Gecko; compatible; GPTBot/1.4; +https://openai.com/gptbot)"
74.7.242.57 - - [28/Aug/2026:20:07:26 +0200] "GET /?chmod=%2Fhome%2Farithmetic.fr%2Fwp-content%2Fthemes%2Fstabapp%2Fassets%2Fimages%2FUntitled-1.jpg HTTP/1.1" 200 85441 "https://www.arithmetic.fr/?lph=%2Fhome%2Farithmetic.fr%2Fwp-content%2Fthemes%2Fstabapp%2Fassets%2Fimages" "Mozilla/5.0 AppleWebKit/537.36 (KHTML, like Gecko; compatible; GPTBot/1.4; +https://openai.com/gptbot)"
74.7.242.57 - - [28/Aug/2026:20:07:27 +0200] "GET /x-7/embed/?lph=/ HTTP/1.1" 200 122435 "https://www.arithmetic.fr/x-7/embed/" "Mozilla/5.0 AppleWebKit/537.36 (KHTML, like Gecko; compatible; GPTBot/1.4; +https://openai.com/gptbot)"
74.7.242.57 - - [28/Aug/2026:20:07:28 +0200] "GET /?rename=%2Fhome%2Farithmetic.fr%2Fwp-content%2Fthemes%2Fstabapp%2Ffonts%2FJosefinSlab-Thin.ttf HTTP/1.1" 200 85400 "https://www.arithmetic.fr/?lph=%2Fhome%2Farithmetic.fr%2Fwp-content%2Fthemes%2Fstabapp%2Ffonts" "Mozilla/5.0 AppleWebKit/537.36 (KHTML, like Gecko; compatible; GPTBot/1.4; +https://openai.com/gptbot)"
74.7.242.57 - - [28/Aug/2026:20:07:29 +0200] "GET /?rename=%2Fhome%2Farithmetic.fr%2Fwp-content%2Fthemes%2Fstabapp%2Ffonts%2FJosefinSans-Light.svg HTTP/1.1" 200 85411 "https://www.arithmetic.fr/?lph=%2Fhome%2Farithmetic.fr%2Fwp-content%2Fthemes%2Fstabapp%2Ffonts" "Mozilla/5.0 AppleWebKit/537.36 (KHTML, like Gecko; compatible; GPTBot/1.4; +https://openai.com/gptbot)"
74.7.242.57 - - [28/Aug/2026:20:07:29 +0200] "GET /?edit=%2Fhome%2Farithmetic.fr%2Fwp-content%2Fthemes%2Fstabapp%2Ffonts%2FJosefinSlab-Light.svg HTTP/1.1" 200 168617 "https://www.arithmetic.fr/?lph=%2Fhome%2Farithmetic.fr%2Fwp-content%2Fthemes%2Fstabapp%2Ffonts" "Mozilla/5.0 AppleWebKit/537.36 (KHTML, like Gecko; compatible; GPTBot/1.4; +https://openai.com/gptbot)"
66.249.70.165 - - [28/Aug/2026:20:07:30 +0200] "GET /wp-content/themes/stabapp-child/style.css HTTP/1.1" 200 665 "https://www.arithmetic.fr/casinia-casino-quickwin-slots-for-highintensity-pl/?lph=%2Fhome%2Farithmetic.fr%2F.local" "Mozilla/5.0 (Linux; Android 6.0.1; Nexus 5X Build/MMB29P) AppleWebKit/537.36 (KHTML, like Gecko) Chrome/151.0.7922.173 Mobile Safari/537.36 (compatible; GoogleOther)"
74.7.242.57 - - [28/Aug/2026:20:07:30 +0200] "GET /?rename=%2Fhome%2Farithmetic.fr%2Fwp-content%2Fthemes%2Fstabapp%2Ffonts%2F_notes HTTP/1.1" 200 85358 "https://www.arithmetic.fr/?lph=%2Fhome%2Farithmetic.fr%2Fwp-content%2Fthemes%2Fstabapp%2Ffonts" "Mozilla/5.0 AppleWebKit/537.36 (KHTML, like Gecko; compatible; GPTBot/1.4; +https://openai.com/gptbot)"
74.7.242.57 - - [28/Aug/2026:20:07:31 +0200] "GET /?chmod=%2Fhome%2Farithmetic.fr%2Fwp-content%2Fthemes%2Ftwentytwentyfour%2Fpatterns%2Fposts-list.php HTTP/1.1" 200 85455 "https://www.arithmetic.fr/?lph=%2Fhome%2Farithmetic.fr%2Fwp-content%2Fthemes%2Ftwentytwentyfour%2Fpatterns" "Mozilla/5.0 AppleWebKit/537.36 (KHTML, like Gecko; compatible; GPTBot/1.4; +https://openai.com/gptbot)"
74.7.242.57 - - [28/Aug/2026:20:07:32 +0200] "GET /?chmod=%2Fhome%2Farithmetic.fr%2Fwp-content%2Fthemes%2Ftwentytwentyfour%2Fpatterns%2Fgallery-offset-images-grid-4-col.php HTTP/1.1" 200 85491 "https://www.arithmetic.fr/?lph=%2Fhome%2Farithmetic.fr%2Fwp-content%2Fthemes%2Ftwentytwentyfour%2Fpatterns" "Mozilla/5.0 AppleWebKit/537.36 (KHTML, like Gecko; compatible; GPTBot/1.4; +https://openai.com/gptbot)"
66.249.70.166 - - [28/Aug/2026:20:07:32 +0200] "GET /wp-content/themes/stabapp/assets/css/stylea.css HTTP/1.1" 200 839 "https://www.arithmetic.fr/casinia-casino-quickwin-slots-for-highintensity-pl/?lph=%2Fhome%2Farithmetic.fr%2F.local" "Mozilla/5.0 (Linux; Android 6.0.1; Nexus 5X Build/MMB29P) AppleWebKit/537.36 (KHTML, like Gecko) Chrome/151.0.7922.173 Mobile Safari/537.36 (compatible; GoogleOther)"
74.7.242.57 - - [28/Aug/2026:20:07:33 +0200] "GET /?edit=%2Fhome%2Farithmetic.fr%2Fwp-content%2Fthemes%2Fstabapp%2Ffonts%2Faqua.svg HTTP/1.1" 200 117874 "https://www.arithmetic.fr/?lph=%2Fhome%2Farithmetic.fr%2Fwp-content%2Fthemes%2Fstabapp%2Ffonts" "Mozilla/5.0 AppleWebKit/537.36 (KHTML, like Gecko; compatible; GPTBot/1.4; +https://openai.com/gptbot)"
74.7.242.57 - - [28/Aug/2026:20:07:34 +0200] "GET /?chmod=%2Fhome%2Farithmetic.fr%2Fwp-content%2Fthemes%2Fstabapp%2Ffonts%2FJosefinSans-Bold.ttf HTTP/1.1" 200 85436 "https://www.arithmetic.fr/?lph=%2Fhome%2Farithmetic.fr%2Fwp-content%2Fthemes%2Fstabapp%2Ffonts" "Mozilla/5.0 AppleWebKit/537.36 (KHTML, like Gecko; compatible; GPTBot/1.4; +https://openai.com/gptbot)"
74.7.242.57 - - [28/Aug/2026:20:07:34 +0200] "GET /?rename=%2Fhome%2Farithmetic.fr%2Fwp-content%2Fthemes%2Fstabapp%2Ffonts%2FBellerose.eot HTTP/1.1" 200 85374 "https://www.arithmetic.fr/?lph=%2Fhome%2Farithmetic.fr%2Fwp-content%2Fthemes%2Fstabapp%2Ffonts" "Mozilla/5.0 AppleWebKit/537.36 (KHTML, like Gecko; compatible; GPTBot/1.4; +https://openai.com/gptbot)"
66.249.70.165 - - [28/Aug/2026:20:07:35 +0200] "GET /wp-content/plugins/complianz-gdpr/assets/css/cookieblocker.min.css HTTP/1.1" 200 735 "https://www.arithmetic.fr/casinia-casino-quickwin-slots-for-highintensity-pl/?lph=%2Fhome%2Farithmetic.fr%2F.local" "Mozilla/5.0 (Linux; Android 6.0.1; Nexus 5X Build/MMB29P) AppleWebKit/537.36 (KHTML, like Gecko) Chrome/151.0.7922.173 Mobile Safari/537.36 (compatible; GoogleOther)"
74.7.242.57 - - [28/Aug/2026:20:07:35 +0200] "GET /?rename=%2Fhome%2Farithmetic.fr%2Fwp-content%2Fthemes%2Fstabapp%2Ffonts%2FBellerose.ttf HTTP/1.1" 200 85374 "https://www.arithmetic.fr/?lph=%2Fhome%2Farithmetic.fr%2Fwp-content%2Fthemes%2Fstabapp%2Ffonts" "Mozilla/5.0 AppleWebKit/537.36 (KHTML, like Gecko; compatible; GPTBot/1.4; +https://openai.com/gptbot)"
74.7.242.57 - - [28/Aug/2026:20:07:36 +0200] "GET /?edit=%2Fhome%2Farithmetic.fr%2Fwp-content%2Fthemes%2Fstabapp%2Ffonts%2Faqua.ttf HTTP/1.1" 200 132101 "https://www.arithmetic.fr/?lph=%2Fhome%2Farithmetic.fr%2Fwp-content%2Fthemes%2Fstabapp%2Ffonts" "Mozilla/5.0 AppleWebKit/537.36 (KHTML, like Gecko; compatible; GPTBot/1.4; +https://openai.com/gptbot)"
74.7.242.57 - - [28/Aug/2026:20:07:37 +0200] "GET /?rename=%2Fhome%2Farithmetic.fr%2Fwp-content%2Fthemes%2Fstabapp%2Ffonts%2Faqua.ttf HTTP/1.1" 200 85377 "https://www.arithmetic.fr/?lph=%2Fhome%2Farithmetic.fr%2Fwp-content%2Fthemes%2Fstabapp%2Ffonts" "Mozilla/5.0 AppleWebKit/537.36 (KHTML, like Gecko; compatible; GPTBot/1.4; +https://openai.com/gptbot)"
66.249.70.165 - - [28/Aug/2026:20:07:37 +0200] "GET /discover-the-best-aussie-pokies-on-rainbet-for-maximum-fun/?rename=%2Fhome%2Farithmetic.fr%2Fbackups HTTP/1.1" 200 59890 "-" "Mozilla/5.0 (Linux; Android 6.0.1; Nexus 5X Build/MMB29P) AppleWebKit/537.36 (KHTML, like Gecko) Chrome/151.0.7922.173 Mobile Safari/537.36 (compatible; GoogleOther)"
66.249.70.165 - - [28/Aug/2026:20:07:37 +0200] "GET /wp-content/themes/stabapp/assets/vendors/fancybox/jquery.fancybox.js HTTP/1.1" 200 13932 "https://www.arithmetic.fr/casinia-casino-quickwin-slots-for-highintensity-pl/?lph=%2Fhome%2Farithmetic.fr%2F.local" "Mozilla/5.0 (Linux; Android 6.0.1; Nexus 5X Build/MMB29P) AppleWebKit/537.36 (KHTML, like Gecko) Chrome/151.0.7922.173 Mobile Safari/537.36 (compatible; GoogleOther)"
74.7.242.57 - - [28/Aug/2026:20:07:38 +0200] "GET /?rename=%2Fhome%2Farithmetic.fr%2Fwp-content%2Fthemes%2Fstabapp%2Ffonts%2Faqua.woff HTTP/1.1" 200 85380 "https://www.arithmetic.fr/?lph=%2Fhome%2Farithmetic.fr%2Fwp-content%2Fthemes%2Fstabapp%2Ffonts" "Mozilla/5.0 AppleWebKit/537.36 (KHTML, like Gecko; compatible; GPTBot/1.4; +https://openai.com/gptbot)"
74.7.242.57 - - [28/Aug/2026:20:07:39 +0200] "GET /?edit=%2Fhome%2Farithmetic.fr%2Fwp-content%2Fthemes%2Fstabapp%2Ffonts%2FBellerose.ttf HTTP/1.1" 200 105270 "https://www.arithmetic.fr/?lph=%2Fhome%2Farithmetic.fr%2Fwp-content%2Fthemes%2Fstabapp%2Ffonts" "Mozilla/5.0 AppleWebKit/537.36 (KHTML, like Gecko; compatible; GPTBot/1.4; +https://openai.com/gptbot)"
74.7.242.57 - - [28/Aug/2026:20:07:39 +0200] "GET /?chmod=%2Fhome%2Farithmetic.fr%2Fwp-content%2Fthemes%2Fstabapp%2Ffonts%2FBellerose.eot HTTP/1.1" 200 85409 "https://www.arithmetic.fr/?lph=%2Fhome%2Farithmetic.fr%2Fwp-content%2Fthemes%2Fstabapp%2Ffonts" "Mozilla/5.0 AppleWebKit/537.36 (KHTML, like Gecko; compatible; GPTBot/1.4; +https://openai.com/gptbot)"
66.249.70.165 - - [28/Aug/2026:20:07:39 +0200] "GET /wp-content/themes/stabapp/assets/js/main.js HTTP/1.1" 200 7259 "https://www.arithmetic.fr/casinia-casino-quickwin-slots-for-highintensity-pl/?lph=%2Fhome%2Farithmetic.fr%2F.local" "Mozilla/5.0 (Linux; Android 6.0.1; Nexus 5X Build/MMB29P) AppleWebKit/537.36 (KHTML, like Gecko) Chrome/151.0.7922.173 Mobile Safari/537.36 (compatible; GoogleOther)"
74.7.242.57 - - [28/Aug/2026:20:07:40 +0200] "GET /?edit=%2Fhome%2Farithmetic.fr%2Fwp-content%2Fthemes%2Fstabapp%2Ffonts%2FBellerose.eot HTTP/1.1" 200 105125 "https://www.arithmetic.fr/?lph=%2Fhome%2Farithmetic.fr%2Fwp-content%2Fthemes%2Fstabapp%2Ffonts" "Mozilla/5.0 AppleWebKit/537.36 (KHTML, like Gecko; compatible; GPTBot/1.4; +https://openai.com/gptbot)"
74.7.242.57 - - [28/Aug/2026:20:07:41 +0200] "GET /?edit=%2Fhome%2Farithmetic.fr%2Fwp-content%2Fthemes%2Fstabapp%2Ffonts%2Faqua.woff HTTP/1.1" 200 112763 "https://www.arithmetic.fr/?lph=%2Fhome%2Farithmetic.fr%2Fwp-content%2Fthemes%2Fstabapp%2Ffonts" "Mozilla/5.0 AppleWebKit/537.36 (KHTML, like Gecko; compatible; GPTBot/1.4; +https://openai.com/gptbot)"
74.7.242.57 - - [28/Aug/2026:20:07:42 +0200] "GET /?chmod=%2Fhome%2Farithmetic.fr%2Fwp-content%2Fthemes%2Fstabapp%2Ffonts%2Faqua.ttf HTTP/1.1" 200 85399 "https://www.arithmetic.fr/?lph=%2Fhome%2Farithmetic.fr%2Fwp-content%2Fthemes%2Fstabapp%2Ffonts" "Mozilla/5.0 AppleWebKit/537.36 (KHTML, like Gecko; compatible; GPTBot/1.4; +https://openai.com/gptbot)"
74.7.242.57 - - [28/Aug/2026:20:07:43 +0200] "GET /?chmod=%2Fhome%2Farithmetic.fr%2Fwp-content%2Fthemes%2Fstabapp%2Ffonts%2FBellerose.ttf HTTP/1.1" 200 85422 "https://www.arithmetic.fr/?lph=%2Fhome%2Farithmetic.fr%2Fwp-content%2Fthemes%2Fstabapp%2Ffonts" "Mozilla/5.0 AppleWebKit/537.36 (KHTML, like Gecko; compatible; GPTBot/1.4; +https://openai.com/gptbot)"
74.7.242.57 - - [28/Aug/2026:20:07:44 +0200] "GET /?edit=%2Fhome%2Farithmetic.fr%2Fwp-content%2Fthemes%2Fstabapp%2Ffonts%2FBellerose.woff HTTP/1.1" 200 108999 "https://www.arithmetic.fr/?lph=%2Fhome%2Farithmetic.fr%2Fwp-content%2Fthemes%2Fstabapp%2Ffonts" "Mozilla/5.0 AppleWebKit/537.36 (KHTML, like Gecko; compatible; GPTBot/1.4; +https://openai.com/gptbot)"
66.249.70.165 - - [28/Aug/2026:20:07:44 +0200] "GET /wp-content/themes/stabapp/assets/css/wp_custom_style.css HTTP/1.1" 200 0 "https://www.arithmetic.fr/discover-the-best-aussie-pokies-on-rainbet-for-maximum-fun/?rename=%2Fhome%2Farithmetic.fr%2Fbackups" "Mozilla/5.0 (Linux; Android 6.0.1; Nexus 5X Build/MMB29P) AppleWebKit/537.36 (KHTML, like Gecko) Chrome/151.0.7922.173 Mobile Safari/537.36 (compatible; GoogleOther)"
74.7.242.57 - - [28/Aug/2026:20:07:44 +0200] "GET /?rename=%2Fhome%2Farithmetic.fr%2Fwp-content%2Fthemes%2Fstabapp%2Ffonts%2Faqua.svg HTTP/1.1" 200 85377 "https://www.arithmetic.fr/?lph=%2Fhome%2Farithmetic.fr%2Fwp-content%2Fthemes%2Fstabapp%2Ffonts" "Mozilla/5.0 AppleWebKit/537.36 (KHTML, like Gecko; compatible; GPTBot/1.4; +https://openai.com/gptbot)"
74.7.242.57 - - [28/Aug/2026:20:07:45 +0200] "GET /?chmod=%2Fhome%2Farithmetic.fr%2Fwp-content%2Fthemes%2Fstabapp%2Ffonts%2Faqua.woff HTTP/1.1" 200 85414 "https://www.arithmetic.fr/?lph=%2Fhome%2Farithmetic.fr%2Fwp-content%2Fthemes%2Fstabapp%2Ffonts" "Mozilla/5.0 AppleWebKit/537.36 (KHTML, like Gecko; compatible; GPTBot/1.4; +https://openai.com/gptbot)"
74.7.242.57 - - [28/Aug/2026:20:07:46 +0200] "GET /?rename=%2Fhome%2Farithmetic.fr%2Fwp-content%2Fthemes%2Ftwentytwentyfour%2Fpatterns%2Fcta-subscribe-centered.php HTTP/1.1" 200 85467 "https://www.arithmetic.fr/?lph=%2Fhome%2Farithmetic.fr%2Fwp-content%2Fthemes%2Ftwentytwentyfour%2Fpatterns" "Mozilla/5.0 AppleWebKit/537.36 (KHTML, like Gecko; compatible; GPTBot/1.4; +https://openai.com/gptbot)"
66.249.70.165 - - [28/Aug/2026:20:07:47 +0200] "GET /wp-includes/js/jquery/jquery.min.js HTTP/1.1" 200 30432 "https://www.arithmetic.fr/discover-the-best-aussie-pokies-on-rainbet-for-maximum-fun/?rename=%2Fhome%2Farithmetic.fr%2Fbackups" "Mozilla/5.0 (Linux; Android 6.0.1; Nexus 5X Build/MMB29P) AppleWebKit/537.36 (KHTML, like Gecko) Chrome/151.0.7922.173 Mobile Safari/537.36 (compatible; GoogleOther)"
74.7.242.57 - - [28/Aug/2026:20:07:47 +0200] "GET /?rename=%2Fhome%2Farithmetic.fr%2Fwp-content%2Fthemes%2Fstabapp%2Ffonts%2FBellerose.svg HTTP/1.1" 200 85374 "https://www.arithmetic.fr/?lph=%2Fhome%2Farithmetic.fr%2Fwp-content%2Fthemes%2Fstabapp%2Ffonts" "Mozilla/5.0 AppleWebKit/537.36 (KHTML, like Gecko; compatible; GPTBot/1.4; +https://openai.com/gptbot)"
74.7.242.57 - - [28/Aug/2026:20:07:48 +0200] "GET /?chmod=%2Fhome%2Farithmetic.fr%2Fwp-content%2Fthemes%2Fstabapp%2Ffonts%2FBellerose.woff HTTP/1.1" 200 85419 "https://www.arithmetic.fr/?lph=%2Fhome%2Farithmetic.fr%2Fwp-content%2Fthemes%2Fstabapp%2Ffonts" "Mozilla/5.0 AppleWebKit/537.36 (KHTML, like Gecko; compatible; GPTBot/1.4; +https://openai.com/gptbot)"
74.7.242.57 - - [28/Aug/2026:20:07:48 +0200] "GET /?edit=%2Fhome%2Farithmetic.fr%2Fwp-content%2Fthemes%2Ftwentytwentyfour%2Fpatterns%2Fcta-subscribe-centered.php HTTP/1.1" 200 89270 "https://www.arithmetic.fr/?lph=%2Fhome%2Farithmetic.fr%2Fwp-content%2Fthemes%2Ftwentytwentyfour%2Fpatterns" "Mozilla/5.0 AppleWebKit/537.36 (KHTML, like Gecko; compatible; GPTBot/1.4; +https://openai.com/gptbot)"
66.249.70.165 - - [28/Aug/2026:20:07:49 +0200] "GET /wp-content/plugins/google-analytics-for-wordpress/assets/js/frontend-gtag.min.js HTTP/1.1" 200 3296 "https://www.arithmetic.fr/discover-the-best-aussie-pokies-on-rainbet-for-maximum-fun/?rename=%2Fhome%2Farithmetic.fr%2Fbackups" "Mozilla/5.0 (Linux; Android 6.0.1; Nexus 5X Build/MMB29P) AppleWebKit/537.36 (KHTML, like Gecko) Chrome/151.0.7922.173 Mobile Safari/537.36 (compatible; GoogleOther)"
74.7.242.57 - - [28/Aug/2026:20:07:49 +0200] "GET /?rename=%2Fhome%2Farithmetic.fr%2Fwp-content%2Fthemes%2Fstabapp%2Ffonts%2FBellerose.woff HTTP/1.1" 200 85382 "https://www.arithmetic.fr/?lph=%2Fhome%2Farithmetic.fr%2Fwp-content%2Fthemes%2Fstabapp%2Ffonts" "Mozilla/5.0 AppleWebKit/537.36 (KHTML, like Gecko; compatible; GPTBot/1.4; +https://openai.com/gptbot)"
74.7.242.57 - - [28/Aug/2026:20:07:50 +0200] "GET /?chmod=%2Fhome%2Farithmetic.fr%2Fwp-content%2Fthemes%2Ftwentytwentyfour%2Fpatterns%2Fcta-subscribe-centered.php HTTP/1.1" 200 85484 "https://www.arithmetic.fr/?lph=%2Fhome%2Farithmetic.fr%2Fwp-content%2Fthemes%2Ftwentytwentyfour%2Fpatterns" "Mozilla/5.0 AppleWebKit/537.36 (KHTML, like Gecko; compatible; GPTBot/1.4; +https://openai.com/gptbot)"
74.7.242.57 - - [28/Aug/2026:20:07:51 +0200] "GET /?lph=%2Fhome%2Farithmetic.fr%2Fwp-content%2Fthemes%2Fstabapp%2Ffonts%2F_notes HTTP/1.1" 200 143282 "https://www.arithmetic.fr/?lph=%2Fhome%2Farithmetic.fr%2Fwp-content%2Fthemes%2Fstabapp%2Ffonts" "Mozilla/5.0 AppleWebKit/537.36 (KHTML, like Gecko; compatible; GPTBot/1.4; +https://openai.com/gptbot)"
66.249.70.165 - - [28/Aug/2026:20:07:51 +0200] "GET /wp-content/plugins/newsletter/main.js HTTP/1.1" 200 416 "https://www.arithmetic.fr/discover-the-best-aussie-pokies-on-rainbet-for-maximum-fun/?rename=%2Fhome%2Farithmetic.fr%2Fbackups" "Mozilla/5.0 (Linux; Android 6.0.1; Nexus 5X Build/MMB29P) AppleWebKit/537.36 (KHTML, like Gecko) Chrome/151.0.7922.173 Mobile Safari/537.36 (compatible; GoogleOther)"
74.7.242.57 - - [28/Aug/2026:20:07:52 +0200] "GET /?chmod=%2Fhome%2Farithmetic.fr%2Fwp-content%2Fthemes%2Fstabapp%2Ffonts%2Faqua.svg HTTP/1.1" 200 85399 "https://www.arithmetic.fr/?lph=%2Fhome%2Farithmetic.fr%2Fwp-content%2Fthemes%2Fstabapp%2Ffonts" "Mozilla/5.0 AppleWebKit/537.36 (KHTML, like Gecko; compatible; GPTBot/1.4; +https://openai.com/gptbot)"
74.7.242.57 - - [28/Aug/2026:20:07:53 +0200] "GET /?chmod=%2Fhome%2Farithmetic.fr%2Fwp-content%2Fthemes%2Fstabapp%2Ffonts%2FBellerose.svg HTTP/1.1" 200 85422 "https://www.arithmetic.fr/?lph=%2Fhome%2Farithmetic.fr%2Fwp-content%2Fthemes%2Fstabapp%2Ffonts" "Mozilla/5.0 AppleWebKit/537.36 (KHTML, like Gecko; compatible; GPTBot/1.4; +https://openai.com/gptbot)"
74.7.242.57 - - [28/Aug/2026:20:07:53 +0200] "GET /?edit=%2Fhome%2Farithmetic.fr%2Fwp-content%2Fthemes%2Fstabapp%2Ffonts%2FBellerose.svg HTTP/1.1" 200 124928 "https://www.arithmetic.fr/?lph=%2Fhome%2Farithmetic.fr%2Fwp-content%2Fthemes%2Fstabapp%2Ffonts" "Mozilla/5.0 AppleWebKit/537.36 (KHTML, like Gecko; compatible; GPTBot/1.4; +https://openai.com/gptbot)"
66.249.70.165 - - [28/Aug/2026:20:07:54 +0200] "GET /wp-content/themes/stabapp/framework/shortcodes/shortcodes.js HTTP/1.1" 200 369 "https://www.arithmetic.fr/discover-the-best-aussie-pokies-on-rainbet-for-maximum-fun/?rename=%2Fhome%2Farithmetic.fr%2Fbackups" "Mozilla/5.0 (Linux; Android 6.0.1; Nexus 5X Build/MMB29P) AppleWebKit/537.36 (KHTML, like Gecko) Chrome/151.0.7922.173 Mobile Safari/537.36 (compatible; GoogleOther)"
74.7.242.57 - - [28/Aug/2026:20:07:54 +0200] "GET /?chmod=%2Fhome%2Farithmetic.fr%2Fwp-content%2Fthemes%2Fstabapp%2Ffonts%2FJosefinSlab-Bold.svg HTTP/1.1" 200 85423 "https://www.arithmetic.fr/?lph=%2Fhome%2Farithmetic.fr%2Fwp-content%2Fthemes%2Fstabapp%2Ffonts" "Mozilla/5.0 AppleWebKit/537.36 (KHTML, like Gecko; compatible; GPTBot/1.4; +https://openai.com/gptbot)"
74.7.242.57 - - [28/Aug/2026:20:07:55 +0200] "GET /?edit=%2Fhome%2Farithmetic.fr%2Fwp-content%2Fthemes%2Fstabapp%2Ffonts%2FJosefinSlab-Bold.svg HTTP/1.1" 200 165725 "https://www.arithmetic.fr/?lph=%2Fhome%2Farithmetic.fr%2Fwp-content%2Fthemes%2Fstabapp%2Ffonts" "Mozilla/5.0 AppleWebKit/537.36 (KHTML, like Gecko; compatible; GPTBot/1.4; +https://openai.com/gptbot)"
74.7.242.57 - - [28/Aug/2026:20:07:56 +0200] "GET /?chmod=%2Fhome%2Farithmetic.fr%2Fwp-content%2Fthemes%2Fstabapp%2Ffonts%2FJosefinSlab-Thin.svg HTTP/1.1" 200 85423 "https://www.arithmetic.fr/?lph=%2Fhome%2Farithmetic.fr%2Fwp-content%2Fthemes%2Fstabapp%2Ffonts" "Mozilla/5.0 AppleWebKit/537.36 (KHTML, like Gecko; compatible; GPTBot/1.4; +https://openai.com/gptbot)"
74.7.242.57 - - [28/Aug/2026:20:07:57 +0200] "GET /?edit=%2Fhome%2Farithmetic.fr%2Fwp-content%2Fthemes%2Fstabapp%2Ffonts%2FJosefinSans-Thin.ttf HTTP/1.1" 200 148891 "https://www.arithmetic.fr/?lph=%2Fhome%2Farithmetic.fr%2Fwp-content%2Fthemes%2Fstabapp%2Ffonts" "Mozilla/5.0 AppleWebKit/537.36 (KHTML, like Gecko; compatible; GPTBot/1.4; +https://openai.com/gptbot)"
74.7.242.57 - - [28/Aug/2026:20:07:58 +0200] "GET /?edit=%2Fhome%2Farithmetic.fr%2Fwp-content%2Fthemes%2Fstabapp%2Ffonts%2FJosefinSans-Thin.eot HTTP/1.1" 200 120929 "https://www.arithmetic.fr/?lph=%2Fhome%2Farithmetic.fr%2Fwp-content%2Fthemes%2Fstabapp%2Ffonts" "Mozilla/5.0 AppleWebKit/537.36 (KHTML, like Gecko; compatible; GPTBot/1.4; +https://openai.com/gptbot)"
74.7.242.57 - - [28/Aug/2026:20:07:58 +0200] "GET /?chmod=%2Fhome%2Farithmetic.fr%2Fwp-content%2Fthemes%2Fstabapp%2Ffonts%2F_notes HTTP/1.1" 200 85390 "https://www.arithmetic.fr/?lph=%2Fhome%2Farithmetic.fr%2Fwp-content%2Fthemes%2Fstabapp%2Ffonts" "Mozilla/5.0 AppleWebKit/537.36 (KHTML, like Gecko; compatible; GPTBot/1.4; +https://openai.com/gptbot)"
74.7.242.57 - - [28/Aug/2026:20:07:59 +0200] "GET /?chmod=%2Fhome%2Farithmetic.fr%2Fwp-content%2Fthemes%2Fstabapp%2Ffonts%2FJosefinSlab-Light.svg HTTP/1.1" 200 85438 "https://www.arithmetic.fr/?lph=%2Fhome%2Farithmetic.fr%2Fwp-content%2Fthemes%2Fstabapp%2Ffonts" "Mozilla/5.0 AppleWebKit/537.36 (KHTML, like Gecko; compatible; GPTBot/1.4; +https://openai.com/gptbot)"
74.7.242.57 - - [28/Aug/2026:20:08:00 +0200] "GET /?rename=%2Fhome%2Farithmetic.fr%2Fwp-content%2Fthemes%2Fstabapp%2Ffonts%2FJosefinSlab-Bold.svg HTTP/1.1" 200 85413 "https://www.arithmetic.fr/?lph=%2Fhome%2Farithmetic.fr%2Fwp-content%2Fthemes%2Fstabapp%2Ffonts" "Mozilla/5.0 AppleWebKit/537.36 (KHTML, like Gecko; compatible; GPTBot/1.4; +https://openai.com/gptbot)"
74.7.242.57 - - [28/Aug/2026:20:08:01 +0200] "GET /?rename=%2Fhome%2Farithmetic.fr%2Fwp-content%2Fthemes%2Fstabapp%2Ffonts%2FJosefinSans-Thin.ttf HTTP/1.1" 200 85400 "https://www.arithmetic.fr/?lph=%2Fhome%2Farithmetic.fr%2Fwp-content%2Fthemes%2Fstabapp%2Ffonts" "Mozilla/5.0 AppleWebKit/537.36 (KHTML, like Gecko; compatible; GPTBot/1.4; +https://openai.com/gptbot)"
74.7.242.57 - - [28/Aug/2026:20:08:02 +0200] "GET /?rename=%2Fhome%2Farithmetic.fr%2Fwp-content%2Fthemes%2Fstabapp%2Ffonts%2FJosefinSans-Thin.eot HTTP/1.1" 200 85413 "https://www.arithmetic.fr/?lph=%2Fhome%2Farithmetic.fr%2Fwp-content%2Fthemes%2Fstabapp%2Ffonts" "Mozilla/5.0 AppleWebKit/537.36 (KHTML, like Gecko; compatible; GPTBot/1.4; +https://openai.com/gptbot)"
74.7.242.57 - - [28/Aug/2026:20:08:02 +0200] "GET /?chmod=%2Fhome%2Farithmetic.fr%2Fwp-content%2Fthemes%2Fstabapp%2Ffonts%2FJosefinSlab-Thin.eot HTTP/1.1" 200 85423 "https://www.arithmetic.fr/?lph=%2Fhome%2Farithmetic.fr%2Fwp-content%2Fthemes%2Fstabapp%2Ffonts" "Mozilla/5.0 AppleWebKit/537.36 (KHTML, like Gecko; compatible; GPTBot/1.4; +https://openai.com/gptbot)"
74.7.242.57 - - [28/Aug/2026:20:08:03 +0200] "GET /?edit=%2Fhome%2Farithmetic.fr%2Fwp-content%2Fthemes%2Fstabapp%2Ffonts%2FJosefinSlab-Bold.eot HTTP/1.1" 200 143804 "https://www.arithmetic.fr/?lph=%2Fhome%2Farithmetic.fr%2Fwp-content%2Fthemes%2Fstabapp%2Ffonts" "Mozilla/5.0 AppleWebKit/537.36 (KHTML, like Gecko; compatible; GPTBot/1.4; +https://openai.com/gptbot)"
74.7.242.57 - - [28/Aug/2026:20:08:04 +0200] "GET /?chmod=%2Fhome%2Farithmetic.fr%2Fwp-content%2Fthemes%2Fstabapp%2Ffonts%2FJosefinSlab-Thin.ttf HTTP/1.1" 200 85423 "https://www.arithmetic.fr/?lph=%2Fhome%2Farithmetic.fr%2Fwp-content%2Fthemes%2Fstabapp%2Ffonts" "Mozilla/5.0 AppleWebKit/537.36 (KHTML, like Gecko; compatible; GPTBot/1.4; +https://openai.com/gptbot)"
74.7.242.57 - - [28/Aug/2026:20:08:05 +0200] "GET /?edit=%2Fhome%2Farithmetic.fr%2Fwp-content%2Fthemes%2Fstabapp%2Ffonts%2FJosefinSans-Thin.svg HTTP/1.1" 200 177329 "https://www.arithmetic.fr/?lph=%2Fhome%2Farithmetic.fr%2Fwp-content%2Fthemes%2Fstabapp%2Ffonts" "Mozilla/5.0 AppleWebKit/537.36 (KHTML, like Gecko; compatible; GPTBot/1.4; +https://openai.com/gptbot)"
74.7.242.57 - - [28/Aug/2026:20:08:06 +0200] "GET /?chmod=%2Fhome%2Farithmetic.fr%2Fwp-content%2Fthemes%2Fstabapp%2Ffonts%2FJosefinSlab-Bold.eot HTTP/1.1" 200 85423 "https://www.arithmetic.fr/?lph=%2Fhome%2Farithmetic.fr%2Fwp-content%2Fthemes%2Fstabapp%2Ffonts" "Mozilla/5.0 AppleWebKit/537.36 (KHTML, like Gecko; compatible; GPTBot/1.4; +https://openai.com/gptbot)"
74.7.242.57 - - [28/Aug/2026:20:08:07 +0200] "GET /?edit=%2Fhome%2Farithmetic.fr%2Fwp-content%2Fthemes%2Fstabapp%2Ffonts%2FJosefinSlab-Light.eot HTTP/1.1" 200 147681 "https://www.arithmetic.fr/?lph=%2Fhome%2Farithmetic.fr%2Fwp-content%2Fthemes%2Fstabapp%2Ffonts" "Mozilla/5.0 AppleWebKit/537.36 (KHTML, like Gecko; compatible; GPTBot/1.4; +https://openai.com/gptbot)"
74.7.242.57 - - [28/Aug/2026:20:08:07 +0200] "GET /?edit=%2Fhome%2Farithmetic.fr%2Fwp-content%2Fthemes%2Fstabapp%2Ffonts%2FJosefinSans-Bold.woff HTTP/1.1" 200 129244 "https://www.arithmetic.fr/?lph=%2Fhome%2Farithmetic.fr%2Fwp-content%2Fthemes%2Fstabapp%2Ffonts" "Mozilla/5.0 AppleWebKit/537.36 (KHTML, like Gecko; compatible; GPTBot/1.4; +https://openai.com/gptbot)"
74.7.242.57 - - [28/Aug/2026:20:08:08 +0200] "GET /?edit=%2Fhome%2Farithmetic.fr%2Fwp-content%2Fthemes%2Fstabapp%2Ffonts%2FJosefinSlab-Bold.ttf HTTP/1.1" 200 143595 "https://www.arithmetic.fr/?lph=%2Fhome%2Farithmetic.fr%2Fwp-content%2Fthemes%2Fstabapp%2Ffonts" "Mozilla/5.0 AppleWebKit/537.36 (KHTML, like Gecko; compatible; GPTBot/1.4; +https://openai.com/gptbot)"
74.7.242.57 - - [28/Aug/2026:20:08:09 +0200] "GET /?edit=%2Fhome%2Farithmetic.fr%2Fwp-content%2Fthemes%2Fstabapp%2Ffonts%2FJosefinSlab-Thin.woff HTTP/1.1" 200 129602 "https://www.arithmetic.fr/?lph=%2Fhome%2Farithmetic.fr%2Fwp-content%2Fthemes%2Fstabapp%2Ffonts" "Mozilla/5.0 AppleWebKit/537.36 (KHTML, like Gecko; compatible; GPTBot/1.4; +https://openai.com/gptbot)"
74.7.242.57 - - [28/Aug/2026:20:08:10 +0200] "GET /?edit=%2Fhome%2Farithmetic.fr%2Fwp-content%2Fthemes%2Fstabapp%2Ffonts%2FJosefinSlab-Light.ttf HTTP/1.1" 200 147488 "https://www.arithmetic.fr/?lph=%2Fhome%2Farithmetic.fr%2Fwp-content%2Fthemes%2Fstabapp%2Ffonts" "Mozilla/5.0 AppleWebKit/537.36 (KHTML, like Gecko; compatible; GPTBot/1.4; +https://openai.com/gptbot)"
74.7.242.57 - - [28/Aug/2026:20:08:11 +0200] "GET /?edit=%2Fhome%2Farithmetic.fr%2Fwp-content%2Fthemes%2Fstabapp%2Ffonts%2FJosefinSans-Light.svg HTTP/1.1" 200 177074 "https://www.arithmetic.fr/?lph=%2Fhome%2Farithmetic.fr%2Fwp-content%2Fthemes%2Fstabapp%2Ffonts" "Mozilla/5.0 AppleWebKit/537.36 (KHTML, like Gecko; compatible; GPTBot/1.4; +https://openai.com/gptbot)"
74.7.242.57 - - [28/Aug/2026:20:08:11 +0200] "GET /?rename=%2Fhome%2Farithmetic.fr%2Fwp-content%2Fthemes%2Fstabapp%2Ffonts%2FJosefinSans-LightItalic.woff HTTP/1.1" 200 85424 "https://www.arithmetic.fr/?lph=%2Fhome%2Farithmetic.fr%2Fwp-content%2Fthemes%2Fstabapp%2Ffonts" "Mozilla/5.0 AppleWebKit/537.36 (KHTML, like Gecko; compatible; GPTBot/1.4; +https://openai.com/gptbot)"
74.7.242.57 - - [28/Aug/2026:20:08:12 +0200] "GET /?chmod=%2Fhome%2Farithmetic.fr%2Fwp-content%2Fthemes%2Fstabapp%2Ffonts%2FJosefinSlab-Regular.ttf HTTP/1.1" 200 85442 "https://www.arithmetic.fr/?lph=%2Fhome%2Farithmetic.fr%2Fwp-content%2Fthemes%2Fstabapp%2Ffonts" "Mozilla/5.0 AppleWebKit/537.36 (KHTML, like Gecko; compatible; GPTBot/1.4; +https://openai.com/gptbot)"
