4.251.36.217 - - [28/Aug/2026:13:17:20 +0200] "GET /wp-content/themes/stabapp/assets/vendors/flipster/css/flipsternavtabs.css HTTP/1.1" 200 1012 "https://www.arithmetic.fr/" "Mozilla/5.0 (Windows NT 10.0; Win64; x64) AppleWebKit/537.36 (KHTML, like Gecko) Chrome/142.0.7444.162 Safari/537.36"
4.251.36.217 - - [28/Aug/2026:13:17:20 +0200] "GET /wp-includes/js/jquery/jquery.min.js HTTP/1.1" 200 30432 "https://www.arithmetic.fr/" "Mozilla/5.0 (Windows NT 10.0; Win64; x64) AppleWebKit/537.36 (KHTML, like Gecko) Chrome/142.0.7444.162 Safari/537.36"
4.251.36.217 - - [28/Aug/2026:13:17:20 +0200] "GET /wp-includes/js/jquery/jquery-migrate.min.js HTTP/1.1" 200 4885 "https://www.arithmetic.fr/" "Mozilla/5.0 (Windows NT 10.0; Win64; x64) AppleWebKit/537.36 (KHTML, like Gecko) Chrome/142.0.7444.162 Safari/537.36"
4.251.36.217 - - [28/Aug/2026:13:17:20 +0200] "GET /wp-content/plugins/revslider/public/assets/js/revolution.tools.min.js HTTP/1.1" 200 51569 "https://www.arithmetic.fr/" "Mozilla/5.0 (Windows NT 10.0; Win64; x64) AppleWebKit/537.36 (KHTML, like Gecko) Chrome/142.0.7444.162 Safari/537.36"
4.251.36.217 - - [28/Aug/2026:13:17:20 +0200] "GET /wp-content/plugins/revslider/public/assets/js/rs6.min.js HTTP/1.1" 200 70216 "https://www.arithmetic.fr/" "Mozilla/5.0 (Windows NT 10.0; Win64; x64) AppleWebKit/537.36 (KHTML, like Gecko) Chrome/142.0.7444.162 Safari/537.36"
4.251.36.217 - - [28/Aug/2026:13:17:20 +0200] "GET /wp-content/uploads/2019/12/bghome.jpg HTTP/1.1" 200 83262 "https://www.arithmetic.fr/" "Mozilla/5.0 (Windows NT 10.0; Win64; x64) AppleWebKit/537.36 (KHTML, like Gecko) Chrome/142.0.7444.162 Safari/537.36"
4.251.36.217 - - [28/Aug/2026:13:17:20 +0200] "GET /wp-content/uploads/2019/12/logo.png HTTP/1.1" 200 15949 "https://www.arithmetic.fr/" "Mozilla/5.0 (Windows NT 10.0; Win64; x64) AppleWebKit/537.36 (KHTML, like Gecko) Chrome/142.0.7444.162 Safari/537.36"
4.251.36.217 - - [28/Aug/2026:13:17:21 +0200] "GET /wp-content/uploads/2021/09/Clean-277x540.png HTTP/1.1" 200 35199 "https://www.arithmetic.fr/" "Mozilla/5.0 (Windows NT 10.0; Win64; x64) AppleWebKit/537.36 (KHTML, like Gecko) Chrome/142.0.7444.162 Safari/537.36"
4.251.36.217 - - [28/Aug/2026:13:17:21 +0200] "GET /wp-content/uploads/2021/09/Lift-277x540.png HTTP/1.1" 200 35119 "https://www.arithmetic.fr/" "Mozilla/5.0 (Windows NT 10.0; Win64; x64) AppleWebKit/537.36 (KHTML, like Gecko) Chrome/142.0.7444.162 Safari/537.36"
4.251.36.217 - - [28/Aug/2026:13:17:21 +0200] "GET /wp-content/plugins/contact-form-7/includes/swv/js/index.js HTTP/1.1" 200 3052 "https://www.arithmetic.fr/" "Mozilla/5.0 (Windows NT 10.0; Win64; x64) AppleWebKit/537.36 (KHTML, like Gecko) Chrome/142.0.7444.162 Safari/537.36"
4.251.36.217 - - [28/Aug/2026:13:17:21 +0200] "GET /wp-content/themes/stabapp/assets/vendors/owl-carousel/owl.carousel.min.js HTTP/1.1" 200 10541 "https://www.arithmetic.fr/" "Mozilla/5.0 (Windows NT 10.0; Win64; x64) AppleWebKit/537.36 (KHTML, like Gecko) Chrome/142.0.7444.162 Safari/537.36"
4.251.36.217 - - [28/Aug/2026:13:17:21 +0200] "GET /wp-content/themes/stabapp/assets/js/post-favorite.js HTTP/1.1" 200 401 "https://www.arithmetic.fr/" "Mozilla/5.0 (Windows NT 10.0; Win64; x64) AppleWebKit/537.36 (KHTML, like Gecko) Chrome/142.0.7444.162 Safari/537.36"
4.251.36.217 - - [28/Aug/2026:13:17:21 +0200] "GET /wp-content/themes/stabapp/assets/vendors/flexslider/jquery.flexslider-min.js HTTP/1.1" 200 6374 "https://www.arithmetic.fr/" "Mozilla/5.0 (Windows NT 10.0; Win64; x64) AppleWebKit/537.36 (KHTML, like Gecko) Chrome/142.0.7444.162 Safari/537.36"
4.251.36.217 - - [28/Aug/2026:13:17:21 +0200] "GET /wp-content/plugins/contact-form-7/includes/js/index.js HTTP/1.1" 200 4197 "https://www.arithmetic.fr/" "Mozilla/5.0 (Windows NT 10.0; Win64; x64) AppleWebKit/537.36 (KHTML, like Gecko) Chrome/142.0.7444.162 Safari/537.36"
4.251.36.217 - - [28/Aug/2026:13:17:21 +0200] "GET /wp-content/themes/stabapp/assets/vendors/waypoint/jquery.waypoints.min.js HTTP/1.1" 200 2710 "https://www.arithmetic.fr/" "Mozilla/5.0 (Windows NT 10.0; Win64; x64) AppleWebKit/537.36 (KHTML, like Gecko) Chrome/142.0.7444.162 Safari/537.36"
4.251.36.217 - - [28/Aug/2026:13:17:21 +0200] "GET /wp-content/themes/stabapp/assets/js/animated.js HTTP/1.1" 200 375 "https://www.arithmetic.fr/" "Mozilla/5.0 (Windows NT 10.0; Win64; x64) AppleWebKit/537.36 (KHTML, like Gecko) Chrome/142.0.7444.162 Safari/537.36"
4.251.36.217 - - [28/Aug/2026:13:17:21 +0200] "GET /wp-content/themes/stabapp/assets/vendors/fancybox/jquery.fancybox.js HTTP/1.1" 200 13932 "https://www.arithmetic.fr/" "Mozilla/5.0 (Windows NT 10.0; Win64; x64) AppleWebKit/537.36 (KHTML, like Gecko) Chrome/142.0.7444.162 Safari/537.36"
4.251.36.217 - - [28/Aug/2026:13:17:21 +0200] "GET /wp-content/themes/stabapp/assets/js/bootstrap.min.js HTTP/1.1" 200 9845 "https://www.arithmetic.fr/" "Mozilla/5.0 (Windows NT 10.0; Win64; x64) AppleWebKit/537.36 (KHTML, like Gecko) Chrome/142.0.7444.162 Safari/537.36"
4.251.36.217 - - [28/Aug/2026:13:17:21 +0200] "GET /wp-content/themes/stabapp/assets/js/jquery.colorbox.js HTTP/1.1" 200 5560 "https://www.arithmetic.fr/" "Mozilla/5.0 (Windows NT 10.0; Win64; x64) AppleWebKit/537.36 (KHTML, like Gecko) Chrome/142.0.7444.162 Safari/537.36"
4.251.36.217 - - [28/Aug/2026:13:17:21 +0200] "GET /wp-content/themes/stabapp/framework/shortcodes/shortcodes.js HTTP/1.1" 200 369 "https://www.arithmetic.fr/" "Mozilla/5.0 (Windows NT 10.0; Win64; x64) AppleWebKit/537.36 (KHTML, like Gecko) Chrome/142.0.7444.162 Safari/537.36"
4.251.36.217 - - [28/Aug/2026:13:17:21 +0200] "GET /wp-content/themes/stabapp/assets/js/jquery.easytabs.min.js HTTP/1.1" 200 3027 "https://www.arithmetic.fr/" "Mozilla/5.0 (Windows NT 10.0; Win64; x64) AppleWebKit/537.36 (KHTML, like Gecko) Chrome/142.0.7444.162 Safari/537.36"
4.251.36.217 - - [28/Aug/2026:13:17:21 +0200] "GET /wp-content/themes/stabapp/assets/js/swfobject.js HTTP/1.1" 200 2260 "https://www.arithmetic.fr/" "Mozilla/5.0 (Windows NT 10.0; Win64; x64) AppleWebKit/537.36 (KHTML, like Gecko) Chrome/142.0.7444.162 Safari/537.36"
4.251.36.217 - - [28/Aug/2026:13:17:21 +0200] "GET /wp-content/themes/stabapp/assets/js/jquery.nicescroll.min.js HTTP/1.1" 200 16648 "https://www.arithmetic.fr/" "Mozilla/5.0 (Windows NT 10.0; Win64; x64) AppleWebKit/537.36 (KHTML, like Gecko) Chrome/142.0.7444.162 Safari/537.36"
4.251.36.217 - - [28/Aug/2026:13:17:21 +0200] "GET /wp-content/themes/stabapp/assets/vendors/match-height/jquery.matchHeight-min.js HTTP/1.1" 200 1377 "https://www.arithmetic.fr/" "Mozilla/5.0 (Windows NT 10.0; Win64; x64) AppleWebKit/537.36 (KHTML, like Gecko) Chrome/142.0.7444.162 Safari/537.36"
4.251.36.217 - - [28/Aug/2026:13:17:21 +0200] "GET /wp-content/themes/stabapp/assets/js/SmoothScroll.js HTTP/1.1" 200 6555 "https://www.arithmetic.fr/" "Mozilla/5.0 (Windows NT 10.0; Win64; x64) AppleWebKit/537.36 (KHTML, like Gecko) Chrome/142.0.7444.162 Safari/537.36"
4.251.36.217 - - [28/Aug/2026:13:17:21 +0200] "GET /wp-content/themes/stabapp/assets/js/main.js HTTP/1.1" 200 7259 "https://www.arithmetic.fr/" "Mozilla/5.0 (Windows NT 10.0; Win64; x64) AppleWebKit/537.36 (KHTML, like Gecko) Chrome/142.0.7444.162 Safari/537.36"
4.251.36.217 - - [28/Aug/2026:13:17:21 +0200] "GET /wp-content/themes/stabapp/assets/vendors/jquery-cookie/jquery.cookie.js HTTP/1.1" 200 1407 "https://www.arithmetic.fr/" "Mozilla/5.0 (Windows NT 10.0; Win64; x64) AppleWebKit/537.36 (KHTML, like Gecko) Chrome/142.0.7444.162 Safari/537.36"
4.251.36.217 - - [28/Aug/2026:13:17:21 +0200] "GET /wp-content/plugins/newsletter/main.js HTTP/1.1" 200 416 "https://www.arithmetic.fr/" "Mozilla/5.0 (Windows NT 10.0; Win64; x64) AppleWebKit/537.36 (KHTML, like Gecko) Chrome/142.0.7444.162 Safari/537.36"
4.251.36.217 - - [28/Aug/2026:13:17:21 +0200] "GET /wp-content/plugins/js_composer/assets/js/dist/js_composer_front.min.js HTTP/1.1" 200 5843 "https://www.arithmetic.fr/" "Mozilla/5.0 (Windows NT 10.0; Win64; x64) AppleWebKit/537.36 (KHTML, like Gecko) Chrome/142.0.7444.162 Safari/537.36"
4.251.36.217 - - [28/Aug/2026:13:17:21 +0200] "GET /wp-content/themes/stabapp/assets/vendors/flipster/js/jquery.flipster.min.js HTTP/1.1" 200 3421 "https://www.arithmetic.fr/" "Mozilla/5.0 (Windows NT 10.0; Win64; x64) AppleWebKit/537.36 (KHTML, like Gecko) Chrome/142.0.7444.162 Safari/537.36"
4.251.36.217 - - [28/Aug/2026:13:17:21 +0200] "GET /wp-content/themes/stabapp/assets/js/jquery.incremental-counter.min.js HTTP/1.1" 200 576 "https://www.arithmetic.fr/" "Mozilla/5.0 (Windows NT 10.0; Win64; x64) AppleWebKit/537.36 (KHTML, like Gecko) Chrome/142.0.7444.162 Safari/537.36"
4.251.36.217 - - [28/Aug/2026:13:17:21 +0200] "GET /wp-content/plugins/google-analytics-for-wordpress/assets/js/frontend-gtag.min.js HTTP/1.1" 200 3296 "https://www.arithmetic.fr/" "Mozilla/5.0 (Windows NT 10.0; Win64; x64) AppleWebKit/537.36 (KHTML, like Gecko) Chrome/142.0.7444.162 Safari/537.36"
4.251.36.217 - - [28/Aug/2026:13:17:21 +0200] "GET /wp-content/uploads/2019/12/traits.png HTTP/1.1" 200 407 "https://www.arithmetic.fr/" "Mozilla/5.0 (Windows NT 10.0; Win64; x64) AppleWebKit/537.36 (KHTML, like Gecko) Chrome/142.0.7444.162 Safari/537.36"
4.251.36.217 - - [28/Aug/2026:13:17:22 +0200] "GET /wp-content/themes/stabapp/assets/fonts/hurme_geometric_sans_4_w00_bold-webfont.woff2 HTTP/1.1" 200 29784 "https://www.arithmetic.fr/wp-content/themes/stabapp/assets/css/tb.core.min.css" "Mozilla/5.0 (Windows NT 10.0; Win64; x64) AppleWebKit/537.36 (KHTML, like Gecko) Chrome/142.0.7444.162 Safari/537.36"
4.251.36.217 - - [28/Aug/2026:13:17:22 +0200] "GET /wp-content/uploads/2019/12/iPhone_X_Mockup.png HTTP/1.1" 200 52310 "https://www.arithmetic.fr/" "Mozilla/5.0 (Windows NT 10.0; Win64; x64) AppleWebKit/537.36 (KHTML, like Gecko) Chrome/142.0.7444.162 Safari/537.36"
4.251.36.217 - - [28/Aug/2026:13:17:22 +0200] "GET /wp-content/themes/stabapp/assets/images/logement.svg HTTP/1.1" 200 384 "https://www.arithmetic.fr/wp-content/themes/stabapp/assets/css/tb.core.min.css" "Mozilla/5.0 (Windows NT 10.0; Win64; x64) AppleWebKit/537.36 (KHTML, like Gecko) Chrome/142.0.7444.162 Safari/537.36"
4.251.36.217 - - [28/Aug/2026:13:17:22 +0200] "GET /wp-content/themes/stabapp/assets/images/plateforme.svg HTTP/1.1" 200 437 "https://www.arithmetic.fr/wp-content/themes/stabapp/assets/css/tb.core.min.css" "Mozilla/5.0 (Windows NT 10.0; Win64; x64) AppleWebKit/537.36 (KHTML, like Gecko) Chrome/142.0.7444.162 Safari/537.36"
4.251.36.217 - - [28/Aug/2026:13:17:22 +0200] "GET /wp-content/themes/stabapp/assets/images/picto_qualite.png HTTP/1.1" 200 4457 "https://www.arithmetic.fr/wp-content/themes/stabapp/assets/css/tb.core.min.css" "Mozilla/5.0 (Windows NT 10.0; Win64; x64) AppleWebKit/537.36 (KHTML, like Gecko) Chrome/142.0.7444.162 Safari/537.36"
4.251.36.217 - - [28/Aug/2026:13:17:22 +0200] "GET /wp-content/themes/stabapp/assets/images/elevator.svg HTTP/1.1" 403 193 "https://www.arithmetic.fr/wp-content/themes/stabapp/assets/css/tb.core.min.css" "Mozilla/5.0 (Windows NT 10.0; Win64; x64) AppleWebKit/537.36 (KHTML, like Gecko) Chrome/142.0.7444.162 Safari/537.36"
4.251.36.217 - - [28/Aug/2026:13:17:22 +0200] "GET /wp-content/uploads/2019/12/bg_tem.jpg?id=1205 HTTP/1.1" 200 81502 "https://www.arithmetic.fr/" "Mozilla/5.0 (Windows NT 10.0; Win64; x64) AppleWebKit/537.36 (KHTML, like Gecko) Chrome/142.0.7444.162 Safari/537.36"
4.251.36.217 - - [28/Aug/2026:13:17:22 +0200] "GET /wp-content/themes/stabapp/assets/fonts/fontawesome-webfont.woff2?v=4.5.0 HTTP/1.1" 200 66624 "https://www.arithmetic.fr/wp-content/themes/stabapp/assets/css/font-awesome.min.css" "Mozilla/5.0 (Windows NT 10.0; Win64; x64) AppleWebKit/537.36 (KHTML, like Gecko) Chrome/142.0.7444.162 Safari/537.36"
4.251.36.217 - - [28/Aug/2026:13:17:22 +0200] "GET /wp-content/uploads/2020/12/etape_hp.png HTTP/1.1" 200 279268 "https://www.arithmetic.fr/" "Mozilla/5.0 (Windows NT 10.0; Win64; x64) AppleWebKit/537.36 (KHTML, like Gecko) Chrome/142.0.7444.162 Safari/537.36"
4.251.36.217 - - [28/Aug/2026:13:17:22 +0200] "GET /wp-content/plugins/revslider/public/assets/assets/loader.gif HTTP/1.1" 200 2545 "https://www.arithmetic.fr/wp-content/plugins/revslider/public/assets/css/rs6.css" "Mozilla/5.0 (Windows NT 10.0; Win64; x64) AppleWebKit/537.36 (KHTML, like Gecko) Chrome/142.0.7444.162 Safari/537.36"
4.251.36.217 - - [28/Aug/2026:13:17:23 +0200] "GET /wp-includes/js/wp-emoji-release.min.js HTTP/1.1" 200 5397 "https://www.arithmetic.fr/" "Mozilla/5.0 (Windows NT 10.0; Win64; x64) AppleWebKit/537.36 (KHTML, like Gecko) Chrome/142.0.7444.162 Safari/537.36"
4.251.36.217 - - [28/Aug/2026:13:17:24 +0200] "GET /wp-content/uploads/2019/12/favico.png HTTP/1.1" 200 6999 "https://www.arithmetic.fr/" "Mozilla/5.0 (Windows NT 10.0; Win64; x64) AppleWebKit/537.36 (KHTML, like Gecko) Chrome/142.0.7444.162 Safari/537.36"
146.59.197.208 - - [28/Aug/2026:13:21:44 +0200] "POST /wp-cron.php?doing_wp_cron=1787916104.9154410362243652343750 HTTP/1.1" 200 31 "-" "WordPress/7.0.1; https://www.arithmetic.fr"
57.141.0.46 - - [28/Aug/2026:13:21:44 +0200] "GET /winhero-casino-de-quickplay-slot-haven-voor-intens/ HTTP/1.1" 404 10488 "-" "Mozilla/5.0 (Windows NT 10.0; Win64; x64) AppleWebKit/537.36 (KHTML, like Gecko) Chrome/145.0.0.0 Safari/537.36 (compatible; meta-externalagent/1.1 (+https://developers.facebook.com/docs/sharing/webmasters/crawler))"
146.59.197.208 - - [28/Aug/2026:13:22:51 +0200] "POST /wp-cron.php?doing_wp_cron=1787916171.6944379806518554687500 HTTP/1.1" 200 31 "-" "WordPress/7.0.1; https://www.arithmetic.fr"
74.125.151.166 - - [28/Aug/2026:13:22:51 +0200] "GET /cgu-cleanmanager HTTP/1.1" 301 5 "-" "PlayStore-Google"
74.125.151.167 - - [28/Aug/2026:13:22:52 +0200] "GET /wp-content/themes/stabapp/assets/vendors/owl-carousel/owl.carousel.min.js HTTP/1.1" 200 10541 "https://www.arithmetic.fr/cgu-cleanmanager/" "PlayStore-Google"
74.125.151.167 - - [28/Aug/2026:13:22:53 +0200] "GET /wp-content/themes/stabapp/assets/vendors/waypoint/jquery.waypoints.min.js HTTP/1.1" 200 2710 "https://www.arithmetic.fr/cgu-cleanmanager/" "PlayStore-Google"
74.125.151.166 - - [28/Aug/2026:13:22:53 +0200] "GET /wp-content/themes/stabapp/assets/vendors/fancybox/jquery.fancybox.js HTTP/1.1" 200 13932 "https://www.arithmetic.fr/cgu-cleanmanager/" "PlayStore-Google"
74.125.151.167 - - [28/Aug/2026:13:22:54 +0200] "GET /wp-content/themes/stabapp/assets/js/bootstrap.min.js HTTP/1.1" 200 9845 "https://www.arithmetic.fr/cgu-cleanmanager/" "PlayStore-Google"
74.125.151.166 - - [28/Aug/2026:13:22:54 +0200] "GET /wp-content/themes/stabapp/assets/js/jquery.colorbox.js HTTP/1.1" 200 5560 "https://www.arithmetic.fr/cgu-cleanmanager/" "PlayStore-Google"
74.125.151.165 - - [28/Aug/2026:13:22:55 +0200] "GET /wp-content/themes/stabapp/framework/shortcodes/shortcodes.js HTTP/1.1" 200 369 "https://www.arithmetic.fr/cgu-cleanmanager/" "PlayStore-Google"
74.125.151.165 - - [28/Aug/2026:13:22:55 +0200] "GET /wp-content/themes/stabapp/assets/js/jquery.easytabs.min.js HTTP/1.1" 200 3027 "https://www.arithmetic.fr/cgu-cleanmanager/" "PlayStore-Google"
74.125.151.166 - - [28/Aug/2026:13:22:55 +0200] "GET /wp-content/themes/stabapp/assets/js/swfobject.js HTTP/1.1" 200 2260 "https://www.arithmetic.fr/cgu-cleanmanager/" "PlayStore-Google"
74.125.151.165 - - [28/Aug/2026:13:22:56 +0200] "GET /wp-content/themes/stabapp/assets/vendors/match-height/jquery.matchHeight-min.js HTTP/1.1" 200 1377 "https://www.arithmetic.fr/cgu-cleanmanager/" "PlayStore-Google"
74.125.151.165 - - [28/Aug/2026:13:22:56 +0200] "GET /wp-content/themes/stabapp/assets/js/SmoothScroll.js HTTP/1.1" 200 6555 "https://www.arithmetic.fr/cgu-cleanmanager/" "PlayStore-Google"
74.125.151.165 - - [28/Aug/2026:13:22:57 +0200] "GET /wp-content/themes/stabapp/assets/js/main.js HTTP/1.1" 200 7259 "https://www.arithmetic.fr/cgu-cleanmanager/" "PlayStore-Google"
74.125.151.166 - - [28/Aug/2026:13:22:57 +0200] "GET /wp-content/themes/stabapp/assets/vendors/jquery-cookie/jquery.cookie.js HTTP/1.1" 200 1407 "https://www.arithmetic.fr/cgu-cleanmanager/" "PlayStore-Google"
74.125.151.166 - - [28/Aug/2026:13:22:58 +0200] "GET /wp-content/plugins/newsletter/main.js HTTP/1.1" 200 416 "https://www.arithmetic.fr/cgu-cleanmanager/" "PlayStore-Google"
74.125.151.166 - - [28/Aug/2026:13:22:58 +0200] "GET /wp-content/plugins/js_composer/assets/js/dist/js_composer_front.min.js HTTP/1.1" 200 5843 "https://www.arithmetic.fr/cgu-cleanmanager/" "PlayStore-Google"
74.125.151.166 - - [28/Aug/2026:13:22:59 +0200] "GET /wp-content/plugins/google-analytics-for-wordpress/assets/js/frontend-gtag.min.js HTTP/1.1" 200 3296 "https://www.arithmetic.fr/cgu-cleanmanager/" "PlayStore-Google"
74.125.151.165 - - [28/Aug/2026:13:22:59 +0200] "GET /wp-content/themes/stabapp/assets/images/traits_bar.png HTTP/1.1" 200 461 "https://www.arithmetic.fr/wp-content/themes/stabapp/assets/css/tb.core.min.css" "PlayStore-Google"
74.125.151.165 - - [28/Aug/2026:13:23:00 +0200] "GET /wp-content/themes/stabapp/assets/images/title_bars/title-bar.jpg HTTP/1.1" 200 56096 "https://www.arithmetic.fr/cgu-cleanmanager/" "PlayStore-Google"
74.125.151.165 - - [28/Aug/2026:13:23:00 +0200] "GET /wp-content/themes/stabapp/assets/fonts/hurme_geometric_sans_4_w00_bold-webfont.woff2 HTTP/1.1" 200 29784 "https://www.arithmetic.fr/wp-content/themes/stabapp/assets/css/tb.core.min.css" "PlayStore-Google"
74.125.151.165 - - [28/Aug/2026:13:23:01 +0200] "GET /wp-content/themes/stabapp/assets/fonts/fontawesome-webfont.woff2?v=4.5.0 HTTP/1.1" 200 66624 "https://www.arithmetic.fr/wp-content/themes/stabapp/assets/css/font-awesome.min.css" "PlayStore-Google"
74.125.151.165 - - [28/Aug/2026:13:23:01 +0200] "GET /wp-content/uploads/2019/12/logo_blanc.png HTTP/1.1" 200 7432 "https://www.arithmetic.fr/cgu-cleanmanager/" "PlayStore-Google"
146.59.197.208 - - [28/Aug/2026:13:24:56 +0200] "POST /wp-cron.php?doing_wp_cron=1787916296.8343100547790527343750 HTTP/1.1" 200 31 "-" "WordPress/7.0.1; https://www.arithmetic.fr"
94.154.43.146 - - [28/Aug/2026:13:24:56 +0200] "GET / HTTP/1.1" 200 70527 "-" "Mozilla/5.0 (Windows NT 10.0; Win64; x64) AppleWebKit/537.36 (KHTML, like Gecko) Chrome/147.0.0.0 Safari/537.36"
146.59.197.208 - - [28/Aug/2026:13:33:06 +0200] "POST /wp-cron.php?doing_wp_cron=1787916786.4388699531555175781250 HTTP/1.1" 200 31 "-" "WordPress/7.0.1; https://www.arithmetic.fr"
207.46.13.78 - - [28/Aug/2026:13:33:06 +0200] "GET /o-pleres-odegos-gia-tis-kleroseis-kai-ta-brabeia-sto-slotshub/ HTTP/1.1" 404 10497 "-" "Mozilla/5.0 AppleWebKit/537.36 (KHTML, like Gecko; compatible; bingbot/2.0; +http://www.bing.com/bingbot.htm) Chrome/116.0.1938.76 Safari/537.36"
85.208.96.203 - - [28/Aug/2026:13:33:22 +0200] "GET /accueil/lift-2/ HTTP/1.1" 200 12961 "-" "Mozilla/5.0 (compatible; SemrushBot/7~bl; +http://www.semrush.com/bot.html)"
146.59.197.208 - - [28/Aug/2026:13:36:32 +0200] "POST /wp-cron.php?doing_wp_cron=1787916992.2069649696350097656250 HTTP/1.1" 200 31 "-" "WordPress/7.0.1; https://www.arithmetic.fr"
3.85.196.206 - - [28/Aug/2026:13:36:32 +0200] "GET / HTTP/1.1" 200 16233 "-" "Mozilla/5.0 (X11; Linux x86_64) AppleWebKit/537.36 (KHTML, like Gecko) Chrome/115.0.0.0 Safari/537.36"
146.59.197.208 - - [28/Aug/2026:13:38:22 +0200] "POST /wp-cron.php?doing_wp_cron=1787917102.3519148826599121093750 HTTP/1.1" 200 31 "-" "WordPress/7.0.1; https://www.arithmetic.fr"
57.141.0.58 - - [28/Aug/2026:13:38:22 +0200] "GET /zula-casino-quickhit-slot-action-for-the-modern-pl/ HTTP/1.1" 404 10490 "-" "Mozilla/5.0 (Windows NT 10.0; Win64; x64) AppleWebKit/537.36 (KHTML, like Gecko) Chrome/145.0.0.0 Safari/537.36 (compatible; meta-externalagent/1.1 (+https://developers.facebook.com/docs/sharing/webmasters/crawler))"
146.59.197.208 - - [28/Aug/2026:13:40:50 +0200] "POST /wp-cron.php?doing_wp_cron=1787917250.0135760307312011718750 HTTP/1.1" 200 31 "-" "WordPress/7.0.1; https://www.arithmetic.fr"
40.77.167.149 - - [28/Aug/2026:13:40:50 +0200] "GET /nomini-platform-alapjai-regisztracio-befizetes-es-jatekok/ HTTP/1.1" 404 10499 "-" "Mozilla/5.0 AppleWebKit/537.36 (KHTML, like Gecko; compatible; bingbot/2.0; +http://www.bing.com/bingbot.htm) Chrome/116.0.1938.76 Safari/537.36"
146.59.197.208 - - [28/Aug/2026:13:42:02 +0200] "POST /wp-cron.php?doing_wp_cron=1787917321.9694969654083251953125 HTTP/1.1" 200 31 "-" "WordPress/7.0.1; https://www.arithmetic.fr"
157.55.39.200 - - [28/Aug/2026:13:42:02 +0200] "GET /c-4/ HTTP/1.1" 200 13892 "-" "Mozilla/5.0 AppleWebKit/537.36 (KHTML, like Gecko; compatible; bingbot/2.0; +http://www.bing.com/bingbot.htm) Chrome/116.0.1938.76 Safari/537.36"
146.59.197.208 - - [28/Aug/2026:13:44:36 +0200] "POST /wp-cron.php?doing_wp_cron=1787917476.4175820350646972656250 HTTP/1.1" 200 31 "-" "WordPress/7.0.1; https://www.arithmetic.fr"
157.55.39.58 - - [28/Aug/2026:13:44:36 +0200] "GET /levelup-casino-the-quickhit-slot-live-experience-y/ HTTP/1.1" 404 10490 "-" "Mozilla/5.0 AppleWebKit/537.36 (KHTML, like Gecko; compatible; bingbot/2.0; +http://www.bing.com/bingbot.htm) Chrome/116.0.1938.76 Safari/537.36"
157.55.39.200 - - [28/Aug/2026:13:44:53 +0200] "GET /hugo-casino-hurtige-gevinster-og-highintensity-slo/ HTTP/1.1" 404 10489 "-" "Mozilla/5.0 AppleWebKit/537.36 (KHTML, like Gecko; compatible; bingbot/2.0; +http://www.bing.com/bingbot.htm) Chrome/116.0.1938.76 Safari/537.36"
146.59.197.208 - - [28/Aug/2026:13:45:26 +0200] "POST /wp-cron.php?doing_wp_cron=1787917526.8283700942993164062500 HTTP/1.1" 200 31 "-" "WordPress/7.0.1; https://www.arithmetic.fr"
45.155.68.25 - - [28/Aug/2026:13:45:26 +0200] "GET / HTTP/1.1" 200 16233 "-" "Mozilla/5.0 (Macintosh; Intel Mac OS X 10_15_7) AppleWebKit/537.36 (KHTML, like Gecko) Chrome/121.0.0.0 Safari/537.36"
146.59.197.208 - - [28/Aug/2026:13:47:03 +0200] "POST /wp-cron.php?doing_wp_cron=1787917623.0509850978851318359375 HTTP/1.1" 200 31 "-" "WordPress/7.0.1; https://www.arithmetic.fr"
114.119.156.59 - - [28/Aug/2026:13:47:03 +0200] "GET /?from=AppAgg.com HTTP/1.1" 200 16258 "https://www.arithmetic.fr?from=AppAgg.com" "Mozilla/5.0 (Linux; Android 7.0;) AppleWebKit/537.36 (HTML, like Gecko) Mobile Safari/537.36 (compatible; PetalBot;+https://webmaster.petalsearch.com/site/petalbot)"
71.6.242.194 - - [28/Aug/2026:13:47:48 +0200] "GET / HTTP/1.1" 499 0 "https://arithmetic.fr:443" "RootEvidence/1.0"
146.59.197.208 - - [28/Aug/2026:13:47:48 +0200] "POST /wp-cron.php?doing_wp_cron=1787917668.2287619113922119140625 HTTP/1.1" 200 31 "-" "WordPress/7.0.1; https://www.arithmetic.fr"
71.6.242.194 - - [28/Aug/2026:13:47:48 +0200] "GET / HTTP/1.1" 200 16231 "http://arithmetic.fr:80" "RootEvidence/1.0"
146.59.197.208 - - [28/Aug/2026:13:47:58 +0200] "POST /wp-cron.php?doing_wp_cron=1787917678.2362790107727050781250 HTTP/1.1" 200 31 "-" "WordPress/7.0.1; https://www.arithmetic.fr"
121.161.242.168 - - [28/Aug/2026:13:47:58 +0200] "POST /wp-login.php HTTP/1.1" 200 17047 "https://www.arithmetic.fr/wp-login.php" "Mozilla/5.0 (Windows NT 10.0; Win64; x64) AppleWebKit/537.36 (KHTML, like Gecko) Chrome/125.0.0.0 Safari/537.36"
52.0.218.219 - - [28/Aug/2026:13:48:32 +0200] "GET /author/arithmetic/ HTTP/1.1" 200 13759 "-" "Mozilla/5.0 AppleWebKit/537.36 (KHTML, like Gecko; compatible; Amazonbot/0.1; +https://developer.amazon.com/support/amazonbot) Chrome/119.0.6045.214 Safari/537.36"
146.59.197.208 - - [28/Aug/2026:13:49:31 +0200] "POST /wp-cron.php?doing_wp_cron=1787917771.5665400028228759765625 HTTP/1.1" 200 31 "-" "WordPress/7.0.1; https://www.arithmetic.fr"
71.6.242.194 - - [28/Aug/2026:13:49:31 +0200] "GET / HTTP/1.1" 200 16233 "-" "RootEvidence/1.0"
71.6.242.194 - - [28/Aug/2026:13:49:32 +0200] "GET /wp-content/plugins/contact-form-7/includes/css/styles.css HTTP/1.1" 200 1016 "https://www.arithmetic.fr/" "RootEvidence/1.0"
71.6.242.194 - - [28/Aug/2026:13:49:32 +0200] "GET /wp-content/plugins/revslider/public/assets/css/rs6.css HTTP/1.1" 200 11973 "https://www.arithmetic.fr/" "RootEvidence/1.0"
71.6.242.194 - - [28/Aug/2026:13:49:32 +0200] "GET /wp-content/plugins/complianz-gdpr/assets/css/cookieblocker.min.css HTTP/1.1" 200 735 "https://www.arithmetic.fr/" "RootEvidence/1.0"
71.6.242.194 - - [28/Aug/2026:13:49:32 +0200] "GET /wp-content/themes/stabapp/assets/css/bootstrap.min.css HTTP/1.1" 200 19753 "https://www.arithmetic.fr/" "RootEvidence/1.0"
71.6.242.194 - - [28/Aug/2026:13:49:32 +0200] "GET /wp-content/themes/stabapp/assets/vendors/fancybox/jquery.fancybox.css HTTP/1.1" 200 1435 "https://www.arithmetic.fr/" "RootEvidence/1.0"
71.6.242.194 - - [28/Aug/2026:13:49:32 +0200] "GET /wp-content/themes/stabapp/assets/css/colorbox.css HTTP/1.1" 200 1456 "https://www.arithmetic.fr/" "RootEvidence/1.0"
71.6.242.194 - - [28/Aug/2026:13:49:32 +0200] "GET /wp-content/themes/stabapp/assets/vendors/pe-icon-7-stroke/css/pe-icon-7-stroke.css HTTP/1.1" 200 1840 "https://www.arithmetic.fr/" "RootEvidence/1.0"
71.6.242.194 - - [28/Aug/2026:13:49:32 +0200] "GET /wp-content/themes/stabapp/assets/vendors/owl-carousel/owl.carousel.css HTTP/1.1" 200 1115 "https://www.arithmetic.fr/" "RootEvidence/1.0"
71.6.242.194 - - [28/Aug/2026:13:49:32 +0200] "GET /wp-content/themes/stabapp/assets/css/tb.core.min.css HTTP/1.1" 200 6686 "https://www.arithmetic.fr/" "RootEvidence/1.0"
71.6.242.194 - - [28/Aug/2026:13:49:32 +0200] "GET /wp-content/themes/stabapp/assets/css/stylea.css HTTP/1.1" 200 839 "https://www.arithmetic.fr/" "RootEvidence/1.0"
71.6.242.194 - - [28/Aug/2026:13:49:32 +0200] "GET /wp-content/themes/stabapp/assets/css/main-style.css HTTP/1.1" 200 719 "https://www.arithmetic.fr/" "RootEvidence/1.0"
71.6.242.194 - - [28/Aug/2026:13:49:32 +0200] "GET /wp-content/themes/stabapp/style.css HTTP/1.1" 200 53764 "https://www.arithmetic.fr/" "RootEvidence/1.0"
71.6.242.194 - - [28/Aug/2026:13:49:33 +0200] "GET /wp-content/plugins/js_composer/assets/lib/flexslider/flexslider.min.css HTTP/1.1" 200 1263 "https://www.arithmetic.fr/" "RootEvidence/1.0"
71.6.242.194 - - [28/Aug/2026:13:49:33 +0200] "GET /wp-content/themes/stabapp/assets/css/font-awesome.min.css HTTP/1.1" 200 6254 "https://www.arithmetic.fr/" "RootEvidence/1.0"
71.6.242.194 - - [28/Aug/2026:13:49:33 +0200] "GET /wp-content/themes/stabapp/assets/css/wp_custom_style.css HTTP/1.1" 200 0 "https://www.arithmetic.fr/" "RootEvidence/1.0"
71.6.242.194 - - [28/Aug/2026:13:49:33 +0200] "GET /wp-content/themes/stabapp-child/style.css HTTP/1.1" 200 665 "https://www.arithmetic.fr/" "RootEvidence/1.0"
71.6.242.194 - - [28/Aug/2026:13:49:33 +0200] "GET /wp-content/plugins/newsletter/style.css HTTP/1.1" 200 1470 "https://www.arithmetic.fr/" "RootEvidence/1.0"
71.6.242.194 - - [28/Aug/2026:13:49:33 +0200] "GET /wp-content/plugins/js_composer/assets/css/js_composer.min.css HTTP/1.1" 200 45729 "https://www.arithmetic.fr/" "RootEvidence/1.0"
71.6.242.194 - - [28/Aug/2026:13:49:33 +0200] "GET /wp-content/uploads/js_composer/custom.css HTTP/1.1" 200 155 "https://www.arithmetic.fr/" "RootEvidence/1.0"
71.6.242.194 - - [28/Aug/2026:13:49:33 +0200] "GET /wp-content/themes/stabapp/assets/vendors/flipster/css/flipsternavtabs.css HTTP/1.1" 200 1012 "https://www.arithmetic.fr/" "RootEvidence/1.0"
71.6.242.194 - - [28/Aug/2026:13:49:33 +0200] "GET /wp-content/themes/stabapp/assets/vendors/flipster/css/jquery.flipster.min.css HTTP/1.1" 200 1309 "https://www.arithmetic.fr/" "RootEvidence/1.0"
71.6.242.194 - - [28/Aug/2026:13:49:33 +0200] "GET /wp-includes/js/jquery/jquery.min.js HTTP/1.1" 200 30432 "https://www.arithmetic.fr/" "RootEvidence/1.0"
71.6.242.194 - - [28/Aug/2026:13:49:33 +0200] "GET /wp-includes/js/jquery/jquery-migrate.min.js HTTP/1.1" 200 4885 "https://www.arithmetic.fr/" "RootEvidence/1.0"
71.6.242.194 - - [28/Aug/2026:13:49:33 +0200] "GET /wp-content/plugins/revslider/public/assets/js/revolution.tools.min.js HTTP/1.1" 200 51569 "https://www.arithmetic.fr/" "RootEvidence/1.0"
71.6.242.194 - - [28/Aug/2026:13:49:33 +0200] "GET /wp-content/plugins/revslider/public/assets/js/rs6.min.js HTTP/1.1" 200 70216 "https://www.arithmetic.fr/" "RootEvidence/1.0"
71.6.242.194 - - [28/Aug/2026:13:49:33 +0200] "GET /wp-content/plugins/contact-form-7/includes/swv/js/index.js HTTP/1.1" 200 3052 "https://www.arithmetic.fr/" "RootEvidence/1.0"
71.6.242.194 - - [28/Aug/2026:13:49:33 +0200] "GET /wp-content/plugins/contact-form-7/includes/js/index.js HTTP/1.1" 200 4197 "https://www.arithmetic.fr/" "RootEvidence/1.0"
71.6.242.194 - - [28/Aug/2026:13:49:34 +0200] "GET /wp-content/themes/stabapp/assets/js/post-favorite.js HTTP/1.1" 200 401 "https://www.arithmetic.fr/" "RootEvidence/1.0"
71.6.242.194 - - [28/Aug/2026:13:49:34 +0200] "GET /wp-content/themes/stabapp/assets/vendors/flexslider/jquery.flexslider-min.js HTTP/1.1" 200 6374 "https://www.arithmetic.fr/" "RootEvidence/1.0"
71.6.242.194 - - [28/Aug/2026:13:49:34 +0200] "GET /wp-content/themes/stabapp/assets/vendors/owl-carousel/owl.carousel.min.js HTTP/1.1" 200 10541 "https://www.arithmetic.fr/" "RootEvidence/1.0"
71.6.242.194 - - [28/Aug/2026:13:49:34 +0200] "GET /wp-content/themes/stabapp/assets/vendors/waypoint/jquery.waypoints.min.js HTTP/1.1" 200 2710 "https://www.arithmetic.fr/" "RootEvidence/1.0"
71.6.242.194 - - [28/Aug/2026:13:49:34 +0200] "GET /wp-content/themes/stabapp/assets/js/animated.js HTTP/1.1" 200 375 "https://www.arithmetic.fr/" "RootEvidence/1.0"
71.6.242.194 - - [28/Aug/2026:13:49:35 +0200] "GET /wp-content/themes/stabapp/assets/vendors/fancybox/jquery.fancybox.js HTTP/1.1" 200 13932 "https://www.arithmetic.fr/" "RootEvidence/1.0"
71.6.242.194 - - [28/Aug/2026:13:49:35 +0200] "GET /wp-content/themes/stabapp/assets/js/bootstrap.min.js HTTP/1.1" 200 9845 "https://www.arithmetic.fr/" "RootEvidence/1.0"
71.6.242.194 - - [28/Aug/2026:13:49:35 +0200] "GET /wp-content/themes/stabapp/assets/js/jquery.colorbox.js HTTP/1.1" 200 5560 "https://www.arithmetic.fr/" "RootEvidence/1.0"
71.6.242.194 - - [28/Aug/2026:13:49:35 +0200] "GET /wp-content/themes/stabapp/framework/shortcodes/shortcodes.js HTTP/1.1" 200 369 "https://www.arithmetic.fr/" "RootEvidence/1.0"
71.6.242.194 - - [28/Aug/2026:13:49:35 +0200] "GET /wp-content/themes/stabapp/assets/js/jquery.easytabs.min.js HTTP/1.1" 200 3027 "https://www.arithmetic.fr/" "RootEvidence/1.0"
71.6.242.194 - - [28/Aug/2026:13:49:35 +0200] "GET /wp-content/themes/stabapp/assets/js/swfobject.js HTTP/1.1" 200 2260 "https://www.arithmetic.fr/" "RootEvidence/1.0"
71.6.242.194 - - [28/Aug/2026:13:49:35 +0200] "GET /wp-content/themes/stabapp/assets/js/jquery.nicescroll.min.js HTTP/1.1" 200 16648 "https://www.arithmetic.fr/" "RootEvidence/1.0"
71.6.242.194 - - [28/Aug/2026:13:49:35 +0200] "GET /wp-content/themes/stabapp/assets/vendors/match-height/jquery.matchHeight-min.js HTTP/1.1" 200 1377 "https://www.arithmetic.fr/" "RootEvidence/1.0"
71.6.242.194 - - [28/Aug/2026:13:49:35 +0200] "GET /wp-content/themes/stabapp/assets/js/SmoothScroll.js HTTP/1.1" 200 6555 "https://www.arithmetic.fr/" "RootEvidence/1.0"
71.6.242.194 - - [28/Aug/2026:13:49:35 +0200] "GET /wp-content/themes/stabapp/assets/js/main.js HTTP/1.1" 200 7259 "https://www.arithmetic.fr/" "RootEvidence/1.0"
71.6.242.194 - - [28/Aug/2026:13:49:36 +0200] "GET /wp-content/themes/stabapp/assets/vendors/jquery-cookie/jquery.cookie.js HTTP/1.1" 200 1407 "https://www.arithmetic.fr/" "RootEvidence/1.0"
71.6.242.194 - - [28/Aug/2026:13:49:36 +0200] "GET /wp-content/plugins/newsletter/main.js HTTP/1.1" 200 416 "https://www.arithmetic.fr/" "RootEvidence/1.0"
71.6.242.194 - - [28/Aug/2026:13:49:36 +0200] "GET /wp-content/plugins/js_composer/assets/js/dist/js_composer_front.min.js HTTP/1.1" 200 5843 "https://www.arithmetic.fr/" "RootEvidence/1.0"
71.6.242.194 - - [28/Aug/2026:13:49:36 +0200] "GET /wp-content/themes/stabapp/assets/vendors/flipster/js/jquery.flipster.min.js HTTP/1.1" 200 3421 "https://www.arithmetic.fr/" "RootEvidence/1.0"
71.6.242.194 - - [28/Aug/2026:13:49:36 +0200] "GET /wp-content/themes/stabapp/assets/js/jquery.incremental-counter.min.js HTTP/1.1" 200 576 "https://www.arithmetic.fr/" "RootEvidence/1.0"
71.6.242.194 - - [28/Aug/2026:13:49:36 +0200] "GET /wp-content/plugins/google-analytics-for-wordpress/assets/js/frontend-gtag.min.js HTTP/1.1" 200 3296 "https://www.arithmetic.fr/" "RootEvidence/1.0"
71.6.242.194 - - [28/Aug/2026:13:49:37 +0200] "GET /wp-includes/js/wp-emoji-release.min.js HTTP/1.1" 200 5397 "https://www.arithmetic.fr/" "RootEvidence/1.0"
71.6.242.194 - - [28/Aug/2026:13:49:48 +0200] "GET /wp-content/uploads/2019/12/favico.png HTTP/1.1" 200 6999 "https://www.arithmetic.fr/" "RootEvidence/1.0"
146.59.197.208 - - [28/Aug/2026:13:50:10 +0200] "POST /wp-cron.php?doing_wp_cron=1787917810.5292279720306396484375 HTTP/1.1" 200 31 "-" "WordPress/7.0.1; https://www.arithmetic.fr"
57.141.0.55 - - [28/Aug/2026:13:50:10 +0200] "GET /bildbet-casino-review-quickhit-gaming-fr-den-schne/ HTTP/1.1" 404 10489 "-" "Mozilla/5.0 (Macintosh; Intel Mac OS X 10_15_7) AppleWebKit/537.36 (KHTML, like Gecko) Chrome/145.0.0.0 Safari/537.36 (compatible; meta-externalagent/1.1 (+https://developers.facebook.com/docs/sharing/webmasters/crawler))"
146.59.197.208 - - [28/Aug/2026:13:51:31 +0200] "POST /wp-cron.php?doing_wp_cron=1787917891.7404019832611083984375 HTTP/1.1" 200 31 "-" "WordPress/7.0.1; https://www.arithmetic.fr"
71.6.242.194 - - [28/Aug/2026:13:51:31 +0200] "GET / HTTP/1.1" 200 16232 "-" "RootEvidence/1.0"
146.59.197.208 - - [28/Aug/2026:13:54:16 +0200] "POST /wp-cron.php?doing_wp_cron=1787918056.4824500083923339843750 HTTP/1.1" 200 31 "-" "WordPress/7.0.1; https://www.arithmetic.fr"
85.215.45.9 - - [28/Aug/2026:13:54:16 +0200] "GET / HTTP/1.1" 200 16233 "http://arithmetic.fr" "Mozilla/5.0 (Windows NT 10.0; Win64; x64) AppleWebKit/537.36 (KHTML, like Gecko) Chrome/123.0.0.0 Safari/537.36"
130.12.180.117 - - [28/Aug/2026:13:54:30 +0200] "GET /.env HTTP/1.1" 404 44715 "http://arithmetic.fr:80/.env" "Mozilla/5.0 (Macintosh; Intel Mac OS X 10_15_7) AppleWebKit/537.36 (KHTML, like Gecko, Yokohama Institute of Information Security https://www.iisec.ac.jp) Chrome/124.0.0.0 Safari/537.36"
130.12.180.117 - - [28/Aug/2026:13:54:30 +0200] "GET /.env HTTP/1.1" 404 44715 "https://arithmetic.fr:443/.env" "Mozilla/5.0 (Macintosh; Intel Mac OS X 10_15_7) AppleWebKit/537.36 (KHTML, like Gecko, Yokohama Institute of Information Security https://www.iisec.ac.jp) Chrome/124.0.0.0 Safari/537.36"
130.12.180.117 - - [28/Aug/2026:13:54:30 +0200] "GET /.git/HEAD HTTP/1.1" 404 44753 "https://arithmetic.fr:443/.git/HEAD" "Mozilla/5.0 (Macintosh; Intel Mac OS X 10_15_7) AppleWebKit/537.36 (KHTML, like Gecko, Yokohama Institute of Information Security https://www.iisec.ac.jp) Chrome/124.0.0.0 Safari/537.36"
130.12.180.117 - - [28/Aug/2026:13:54:30 +0200] "GET /.git/HEAD HTTP/1.1" 404 44753 "http://arithmetic.fr:80/.git/HEAD" "Mozilla/5.0 (Macintosh; Intel Mac OS X 10_15_7) AppleWebKit/537.36 (KHTML, like Gecko, Yokohama Institute of Information Security https://www.iisec.ac.jp) Chrome/124.0.0.0 Safari/537.36"
130.12.180.117 - - [28/Aug/2026:13:54:31 +0200] "GET /.env.backup HTTP/1.1" 404 44758 "http://arithmetic.fr:80/.env.backup" "Mozilla/5.0 (Macintosh; Intel Mac OS X 10_15_7) AppleWebKit/537.36 (KHTML, like Gecko, Yokohama Institute of Information Security https://www.iisec.ac.jp) Chrome/124.0.0.0 Safari/537.36"
130.12.180.117 - - [28/Aug/2026:13:54:31 +0200] "GET /.env.backup HTTP/1.1" 404 44758 "https://arithmetic.fr:443/.env.backup" "Mozilla/5.0 (Macintosh; Intel Mac OS X 10_15_7) AppleWebKit/537.36 (KHTML, like Gecko, Yokohama Institute of Information Security https://www.iisec.ac.jp) Chrome/124.0.0.0 Safari/537.36"
130.12.180.117 - - [28/Aug/2026:13:54:32 +0200] "GET /.env.old HTTP/1.1" 404 44735 "https://arithmetic.fr:443/.env.old" "Mozilla/5.0 (Macintosh; Intel Mac OS X 10_15_7) AppleWebKit/537.36 (KHTML, like Gecko, Yokohama Institute of Information Security https://www.iisec.ac.jp) Chrome/124.0.0.0 Safari/537.36"
130.12.180.117 - - [28/Aug/2026:13:54:32 +0200] "GET /.env.old HTTP/1.1" 404 44735 "http://arithmetic.fr:80/.env.old" "Mozilla/5.0 (Macintosh; Intel Mac OS X 10_15_7) AppleWebKit/537.36 (KHTML, like Gecko, Yokohama Institute of Information Security https://www.iisec.ac.jp) Chrome/124.0.0.0 Safari/537.36"
130.12.180.117 - - [28/Aug/2026:13:54:32 +0200] "GET /.env.save HTTP/1.1" 404 44748 "https://arithmetic.fr:443/.env.save" "Mozilla/5.0 (Macintosh; Intel Mac OS X 10_15_7) AppleWebKit/537.36 (KHTML, like Gecko, Yokohama Institute of Information Security https://www.iisec.ac.jp) Chrome/124.0.0.0 Safari/537.36"
130.12.180.117 - - [28/Aug/2026:13:54:32 +0200] "GET /.env.save HTTP/1.1" 404 44740 "http://arithmetic.fr:80/.env.save" "Mozilla/5.0 (Macintosh; Intel Mac OS X 10_15_7) AppleWebKit/537.36 (KHTML, like Gecko, Yokohama Institute of Information Security https://www.iisec.ac.jp) Chrome/124.0.0.0 Safari/537.36"
130.12.180.117 - - [28/Aug/2026:13:54:33 +0200] "GET /.env.bak HTTP/1.1" 404 44735 "https://arithmetic.fr:443/.env.bak" "Mozilla/5.0 (Macintosh; Intel Mac OS X 10_15_7) AppleWebKit/537.36 (KHTML, like Gecko, Yokohama Institute of Information Security https://www.iisec.ac.jp) Chrome/124.0.0.0 Safari/537.36"
130.12.180.117 - - [28/Aug/2026:13:54:33 +0200] "GET /.env.bak HTTP/1.1" 404 44735 "http://arithmetic.fr:80/.env.bak" "Mozilla/5.0 (Macintosh; Intel Mac OS X 10_15_7) AppleWebKit/537.36 (KHTML, like Gecko, Yokohama Institute of Information Security https://www.iisec.ac.jp) Chrome/124.0.0.0 Safari/537.36"
130.12.180.117 - - [28/Aug/2026:13:54:33 +0200] "GET /.env.prod HTTP/1.1" 404 44748 "https://arithmetic.fr:443/.env.prod" "Mozilla/5.0 (Macintosh; Intel Mac OS X 10_15_7) AppleWebKit/537.36 (KHTML, like Gecko, Yokohama Institute of Information Security https://www.iisec.ac.jp) Chrome/124.0.0.0 Safari/537.36"
130.12.180.117 - - [28/Aug/2026:13:54:34 +0200] "GET /.env.prod HTTP/1.1" 404 44748 "http://arithmetic.fr:80/.env.prod" "Mozilla/5.0 (Macintosh; Intel Mac OS X 10_15_7) AppleWebKit/537.36 (KHTML, like Gecko, Yokohama Institute of Information Security https://www.iisec.ac.jp) Chrome/124.0.0.0 Safari/537.36"
130.12.180.117 - - [28/Aug/2026:13:54:34 +0200] "GET /.env.production HTTP/1.1" 404 44770 "https://arithmetic.fr:443/.env.production" "Mozilla/5.0 (Macintosh; Intel Mac OS X 10_15_7) AppleWebKit/537.36 (KHTML, like Gecko, Yokohama Institute of Information Security https://www.iisec.ac.jp) Chrome/124.0.0.0 Safari/537.36"
130.12.180.117 - - [28/Aug/2026:13:54:34 +0200] "GET /.env.production HTTP/1.1" 404 44778 "http://arithmetic.fr:80/.env.production" "Mozilla/5.0 (Macintosh; Intel Mac OS X 10_15_7) AppleWebKit/537.36 (KHTML, like Gecko, Yokohama Institute of Information Security https://www.iisec.ac.jp) Chrome/124.0.0.0 Safari/537.36"
130.12.180.117 - - [28/Aug/2026:13:54:35 +0200] "GET /.env.staging HTTP/1.1" 404 44755 "https://arithmetic.fr:443/.env.staging" "Mozilla/5.0 (Macintosh; Intel Mac OS X 10_15_7) AppleWebKit/537.36 (KHTML, like Gecko, Yokohama Institute of Information Security https://www.iisec.ac.jp) Chrome/124.0.0.0 Safari/537.36"
130.12.180.117 - - [28/Aug/2026:13:54:35 +0200] "GET /.env.staging HTTP/1.1" 404 44763 "http://arithmetic.fr:80/.env.staging" "Mozilla/5.0 (Macintosh; Intel Mac OS X 10_15_7) AppleWebKit/537.36 (KHTML, like Gecko, Yokohama Institute of Information Security https://www.iisec.ac.jp) Chrome/124.0.0.0 Safari/537.36"
130.12.180.117 - - [28/Aug/2026:13:54:36 +0200] "GET /.env.local HTTP/1.1" 404 44753 "http://arithmetic.fr:80/.env.local" "Mozilla/5.0 (Macintosh; Intel Mac OS X 10_15_7) AppleWebKit/537.36 (KHTML, like Gecko, Yokohama Institute of Information Security https://www.iisec.ac.jp) Chrome/124.0.0.0 Safari/537.36"
130.12.180.117 - - [28/Aug/2026:13:54:36 +0200] "GET /.env.local HTTP/1.1" 404 44745 "https://arithmetic.fr:443/.env.local" "Mozilla/5.0 (Macintosh; Intel Mac OS X 10_15_7) AppleWebKit/537.36 (KHTML, like Gecko, Yokohama Institute of Information Security https://www.iisec.ac.jp) Chrome/124.0.0.0 Safari/537.36"
130.12.180.117 - - [28/Aug/2026:13:54:37 +0200] "GET /.env.live HTTP/1.1" 404 44740 "http://arithmetic.fr:80/.env.live" "Mozilla/5.0 (Macintosh; Intel Mac OS X 10_15_7) AppleWebKit/537.36 (KHTML, like Gecko, Yokohama Institute of Information Security https://www.iisec.ac.jp) Chrome/124.0.0.0 Safari/537.36"
130.12.180.117 - - [28/Aug/2026:13:54:37 +0200] "GET /.env.live HTTP/1.1" 404 44748 "https://arithmetic.fr:443/.env.live" "Mozilla/5.0 (Macintosh; Intel Mac OS X 10_15_7) AppleWebKit/537.36 (KHTML, like Gecko, Yokohama Institute of Information Security https://www.iisec.ac.jp) Chrome/124.0.0.0 Safari/537.36"
130.12.180.117 - - [28/Aug/2026:13:54:37 +0200] "GET /.env.dev HTTP/1.1" 404 44735 "https://arithmetic.fr:443/.env.dev" "Mozilla/5.0 (Macintosh; Intel Mac OS X 10_15_7) AppleWebKit/537.36 (KHTML, like Gecko, Yokohama Institute of Information Security https://www.iisec.ac.jp) Chrome/124.0.0.0 Safari/537.36"
130.12.180.117 - - [28/Aug/2026:13:54:37 +0200] "GET /.env.dev HTTP/1.1" 404 44743 "http://arithmetic.fr:80/.env.dev" "Mozilla/5.0 (Macintosh; Intel Mac OS X 10_15_7) AppleWebKit/537.36 (KHTML, like Gecko, Yokohama Institute of Information Security https://www.iisec.ac.jp) Chrome/124.0.0.0 Safari/537.36"
130.12.180.117 - - [28/Aug/2026:13:54:38 +0200] "GET /.env.stage HTTP/1.1" 404 44745 "https://arithmetic.fr:443/.env.stage" "Mozilla/5.0 (Macintosh; Intel Mac OS X 10_15_7) AppleWebKit/537.36 (KHTML, like Gecko, Yokohama Institute of Information Security https://www.iisec.ac.jp) Chrome/124.0.0.0 Safari/537.36"
130.12.180.117 - - [28/Aug/2026:13:54:38 +0200] "GET /.env.stage HTTP/1.1" 404 44745 "http://arithmetic.fr:80/.env.stage" "Mozilla/5.0 (Macintosh; Intel Mac OS X 10_15_7) AppleWebKit/537.36 (KHTML, like Gecko, Yokohama Institute of Information Security https://www.iisec.ac.jp) Chrome/124.0.0.0 Safari/537.36"
130.12.180.117 - - [28/Aug/2026:13:54:39 +0200] "GET /config/.env HTTP/1.1" 404 44755 "http://arithmetic.fr:80/config/.env" "Mozilla/5.0 (Macintosh; Intel Mac OS X 10_15_7) AppleWebKit/537.36 (KHTML, like Gecko, Yokohama Institute of Information Security https://www.iisec.ac.jp) Chrome/124.0.0.0 Safari/537.36"
130.12.180.117 - - [28/Aug/2026:13:54:39 +0200] "GET /config/.env HTTP/1.1" 404 44763 "https://arithmetic.fr:443/config/.env" "Mozilla/5.0 (Macintosh; Intel Mac OS X 10_15_7) AppleWebKit/537.36 (KHTML, like Gecko, Yokohama Institute of Information Security https://www.iisec.ac.jp) Chrome/124.0.0.0 Safari/537.36"
130.12.180.117 - - [28/Aug/2026:13:54:39 +0200] "GET /app/.env HTTP/1.1" 404 44740 "http://arithmetic.fr:80/app/.env" "Mozilla/5.0 (Macintosh; Intel Mac OS X 10_15_7) AppleWebKit/537.36 (KHTML, like Gecko, Yokohama Institute of Information Security https://www.iisec.ac.jp) Chrome/124.0.0.0 Safari/537.36"
130.12.180.117 - - [28/Aug/2026:13:54:39 +0200] "GET /app/.env HTTP/1.1" 404 44740 "https://arithmetic.fr:443/app/.env" "Mozilla/5.0 (Macintosh; Intel Mac OS X 10_15_7) AppleWebKit/537.36 (KHTML, like Gecko, Yokohama Institute of Information Security https://www.iisec.ac.jp) Chrome/124.0.0.0 Safari/537.36"
130.12.180.117 - - [28/Aug/2026:13:54:40 +0200] "GET /api/.env HTTP/1.1" 404 44748 "http://arithmetic.fr:80/api/.env" "Mozilla/5.0 (Macintosh; Intel Mac OS X 10_15_7) AppleWebKit/537.36 (KHTML, like Gecko, Yokohama Institute of Information Security https://www.iisec.ac.jp) Chrome/124.0.0.0 Safari/537.36"
130.12.180.117 - - [28/Aug/2026:13:54:40 +0200] "GET /api/.env HTTP/1.1" 404 44748 "https://arithmetic.fr:443/api/.env" "Mozilla/5.0 (Macintosh; Intel Mac OS X 10_15_7) AppleWebKit/537.36 (KHTML, like Gecko, Yokohama Institute of Information Security https://www.iisec.ac.jp) Chrome/124.0.0.0 Safari/537.36"
130.12.180.117 - - [28/Aug/2026:13:54:41 +0200] "GET /application/.env HTTP/1.1" 404 44780 "http://arithmetic.fr:80/application/.env" "Mozilla/5.0 (Macintosh; Intel Mac OS X 10_15_7) AppleWebKit/537.36 (KHTML, like Gecko, Yokohama Institute of Information Security https://www.iisec.ac.jp) Chrome/124.0.0.0 Safari/537.36"
192.255.134.143 - - [28/Aug/2026:13:54:41 +0200] "GET / HTTP/1.1" 200 16230 "https://arithmetic.fr/" "''\x22'\x22'siteradar/0.1 contact: ops@yyai.studio'\x22'\x22''"
130.12.180.117 - - [28/Aug/2026:13:54:41 +0200] "GET /application/.env HTTP/1.1" 404 44788 "https://arithmetic.fr:443/application/.env" "Mozilla/5.0 (Macintosh; Intel Mac OS X 10_15_7) AppleWebKit/537.36 (KHTML, like Gecko, Yokohama Institute of Information Security https://www.iisec.ac.jp) Chrome/124.0.0.0 Safari/537.36"
130.12.180.117 - - [28/Aug/2026:13:54:41 +0200] "GET /functions/.env HTTP/1.1" 404 44778 "http://arithmetic.fr:80/functions/.env" "Mozilla/5.0 (Macintosh; Intel Mac OS X 10_15_7) AppleWebKit/537.36 (KHTML, like Gecko, Yokohama Institute of Information Security https://www.iisec.ac.jp) Chrome/124.0.0.0 Safari/537.36"
192.255.134.143 - - [28/Aug/2026:13:54:42 +0200] "GET / HTTP/1.1" 200 16235 "-" "''\x22'\x22'siteradar/0.1 contact: ops@yyai.studio'\x22'\x22''"
130.12.180.117 - - [28/Aug/2026:13:54:42 +0200] "GET /functions/.env HTTP/1.1" 404 44770 "https://arithmetic.fr:443/functions/.env" "Mozilla/5.0 (Macintosh; Intel Mac OS X 10_15_7) AppleWebKit/537.36 (KHTML, like Gecko, Yokohama Institute of Information Security https://www.iisec.ac.jp) Chrome/124.0.0.0 Safari/537.36"
192.255.134.143 - - [28/Aug/2026:13:54:42 +0200] "GET / HTTP/1.1" 200 16232 "-" "''\x22'\x22'siteradar/0.1 contact: ops@yyai.studio'\x22'\x22''"
146.59.197.208 - - [28/Aug/2026:13:55:39 +0200] "POST /wp-cron.php?doing_wp_cron=1787918139.8663280010223388671875 HTTP/1.1" 200 31 "-" "WordPress/7.0.1; https://www.arithmetic.fr"
87.58.197.202 - - [28/Aug/2026:13:55:39 +0200] "GET / HTTP/1.1" 301 5 "-" "Mozilla/5.0 (Macintosh; Intel Mac OS X 10_15_7) AppleWebKit/537.36 (KHTML, like Gecko) Chrome/124.0.0.0 Safari/537.36"
87.58.197.202 - - [28/Aug/2026:13:55:40 +0200] "GET / HTTP/1.1" 200 70577 "https://www.arithmetic.fr:443" "Mozilla/5.0 (Macintosh; Intel Mac OS X 10_15_7) AppleWebKit/537.36 (KHTML, like Gecko) Chrome/124.0.0.0 Safari/537.36"
139.59.132.8 - - [28/Aug/2026:13:55:45 +0200] "LEAKIX" 400 166 "-" "-"
87.58.197.201 - - [28/Aug/2026:13:55:46 +0200] "GET / HTTP/1.1" 200 70526 "-" "Mozilla/5.0 (Macintosh; Intel Mac OS X 10_15_7) AppleWebKit/537.36 (KHTML, like Gecko) Chrome/124.0.0.0 Safari/537.36"
139.59.132.8 - - [28/Aug/2026:13:55:46 +0200] "GET / HTTP/1.1" 200 70526 "-" "Mozilla/5.0 (l9scan/2.0.830323e2739313e29353e2634313; +https://leakix.net)"
87.58.197.202 - - [28/Aug/2026:13:55:47 +0200] "GET / HTTP/1.1" 200 70527 "https://arithmetic.fr:443" "Mozilla/5.0 (Macintosh; Intel Mac OS X 10_15_7) AppleWebKit/537.36 (KHTML, like Gecko) Chrome/124.0.0.0 Safari/537.36"
139.59.132.8 - - [28/Aug/2026:13:55:47 +0200] "GET /console/ HTTP/1.1" 404 10452 "-" "Mozilla/5.0 (l9scan/2.0.830323e2739313e29353e2634313; +https://leakix.net)"
139.59.132.8 - - [28/Aug/2026:13:55:48 +0200] "GET /server HTTP/1.1" 404 10452 "-" "Mozilla/5.0 (l9scan/2.0.830323e2739313e29353e2634313; +https://leakix.net)"
139.59.132.8 - - [28/Aug/2026:13:55:49 +0200] "GET /server-status HTTP/1.1" 404 10458 "-" "Mozilla/5.0 (l9scan/2.0.830323e2739313e29353e2634313; +https://leakix.net)"
139.59.132.8 - - [28/Aug/2026:13:55:51 +0200] "GET /about HTTP/1.1" 404 10454 "-" "Mozilla/5.0 (l9scan/2.0.830323e2739313e29353e2634313; +https://leakix.net)"
139.59.132.8 - - [28/Aug/2026:13:55:52 +0200] "GET /login.action HTTP/1.1" 404 10457 "-" "Mozilla/5.0 (l9scan/2.0.830323e2739313e29353e2634313; +https://leakix.net)"
139.59.132.8 - - [28/Aug/2026:13:55:53 +0200] "GET / HTTP/1.1" 200 16232 "-" "Mozilla/5.0 (l9scan/2.0.830323e2739313e29353e2634313; +https://leakix.net)"
146.59.197.208 - - [28/Aug/2026:13:55:54 +0200] "POST /wp-cron.php?doing_wp_cron=1787918154.3589460849761962890625 HTTP/1.1" 200 31 "-" "WordPress/7.0.1; https://www.arithmetic.fr"
139.59.132.8 - - [28/Aug/2026:13:55:54 +0200] "GET /___proxy_subdomain_whm/login HTTP/1.1" 404 10475 "-" "Mozilla/5.0 (l9scan/2.0.830323e2739313e29353e2634313; +https://leakix.net)"
146.59.197.208 - - [28/Aug/2026:13:55:54 +0200] "POST /wp-cron.php?doing_wp_cron=1787918154.7164180278778076171875 HTTP/1.1" 200 31 "-" "WordPress/7.0.1; https://www.arithmetic.fr"
87.58.197.201 - - [28/Aug/2026:13:55:54 +0200] "GET / HTTP/1.1" 200 70527 "https://arithmetic.fr" "Mozilla/5.0 (Macintosh; Intel Mac OS X 10_15_7) AppleWebKit/537.36 (KHTML, like Gecko) Chrome/124.0.0.0 Safari/537.36"
139.59.132.8 - - [28/Aug/2026:13:55:55 +0200] "GET /___proxy_subdomain_cpanel HTTP/1.1" 404 10470 "-" "Mozilla/5.0 (l9scan/2.0.830323e2739313e29353e2634313; +https://leakix.net)"
139.59.132.8 - - [28/Aug/2026:13:55:56 +0200] "GET /v2/_catalog HTTP/1.1" 404 10459 "-" "Mozilla/5.0 (l9scan/2.0.830323e2739313e29353e2634313; +https://leakix.net)"
139.59.132.8 - - [28/Aug/2026:13:55:56 +0200] "GET /.DS_Store HTTP/1.1" 200 8196 "-" "Mozilla/5.0 (l9scan/2.0.830323e2739313e29353e2634313; +https://leakix.net)"
139.59.132.8 - - [28/Aug/2026:13:55:56 +0200] "GET /wp-content/.DS_Store HTTP/1.1" 200 8195 "-" "Mozilla/5.0 (l9scan/2.0.830323e2739313e29353e2634313; +https://leakix.net)"
139.59.132.8 - - [28/Aug/2026:13:55:57 +0200] "GET /.env HTTP/1.1" 404 10453 "-" "Mozilla/5.0 (l9scan/2.0.830323e2739313e29353e2634313; +https://leakix.net)"
139.59.132.8 - - [28/Aug/2026:13:56:00 +0200] "GET /ecp/Current/exporttool/microsoft.exchange.ediscovery.exporttool.application HTTP/1.1" 404 10545 "-" "Mozilla/5.0 (l9scan/2.0.830323e2739313e29353e2634313; +https://leakix.net)"
139.59.132.8 - - [28/Aug/2026:13:56:02 +0200] "GET /.git/config HTTP/1.1" 404 10456 "-" "Mozilla/5.0 (l9scan/2.0.830323e2739313e29353e2634313; +https://leakix.net)"
139.59.132.8 - - [28/Aug/2026:13:56:02 +0200] "POST /graphql HTTP/1.1" 404 10453 "-" "Mozilla/5.0 (l9scan/2.0.830323e2739313e29353e2634313; +https://leakix.net)"
139.59.132.8 - - [28/Aug/2026:13:56:03 +0200] "POST /api HTTP/1.1" 404 10452 "-" "Mozilla/5.0 (l9scan/2.0.830323e2739313e29353e2634313; +https://leakix.net)"
139.59.132.8 - - [28/Aug/2026:13:56:04 +0200] "POST /api/graphql HTTP/1.1" 404 10458 "-" "Mozilla/5.0 (l9scan/2.0.830323e2739313e29353e2634313; +https://leakix.net)"
