74.7.242.57 - - [28/Aug/2026:20:19:42 +0200] "GET /?chmod=%2Fhome%2Farithmetic.fr%2Fwp-content%2Fthemes%2Fstabapp%2Fredux-framework%2FReduxCore%2Fassets%2Fjs%2Fvendor%2Fcookie.js HTTP/1.1" 200 85549 "https://www.arithmetic.fr/?lph=%2Fhome%2Farithmetic.fr%2Fwp-content%2Fthemes%2Fstabapp%2Fredux-framework%2FReduxCore%2Fassets%2Fjs%2Fvendor" "Mozilla/5.0 AppleWebKit/537.36 (KHTML, like Gecko; compatible; GPTBot/1.4; +https://openai.com/gptbot)"
66.249.70.165 - - [28/Aug/2026:20:19:42 +0200] "GET /wp-content/themes/stabapp/framework/shortcodes/shortcodes.js HTTP/1.1" 200 369 "https://www.arithmetic.fr/discover-the-best-aussie-pokies-on-rainbet-for-maximum-fun/?lph=%2Fhome%2Farithmetic.fr%2F.ssh" "Mozilla/5.0 (Linux; Android 6.0.1; Nexus 5X Build/MMB29P) AppleWebKit/537.36 (KHTML, like Gecko) Chrome/151.0.7922.173 Mobile Safari/537.36 (compatible; GoogleOther)"
74.7.242.57 - - [28/Aug/2026:20:19:43 +0200] "GET /?rename=%2Fhome%2Farithmetic.fr%2Fwp-content%2Fthemes%2Fstabapp%2Fredux-framework%2FReduxCore%2Fassets%2Fjs%2Fvendor%2Fjsonview.min.js HTTP/1.1" 200 85515 "https://www.arithmetic.fr/?lph=%2Fhome%2Farithmetic.fr%2Fwp-content%2Fthemes%2Fstabapp%2Fredux-framework%2FReduxCore%2Fassets%2Fjs%2Fvendor" "Mozilla/5.0 AppleWebKit/537.36 (KHTML, like Gecko; compatible; GPTBot/1.4; +https://openai.com/gptbot)"
74.7.242.57 - - [28/Aug/2026:20:19:44 +0200] "GET /?chmod=%2Fhome%2Farithmetic.fr%2Fwp-content%2Fthemes%2Fstabapp%2Fredux-framework%2FReduxCore%2Fassets%2Fjs%2Fvendor%2Fjsonview.min.js HTTP/1.1" 200 85561 "https://www.arithmetic.fr/?lph=%2Fhome%2Farithmetic.fr%2Fwp-content%2Fthemes%2Fstabapp%2Fredux-framework%2FReduxCore%2Fassets%2Fjs%2Fvendor" "Mozilla/5.0 AppleWebKit/537.36 (KHTML, like Gecko; compatible; GPTBot/1.4; +https://openai.com/gptbot)"
66.249.70.165 - - [28/Aug/2026:20:19:44 +0200] "GET /discover-the-best-aussie-pokies-on-rainbet-for-maximum-fun/?rename=%2Fhome%2Farithmetic.fr%2F.htaccess HTTP/1.1" 200 59901 "-" "Mozilla/5.0 (Linux; Android 6.0.1; Nexus 5X Build/MMB29P) AppleWebKit/537.36 (KHTML, like Gecko) Chrome/151.0.7922.173 Mobile Safari/537.36 (compatible; GoogleOther)"
74.7.242.57 - - [28/Aug/2026:20:19:45 +0200] "GET /?edit=%2Fhome%2Farithmetic.fr%2Fwp-content%2Fthemes%2Fstabapp%2Fredux-framework%2FReduxCore%2Fassets%2Fjs%2Fvendor%2Fjsonview.js HTTP/1.1" 200 98100 "https://www.arithmetic.fr/?lph=%2Fhome%2Farithmetic.fr%2Fwp-content%2Fthemes%2Fstabapp%2Fredux-framework%2FReduxCore%2Fassets%2Fjs%2Fvendor" "Mozilla/5.0 AppleWebKit/537.36 (KHTML, like Gecko; compatible; GPTBot/1.4; +https://openai.com/gptbot)"
74.7.242.57 - - [28/Aug/2026:20:19:45 +0200] "GET /?edit=%2Fhome%2Farithmetic.fr%2Fwp-content%2Fthemes%2Fstabapp%2Fredux-framework%2FReduxCore%2Fassets%2Fjs%2Fvendor%2Fjsonview.min.js HTTP/1.1" 200 92820 "https://www.arithmetic.fr/?lph=%2Fhome%2Farithmetic.fr%2Fwp-content%2Fthemes%2Fstabapp%2Fredux-framework%2FReduxCore%2Fassets%2Fjs%2Fvendor" "Mozilla/5.0 AppleWebKit/537.36 (KHTML, like Gecko; compatible; GPTBot/1.4; +https://openai.com/gptbot)"
74.7.242.57 - - [28/Aug/2026:20:19:46 +0200] "GET /?chmod=%2Fhome%2Farithmetic.fr%2Fwp-content%2Fthemes%2Fstabapp%2Fredux-framework%2FReduxCore%2Fassets%2Fjs%2Fvendor%2Fredux.select2.sortable.js HTTP/1.1" 200 85581 "https://www.arithmetic.fr/?lph=%2Fhome%2Farithmetic.fr%2Fwp-content%2Fthemes%2Fstabapp%2Fredux-framework%2FReduxCore%2Fassets%2Fjs%2Fvendor" "Mozilla/5.0 AppleWebKit/537.36 (KHTML, like Gecko; compatible; GPTBot/1.4; +https://openai.com/gptbot)"
74.7.242.57 - - [28/Aug/2026:20:19:47 +0200] "GET /?edit=%2Fhome%2Farithmetic.fr%2Fwp-content%2Fthemes%2Fstabapp%2Fredux-framework%2FReduxCore%2Finc%2Ffields%2Fswitch%2Fslider-control.png HTTP/1.1" 200 88253 "https://www.arithmetic.fr/?lph=%2Fhome%2Farithmetic.fr%2Fwp-content%2Fthemes%2Fstabapp%2Fredux-framework%2FReduxCore%2Finc%2Ffields%2Fswitch" "Mozilla/5.0 AppleWebKit/537.36 (KHTML, like Gecko; compatible; GPTBot/1.4; +https://openai.com/gptbot)"
74.7.242.57 - - [28/Aug/2026:20:19:48 +0200] "GET /?rename=%2Fhome%2Farithmetic.fr%2Fwp-content%2Fthemes%2Fstabapp%2Fredux-framework%2FReduxCore%2Finc%2Ffields%2Fswitch%2Fslider-control.png HTTP/1.1" 200 85527 "https://www.arithmetic.fr/?lph=%2Fhome%2Farithmetic.fr%2Fwp-content%2Fthemes%2Fstabapp%2Fredux-framework%2FReduxCore%2Finc%2Ffields%2Fswitch" "Mozilla/5.0 AppleWebKit/537.36 (KHTML, like Gecko; compatible; GPTBot/1.4; +https://openai.com/gptbot)"
74.7.242.57 - - [28/Aug/2026:20:19:49 +0200] "GET /?rename=%2Fhome%2Farithmetic.fr%2Fwp-content%2Fthemes%2Fstabapp%2Fredux-framework%2FReduxCore%2Fassets%2Fjs%2Fvendor%2Fjsonview.js HTTP/1.1" 200 85516 "https://www.arithmetic.fr/?lph=%2Fhome%2Farithmetic.fr%2Fwp-content%2Fthemes%2Fstabapp%2Fredux-framework%2FReduxCore%2Fassets%2Fjs%2Fvendor" "Mozilla/5.0 AppleWebKit/537.36 (KHTML, like Gecko; compatible; GPTBot/1.4; +https://openai.com/gptbot)"
74.7.242.57 - - [28/Aug/2026:20:19:50 +0200] "GET /?chmod=%2Fhome%2Farithmetic.fr%2Fwp-content%2Fthemes%2Fstabapp%2Fredux-framework%2FReduxCore%2Fassets%2Fjs%2Fvendor%2Fjquery.alphanum.js HTTP/1.1" 200 85549 "https://www.arithmetic.fr/?lph=%2Fhome%2Farithmetic.fr%2Fwp-content%2Fthemes%2Fstabapp%2Fredux-framework%2FReduxCore%2Fassets%2Fjs%2Fvendor" "Mozilla/5.0 AppleWebKit/537.36 (KHTML, like Gecko; compatible; GPTBot/1.4; +https://openai.com/gptbot)"
66.249.70.165 - - [28/Aug/2026:20:19:50 +0200] "GET /wp-content/themes/stabapp/assets/vendors/waypoint/jquery.waypoints.min.js HTTP/1.1" 200 2710 "https://www.arithmetic.fr/discover-the-best-aussie-pokies-on-rainbet-for-maximum-fun/?lph=%2Fhome%2Farithmetic.fr%2F.ssh" "Mozilla/5.0 (Linux; Android 6.0.1; Nexus 5X Build/MMB29P) AppleWebKit/537.36 (KHTML, like Gecko) Chrome/151.0.7922.173 Mobile Safari/537.36 (compatible; GoogleOther)"
74.7.242.57 - - [28/Aug/2026:20:19:50 +0200] "GET /?edit=%2Fhome%2Farithmetic.fr%2Fwp-content%2Fthemes%2Fstabapp%2Fredux-framework%2FReduxCore%2Fassets%2Fjs%2Fvendor%2Fjquery.typewatch.js HTTP/1.1" 200 88449 "https://www.arithmetic.fr/?lph=%2Fhome%2Farithmetic.fr%2Fwp-content%2Fthemes%2Fstabapp%2Fredux-framework%2FReduxCore%2Fassets%2Fjs%2Fvendor" "Mozilla/5.0 AppleWebKit/537.36 (KHTML, like Gecko; compatible; GPTBot/1.4; +https://openai.com/gptbot)"
74.7.242.57 - - [28/Aug/2026:20:19:51 +0200] "GET /?rename=%2Fhome%2Farithmetic.fr%2Fwp-content%2Fthemes%2Fstabapp%2Fredux-framework%2FReduxCore%2Fassets%2Fjs%2Fvendor%2Fjquery.alphanum.js HTTP/1.1" 200 85529 "https://www.arithmetic.fr/?lph=%2Fhome%2Farithmetic.fr%2Fwp-content%2Fthemes%2Fstabapp%2Fredux-framework%2FReduxCore%2Fassets%2Fjs%2Fvendor" "Mozilla/5.0 AppleWebKit/537.36 (KHTML, like Gecko; compatible; GPTBot/1.4; +https://openai.com/gptbot)"
74.7.242.57 - - [28/Aug/2026:20:19:52 +0200] "GET /?chmod=%2Fhome%2Farithmetic.fr%2Fwp-content%2Fthemes%2Fstabapp%2Fredux-framework%2FReduxCore%2Finc%2Ffields%2Fswitch%2Fslider-control.png HTTP/1.1" 200 85552 "https://www.arithmetic.fr/?lph=%2Fhome%2Farithmetic.fr%2Fwp-content%2Fthemes%2Fstabapp%2Fredux-framework%2FReduxCore%2Finc%2Ffields%2Fswitch" "Mozilla/5.0 AppleWebKit/537.36 (KHTML, like Gecko; compatible; GPTBot/1.4; +https://openai.com/gptbot)"
66.249.70.165 - - [28/Aug/2026:20:19:53 +0200] "GET /wp-content/themes/stabapp/assets/js/animated.js HTTP/1.1" 200 375 "https://www.arithmetic.fr/discover-the-best-aussie-pokies-on-rainbet-for-maximum-fun/?lph=%2Fhome%2Farithmetic.fr%2F.ssh" "Mozilla/5.0 (Linux; Android 6.0.1; Nexus 5X Build/MMB29P) AppleWebKit/537.36 (KHTML, like Gecko) Chrome/151.0.7922.173 Mobile Safari/537.36 (compatible; GoogleOther)"
74.7.242.57 - - [28/Aug/2026:20:19:53 +0200] "GET /?chmod=%2Fhome%2Farithmetic.fr%2Fwp-content%2Fthemes%2Fstabapp%2Fredux-framework%2FReduxCore%2Fassets%2Fjs%2Fvendor%2Fjquery.typewatch.js HTTP/1.1" 200 85551 "https://www.arithmetic.fr/?lph=%2Fhome%2Farithmetic.fr%2Fwp-content%2Fthemes%2Fstabapp%2Fredux-framework%2FReduxCore%2Fassets%2Fjs%2Fvendor" "Mozilla/5.0 AppleWebKit/537.36 (KHTML, like Gecko; compatible; GPTBot/1.4; +https://openai.com/gptbot)"
74.7.242.57 - - [28/Aug/2026:20:19:54 +0200] "GET /?rename=%2Fhome%2Farithmetic.fr%2Fwp-content%2Fthemes%2Fstabapp%2Fredux-framework%2FReduxCore%2Fassets%2Fjs%2Fvendor%2Fjquery.typewatch.js HTTP/1.1" 200 85527 "https://www.arithmetic.fr/?lph=%2Fhome%2Farithmetic.fr%2Fwp-content%2Fthemes%2Fstabapp%2Fredux-framework%2FReduxCore%2Fassets%2Fjs%2Fvendor" "Mozilla/5.0 AppleWebKit/537.36 (KHTML, like Gecko; compatible; GPTBot/1.4; +https://openai.com/gptbot)"
57.141.0.35 - - [28/Aug/2026:20:19:54 +0200] "GET /candy-spinz-casino-se-slots-und-blitzschnelle-gewi/?chmod=%2Fhome%2Farithmetic.fr%2Fcomposer.lock HTTP/1.1" 200 59941 "-" "Mozilla/5.0 (Windows NT 10.0; Win64; x64) AppleWebKit/537.36 (KHTML, like Gecko) Chrome/145.0.0.0 Safari/537.36 (compatible; meta-externalagent/1.1 (+https://developers.facebook.com/docs/sharing/webmasters/crawler))"
146.59.197.208 - - [28/Aug/2026:20:19:55 +0200] "POST /wp-cron.php?doing_wp_cron=1787941195.2019720077514648437500 HTTP/1.1" 200 31 "-" "WordPress/7.0.1; https://www.arithmetic.fr"
74.7.242.57 - - [28/Aug/2026:20:19:55 +0200] "GET /?chmod=%2Fhome%2Farithmetic.fr%2Fwp-content%2Fthemes%2Fstabapp%2Fredux-framework%2FReduxCore%2Fassets%2Fjs%2Fvendor%2Flte-ie7.js HTTP/1.1" 200 85538 "https://www.arithmetic.fr/?lph=%2Fhome%2Farithmetic.fr%2Fwp-content%2Fthemes%2Fstabapp%2Fredux-framework%2FReduxCore%2Fassets%2Fjs%2Fvendor" "Mozilla/5.0 AppleWebKit/537.36 (KHTML, like Gecko; compatible; GPTBot/1.4; +https://openai.com/gptbot)"
57.141.0.18 - - [28/Aug/2026:20:19:55 +0200] "GET /candy-spinz-casino-se-slots-und-blitzschnelle-gewi/?chmod=%2Fhome%2Farithmetic.fr%2Fwp-signup.php HTTP/1.1" 200 59935 "-" "Mozilla/5.0 (Windows NT 10.0; Win64; x64) AppleWebKit/537.36 (KHTML, like Gecko) Chrome/145.0.0.0 Safari/537.36 (compatible; meta-externalagent/1.1 (+https://developers.facebook.com/docs/sharing/webmasters/crawler))"
74.7.242.57 - - [28/Aug/2026:20:19:55 +0200] "GET /?rename=%2Fhome%2Farithmetic.fr%2Fwp-content%2Fthemes%2Fstabapp%2Fredux-framework%2FReduxCore%2Finc%2Ffields%2Fslides%2Ffield_slides.js HTTP/1.1" 200 85536 "https://www.arithmetic.fr/?lph=%2Fhome%2Farithmetic.fr%2Fwp-content%2Fthemes%2Fstabapp%2Fredux-framework%2FReduxCore%2Finc%2Ffields%2Fslides" "Mozilla/5.0 AppleWebKit/537.36 (KHTML, like Gecko; compatible; GPTBot/1.4; +https://openai.com/gptbot)"
57.141.0.67 - - [28/Aug/2026:20:19:56 +0200] "GET /candy-spinz-casino-se-slots-und-blitzschnelle-gewi/?chmod=%2Fhome%2Farithmetic.fr%2F.profile HTTP/1.1" 200 59926 "-" "Mozilla/5.0 (Windows NT 10.0; Win64; x64) AppleWebKit/537.36 (KHTML, like Gecko) Chrome/145.0.0.0 Safari/537.36 (compatible; meta-externalagent/1.1 (+https://developers.facebook.com/docs/sharing/webmasters/crawler))"
74.7.242.57 - - [28/Aug/2026:20:19:56 +0200] "GET /?rename=%2Fhome%2Farithmetic.fr%2Fwp-content%2Fthemes%2Fstabapp%2Fredux-framework%2FReduxCore%2Finc%2Ffields%2Fslider%2Ffield_slider.js HTTP/1.1" 200 85523 "https://www.arithmetic.fr/?lph=%2Fhome%2Farithmetic.fr%2Fwp-content%2Fthemes%2Fstabapp%2Fredux-framework%2FReduxCore%2Finc%2Ffields%2Fslider" "Mozilla/5.0 AppleWebKit/537.36 (KHTML, like Gecko; compatible; GPTBot/1.4; +https://openai.com/gptbot)"
57.141.0.23 - - [28/Aug/2026:20:19:57 +0200] "GET /candy-spinz-casino-se-slots-und-blitzschnelle-gewi/?rename=%2Fhome%2Farithmetic.fr%2Fcomposer.lock HTTP/1.1" 200 59911 "-" "Mozilla/5.0 (Windows NT 10.0; Win64; x64) AppleWebKit/537.36 (KHTML, like Gecko) Chrome/145.0.0.0 Safari/537.36 (compatible; meta-externalagent/1.1 (+https://developers.facebook.com/docs/sharing/webmasters/crawler))"
74.7.242.57 - - [28/Aug/2026:20:19:57 +0200] "GET /?edit=%2Fhome%2Farithmetic.fr%2Fwp-content%2Fthemes%2Fstabapp%2Fredux-framework%2FReduxCore%2Finc%2Ffields%2Fswitch%2Ffield_switch.scss HTTP/1.1" 200 87126 "https://www.arithmetic.fr/?lph=%2Fhome%2Farithmetic.fr%2Fwp-content%2Fthemes%2Fstabapp%2Fredux-framework%2FReduxCore%2Finc%2Ffields%2Fswitch" "Mozilla/5.0 AppleWebKit/537.36 (KHTML, like Gecko; compatible; GPTBot/1.4; +https://openai.com/gptbot)"
57.141.0.48 - - [28/Aug/2026:20:19:57 +0200] "GET /candy-spinz-casino-se-slots-und-blitzschnelle-gewi/?chmod=%2Fhome%2Farithmetic.fr%2Fwp-blog-header.php HTTP/1.1" 200 59945 "-" "Mozilla/5.0 (Windows NT 10.0; Win64; x64) AppleWebKit/537.36 (KHTML, like Gecko) Chrome/145.0.0.0 Safari/537.36 (compatible; meta-externalagent/1.1 (+https://developers.facebook.com/docs/sharing/webmasters/crawler))"
57.141.0.61 - - [28/Aug/2026:20:19:58 +0200] "GET /candy-spinz-casino-se-slots-und-blitzschnelle-gewi/?rename=%2Fhome%2Farithmetic.fr%2Fwp-content HTTP/1.1" 200 59902 "-" "Mozilla/5.0 (Windows NT 10.0; Win64; x64) AppleWebKit/537.36 (KHTML, like Gecko) Chrome/145.0.0.0 Safari/537.36 (compatible; meta-externalagent/1.1 (+https://developers.facebook.com/docs/sharing/webmasters/crawler))"
74.7.242.57 - - [28/Aug/2026:20:19:58 +0200] "GET /?edit=%2Fhome%2Farithmetic.fr%2Fwp-content%2Fthemes%2Fstabapp%2Fredux-framework%2FReduxCore%2Finc%2Ffields%2Fslider%2Ffield_slider.scss HTTP/1.1" 200 87388 "https://www.arithmetic.fr/?lph=%2Fhome%2Farithmetic.fr%2Fwp-content%2Fthemes%2Fstabapp%2Fredux-framework%2FReduxCore%2Finc%2Ffields%2Fslider" "Mozilla/5.0 AppleWebKit/537.36 (KHTML, like Gecko; compatible; GPTBot/1.4; +https://openai.com/gptbot)"
57.141.0.52 - - [28/Aug/2026:20:19:58 +0200] "GET /candy-spinz-casino-se-slots-und-blitzschnelle-gewi/?edit=%2Fhome%2Farithmetic.fr%2Fwp-blog-header.php HTTP/1.1" 200 60334 "-" "Mozilla/5.0 (Windows NT 10.0; Win64; x64) AppleWebKit/537.36 (KHTML, like Gecko) Chrome/145.0.0.0 Safari/537.36 (compatible; meta-externalagent/1.1 (+https://developers.facebook.com/docs/sharing/webmasters/crawler))"
74.7.242.57 - - [28/Aug/2026:20:19:59 +0200] "GET /?edit=%2Fhome%2Farithmetic.fr%2Fwp-content%2Fthemes%2Fstabapp%2Fredux-framework%2FReduxCore%2Finc%2Ffields%2Fslides%2Ffield_slides.scss HTTP/1.1" 200 88131 "https://www.arithmetic.fr/?lph=%2Fhome%2Farithmetic.fr%2Fwp-content%2Fthemes%2Fstabapp%2Fredux-framework%2FReduxCore%2Finc%2Ffields%2Fslides" "Mozilla/5.0 AppleWebKit/537.36 (KHTML, like Gecko; compatible; GPTBot/1.4; +https://openai.com/gptbot)"
74.7.242.57 - - [28/Aug/2026:20:20:00 +0200] "GET /?edit=%2Fhome%2Farithmetic.fr%2Fwp-content%2Fthemes%2Fstabapp%2Fredux-framework%2FReduxCore%2Finc%2Ffields%2Fselect%2Ffield_select.scss HTTP/1.1" 200 85837 "https://www.arithmetic.fr/?lph=%2Fhome%2Farithmetic.fr%2Fwp-content%2Fthemes%2Fstabapp%2Fredux-framework%2FReduxCore%2Finc%2Ffields%2Fselect" "Mozilla/5.0 AppleWebKit/537.36 (KHTML, like Gecko; compatible; GPTBot/1.4; +https://openai.com/gptbot)"
74.7.242.57 - - [28/Aug/2026:20:20:01 +0200] "GET /?chmod=%2Fhome%2Farithmetic.fr%2Fwp-content%2Fthemes%2Fstabapp%2Fredux-framework%2FReduxCore%2Fassets%2Fjs%2Fvendor%2Fredux.select2.sortable.min.js HTTP/1.1" 200 85576 "https://www.arithmetic.fr/?lph=%2Fhome%2Farithmetic.fr%2Fwp-content%2Fthemes%2Fstabapp%2Fredux-framework%2FReduxCore%2Fassets%2Fjs%2Fvendor" "Mozilla/5.0 AppleWebKit/537.36 (KHTML, like Gecko; compatible; GPTBot/1.4; +https://openai.com/gptbot)"
57.141.0.56 - - [28/Aug/2026:20:20:01 +0200] "GET /candy-spinz-casino-se-slots-und-blitzschnelle-gewi/?edit=%2Fhome%2Farithmetic.fr%2Fwp-trackback.php HTTP/1.1" 200 66082 "-" "Mozilla/5.0 (Macintosh; Intel Mac OS X 10_15_7) AppleWebKit/537.36 (KHTML, like Gecko) Chrome/145.0.0.0 Safari/537.36 (compatible; meta-externalagent/1.1 (+https://developers.facebook.com/docs/sharing/webmasters/crawler))"
57.141.0.48 - - [28/Aug/2026:20:20:01 +0200] "GET /candy-spinz-casino-se-slots-und-blitzschnelle-gewi/?edit=%2Fhome%2Farithmetic.fr%2F.bashrc HTTP/1.1" 200 64105 "-" "Mozilla/5.0 (Windows NT 10.0; Win64; x64) AppleWebKit/537.36 (KHTML, like Gecko) Chrome/145.0.0.0 Safari/537.36 (compatible; meta-externalagent/1.1 (+https://developers.facebook.com/docs/sharing/webmasters/crawler))"
74.7.242.57 - - [28/Aug/2026:20:20:02 +0200] "GET /?edit=%2Fhome%2Farithmetic.fr%2Fwp-content%2Fthemes%2Fstabapp%2Fredux-framework%2FReduxCore%2Fassets%2Fjs%2Fvendor%2Flte-ie7.js HTTP/1.1" 200 102618 "https://www.arithmetic.fr/?lph=%2Fhome%2Farithmetic.fr%2Fwp-content%2Fthemes%2Fstabapp%2Fredux-framework%2FReduxCore%2Fassets%2Fjs%2Fvendor" "Mozilla/5.0 AppleWebKit/537.36 (KHTML, like Gecko; compatible; GPTBot/1.4; +https://openai.com/gptbot)"
74.7.242.57 - - [28/Aug/2026:20:20:02 +0200] "GET /?chmod=%2Fhome%2Farithmetic.fr%2Fwp-content%2Fthemes%2Fstabapp%2Fredux-framework%2FReduxCore%2Finc%2Ffields%2Fselect%2Ffield_select.min.js HTTP/1.1" 200 85572 "https://www.arithmetic.fr/?lph=%2Fhome%2Farithmetic.fr%2Fwp-content%2Fthemes%2Fstabapp%2Fredux-framework%2FReduxCore%2Finc%2Ffields%2Fselect" "Mozilla/5.0 AppleWebKit/537.36 (KHTML, like Gecko; compatible; GPTBot/1.4; +https://openai.com/gptbot)"
74.7.242.57 - - [28/Aug/2026:20:20:03 +0200] "GET /?chmod=%2Fhome%2Farithmetic.fr%2Fwp-content%2Fthemes%2Fstabapp%2Fredux-framework%2FReduxCore%2Finc%2Ffields%2Fslides%2Ffield_slides.min.js HTTP/1.1" 200 85559 "https://www.arithmetic.fr/?lph=%2Fhome%2Farithmetic.fr%2Fwp-content%2Fthemes%2Fstabapp%2Fredux-framework%2FReduxCore%2Finc%2Ffields%2Fslides" "Mozilla/5.0 AppleWebKit/537.36 (KHTML, like Gecko; compatible; GPTBot/1.4; +https://openai.com/gptbot)"
74.7.242.57 - - [28/Aug/2026:20:20:04 +0200] "GET /?chmod=%2Fhome%2Farithmetic.fr%2Fwp-content%2Fthemes%2Fstabapp%2Fredux-framework%2FReduxCore%2Finc%2Ffields%2Fslider%2Ffield_slider.min.js HTTP/1.1" 200 85572 "https://www.arithmetic.fr/?lph=%2Fhome%2Farithmetic.fr%2Fwp-content%2Fthemes%2Fstabapp%2Fredux-framework%2FReduxCore%2Finc%2Ffields%2Fslider" "Mozilla/5.0 AppleWebKit/537.36 (KHTML, like Gecko; compatible; GPTBot/1.4; +https://openai.com/gptbot)"
74.7.242.57 - - [28/Aug/2026:20:20:05 +0200] "GET /?edit=%2Fhome%2Farithmetic.fr%2Fwp-content%2Fthemes%2Fstabapp%2Fredux-framework%2FReduxCore%2Fassets%2Fjs%2Fvendor%2Fredux.select2.sortable.js HTTP/1.1" 200 91775 "https://www.arithmetic.fr/?lph=%2Fhome%2Farithmetic.fr%2Fwp-content%2Fthemes%2Fstabapp%2Fredux-framework%2FReduxCore%2Fassets%2Fjs%2Fvendor" "Mozilla/5.0 AppleWebKit/537.36 (KHTML, like Gecko; compatible; GPTBot/1.4; +https://openai.com/gptbot)"
74.7.242.57 - - [28/Aug/2026:20:20:06 +0200] "GET /?chmod=%2Fhome%2Farithmetic.fr%2Fwp-content%2Fthemes%2Fstabapp%2Fredux-framework%2FReduxCore%2Fassets%2Fjs%2Fvendor%2Fjsonview.js HTTP/1.1" 200 85540 "https://www.arithmetic.fr/?lph=%2Fhome%2Farithmetic.fr%2Fwp-content%2Fthemes%2Fstabapp%2Fredux-framework%2FReduxCore%2Fassets%2Fjs%2Fvendor" "Mozilla/5.0 AppleWebKit/537.36 (KHTML, like Gecko; compatible; GPTBot/1.4; +https://openai.com/gptbot)"
74.7.242.57 - - [28/Aug/2026:20:20:06 +0200] "GET /?edit=%2Fhome%2Farithmetic.fr%2Fwp-content%2Fthemes%2Fstabapp%2Fredux-framework%2FReduxCore%2Finc%2Ffields%2Fselect%2Ffield_select.js HTTP/1.1" 200 89460 "https://www.arithmetic.fr/?lph=%2Fhome%2Farithmetic.fr%2Fwp-content%2Fthemes%2Fstabapp%2Fredux-framework%2FReduxCore%2Finc%2Ffields%2Fselect" "Mozilla/5.0 AppleWebKit/537.36 (KHTML, like Gecko; compatible; GPTBot/1.4; +https://openai.com/gptbot)"
74.7.242.57 - - [28/Aug/2026:20:20:07 +0200] "GET /?chmod=%2Fhome%2Farithmetic.fr%2Fwp-content%2Fthemes%2Fstabapp%2Fredux-framework%2FReduxCore%2Finc%2Ffields%2Fselect%2Ffield_select.js HTTP/1.1" 200 85551 "https://www.arithmetic.fr/?lph=%2Fhome%2Farithmetic.fr%2Fwp-content%2Fthemes%2Fstabapp%2Fredux-framework%2FReduxCore%2Finc%2Ffields%2Fselect" "Mozilla/5.0 AppleWebKit/537.36 (KHTML, like Gecko; compatible; GPTBot/1.4; +https://openai.com/gptbot)"
74.7.242.57 - - [28/Aug/2026:20:20:08 +0200] "GET /?edit=%2Fhome%2Farithmetic.fr%2Fwp-content%2Fthemes%2Fstabapp%2Fredux-framework%2FReduxCore%2Finc%2Ffields%2Fslides%2Ffield_slides.js HTTP/1.1" 200 93265 "https://www.arithmetic.fr/?lph=%2Fhome%2Farithmetic.fr%2Fwp-content%2Fthemes%2Fstabapp%2Fredux-framework%2FReduxCore%2Finc%2Ffields%2Fslides" "Mozilla/5.0 AppleWebKit/537.36 (KHTML, like Gecko; compatible; GPTBot/1.4; +https://openai.com/gptbot)"
74.7.242.57 - - [28/Aug/2026:20:20:09 +0200] "GET /?edit=%2Fhome%2Farithmetic.fr%2Fwp-content%2Fthemes%2Fstabapp%2Fredux-framework%2FReduxCore%2Finc%2Ffields%2Fslider%2Ffield_slider.js HTTP/1.1" 200 98162 "https://www.arithmetic.fr/?lph=%2Fhome%2Farithmetic.fr%2Fwp-content%2Fthemes%2Fstabapp%2Fredux-framework%2FReduxCore%2Finc%2Ffields%2Fslider" "Mozilla/5.0 AppleWebKit/537.36 (KHTML, like Gecko; compatible; GPTBot/1.4; +https://openai.com/gptbot)"
66.249.70.165 - - [28/Aug/2026:20:20:09 +0200] "GET /wp-content/themes/stabapp/assets/vendors/owl-carousel/owl.carousel.css HTTP/1.1" 200 1115 "https://www.arithmetic.fr/discover-the-best-aussie-pokies-on-rainbet-for-maximum-fun/?lph=%2Fhome%2Farithmetic.fr%2F.ssh" "Mozilla/5.0 (Linux; Android 6.0.1; Nexus 5X Build/MMB29P) AppleWebKit/537.36 (KHTML, like Gecko) Chrome/151.0.7922.173 Mobile Safari/537.36 (compatible; GoogleOther)"
74.7.242.57 - - [28/Aug/2026:20:20:10 +0200] "GET /?rename=%2Fhome%2Farithmetic.fr%2Fwp-content%2Fthemes%2Fstabapp%2Fredux-framework%2FReduxCore%2Finc%2Ffields%2Fswitch%2Ffield_switch.min.js HTTP/1.1" 200 85535 "https://www.arithmetic.fr/?lph=%2Fhome%2Farithmetic.fr%2Fwp-content%2Fthemes%2Fstabapp%2Fredux-framework%2FReduxCore%2Finc%2Ffields%2Fswitch" "Mozilla/5.0 AppleWebKit/537.36 (KHTML, like Gecko; compatible; GPTBot/1.4; +https://openai.com/gptbot)"
74.7.242.57 - - [28/Aug/2026:20:20:11 +0200] "GET /?rename=%2Fhome%2Farithmetic.fr%2Fwp-content%2Fthemes%2Fstabapp%2Fredux-framework%2FReduxCore%2Finc%2Ffields%2Fselect%2Ffield_select.js HTTP/1.1" 200 85523 "https://www.arithmetic.fr/?lph=%2Fhome%2Farithmetic.fr%2Fwp-content%2Fthemes%2Fstabapp%2Fredux-framework%2FReduxCore%2Finc%2Ffields%2Fselect" "Mozilla/5.0 AppleWebKit/537.36 (KHTML, like Gecko; compatible; GPTBot/1.4; +https://openai.com/gptbot)"
74.7.242.57 - - [28/Aug/2026:20:20:11 +0200] "GET /?rename=%2Fhome%2Farithmetic.fr%2Fwp-content%2Fthemes%2Fstabapp%2Fredux-framework%2FReduxCore%2Finc%2Ffields%2Fswitch%2Ffield_switch.js HTTP/1.1" 200 85536 "https://www.arithmetic.fr/?lph=%2Fhome%2Farithmetic.fr%2Fwp-content%2Fthemes%2Fstabapp%2Fredux-framework%2FReduxCore%2Finc%2Ffields%2Fswitch" "Mozilla/5.0 AppleWebKit/537.36 (KHTML, like Gecko; compatible; GPTBot/1.4; +https://openai.com/gptbot)"
66.249.70.167 - - [28/Aug/2026:20:20:12 +0200] "GET /wp-includes/js/jquery/jquery-migrate.min.js HTTP/1.1" 200 4885 "https://www.arithmetic.fr/discover-the-best-aussie-pokies-on-rainbet-for-maximum-fun/?lph=%2Fhome%2Farithmetic.fr%2F.ssh" "Mozilla/5.0 (Linux; Android 6.0.1; Nexus 5X Build/MMB29P) AppleWebKit/537.36 (KHTML, like Gecko) Chrome/151.0.7922.173 Mobile Safari/537.36 (compatible; GoogleOther)"
74.7.242.57 - - [28/Aug/2026:20:20:12 +0200] "GET /?chmod=%2Fhome%2Farithmetic.fr%2Fwp-content%2Fthemes%2Fstabapp%2Fredux-framework%2FReduxCore%2Finc%2Ffields%2Fswitch%2Ffield_switch.min.js HTTP/1.1" 200 85572 "https://www.arithmetic.fr/?lph=%2Fhome%2Farithmetic.fr%2Fwp-content%2Fthemes%2Fstabapp%2Fredux-framework%2FReduxCore%2Finc%2Ffields%2Fswitch" "Mozilla/5.0 AppleWebKit/537.36 (KHTML, like Gecko; compatible; GPTBot/1.4; +https://openai.com/gptbot)"
66.249.70.166 - - [28/Aug/2026:20:20:13 +0200] "GET /discover-the-best-aussie-pokies-on-rainbet-for-maximum-fun/?lph=%2Fhome%2Farithmetic.fr%2F.cache%2Fcomposer HTTP/1.1" 200 119740 "-" "Mozilla/5.0 (Linux; Android 6.0.1; Nexus 5X Build/MMB29P) AppleWebKit/537.36 (KHTML, like Gecko) Chrome/151.0.7922.173 Mobile Safari/537.36 (compatible; GoogleOther)"
74.7.242.57 - - [28/Aug/2026:20:20:13 +0200] "GET /?edit=%2Fhome%2Farithmetic.fr%2Fwp-content%2Fthemes%2Fstabapp%2Fredux-framework%2FReduxCore%2Fassets%2Fjs%2Fvendor%2Fredux.select2.sortable.min.js HTTP/1.1" 200 88040 "https://www.arithmetic.fr/?lph=%2Fhome%2Farithmetic.fr%2Fwp-content%2Fthemes%2Fstabapp%2Fredux-framework%2FReduxCore%2Fassets%2Fjs%2Fvendor" "Mozilla/5.0 AppleWebKit/537.36 (KHTML, like Gecko; compatible; GPTBot/1.4; +https://openai.com/gptbot)"
74.7.242.57 - - [28/Aug/2026:20:20:14 +0200] "GET /?rename=%2Fhome%2Farithmetic.fr%2Fwp-content%2Fthemes%2Fstabapp%2Fredux-framework%2FReduxCore%2Fassets%2Fjs%2Fvendor%2Fredux.select2.sortable.min.js HTTP/1.1" 200 85562 "https://www.arithmetic.fr/?lph=%2Fhome%2Farithmetic.fr%2Fwp-content%2Fthemes%2Fstabapp%2Fredux-framework%2FReduxCore%2Fassets%2Fjs%2Fvendor" "Mozilla/5.0 AppleWebKit/537.36 (KHTML, like Gecko; compatible; GPTBot/1.4; +https://openai.com/gptbot)"
66.249.70.165 - - [28/Aug/2026:20:20:14 +0200] "GET /wp-content/themes/stabapp/assets/js/SmoothScroll.js HTTP/1.1" 200 6555 "https://www.arithmetic.fr/discover-the-best-aussie-pokies-on-rainbet-for-maximum-fun/?lph=%2Fhome%2Farithmetic.fr%2F.ssh" "Mozilla/5.0 (Linux; Android 6.0.1; Nexus 5X Build/MMB29P) AppleWebKit/537.36 (KHTML, like Gecko) Chrome/151.0.7922.173 Mobile Safari/537.36 (compatible; GoogleOther)"
74.7.242.57 - - [28/Aug/2026:20:20:15 +0200] "GET /?rename=%2Fhome%2Farithmetic.fr%2Fwp-content%2Fthemes%2Fstabapp%2Fredux-framework%2FReduxCore%2Fassets%2Fjs%2Fvendor%2Fredux.select2.sortable.js HTTP/1.1" 200 85550 "https://www.arithmetic.fr/?lph=%2Fhome%2Farithmetic.fr%2Fwp-content%2Fthemes%2Fstabapp%2Fredux-framework%2FReduxCore%2Fassets%2Fjs%2Fvendor" "Mozilla/5.0 AppleWebKit/537.36 (KHTML, like Gecko; compatible; GPTBot/1.4; +https://openai.com/gptbot)"
74.7.242.57 - - [28/Aug/2026:20:20:16 +0200] "GET /?edit=%2Fhome%2Farithmetic.fr%2Fwp-content%2Fthemes%2Fstabapp%2Fredux-framework%2FReduxCore%2Finc%2Ffields%2Finfo%2Ffield_info.scss HTTP/1.1" 200 88405 "https://www.arithmetic.fr/?lph=%2Fhome%2Farithmetic.fr%2Fwp-content%2Fthemes%2Fstabapp%2Fredux-framework%2FReduxCore%2Finc%2Ffields%2Finfo" "Mozilla/5.0 AppleWebKit/537.36 (KHTML, like Gecko; compatible; GPTBot/1.4; +https://openai.com/gptbot)"
74.7.242.57 - - [28/Aug/2026:20:20:16 +0200] "GET /?chmod=%2Fhome%2Farithmetic.fr%2Fwp-content%2Fthemes%2Fstabapp%2Fredux-framework%2FReduxCore%2Finc%2Ffields%2Finfo%2Ffield_info.scss HTTP/1.1" 200 85545 "https://www.arithmetic.fr/?lph=%2Fhome%2Farithmetic.fr%2Fwp-content%2Fthemes%2Fstabapp%2Fredux-framework%2FReduxCore%2Finc%2Ffields%2Finfo" "Mozilla/5.0 AppleWebKit/537.36 (KHTML, like Gecko; compatible; GPTBot/1.4; +https://openai.com/gptbot)"
74.7.242.57 - - [28/Aug/2026:20:20:17 +0200] "GET /?chmod=%2Fhome%2Farithmetic.fr%2Fwp-content%2Fthemes%2Fstabapp%2Fredux-framework%2FReduxCore%2Finc%2Ffields%2Fslider%2Ffield_slider.js HTTP/1.1" 200 85551 "https://www.arithmetic.fr/?lph=%2Fhome%2Farithmetic.fr%2Fwp-content%2Fthemes%2Fstabapp%2Fredux-framework%2FReduxCore%2Finc%2Ffields%2Fslider" "Mozilla/5.0 AppleWebKit/537.36 (KHTML, like Gecko; compatible; GPTBot/1.4; +https://openai.com/gptbot)"
74.7.242.57 - - [28/Aug/2026:20:20:18 +0200] "GET /?chmod=%2Fhome%2Farithmetic.fr%2Fwp-content%2Fthemes%2Fstabapp%2Fredux-framework%2FReduxCore%2Finc%2Ffields%2Fslides%2Ffield_slides.js HTTP/1.1" 200 85564 "https://www.arithmetic.fr/?lph=%2Fhome%2Farithmetic.fr%2Fwp-content%2Fthemes%2Fstabapp%2Fredux-framework%2FReduxCore%2Finc%2Ffields%2Fslides" "Mozilla/5.0 AppleWebKit/537.36 (KHTML, like Gecko; compatible; GPTBot/1.4; +https://openai.com/gptbot)"
66.249.70.165 - - [28/Aug/2026:20:20:19 +0200] "GET /wp-content/plugins/complianz-gdpr/assets/css/cookieblocker.min.css HTTP/1.1" 200 735 "https://www.arithmetic.fr/discover-the-best-aussie-pokies-on-rainbet-for-maximum-fun/?lph=%2Fhome%2Farithmetic.fr%2F.ssh" "Mozilla/5.0 (Linux; Android 6.0.1; Nexus 5X Build/MMB29P) AppleWebKit/537.36 (KHTML, like Gecko) Chrome/151.0.7922.173 Mobile Safari/537.36 (compatible; GoogleOther)"
74.7.242.57 - - [28/Aug/2026:20:20:19 +0200] "GET /?edit=%2Fhome%2Farithmetic.fr%2Fwp-content%2Fthemes%2Fstabapp%2Fredux-framework%2FReduxCore%2Finc%2Ffields%2Fswitch%2Ffield_switch.js HTTP/1.1" 200 89127 "https://www.arithmetic.fr/?lph=%2Fhome%2Farithmetic.fr%2Fwp-content%2Fthemes%2Fstabapp%2Fredux-framework%2FReduxCore%2Finc%2Ffields%2Fswitch" "Mozilla/5.0 AppleWebKit/537.36 (KHTML, like Gecko; compatible; GPTBot/1.4; +https://openai.com/gptbot)"
74.7.242.57 - - [28/Aug/2026:20:20:20 +0200] "GET /?chmod=%2Fhome%2Farithmetic.fr%2Fwp-content%2Fthemes%2Fstabapp%2Fredux-framework%2FReduxCore%2Finc%2Ffields%2Fswitch%2Ffield_switch.js HTTP/1.1" 200 85564 "https://www.arithmetic.fr/?lph=%2Fhome%2Farithmetic.fr%2Fwp-content%2Fthemes%2Fstabapp%2Fredux-framework%2FReduxCore%2Finc%2Ffields%2Fswitch" "Mozilla/5.0 AppleWebKit/537.36 (KHTML, like Gecko; compatible; GPTBot/1.4; +https://openai.com/gptbot)"
74.7.242.57 - - [28/Aug/2026:20:20:21 +0200] "GET /?rename=%2Fhome%2Farithmetic.fr%2Fwp-content%2Fthemes%2Fstabapp%2Fredux-framework%2FReduxCore%2Finc%2Ffields%2Fselect%2Ffield_select.min.js HTTP/1.1" 200 85548 "https://www.arithmetic.fr/?lph=%2Fhome%2Farithmetic.fr%2Fwp-content%2Fthemes%2Fstabapp%2Fredux-framework%2FReduxCore%2Finc%2Ffields%2Fselect" "Mozilla/5.0 AppleWebKit/537.36 (KHTML, like Gecko; compatible; GPTBot/1.4; +https://openai.com/gptbot)"
74.7.242.57 - - [28/Aug/2026:20:20:22 +0200] "GET /?rename=%2Fhome%2Farithmetic.fr%2Fwp-content%2Fthemes%2Fstabapp%2Fredux-framework%2FReduxCore%2Finc%2Ffields%2Fslides%2Ffield_slides.min.js HTTP/1.1" 200 85535 "https://www.arithmetic.fr/?lph=%2Fhome%2Farithmetic.fr%2Fwp-content%2Fthemes%2Fstabapp%2Fredux-framework%2FReduxCore%2Finc%2Ffields%2Fslides" "Mozilla/5.0 AppleWebKit/537.36 (KHTML, like Gecko; compatible; GPTBot/1.4; +https://openai.com/gptbot)"
74.7.242.57 - - [28/Aug/2026:20:20:22 +0200] "GET /?rename=%2Fhome%2Farithmetic.fr%2Fwp-content%2Fthemes%2Fstabapp%2Fredux-framework%2FReduxCore%2Finc%2Ffields%2Fslider%2Ffield_slider.min.js HTTP/1.1" 200 85548 "https://www.arithmetic.fr/?lph=%2Fhome%2Farithmetic.fr%2Fwp-content%2Fthemes%2Fstabapp%2Fredux-framework%2FReduxCore%2Finc%2Ffields%2Fslider" "Mozilla/5.0 AppleWebKit/537.36 (KHTML, like Gecko; compatible; GPTBot/1.4; +https://openai.com/gptbot)"
74.7.242.57 - - [28/Aug/2026:20:20:23 +0200] "GET /?chmod=%2Fhome%2Farithmetic.fr%2Fwp-content%2Fthemes%2Fstabapp%2Fredux-framework%2FReduxCore%2Fassets%2Fcss%2Fvendor%2Fjquery-ui-bootstrap%2Fimages HTTP/1.1" 200 85607 "https://www.arithmetic.fr/?lph=%2Fhome%2Farithmetic.fr%2Fwp-content%2Fthemes%2Fstabapp%2Fredux-framework%2FReduxCore%2Fassets%2Fcss%2Fvendor%2Fjquery-ui-bootstrap" "Mozilla/5.0 AppleWebKit/537.36 (KHTML, like Gecko; compatible; GPTBot/1.4; +https://openai.com/gptbot)"
74.7.242.57 - - [28/Aug/2026:20:20:24 +0200] "GET /?chmod=%2Fhome%2Farithmetic.fr%2Fwp-content%2Fthemes%2Fstabapp%2Fredux-framework%2FReduxCore%2Finc%2Ffields%2Fslider%2Ffield_slider.scss HTTP/1.1" 200 85568 "https://www.arithmetic.fr/?lph=%2Fhome%2Farithmetic.fr%2Fwp-content%2Fthemes%2Fstabapp%2Fredux-framework%2FReduxCore%2Finc%2Ffields%2Fslider" "Mozilla/5.0 AppleWebKit/537.36 (KHTML, like Gecko; compatible; GPTBot/1.4; +https://openai.com/gptbot)"
74.7.242.57 - - [28/Aug/2026:20:20:25 +0200] "GET /?chmod=%2Fhome%2Farithmetic.fr%2Fwp-content%2Fthemes%2Fstabapp%2Fredux-framework%2FReduxCore%2Finc%2Ffields%2Fborder%2Ffield_border.scss HTTP/1.1" 200 85555 "https://www.arithmetic.fr/?lph=%2Fhome%2Farithmetic.fr%2Fwp-content%2Fthemes%2Fstabapp%2Fredux-framework%2FReduxCore%2Finc%2Ffields%2Fborder" "Mozilla/5.0 AppleWebKit/537.36 (KHTML, like Gecko; compatible; GPTBot/1.4; +https://openai.com/gptbot)"
74.7.242.57 - - [28/Aug/2026:20:20:26 +0200] "GET /?chmod=%2Fhome%2Farithmetic.fr%2Fwp-content%2Fthemes%2Fstabapp%2Fredux-framework%2FReduxCore%2Finc%2Ffields%2Fslides%2Ffield_slides.scss HTTP/1.1" 200 85568 "https://www.arithmetic.fr/?lph=%2Fhome%2Farithmetic.fr%2Fwp-content%2Fthemes%2Fstabapp%2Fredux-framework%2FReduxCore%2Finc%2Ffields%2Fslides" "Mozilla/5.0 AppleWebKit/537.36 (KHTML, like Gecko; compatible; GPTBot/1.4; +https://openai.com/gptbot)"
74.7.242.57 - - [28/Aug/2026:20:20:27 +0200] "GET /?chmod=%2Fhome%2Farithmetic.fr%2Fwp-content%2Fthemes%2Fstabapp%2Fredux-framework%2FReduxCore%2Finc%2Ffields%2Fselect%2Ffield_select.scss HTTP/1.1" 200 85555 "https://www.arithmetic.fr/?lph=%2Fhome%2Farithmetic.fr%2Fwp-content%2Fthemes%2Fstabapp%2Fredux-framework%2FReduxCore%2Finc%2Ffields%2Fselect" "Mozilla/5.0 AppleWebKit/537.36 (KHTML, like Gecko; compatible; GPTBot/1.4; +https://openai.com/gptbot)"
74.7.242.57 - - [28/Aug/2026:20:20:28 +0200] "GET /?chmod=%2Fhome%2Farithmetic.fr%2Fwp-content%2Fthemes%2Fstabapp%2Fredux-framework%2FReduxCore%2Finc%2Ffields%2Fdivide%2Ffield_divide.scss HTTP/1.1" 200 85568 "https://www.arithmetic.fr/?lph=%2Fhome%2Farithmetic.fr%2Fwp-content%2Fthemes%2Fstabapp%2Fredux-framework%2FReduxCore%2Finc%2Ffields%2Fdivide" "Mozilla/5.0 AppleWebKit/537.36 (KHTML, like Gecko; compatible; GPTBot/1.4; +https://openai.com/gptbot)"
74.7.242.57 - - [28/Aug/2026:20:20:28 +0200] "GET /?chmod=%2Fhome%2Farithmetic.fr%2Fwp-content%2Fthemes%2Fstabapp%2Fredux-framework%2FReduxCore%2Finc%2Ffields%2Feditor%2Ffield_editor.scss HTTP/1.1" 200 85568 "https://www.arithmetic.fr/?lph=%2Fhome%2Farithmetic.fr%2Fwp-content%2Fthemes%2Fstabapp%2Fredux-framework%2FReduxCore%2Finc%2Ffields%2Feditor" "Mozilla/5.0 AppleWebKit/537.36 (KHTML, like Gecko; compatible; GPTBot/1.4; +https://openai.com/gptbot)"
74.7.242.57 - - [28/Aug/2026:20:20:29 +0200] "GET /?chmod=%2Fhome%2Farithmetic.fr%2Fwp-content%2Fthemes%2Fstabapp%2Fredux-framework%2FReduxCore%2Finc%2Ffields%2Fsorter%2Ffield_sorter.scss HTTP/1.1" 200 85555 "https://www.arithmetic.fr/?lph=%2Fhome%2Farithmetic.fr%2Fwp-content%2Fthemes%2Fstabapp%2Fredux-framework%2FReduxCore%2Finc%2Ffields%2Fsorter" "Mozilla/5.0 AppleWebKit/537.36 (KHTML, like Gecko; compatible; GPTBot/1.4; +https://openai.com/gptbot)"
74.7.242.57 - - [28/Aug/2026:20:20:30 +0200] "GET /?chmod=%2Fhome%2Farithmetic.fr%2Fwp-content%2Fthemes%2Fstabapp%2Fredux-framework%2FReduxCore%2Finc%2Ffields%2Fpalette%2Ffield_palette.js HTTP/1.1" 200 85564 "https://www.arithmetic.fr/?lph=%2Fhome%2Farithmetic.fr%2Fwp-content%2Fthemes%2Fstabapp%2Fredux-framework%2FReduxCore%2Finc%2Ffields%2Fpalette" "Mozilla/5.0 AppleWebKit/537.36 (KHTML, like Gecko; compatible; GPTBot/1.4; +https://openai.com/gptbot)"
74.7.242.57 - - [28/Aug/2026:20:20:31 +0200] "GET /?rename=%2Fhome%2Farithmetic.fr%2Fwp-content%2Fthemes%2Fstabapp%2Fredux-framework%2FReduxCore%2Finc%2Ffields%2Fslides%2Ffield_slides.scss HTTP/1.1" 200 85524 "https://www.arithmetic.fr/?lph=%2Fhome%2Farithmetic.fr%2Fwp-content%2Fthemes%2Fstabapp%2Fredux-framework%2FReduxCore%2Finc%2Ffields%2Fslides" "Mozilla/5.0 AppleWebKit/537.36 (KHTML, like Gecko; compatible; GPTBot/1.4; +https://openai.com/gptbot)"
74.7.242.57 - - [28/Aug/2026:20:20:32 +0200] "GET /?rename=%2Fhome%2Farithmetic.fr%2Fwp-content%2Fthemes%2Fstabapp%2Fredux-framework%2FReduxCore%2Finc%2Ffields%2Fslider%2Ffield_slider.scss HTTP/1.1" 200 85537 "https://www.arithmetic.fr/?lph=%2Fhome%2Farithmetic.fr%2Fwp-content%2Fthemes%2Fstabapp%2Fredux-framework%2FReduxCore%2Finc%2Ffields%2Fslider" "Mozilla/5.0 AppleWebKit/537.36 (KHTML, like Gecko; compatible; GPTBot/1.4; +https://openai.com/gptbot)"
74.7.242.57 - - [28/Aug/2026:20:20:33 +0200] "GET /?rename=%2Fhome%2Farithmetic.fr%2Fwp-content%2Fthemes%2Fstabapp%2Fredux-framework%2FReduxCore%2Finc%2Ffields%2Fswitch%2Ffield_switch.scss HTTP/1.1" 200 85524 "https://www.arithmetic.fr/?lph=%2Fhome%2Farithmetic.fr%2Fwp-content%2Fthemes%2Fstabapp%2Fredux-framework%2FReduxCore%2Finc%2Ffields%2Fswitch" "Mozilla/5.0 AppleWebKit/537.36 (KHTML, like Gecko; compatible; GPTBot/1.4; +https://openai.com/gptbot)"
74.7.242.57 - - [28/Aug/2026:20:20:33 +0200] "GET /?rename=%2Fhome%2Farithmetic.fr%2Fwp-content%2Fthemes%2Fstabapp%2Fredux-framework%2FReduxCore%2Finc%2Ffields%2Fdivide%2Ffield_divide.scss HTTP/1.1" 200 85524 "https://www.arithmetic.fr/?lph=%2Fhome%2Farithmetic.fr%2Fwp-content%2Fthemes%2Fstabapp%2Fredux-framework%2FReduxCore%2Finc%2Ffields%2Fdivide" "Mozilla/5.0 AppleWebKit/537.36 (KHTML, like Gecko; compatible; GPTBot/1.4; +https://openai.com/gptbot)"
74.7.242.57 - - [28/Aug/2026:20:20:34 +0200] "GET /?rename=%2Fhome%2Farithmetic.fr%2Fwp-content%2Fthemes%2Fstabapp%2Fredux-framework%2FReduxCore%2Finc%2Ffields%2Feditor%2Ffield_editor.scss HTTP/1.1" 200 85524 "https://www.arithmetic.fr/?lph=%2Fhome%2Farithmetic.fr%2Fwp-content%2Fthemes%2Fstabapp%2Fredux-framework%2FReduxCore%2Finc%2Ffields%2Feditor" "Mozilla/5.0 AppleWebKit/537.36 (KHTML, like Gecko; compatible; GPTBot/1.4; +https://openai.com/gptbot)"
74.7.242.57 - - [28/Aug/2026:20:20:35 +0200] "GET /?edit=%2Fhome%2Farithmetic.fr%2Fwp-content%2Fthemes%2Fstabapp%2Fredux-framework%2FReduxCore%2Fassets%2Fimg%2F3cr.png HTTP/1.1" 200 91226 "https://www.arithmetic.fr/?lph=%2Fhome%2Farithmetic.fr%2Fwp-content%2Fthemes%2Fstabapp%2Fredux-framework%2FReduxCore%2Fassets%2Fimg" "Mozilla/5.0 AppleWebKit/537.36 (KHTML, like Gecko; compatible; GPTBot/1.4; +https://openai.com/gptbot)"
74.7.242.57 - - [28/Aug/2026:20:20:36 +0200] "GET /?edit=%2Fhome%2Farithmetic.fr%2Fwp-content%2Fthemes%2Fstabapp%2Fredux-framework%2FReduxCore%2Fassets%2Fimg%2F3cm.png HTTP/1.1" 200 91167 "https://www.arithmetic.fr/?lph=%2Fhome%2Farithmetic.fr%2Fwp-content%2Fthemes%2Fstabapp%2Fredux-framework%2FReduxCore%2Fassets%2Fimg" "Mozilla/5.0 AppleWebKit/537.36 (KHTML, like Gecko; compatible; GPTBot/1.4; +https://openai.com/gptbot)"
74.7.242.57 - - [28/Aug/2026:20:20:37 +0200] "GET /?chmod=%2Fhome%2Farithmetic.fr%2Fwp-content%2Fthemes%2Fstabapp%2Fredux-framework%2FReduxCore%2Fassets%2Fimg%2F1c.png HTTP/1.1" 200 85506 "https://www.arithmetic.fr/?lph=%2Fhome%2Farithmetic.fr%2Fwp-content%2Fthemes%2Fstabapp%2Fredux-framework%2FReduxCore%2Fassets%2Fimg" "Mozilla/5.0 AppleWebKit/537.36 (KHTML, like Gecko; compatible; GPTBot/1.4; +https://openai.com/gptbot)"
74.7.242.57 - - [28/Aug/2026:20:20:37 +0200] "GET /?edit=%2Fhome%2Farithmetic.fr%2Fwp-content%2Fthemes%2Fstabapp%2Fredux-framework%2FReduxCore%2Fassets%2Fimg%2F1c.png HTTP/1.1" 200 85803 "https://www.arithmetic.fr/?lph=%2Fhome%2Farithmetic.fr%2Fwp-content%2Fthemes%2Fstabapp%2Fredux-framework%2FReduxCore%2Fassets%2Fimg" "Mozilla/5.0 AppleWebKit/537.36 (KHTML, like Gecko; compatible; GPTBot/1.4; +https://openai.com/gptbot)"
74.7.242.57 - - [28/Aug/2026:20:20:38 +0200] "GET /?rename=%2Fhome%2Farithmetic.fr%2Fwp-content%2Fthemes%2Fstabapp%2Fredux-framework%2FReduxCore%2Fassets%2Fjs%2Fvendor%2Flte-ie7.js HTTP/1.1" 200 85505 "https://www.arithmetic.fr/?lph=%2Fhome%2Farithmetic.fr%2Fwp-content%2Fthemes%2Fstabapp%2Fredux-framework%2FReduxCore%2Fassets%2Fjs%2Fvendor" "Mozilla/5.0 AppleWebKit/537.36 (KHTML, like Gecko; compatible; GPTBot/1.4; +https://openai.com/gptbot)"
74.7.242.57 - - [28/Aug/2026:20:20:39 +0200] "GET /?edit=%2Fhome%2Farithmetic.fr%2Fwp-content%2Fthemes%2Fstabapp%2Fredux-framework%2FReduxCore%2Fassets%2Fimg%2F2cl.png HTTP/1.1" 200 91044 "https://www.arithmetic.fr/?lph=%2Fhome%2Farithmetic.fr%2Fwp-content%2Fthemes%2Fstabapp%2Fredux-framework%2FReduxCore%2Fassets%2Fimg" "Mozilla/5.0 AppleWebKit/537.36 (KHTML, like Gecko; compatible; GPTBot/1.4; +https://openai.com/gptbot)"
74.7.242.57 - - [28/Aug/2026:20:20:40 +0200] "GET /?chmod=%2Fhome%2Farithmetic.fr%2Fwp-content%2Fthemes%2Fstabapp%2Fredux-framework%2FReduxCore%2Finc%2Ffields%2Fsorter%2Ffield_sorter.min.js HTTP/1.1" 200 85559 "https://www.arithmetic.fr/?lph=%2Fhome%2Farithmetic.fr%2Fwp-content%2Fthemes%2Fstabapp%2Fredux-framework%2FReduxCore%2Finc%2Ffields%2Fsorter" "Mozilla/5.0 AppleWebKit/537.36 (KHTML, like Gecko; compatible; GPTBot/1.4; +https://openai.com/gptbot)"
74.7.242.57 - - [28/Aug/2026:20:20:41 +0200] "GET /?chmod=%2Fhome%2Farithmetic.fr%2Fwp-content%2Fthemes%2Fstabapp%2Fredux-framework%2FReduxCore%2Finc%2Ffields%2Feditor%2Ffield_editor.min.js HTTP/1.1" 200 85572 "https://www.arithmetic.fr/?lph=%2Fhome%2Farithmetic.fr%2Fwp-content%2Fthemes%2Fstabapp%2Fredux-framework%2FReduxCore%2Finc%2Ffields%2Feditor" "Mozilla/5.0 AppleWebKit/537.36 (KHTML, like Gecko; compatible; GPTBot/1.4; +https://openai.com/gptbot)"
74.7.242.57 - - [28/Aug/2026:20:20:42 +0200] "GET /?chmod=%2Fhome%2Farithmetic.fr%2Fwp-content%2Fthemes%2Fstabapp%2Fassets%2Fvendors%2Fflexslider%2Fimages HTTP/1.1" 200 85462 "https://www.arithmetic.fr/?lph=%2Fhome%2Farithmetic.fr%2Fwp-content%2Fthemes%2Fstabapp%2Fassets%2Fvendors%2Fflexslider" "Mozilla/5.0 AppleWebKit/537.36 (KHTML, like Gecko; compatible; GPTBot/1.4; +https://openai.com/gptbot)"
74.7.242.57 - - [28/Aug/2026:20:20:42 +0200] "GET /?chmod=%2Fhome%2Farithmetic.fr%2Fwp-content%2Fthemes%2Fstabapp%2Fassets%2Fimages%2Ftitle_bars%2Ftitle-bar.jpg HTTP/1.1" 200 85491 "https://www.arithmetic.fr/?lph=%2Fhome%2Farithmetic.fr%2Fwp-content%2Fthemes%2Fstabapp%2Fassets%2Fimages%2Ftitle_bars" "Mozilla/5.0 AppleWebKit/537.36 (KHTML, like Gecko; compatible; GPTBot/1.4; +https://openai.com/gptbot)"
74.7.242.57 - - [28/Aug/2026:20:20:43 +0200] "GET /?edit=%2Fusr%2Flib%2Flibdmmp.so.0.2.0 HTTP/1.1" 200 132531 "https://www.arithmetic.fr/?lph=%2F%2Flib" "Mozilla/5.0 AppleWebKit/537.36 (KHTML, like Gecko; compatible; GPTBot/1.4; +https://openai.com/gptbot)"
74.7.242.57 - - [28/Aug/2026:20:20:44 +0200] "GET /?rename=%2Fproc%2F1846%2Floginuid HTTP/1.1" 200 85217 "https://www.arithmetic.fr/?lph=%2Fproc%2F1846" "Mozilla/5.0 AppleWebKit/537.36 (KHTML, like Gecko; compatible; GPTBot/1.4; +https://openai.com/gptbot)"
74.7.242.57 - - [28/Aug/2026:20:20:45 +0200] "GET /?rename=%2F%2Flib64 HTTP/1.1" 200 85187 "https://www.arithmetic.fr/?lph=/" "Mozilla/5.0 AppleWebKit/537.36 (KHTML, like Gecko; compatible; GPTBot/1.4; +https://openai.com/gptbot)"
74.7.242.57 - - [28/Aug/2026:20:20:46 +0200] "GET /?lph=%2Fusr%2Flib64 HTTP/1.1" 200 142437 "https://www.arithmetic.fr/?lph=%2F%2Flib64" "Mozilla/5.0 AppleWebKit/537.36 (KHTML, like Gecko; compatible; GPTBot/1.4; +https://openai.com/gptbot)"
74.7.242.57 - - [28/Aug/2026:20:20:47 +0200] "GET /?chmod=%2F%2Flibx32 HTTP/1.1" 200 85227 "https://www.arithmetic.fr/?lph=/" "Mozilla/5.0 AppleWebKit/537.36 (KHTML, like Gecko; compatible; GPTBot/1.4; +https://openai.com/gptbot)"
74.7.242.57 - - [28/Aug/2026:20:20:47 +0200] "GET /2026/08/?chmod=%2Fhome%2Farithmetic.fr%2Fwp-comments-post.php HTTP/1.1" 200 74069 "https://www.arithmetic.fr/2026/08/" "Mozilla/5.0 AppleWebKit/537.36 (KHTML, like Gecko; compatible; GPTBot/1.4; +https://openai.com/gptbot)"
74.7.242.57 - - [28/Aug/2026:20:20:48 +0200] "GET /?chmod=%2Fhome%2Farithmetic.fr%2Fwp-content%2Fthemes%2Ftwentytwentythree%2Fstyles%2Fsherbet.json HTTP/1.1" 200 85453 "https://www.arithmetic.fr/?lph=%2Fhome%2Farithmetic.fr%2Fwp-content%2Fthemes%2Ftwentytwentythree%2Fstyles" "Mozilla/5.0 AppleWebKit/537.36 (KHTML, like Gecko; compatible; GPTBot/1.4; +https://openai.com/gptbot)"
74.7.242.57 - - [28/Aug/2026:20:20:49 +0200] "GET /?chmod=%2Fhome%2Farithmetic.fr%2Fwp-content%2Fthemes%2Ftwentytwentythree%2Fstyles%2Felectric.json HTTP/1.1" 200 85442 "https://www.arithmetic.fr/?lph=%2Fhome%2Farithmetic.fr%2Fwp-content%2Fthemes%2Ftwentytwentythree%2Fstyles" "Mozilla/5.0 AppleWebKit/537.36 (KHTML, like Gecko; compatible; GPTBot/1.4; +https://openai.com/gptbot)"
74.7.242.57 - - [28/Aug/2026:20:20:50 +0200] "GET /?edit=%2Fdev%2Fsda1 HTTP/1.1" 200 85234 "https://www.arithmetic.fr/?lph=%2F%2Fdev" "Mozilla/5.0 AppleWebKit/537.36 (KHTML, like Gecko; compatible; GPTBot/1.4; +https://openai.com/gptbot)"
74.7.242.57 - - [28/Aug/2026:20:20:51 +0200] "GET /?rename=%2Fproc%2F2 HTTP/1.1" 200 85178 "https://www.arithmetic.fr/?lph=%2F%2Fproc" "Mozilla/5.0 AppleWebKit/537.36 (KHTML, like Gecko; compatible; GPTBot/1.4; +https://openai.com/gptbot)"
74.7.242.57 - - [28/Aug/2026:20:20:52 +0200] "GET /?chmod=%2Fusr%2Fbin%2Fx86_64-linux-gnu-cpp HTTP/1.1" 200 85267 "https://www.arithmetic.fr/?lph=%2F%2Fbin" "Mozilla/5.0 AppleWebKit/537.36 (KHTML, like Gecko; compatible; GPTBot/1.4; +https://openai.com/gptbot)"
74.7.242.57 - - [28/Aug/2026:20:20:52 +0200] "GET /?rename=%2Fhome%2Farithmetic.fr%2Fwp-content%2Fthemes%2Fstabapp%2Fassets%2Fvendors%2Fflipster%2Fjs HTTP/1.1" 200 85425 "https://www.arithmetic.fr/?lph=%2Fhome%2Farithmetic.fr%2Fwp-content%2Fthemes%2Fstabapp%2Fassets%2Fvendors%2Fflipster" "Mozilla/5.0 AppleWebKit/537.36 (KHTML, like Gecko; compatible; GPTBot/1.4; +https://openai.com/gptbot)"
74.7.242.57 - - [28/Aug/2026:20:20:53 +0200] "GET /?rename=%2Fhome%2Farithmetic.fr%2Fwp-content%2Fthemes%2Ftwentytwentyfive%2Fpatterns%2Ftemplate-search-vertical-header-blog.php HTTP/1.1" 200 85496 "https://www.arithmetic.fr/?lph=%2Fhome%2Farithmetic.fr%2Fwp-content%2Fthemes%2Ftwentytwentyfive%2Fpatterns" "Mozilla/5.0 AppleWebKit/537.36 (KHTML, like Gecko; compatible; GPTBot/1.4; +https://openai.com/gptbot)"
74.7.242.57 - - [28/Aug/2026:20:20:54 +0200] "GET /?rename=%2Fhome%2Farithmetic.fr%2Fwp-content%2Fthemes%2Fstabapp%2Fframework%2Fadmin%2Ftgm-plugin-activation HTTP/1.1" 200 85447 "https://www.arithmetic.fr/?lph=%2Fhome%2Farithmetic.fr%2Fwp-content%2Fthemes%2Fstabapp%2Fframework%2Fadmin" "Mozilla/5.0 AppleWebKit/537.36 (KHTML, like Gecko; compatible; GPTBot/1.4; +https://openai.com/gptbot)"
74.7.242.57 - - [28/Aug/2026:20:20:55 +0200] "GET /?chmod=%2Fhome%2Farithmetic.fr%2Fwp-content%2Fthemes%2Fstabapp%2Fredux-framework%2FReduxCore%2Finc%2Ffields%2Fdate%2Ffield_date.min.js HTTP/1.1" 200 85549 "https://www.arithmetic.fr/?lph=%2Fhome%2Farithmetic.fr%2Fwp-content%2Fthemes%2Fstabapp%2Fredux-framework%2FReduxCore%2Finc%2Ffields%2Fdate" "Mozilla/5.0 AppleWebKit/537.36 (KHTML, like Gecko; compatible; GPTBot/1.4; +https://openai.com/gptbot)"
74.7.242.57 - - [28/Aug/2026:20:20:56 +0200] "GET /?lph=%2Fhome%2Farithmetic.fr%2Fwp-content%2Fthemes%2Fstabapp%2Fassets%2Fvendors%2Fflipster%2Fimg HTTP/1.1" 200 145248 "https://www.arithmetic.fr/?lph=%2Fhome%2Farithmetic.fr%2Fwp-content%2Fthemes%2Fstabapp%2Fassets%2Fvendors%2Fflipster" "Mozilla/5.0 AppleWebKit/537.36 (KHTML, like Gecko; compatible; GPTBot/1.4; +https://openai.com/gptbot)"
74.7.242.57 - - [28/Aug/2026:20:20:57 +0200] "GET /?chmod=%2Fhome%2Farithmetic.fr%2Fwp-content%2Fthemes%2Fstabapp%2Fassets%2Fvendors%2Fflipster%2Fjs HTTP/1.1" 200 85448 "https://www.arithmetic.fr/?lph=%2Fhome%2Farithmetic.fr%2Fwp-content%2Fthemes%2Fstabapp%2Fassets%2Fvendors%2Fflipster" "Mozilla/5.0 AppleWebKit/537.36 (KHTML, like Gecko; compatible; GPTBot/1.4; +https://openai.com/gptbot)"
74.7.242.57 - - [28/Aug/2026:20:20:57 +0200] "GET /?chmod=%2Fhome%2Farithmetic.fr%2Fwp-content%2Fthemes%2Fstabapp%2Fframework%2Fadmin%2Fassets%2Fcss HTTP/1.1" 200 85465 "https://www.arithmetic.fr/?lph=%2Fhome%2Farithmetic.fr%2Fwp-content%2Fthemes%2Fstabapp%2Fframework%2Fadmin%2Fassets" "Mozilla/5.0 AppleWebKit/537.36 (KHTML, like Gecko; compatible; GPTBot/1.4; +https://openai.com/gptbot)"
74.7.242.57 - - [28/Aug/2026:20:20:58 +0200] "GET /?chmod=%2Fhome%2Farithmetic.fr%2Fwp-content%2Fthemes%2Fstabapp%2Fframework%2Fadmin%2Fassets%2Fjs HTTP/1.1" 200 85450 "https://www.arithmetic.fr/?lph=%2Fhome%2Farithmetic.fr%2Fwp-content%2Fthemes%2Fstabapp%2Fframework%2Fadmin%2Fassets" "Mozilla/5.0 AppleWebKit/537.36 (KHTML, like Gecko; compatible; GPTBot/1.4; +https://openai.com/gptbot)"
74.7.242.57 - - [28/Aug/2026:20:20:59 +0200] "GET /?chmod=%2Fhome%2Farithmetic.fr%2Fwp-content%2Fthemes%2Ftwentytwentyfive%2Fassets%2Fimages%2Fcoral-square.webp HTTP/1.1" 200 85487 "https://www.arithmetic.fr/?lph=%2Fhome%2Farithmetic.fr%2Fwp-content%2Fthemes%2Ftwentytwentyfive%2Fassets%2Fimages" "Mozilla/5.0 AppleWebKit/537.36 (KHTML, like Gecko; compatible; GPTBot/1.4; +https://openai.com/gptbot)"
74.7.242.57 - - [28/Aug/2026:20:21:00 +0200] "GET /?chmod=%2Fhome%2Farithmetic.fr%2Fwp-content%2Fthemes%2Ftwentytwentyfive%2Fassets%2Fimages%2Fred-hibiscus-closeup.webp HTTP/1.1" 200 85503 "https://www.arithmetic.fr/?lph=%2Fhome%2Farithmetic.fr%2Fwp-content%2Fthemes%2Ftwentytwentyfive%2Fassets%2Fimages" "Mozilla/5.0 AppleWebKit/537.36 (KHTML, like Gecko; compatible; GPTBot/1.4; +https://openai.com/gptbot)"
74.7.242.57 - - [28/Aug/2026:20:21:01 +0200] "GET /?chmod=%2Fhome%2Farithmetic.fr%2Fwp-content%2Fthemes%2Ftwentytwentyfour%2Fassets%2Fimages%2Ftourist-and-building.webp HTTP/1.1" 200 85490 "https://www.arithmetic.fr/?lph=%2Fhome%2Farithmetic.fr%2Fwp-content%2Fthemes%2Ftwentytwentyfour%2Fassets%2Fimages" "Mozilla/5.0 AppleWebKit/537.36 (KHTML, like Gecko; compatible; GPTBot/1.4; +https://openai.com/gptbot)"
74.7.242.57 - - [28/Aug/2026:20:21:02 +0200] "GET /?chmod=%2Fhome%2Farithmetic.fr%2Fwp-content%2Fthemes%2Ftwentytwentyfour%2Fassets%2Fimages%2Fangular-roof.webp HTTP/1.1" 200 85487 "https://www.arithmetic.fr/?lph=%2Fhome%2Farithmetic.fr%2Fwp-content%2Fthemes%2Ftwentytwentyfour%2Fassets%2Fimages" "Mozilla/5.0 AppleWebKit/537.36 (KHTML, like Gecko; compatible; GPTBot/1.4; +https://openai.com/gptbot)"
74.7.242.57 - - [28/Aug/2026:20:21:02 +0200] "GET /?edit=%2Fhome%2Farithmetic.fr%2Fwp-content%2Fthemes%2Ftwentytwentyfive%2Fassets%2Fimages%2Fdallas-creek-square.webp HTTP/1.1" 200 99899 "https://www.arithmetic.fr/?lph=%2Fhome%2Farithmetic.fr%2Fwp-content%2Fthemes%2Ftwentytwentyfive%2Fassets%2Fimages" "Mozilla/5.0 AppleWebKit/537.36 (KHTML, like Gecko; compatible; GPTBot/1.4; +https://openai.com/gptbot)"
74.7.242.57 - - [28/Aug/2026:20:21:03 +0200] "GET /?chmod=%2Fhome%2Farithmetic.fr%2Fwp-content%2Fthemes%2Ftwentytwentyfive%2Fassets%2Fimages%2Fbook-image-landing.webp HTTP/1.1" 200 85486 "https://www.arithmetic.fr/?lph=%2Fhome%2Farithmetic.fr%2Fwp-content%2Fthemes%2Ftwentytwentyfive%2Fassets%2Fimages" "Mozilla/5.0 AppleWebKit/537.36 (KHTML, like Gecko; compatible; GPTBot/1.4; +https://openai.com/gptbot)"
74.7.242.57 - - [28/Aug/2026:20:21:04 +0200] "GET /?chmod=%2Fhome%2Farithmetic.fr%2Fwp-content%2Fthemes%2Ftwentytwentyfive%2Fassets%2Fimages%2Fflower-meadow-square.webp HTTP/1.1" 200 85503 "https://www.arithmetic.fr/?lph=%2Fhome%2Farithmetic.fr%2Fwp-content%2Fthemes%2Ftwentytwentyfive%2Fassets%2Fimages" "Mozilla/5.0 AppleWebKit/537.36 (KHTML, like Gecko; compatible; GPTBot/1.4; +https://openai.com/gptbot)"
74.7.242.57 - - [28/Aug/2026:20:21:05 +0200] "GET /?chmod=%2Fhome%2Farithmetic.fr%2Fwp-content%2Fthemes%2Fstabapp%2Fframework%2Fshortcodes%2Flist_image_carousel HTTP/1.1" 200 85485 "https://www.arithmetic.fr/?lph=%2Fhome%2Farithmetic.fr%2Fwp-content%2Fthemes%2Fstabapp%2Fframework%2Fshortcodes" "Mozilla/5.0 AppleWebKit/537.36 (KHTML, like Gecko; compatible; GPTBot/1.4; +https://openai.com/gptbot)"
