188.161.150.35 - - [28/Aug/2026:17:25:49 +0200] "GET /wp-includes/js/jquery/ui/core.min.js HTTP/1.1" 200 7119 "https://www.arithmetic.fr/wp-admin/" "Mozilla/5.0 (Windows NT 10.0; Win64; x64; rv:154.0) Gecko/20100101 Firefox/154.0"
188.161.150.35 - - [28/Aug/2026:17:25:49 +0200] "GET /wp-includes/js/jquery/ui/mouse.min.js HTTP/1.1" 200 1110 "https://www.arithmetic.fr/wp-admin/" "Mozilla/5.0 (Windows NT 10.0; Win64; x64; rv:154.0) Gecko/20100101 Firefox/154.0"
188.161.150.35 - - [28/Aug/2026:17:25:49 +0200] "GET /wp-includes/js/jquery/ui/sortable.min.js HTTP/1.1" 200 6599 "https://www.arithmetic.fr/wp-admin/" "Mozilla/5.0 (Windows NT 10.0; Win64; x64; rv:154.0) Gecko/20100101 Firefox/154.0"
188.161.150.35 - - [28/Aug/2026:17:25:49 +0200] "GET /wp-admin/js/postbox.min.js HTTP/1.1" 200 2248 "https://www.arithmetic.fr/wp-admin/" "Mozilla/5.0 (Windows NT 10.0; Win64; x64; rv:154.0) Gecko/20100101 Firefox/154.0"
188.161.150.35 - - [28/Aug/2026:17:25:49 +0200] "GET /wp-includes/js/dist/date.min.js HTTP/1.1" 200 24046 "https://www.arithmetic.fr/wp-admin/" "Mozilla/5.0 (Windows NT 10.0; Win64; x64; rv:154.0) Gecko/20100101 Firefox/154.0"
188.161.150.35 - - [28/Aug/2026:17:25:49 +0200] "GET /wp-includes/js/dist/deprecated.min.js HTTP/1.1" 200 756 "https://www.arithmetic.fr/wp-admin/" "Mozilla/5.0 (Windows NT 10.0; Win64; x64; rv:154.0) Gecko/20100101 Firefox/154.0"
188.161.150.35 - - [28/Aug/2026:17:25:49 +0200] "GET /wp-includes/js/dist/vendor/moment.min.js HTTP/1.1" 200 18767 "https://www.arithmetic.fr/wp-admin/" "Mozilla/5.0 (Windows NT 10.0; Win64; x64; rv:154.0) Gecko/20100101 Firefox/154.0"
188.161.150.35 - - [28/Aug/2026:17:25:49 +0200] "GET /wp-admin/js/dashboard.min.js HTTP/1.1" 200 3100 "https://www.arithmetic.fr/wp-admin/" "Mozilla/5.0 (Windows NT 10.0; Win64; x64; rv:154.0) Gecko/20100101 Firefox/154.0"
188.161.150.35 - - [28/Aug/2026:17:25:49 +0200] "GET /wp-includes/js/thickbox/thickbox.js HTTP/1.1" 200 4215 "https://www.arithmetic.fr/wp-admin/" "Mozilla/5.0 (Windows NT 10.0; Win64; x64; rv:154.0) Gecko/20100101 Firefox/154.0"
188.161.150.35 - - [28/Aug/2026:17:25:49 +0200] "GET /wp-admin/js/plugin-install.min.js HTTP/1.1" 200 1033 "https://www.arithmetic.fr/wp-admin/" "Mozilla/5.0 (Windows NT 10.0; Win64; x64; rv:154.0) Gecko/20100101 Firefox/154.0"
188.161.150.35 - - [28/Aug/2026:17:25:49 +0200] "GET /wp-includes/js/wp-sanitize.min.js HTTP/1.1" 200 283 "https://www.arithmetic.fr/wp-admin/" "Mozilla/5.0 (Windows NT 10.0; Win64; x64; rv:154.0) Gecko/20100101 Firefox/154.0"
188.161.150.35 - - [28/Aug/2026:17:25:49 +0200] "GET /wp-admin/js/updates.min.js HTTP/1.1" 200 10443 "https://www.arithmetic.fr/wp-admin/" "Mozilla/5.0 (Windows NT 10.0; Win64; x64; rv:154.0) Gecko/20100101 Firefox/154.0"
188.161.150.35 - - [28/Aug/2026:17:25:49 +0200] "GET /wp-includes/js/shortcode.min.js HTTP/1.1" 200 1157 "https://www.arithmetic.fr/wp-admin/" "Mozilla/5.0 (Windows NT 10.0; Win64; x64; rv:154.0) Gecko/20100101 Firefox/154.0"
188.161.150.35 - - [28/Aug/2026:17:25:49 +0200] "GET /wp-admin/js/svg-painter.js HTTP/1.1" 200 1230 "https://www.arithmetic.fr/wp-admin/" "Mozilla/5.0 (Windows NT 10.0; Win64; x64; rv:154.0) Gecko/20100101 Firefox/154.0"
188.161.150.35 - - [28/Aug/2026:17:25:49 +0200] "GET /wp-admin/js/media-upload.min.js HTTP/1.1" 200 625 "https://www.arithmetic.fr/wp-admin/" "Mozilla/5.0 (Windows NT 10.0; Win64; x64; rv:154.0) Gecko/20100101 Firefox/154.0"
188.161.150.35 - - [28/Aug/2026:17:25:49 +0200] "GET /wp-includes/js/heartbeat.min.js HTTP/1.1" 200 2053 "https://www.arithmetic.fr/wp-admin/" "Mozilla/5.0 (Windows NT 10.0; Win64; x64; rv:154.0) Gecko/20100101 Firefox/154.0"
188.161.150.35 - - [28/Aug/2026:17:25:49 +0200] "GET /wp-includes/js/wp-auth-check.min.js HTTP/1.1" 200 794 "https://www.arithmetic.fr/wp-admin/" "Mozilla/5.0 (Windows NT 10.0; Win64; x64; rv:154.0) Gecko/20100101 Firefox/154.0"
188.161.150.35 - - [28/Aug/2026:17:25:49 +0200] "GET /wp-includes/js/dist/vendor/react.min.js HTTP/1.1" 200 4276 "https://www.arithmetic.fr/wp-admin/" "Mozilla/5.0 (Windows NT 10.0; Win64; x64; rv:154.0) Gecko/20100101 Firefox/154.0"
188.161.150.35 - - [28/Aug/2026:17:25:49 +0200] "GET /wp-includes/js/dist/vendor/react-dom.min.js HTTP/1.1" 200 43013 "https://www.arithmetic.fr/wp-admin/" "Mozilla/5.0 (Windows NT 10.0; Win64; x64; rv:154.0) Gecko/20100101 Firefox/154.0"
188.161.150.35 - - [28/Aug/2026:17:25:49 +0200] "GET /wp-includes/js/dist/vendor/react-jsx-runtime.min.js HTTP/1.1" 200 676 "https://www.arithmetic.fr/wp-admin/" "Mozilla/5.0 (Windows NT 10.0; Win64; x64; rv:154.0) Gecko/20100101 Firefox/154.0"
188.161.150.35 - - [28/Aug/2026:17:25:49 +0200] "GET /wp-includes/js/dist/dom.min.js HTTP/1.1" 200 5008 "https://www.arithmetic.fr/wp-admin/" "Mozilla/5.0 (Windows NT 10.0; Win64; x64; rv:154.0) Gecko/20100101 Firefox/154.0"
188.161.150.35 - - [28/Aug/2026:17:25:49 +0200] "GET /wp-includes/js/dist/escape-html.min.js HTTP/1.1" 200 593 "https://www.arithmetic.fr/wp-admin/" "Mozilla/5.0 (Windows NT 10.0; Win64; x64; rv:154.0) Gecko/20100101 Firefox/154.0"
188.161.150.35 - - [28/Aug/2026:17:25:49 +0200] "GET /wp-includes/js/dist/element.min.js HTTP/1.1" 200 5223 "https://www.arithmetic.fr/wp-admin/" "Mozilla/5.0 (Windows NT 10.0; Win64; x64; rv:154.0) Gecko/20100101 Firefox/154.0"
188.161.150.35 - - [28/Aug/2026:17:25:49 +0200] "GET /wp-includes/js/dist/is-shallow-equal.min.js HTTP/1.1" 200 579 "https://www.arithmetic.fr/wp-admin/" "Mozilla/5.0 (Windows NT 10.0; Win64; x64; rv:154.0) Gecko/20100101 Firefox/154.0"
188.161.150.35 - - [28/Aug/2026:17:25:49 +0200] "GET /wp-includes/js/dist/keycodes.min.js HTTP/1.1" 200 1567 "https://www.arithmetic.fr/wp-admin/" "Mozilla/5.0 (Windows NT 10.0; Win64; x64; rv:154.0) Gecko/20100101 Firefox/154.0"
188.161.150.35 - - [28/Aug/2026:17:25:49 +0200] "GET /wp-includes/js/dist/undo-manager.min.js HTTP/1.1" 200 929 "https://www.arithmetic.fr/wp-admin/" "Mozilla/5.0 (Windows NT 10.0; Win64; x64; rv:154.0) Gecko/20100101 Firefox/154.0"
188.161.150.35 - - [28/Aug/2026:17:25:49 +0200] "GET /wp-includes/js/dist/html-entities.min.js HTTP/1.1" 200 503 "https://www.arithmetic.fr/wp-admin/" "Mozilla/5.0 (Windows NT 10.0; Win64; x64; rv:154.0) Gecko/20100101 Firefox/154.0"
188.161.150.35 - - [28/Aug/2026:17:25:49 +0200] "GET /wp-includes/js/dist/priority-queue.min.js HTTP/1.1" 200 1612 "https://www.arithmetic.fr/wp-admin/" "Mozilla/5.0 (Windows NT 10.0; Win64; x64; rv:154.0) Gecko/20100101 Firefox/154.0"
188.161.150.35 - - [28/Aug/2026:17:25:49 +0200] "GET /wp-includes/js/dist/compose.min.js HTTP/1.1" 200 11016 "https://www.arithmetic.fr/wp-admin/" "Mozilla/5.0 (Windows NT 10.0; Win64; x64; rv:154.0) Gecko/20100101 Firefox/154.0"
188.161.150.35 - - [28/Aug/2026:17:25:49 +0200] "GET /wp-includes/js/dist/primitives.min.js HTTP/1.1" 200 1020 "https://www.arithmetic.fr/wp-admin/" "Mozilla/5.0 (Windows NT 10.0; Win64; x64; rv:154.0) Gecko/20100101 Firefox/154.0"
188.161.150.35 - - [28/Aug/2026:17:25:49 +0200] "GET /wp-includes/js/dist/private-apis.min.js HTTP/1.1" 200 1099 "https://www.arithmetic.fr/wp-admin/" "Mozilla/5.0 (Windows NT 10.0; Win64; x64; rv:154.0) Gecko/20100101 Firefox/154.0"
188.161.150.35 - - [28/Aug/2026:17:25:49 +0200] "GET /wp-includes/js/dist/redux-routine.min.js HTTP/1.1" 200 3368 "https://www.arithmetic.fr/wp-admin/" "Mozilla/5.0 (Windows NT 10.0; Win64; x64; rv:154.0) Gecko/20100101 Firefox/154.0"
188.161.150.35 - - [28/Aug/2026:17:25:49 +0200] "GET /wp-includes/js/dist/data.min.js HTTP/1.1" 200 9678 "https://www.arithmetic.fr/wp-admin/" "Mozilla/5.0 (Windows NT 10.0; Win64; x64; rv:154.0) Gecko/20100101 Firefox/154.0"
188.161.150.35 - - [28/Aug/2026:17:25:49 +0200] "GET /wp-includes/js/dist/rich-text.min.js HTTP/1.1" 200 13980 "https://www.arithmetic.fr/wp-admin/" "Mozilla/5.0 (Windows NT 10.0; Win64; x64; rv:154.0) Gecko/20100101 Firefox/154.0"
188.161.150.35 - - [28/Aug/2026:17:25:49 +0200] "GET /wp-includes/js/dist/warning.min.js HTTP/1.1" 200 461 "https://www.arithmetic.fr/wp-admin/" "Mozilla/5.0 (Windows NT 10.0; Win64; x64; rv:154.0) Gecko/20100101 Firefox/154.0"
188.161.150.35 - - [28/Aug/2026:17:25:49 +0200] "GET /wp-includes/js/dist/keyboard-shortcuts.min.js HTTP/1.1" 200 1578 "https://www.arithmetic.fr/wp-admin/" "Mozilla/5.0 (Windows NT 10.0; Win64; x64; rv:154.0) Gecko/20100101 Firefox/154.0"
188.161.150.35 - - [28/Aug/2026:17:25:49 +0200] "GET /wp-includes/js/dist/commands.min.js HTTP/1.1" 200 20186 "https://www.arithmetic.fr/wp-admin/" "Mozilla/5.0 (Windows NT 10.0; Win64; x64; rv:154.0) Gecko/20100101 Firefox/154.0"
188.161.150.35 - - [28/Aug/2026:17:25:49 +0200] "GET /wp-includes/js/dist/api-fetch.min.js HTTP/1.1" 200 2851 "https://www.arithmetic.fr/wp-admin/" "Mozilla/5.0 (Windows NT 10.0; Win64; x64; rv:154.0) Gecko/20100101 Firefox/154.0"
188.161.150.35 - - [28/Aug/2026:17:25:49 +0200] "GET /wp-includes/js/dist/blob.min.js HTTP/1.1" 200 639 "https://www.arithmetic.fr/wp-admin/" "Mozilla/5.0 (Windows NT 10.0; Win64; x64; rv:154.0) Gecko/20100101 Firefox/154.0"
188.161.150.35 - - [28/Aug/2026:17:25:49 +0200] "GET /wp-includes/js/dist/block-serialization-default-parser.min.js HTTP/1.1" 200 1167 "https://www.arithmetic.fr/wp-admin/" "Mozilla/5.0 (Windows NT 10.0; Win64; x64; rv:154.0) Gecko/20100101 Firefox/154.0"
188.161.150.35 - - [28/Aug/2026:17:25:49 +0200] "GET /wp-includes/js/dist/components.min.js HTTP/1.1" 200 264620 "https://www.arithmetic.fr/wp-admin/" "Mozilla/5.0 (Windows NT 10.0; Win64; x64; rv:154.0) Gecko/20100101 Firefox/154.0"
188.161.150.35 - - [28/Aug/2026:17:25:49 +0200] "GET /wp-includes/js/dist/autop.min.js HTTP/1.1" 200 2171 "https://www.arithmetic.fr/wp-admin/" "Mozilla/5.0 (Windows NT 10.0; Win64; x64; rv:154.0) Gecko/20100101 Firefox/154.0"
188.161.150.35 - - [28/Aug/2026:17:25:49 +0200] "GET /wp-includes/js/dist/shortcode.min.js HTTP/1.1" 200 1582 "https://www.arithmetic.fr/wp-admin/" "Mozilla/5.0 (Windows NT 10.0; Win64; x64; rv:154.0) Gecko/20100101 Firefox/154.0"
188.161.150.35 - - [28/Aug/2026:17:25:49 +0200] "GET /wp-includes/js/dist/blocks.min.js HTTP/1.1" 200 56587 "https://www.arithmetic.fr/wp-admin/" "Mozilla/5.0 (Windows NT 10.0; Win64; x64; rv:154.0) Gecko/20100101 Firefox/154.0"
188.161.150.35 - - [28/Aug/2026:17:25:49 +0200] "GET /wp-includes/js/dist/notices.min.js HTTP/1.1" 200 1923 "https://www.arithmetic.fr/wp-admin/" "Mozilla/5.0 (Windows NT 10.0; Win64; x64; rv:154.0) Gecko/20100101 Firefox/154.0"
188.161.150.35 - - [28/Aug/2026:17:25:49 +0200] "GET /wp-includes/js/dist/preferences-persistence.min.js HTTP/1.1" 200 2160 "https://www.arithmetic.fr/wp-admin/" "Mozilla/5.0 (Windows NT 10.0; Win64; x64; rv:154.0) Gecko/20100101 Firefox/154.0"
188.161.150.35 - - [28/Aug/2026:17:25:49 +0200] "GET /wp-includes/js/dist/preferences.min.js HTTP/1.1" 200 3315 "https://www.arithmetic.fr/wp-admin/" "Mozilla/5.0 (Windows NT 10.0; Win64; x64; rv:154.0) Gecko/20100101 Firefox/154.0"
188.161.150.35 - - [28/Aug/2026:17:25:49 +0200] "GET /wp-includes/js/dist/style-engine.min.js HTTP/1.1" 200 2378 "https://www.arithmetic.fr/wp-admin/" "Mozilla/5.0 (Windows NT 10.0; Win64; x64; rv:154.0) Gecko/20100101 Firefox/154.0"
188.161.150.35 - - [28/Aug/2026:17:25:49 +0200] "GET /wp-includes/js/dist/theme.min.js HTTP/1.1" 200 21754 "https://www.arithmetic.fr/wp-admin/" "Mozilla/5.0 (Windows NT 10.0; Win64; x64; rv:154.0) Gecko/20100101 Firefox/154.0"
188.161.150.35 - - [28/Aug/2026:17:25:49 +0200] "GET /wp-includes/js/dist/token-list.min.js HTTP/1.1" 200 749 "https://www.arithmetic.fr/wp-admin/" "Mozilla/5.0 (Windows NT 10.0; Win64; x64; rv:154.0) Gecko/20100101 Firefox/154.0"
188.161.150.35 - - [28/Aug/2026:17:25:49 +0200] "GET /wp-includes/js/dist/upload-media.min.js HTTP/1.1" 200 7887 "https://www.arithmetic.fr/wp-admin/" "Mozilla/5.0 (Windows NT 10.0; Win64; x64; rv:154.0) Gecko/20100101 Firefox/154.0"
188.161.150.35 - - [28/Aug/2026:17:25:49 +0200] "GET /wp-includes/js/dist/core-data.min.js HTTP/1.1" 200 67694 "https://www.arithmetic.fr/wp-admin/" "Mozilla/5.0 (Windows NT 10.0; Win64; x64; rv:154.0) Gecko/20100101 Firefox/154.0"
188.161.150.35 - - [28/Aug/2026:17:25:49 +0200] "GET /wp-includes/js/dist/router.min.js HTTP/1.1" 200 5949 "https://www.arithmetic.fr/wp-admin/" "Mozilla/5.0 (Windows NT 10.0; Win64; x64; rv:154.0) Gecko/20100101 Firefox/154.0"
188.161.150.35 - - [28/Aug/2026:17:25:49 +0200] "GET /wp-includes/js/dist/core-commands.min.js HTTP/1.1" 200 4263 "https://www.arithmetic.fr/wp-admin/" "Mozilla/5.0 (Windows NT 10.0; Win64; x64; rv:154.0) Gecko/20100101 Firefox/154.0"
188.161.150.35 - - [28/Aug/2026:17:25:49 +0200] "GET /wp-content/plugins/all-in-one-seo-pack/dist/Lite/assets/notifications.ea0378d1.js HTTP/1.1" 200 693 "https://www.arithmetic.fr/wp-admin/" "Mozilla/5.0 (Windows NT 10.0; Win64; x64; rv:154.0) Gecko/20100101 Firefox/154.0"
188.161.150.35 - - [28/Aug/2026:17:25:49 +0200] "GET /wp-content/plugins/all-in-one-seo-pack/dist/Lite/assets/app.595db855.js HTTP/1.1" 200 527 "https://www.arithmetic.fr/wp-admin/" "Mozilla/5.0 (Windows NT 10.0; Win64; x64; rv:154.0) Gecko/20100101 Firefox/154.0"
188.161.150.35 - - [28/Aug/2026:17:25:49 +0200] "GET /wp-includes/js/dist/block-editor.min.js HTTP/1.1" 200 328298 "https://www.arithmetic.fr/wp-admin/" "Mozilla/5.0 (Windows NT 10.0; Win64; x64; rv:154.0) Gecko/20100101 Firefox/154.0"
188.161.150.35 - - [28/Aug/2026:17:25:49 +0200] "GET /wp-includes/js/backbone.min.js HTTP/1.1" 200 8037 "https://www.arithmetic.fr/wp-admin/" "Mozilla/5.0 (Windows NT 10.0; Win64; x64; rv:154.0) Gecko/20100101 Firefox/154.0"
188.161.150.35 - - [28/Aug/2026:17:25:49 +0200] "GET /wp-includes/js/wp-backbone.min.js HTTP/1.1" 200 1187 "https://www.arithmetic.fr/wp-admin/" "Mozilla/5.0 (Windows NT 10.0; Win64; x64; rv:154.0) Gecko/20100101 Firefox/154.0"
188.161.150.35 - - [28/Aug/2026:17:25:49 +0200] "GET /wp-includes/js/media-models.min.js HTTP/1.1" 200 4113 "https://www.arithmetic.fr/wp-admin/" "Mozilla/5.0 (Windows NT 10.0; Win64; x64; rv:154.0) Gecko/20100101 Firefox/154.0"
188.161.150.35 - - [28/Aug/2026:17:25:49 +0200] "GET /wp-includes/js/plupload/wp-plupload.min.js HTTP/1.1" 200 2350 "https://www.arithmetic.fr/wp-admin/" "Mozilla/5.0 (Windows NT 10.0; Win64; x64; rv:154.0) Gecko/20100101 Firefox/154.0"
188.161.150.35 - - [28/Aug/2026:17:25:50 +0200] "GET /wp-includes/js/mediaelement/mediaelement-and-player.min.js HTTP/1.1" 200 38836 "https://www.arithmetic.fr/wp-admin/" "Mozilla/5.0 (Windows NT 10.0; Win64; x64; rv:154.0) Gecko/20100101 Firefox/154.0"
188.161.150.35 - - [28/Aug/2026:17:25:50 +0200] "GET /wp-includes/js/mediaelement/mediaelement-migrate.min.js HTTP/1.1" 200 552 "https://www.arithmetic.fr/wp-admin/" "Mozilla/5.0 (Windows NT 10.0; Win64; x64; rv:154.0) Gecko/20100101 Firefox/154.0"
188.161.150.35 - - [28/Aug/2026:17:25:50 +0200] "GET /wp-includes/js/media-views.min.js HTTP/1.1" 200 26036 "https://www.arithmetic.fr/wp-admin/" "Mozilla/5.0 (Windows NT 10.0; Win64; x64; rv:154.0) Gecko/20100101 Firefox/154.0"
188.161.150.35 - - [28/Aug/2026:17:25:50 +0200] "GET /wp-includes/js/media-editor.min.js HTTP/1.1" 200 3664 "https://www.arithmetic.fr/wp-admin/" "Mozilla/5.0 (Windows NT 10.0; Win64; x64; rv:154.0) Gecko/20100101 Firefox/154.0"
188.161.150.35 - - [28/Aug/2026:17:25:50 +0200] "GET /wp-includes/js/mediaelement/wp-mediaelement.min.js HTTP/1.1" 200 550 "https://www.arithmetic.fr/wp-admin/" "Mozilla/5.0 (Windows NT 10.0; Win64; x64; rv:154.0) Gecko/20100101 Firefox/154.0"
188.161.150.35 - - [28/Aug/2026:17:25:50 +0200] "GET /wp-includes/js/media-audiovideo.min.js HTTP/1.1" 200 3371 "https://www.arithmetic.fr/wp-admin/" "Mozilla/5.0 (Windows NT 10.0; Win64; x64; rv:154.0) Gecko/20100101 Firefox/154.0"
188.161.150.35 - - [28/Aug/2026:17:25:50 +0200] "GET /wp-includes/js/mce-view.min.js HTTP/1.1" 200 3742 "https://www.arithmetic.fr/wp-admin/" "Mozilla/5.0 (Windows NT 10.0; Win64; x64; rv:154.0) Gecko/20100101 Firefox/154.0"
188.161.150.35 - - [28/Aug/2026:17:25:50 +0200] "GET /wp-includes/js/jquery/ui/accordion.min.js HTTP/1.1" 200 2795 "https://www.arithmetic.fr/wp-admin/" "Mozilla/5.0 (Windows NT 10.0; Win64; x64; rv:154.0) Gecko/20100101 Firefox/154.0"
188.161.150.35 - - [28/Aug/2026:17:25:50 +0200] "GET /wp-includes/js/jquery/ui/datepicker.min.js HTTP/1.1" 200 10918 "https://www.arithmetic.fr/wp-admin/" "Mozilla/5.0 (Windows NT 10.0; Win64; x64; rv:154.0) Gecko/20100101 Firefox/154.0"
188.161.150.35 - - [28/Aug/2026:17:25:50 +0200] "GET /wp-admin/js/image-edit.min.js HTTP/1.1" 200 4779 "https://www.arithmetic.fr/wp-admin/" "Mozilla/5.0 (Windows NT 10.0; Win64; x64; rv:154.0) Gecko/20100101 Firefox/154.0"
188.161.150.35 - - [28/Aug/2026:17:25:50 +0200] "GET /wp-includes/js/imgareaselect/jquery.imgareaselect.min.js HTTP/1.1" 200 3730 "https://www.arithmetic.fr/wp-admin/" "Mozilla/5.0 (Windows NT 10.0; Win64; x64; rv:154.0) Gecko/20100101 Firefox/154.0"
188.161.150.35 - - [28/Aug/2026:17:25:50 +0200] "GET /wp-includes/js/jquery/ui/draggable.min.js HTTP/1.1" 200 4888 "https://www.arithmetic.fr/wp-admin/" "Mozilla/5.0 (Windows NT 10.0; Win64; x64; rv:154.0) Gecko/20100101 Firefox/154.0"
188.161.150.35 - - [28/Aug/2026:17:25:50 +0200] "GET /wp-includes/js/jquery/ui/controlgroup.min.js HTTP/1.1" 200 1618 "https://www.arithmetic.fr/wp-admin/" "Mozilla/5.0 (Windows NT 10.0; Win64; x64; rv:154.0) Gecko/20100101 Firefox/154.0"
188.161.150.35 - - [28/Aug/2026:17:25:50 +0200] "GET /wp-includes/js/jquery/ui/resizable.min.js HTTP/1.1" 200 5367 "https://www.arithmetic.fr/wp-admin/" "Mozilla/5.0 (Windows NT 10.0; Win64; x64; rv:154.0) Gecko/20100101 Firefox/154.0"
188.161.150.35 - - [28/Aug/2026:17:25:50 +0200] "GET /wp-includes/js/jquery/ui/checkboxradio.min.js HTTP/1.1" 200 1434 "https://www.arithmetic.fr/wp-admin/" "Mozilla/5.0 (Windows NT 10.0; Win64; x64; rv:154.0) Gecko/20100101 Firefox/154.0"
188.161.150.35 - - [28/Aug/2026:17:25:50 +0200] "GET /wp-includes/js/jquery/ui/dialog.min.js HTTP/1.1" 200 3844 "https://www.arithmetic.fr/wp-admin/" "Mozilla/5.0 (Windows NT 10.0; Win64; x64; rv:154.0) Gecko/20100101 Firefox/154.0"
188.161.150.35 - - [28/Aug/2026:17:25:50 +0200] "GET /wp-includes/js/jquery/ui/button.min.js HTTP/1.1" 200 1991 "https://www.arithmetic.fr/wp-admin/" "Mozilla/5.0 (Windows NT 10.0; Win64; x64; rv:154.0) Gecko/20100101 Firefox/154.0"
188.161.150.35 - - [28/Aug/2026:17:25:50 +0200] "GET /wp-includes/js/jquery/ui/slider.min.js HTTP/1.1" 200 3150 "https://www.arithmetic.fr/wp-admin/" "Mozilla/5.0 (Windows NT 10.0; Win64; x64; rv:154.0) Gecko/20100101 Firefox/154.0"
188.161.150.35 - - [28/Aug/2026:17:25:50 +0200] "GET /wp-includes/js/jquery/ui/menu.min.js HTTP/1.1" 200 3070 "https://www.arithmetic.fr/wp-admin/" "Mozilla/5.0 (Windows NT 10.0; Win64; x64; rv:154.0) Gecko/20100101 Firefox/154.0"
188.161.150.35 - - [28/Aug/2026:17:25:50 +0200] "GET /wp-includes/js/jquery/ui/autocomplete.min.js HTTP/1.1" 200 2917 "https://www.arithmetic.fr/wp-admin/" "Mozilla/5.0 (Windows NT 10.0; Win64; x64; rv:154.0) Gecko/20100101 Firefox/154.0"
188.161.150.35 - - [28/Aug/2026:17:25:50 +0200] "GET /wp-includes/js/jquery/ui/tabs.min.js HTTP/1.1" 200 3957 "https://www.arithmetic.fr/wp-admin/" "Mozilla/5.0 (Windows NT 10.0; Win64; x64; rv:154.0) Gecko/20100101 Firefox/154.0"
188.161.150.35 - - [28/Aug/2026:17:25:50 +0200] "GET /wp-includes/js/jquery/ui/droppable.min.js HTTP/1.1" 200 2064 "https://www.arithmetic.fr/wp-admin/" "Mozilla/5.0 (Windows NT 10.0; Win64; x64; rv:154.0) Gecko/20100101 Firefox/154.0"
188.161.150.35 - - [28/Aug/2026:17:25:50 +0200] "GET /wp-includes/js/jquery/jquery.ui.touch-punch.js HTTP/1.1" 200 597 "https://www.arithmetic.fr/wp-admin/" "Mozilla/5.0 (Windows NT 10.0; Win64; x64; rv:154.0) Gecko/20100101 Firefox/154.0"
188.161.150.35 - - [28/Aug/2026:17:25:50 +0200] "GET /wp-admin/js/iris.min.js HTTP/1.1" 200 8092 "https://www.arithmetic.fr/wp-admin/" "Mozilla/5.0 (Windows NT 10.0; Win64; x64; rv:154.0) Gecko/20100101 Firefox/154.0"
188.161.150.35 - - [28/Aug/2026:17:25:50 +0200] "GET /wp-admin/js/color-picker.min.js HTTP/1.1" 200 1217 "https://www.arithmetic.fr/wp-admin/" "Mozilla/5.0 (Windows NT 10.0; Win64; x64; rv:154.0) Gecko/20100101 Firefox/154.0"
188.161.150.35 - - [28/Aug/2026:17:25:50 +0200] "GET /wp-includes/js/wpdialog.min.js HTTP/1.1" 200 222 "https://www.arithmetic.fr/wp-admin/" "Mozilla/5.0 (Windows NT 10.0; Win64; x64; rv:154.0) Gecko/20100101 Firefox/154.0"
188.161.150.35 - - [28/Aug/2026:17:25:50 +0200] "GET /wp-content/plugins/google-analytics-for-wordpress/assets/js/admin-common.min.js?ver=10.2.2 HTTP/1.1" 200 628 "https://www.arithmetic.fr/wp-admin/" "Mozilla/5.0 (Windows NT 10.0; Win64; x64; rv:154.0) Gecko/20100101 Firefox/154.0"
188.161.150.35 - - [28/Aug/2026:17:25:50 +0200] "GET /wp-content/plugins/google-analytics-for-wordpress/assets/js/admin-setup-wizard.js?ver=10.2.2 HTTP/1.1" 200 825 "https://www.arithmetic.fr/wp-admin/" "Mozilla/5.0 (Windows NT 10.0; Win64; x64; rv:154.0) Gecko/20100101 Firefox/154.0"
188.161.150.35 - - [28/Aug/2026:17:25:50 +0200] "GET /wp-content/plugins/google-analytics-for-wordpress/assets/js/admin-metabox-sitenotes.js?ver=10.2.2 HTTP/1.1" 200 344 "https://www.arithmetic.fr/wp-admin/" "Mozilla/5.0 (Windows NT 10.0; Win64; x64; rv:154.0) Gecko/20100101 Firefox/154.0"
188.161.150.35 - - [28/Aug/2026:17:25:50 +0200] "GET /wp-content/plugins/wp-maintenance-mode/assets/js/scripts-admin-global.min.js HTTP/1.1" 200 199 "https://www.arithmetic.fr/wp-admin/" "Mozilla/5.0 (Windows NT 10.0; Win64; x64; rv:154.0) Gecko/20100101 Firefox/154.0"
188.161.150.35 - - [28/Aug/2026:17:25:50 +0200] "GET /wp-content/themes/stabapp/framework/megamenu/js/set_background.js HTTP/1.1" 200 712 "https://www.arithmetic.fr/wp-admin/" "Mozilla/5.0 (Windows NT 10.0; Win64; x64; rv:154.0) Gecko/20100101 Firefox/154.0"
188.161.150.35 - - [28/Aug/2026:17:25:50 +0200] "GET /wp-content/plugins/google-analytics-for-wordpress/lite/assets/vue/js/widget.min.js?ver=10.2.2 HTTP/1.1" 200 46605 "https://www.arithmetic.fr/wp-admin/" "Mozilla/5.0 (Windows NT 10.0; Win64; x64; rv:154.0) Gecko/20100101 Firefox/154.0"
188.161.150.35 - - [28/Aug/2026:17:25:50 +0200] "GET /wp-content/plugins/google-analytics-for-wordpress/lite/assets/admin-bar/index.js?ver=10.2.2 HTTP/1.1" 200 4736 "https://www.arithmetic.fr/wp-admin/" "Mozilla/5.0 (Windows NT 10.0; Win64; x64; rv:154.0) Gecko/20100101 Firefox/154.0"
188.161.150.35 - - [28/Aug/2026:17:25:50 +0200] "GET /wp-content/plugins/all-in-one-seo-pack/dist/Lite/assets/dashboard-widgets.c7855b9c.js HTTP/1.1" 200 993 "https://www.arithmetic.fr/wp-admin/" "Mozilla/5.0 (Windows NT 10.0; Win64; x64; rv:154.0) Gecko/20100101 Firefox/154.0"
188.161.150.35 - - [28/Aug/2026:17:25:50 +0200] "GET /wp-content/plugins/all-in-one-seo-pack/dist/Lite/assets//link-format/link-format-classic.js HTTP/1.1" 200 4614 "https://www.arithmetic.fr/wp-admin/" "Mozilla/5.0 (Windows NT 10.0; Win64; x64; rv:154.0) Gecko/20100101 Firefox/154.0"
188.161.150.35 - - [28/Aug/2026:17:25:50 +0200] "GET /wp-content/plugins/newsletter/admin/images/menu-icon.png HTTP/1.1" 200 349 "https://www.arithmetic.fr/wp-admin/" "Mozilla/5.0 (Windows NT 10.0; Win64; x64; rv:154.0) Gecko/20100101 Firefox/154.0"
188.161.150.35 - - [28/Aug/2026:17:25:50 +0200] "GET /wp-content/plugins/js_composer/assets/vc/logo/wpb-logo-white_32.svg HTTP/1.1" 200 792 "https://www.arithmetic.fr/wp-admin/" "Mozilla/5.0 (Windows NT 10.0; Win64; x64; rv:154.0) Gecko/20100101 Firefox/154.0"
188.161.150.35 - - [28/Aug/2026:17:25:50 +0200] "GET /wp-content/plugins/complianz-gdpr/assets/images/menu-icon.svg HTTP/1.1" 200 1081 "https://www.arithmetic.fr/wp-admin/" "Mozilla/5.0 (Windows NT 10.0; Win64; x64; rv:154.0) Gecko/20100101 Firefox/154.0"
188.161.150.35 - - [28/Aug/2026:17:25:50 +0200] "GET /wp-content/plugins/wp-maintenance-mode/assets/images/icon.svg HTTP/1.1" 200 2900 "https://www.arithmetic.fr/wp-admin/" "Mozilla/5.0 (Windows NT 10.0; Win64; x64; rv:154.0) Gecko/20100101 Firefox/154.0"
188.161.150.35 - - [28/Aug/2026:17:25:50 +0200] "GET /wp-content/plugins/google-maps-master/images/techgasp-minilogo-16.png HTTP/1.1" 404 133 "https://www.arithmetic.fr/wp-admin/" "Mozilla/5.0 (Windows NT 10.0; Win64; x64; rv:154.0) Gecko/20100101 Firefox/154.0"
188.161.150.35 - - [28/Aug/2026:17:25:50 +0200] "GET /wp-content/plugins/google-analytics-for-wordpress/lite/assets/vue/js/chunks/report-table-helper-bff2a505.min.js HTTP/1.1" 200 7876 "https://www.arithmetic.fr/wp-content/plugins/google-analytics-for-wordpress/lite/assets/vue/js/widget.min.js?ver=10.2.2" "Mozilla/5.0 (Windows NT 10.0; Win64; x64; rv:154.0) Gecko/20100101 Firefox/154.0"
188.161.150.35 - - [28/Aug/2026:17:25:50 +0200] "GET /wp-content/plugins/google-analytics-for-wordpress/lite/assets/vue/js/chunks/monsterinsights-helper-plugin-d5dab654.min.js HTTP/1.1" 200 45141 "https://www.arithmetic.fr/wp-content/plugins/google-analytics-for-wordpress/lite/assets/vue/js/widget.min.js?ver=10.2.2" "Mozilla/5.0 (Windows NT 10.0; Win64; x64; rv:154.0) Gecko/20100101 Firefox/154.0"
188.161.150.35 - - [28/Aug/2026:17:25:50 +0200] "GET /wp-json/wp/v2/users/me?context=edit&_locale=user HTTP/1.1" 200 977 "https://www.arithmetic.fr/wp-admin/" "Mozilla/5.0 (Windows NT 10.0; Win64; x64; rv:154.0) Gecko/20100101 Firefox/154.0"
188.161.150.35 - - [28/Aug/2026:17:25:50 +0200] "GET /wp-content/plugins/google-analytics-for-wordpress/lite/assets/vue/js/chunks/vendor-1d873285.min.js HTTP/1.1" 200 497714 "https://www.arithmetic.fr/wp-content/plugins/google-analytics-for-wordpress/lite/assets/vue/js/widget.min.js?ver=10.2.2" "Mozilla/5.0 (Windows NT 10.0; Win64; x64; rv:154.0) Gecko/20100101 Firefox/154.0"
188.161.150.35 - - [28/Aug/2026:17:25:51 +0200] "GET /wp-content/plugins/google-analytics-for-wordpress/lite/assets/vue/fonts/icons.woff2?v=7.5.0 HTTP/1.1" 200 15336 "https://www.arithmetic.fr/wp-content/plugins/google-analytics-for-wordpress/lite/assets/vue/css/widget.css?ver=10.2.2" "Mozilla/5.0 (Windows NT 10.0; Win64; x64; rv:154.0) Gecko/20100101 Firefox/154.0"
188.161.150.35 - - [28/Aug/2026:17:25:51 +0200] "POST /wp-admin/admin-ajax.php HTTP/1.1" 200 1345 "https://www.arithmetic.fr/wp-admin/" "Mozilla/5.0 (Windows NT 10.0; Win64; x64; rv:154.0) Gecko/20100101 Firefox/154.0"
188.161.150.35 - - [28/Aug/2026:17:25:51 +0200] "POST /wp-admin/admin-ajax.php HTTP/1.1" 200 32 "https://www.arithmetic.fr/wp-admin/" "Mozilla/5.0 (Windows NT 10.0; Win64; x64; rv:154.0) Gecko/20100101 Firefox/154.0"
188.161.150.35 - - [28/Aug/2026:17:25:52 +0200] "POST /wp-admin/admin-ajax.php HTTP/1.1" 200 91 "https://www.arithmetic.fr/wp-admin/" "Mozilla/5.0 (Windows NT 10.0; Win64; x64; rv:154.0) Gecko/20100101 Firefox/154.0"
146.59.197.208 - - [28/Aug/2026:17:25:57 +0200] "POST /wp-cron.php?doing_wp_cron=1787930757.2231130599975585937500 HTTP/1.1" 200 31 "-" "WordPress/7.0.1; https://www.arithmetic.fr"
188.161.150.35 - - [28/Aug/2026:17:25:57 +0200] "POST /wp-admin/admin-ajax.php HTTP/1.1" 200 121 "https://www.arithmetic.fr/wp-admin/" "Mozilla/5.0 (Windows NT 10.0; Win64; x64; rv:154.0) Gecko/20100101 Firefox/154.0"
188.161.150.35 - - [28/Aug/2026:17:25:57 +0200] "GET /wp-includes/js/thickbox/loadingAnimation.gif HTTP/1.1" 200 15238 "https://www.arithmetic.fr/wp-admin/" "Mozilla/5.0 (Windows NT 10.0; Win64; x64; rv:154.0) Gecko/20100101 Firefox/154.0"
188.161.150.35 - - [28/Aug/2026:17:26:04 +0200] "POST /wp-admin/admin-ajax.php HTTP/1.1" 200 1345 "https://www.arithmetic.fr/wp-admin/" "Mozilla/5.0 (Windows NT 10.0; Win64; x64; rv:154.0) Gecko/20100101 Firefox/154.0"
188.161.150.35 - - [28/Aug/2026:17:26:06 +0200] "GET /wp-admin/admin-ajax.php?action=dashboard-widgets&widget=dashboard_primary&pagenow=dashboard HTTP/1.1" 200 493 "https://www.arithmetic.fr/wp-admin/" "Mozilla/5.0 (Windows NT 10.0; Win64; x64; rv:154.0) Gecko/20100101 Firefox/154.0"
188.161.150.35 - - [28/Aug/2026:17:26:15 +0200] "GET /wp-admin/plugins.php HTTP/1.1" 200 183981 "https://www.arithmetic.fr/wp-admin/" "Mozilla/5.0 (Windows NT 10.0; Win64; x64; rv:154.0) Gecko/20100101 Firefox/154.0"
188.161.150.35 - - [28/Aug/2026:17:26:15 +0200] "GET /wp-admin/load-styles.php?c=0&dir=ltr&load%5Bchunk_0%5D=dashicons,admin-bar,common,forms,admin-menu,dashboard,list-tables,edit,revisions,media,themes,about,nav-menus,wp-pointer,widgets&load%5Bchunk_1%5D=,site-icon,l10n,wp-base-styles,buttons,wp-auth-check,wp-components,wp-commands,wp-jquery-ui-dialog,wp-color-picker,media-views&ver=7.0.1 HTTP/1.1" 200 127217 "https://www.arithmetic.fr/wp-admin/plugins.php" "Mozilla/5.0 (Windows NT 10.0; Win64; x64; rv:154.0) Gecko/20100101 Firefox/154.0"
188.161.150.35 - - [28/Aug/2026:17:26:15 +0200] "GET /wp-content/plugins/all-in-one-seo-pack/dist/Lite/assets/plugins.727cb595.js HTTP/1.1" 200 298 "https://www.arithmetic.fr/wp-admin/plugins.php" "Mozilla/5.0 (Windows NT 10.0; Win64; x64; rv:154.0) Gecko/20100101 Firefox/154.0"
188.161.150.35 - - [28/Aug/2026:17:26:15 +0200] "GET /wp-content/plugins/google-maps-master/images/techgasp-minilogo-16.png HTTP/1.1" 404 133 "https://www.arithmetic.fr/wp-admin/plugins.php" "Mozilla/5.0 (Windows NT 10.0; Win64; x64; rv:154.0) Gecko/20100101 Firefox/154.0"
188.161.150.35 - - [28/Aug/2026:17:26:15 +0200] "GET /wp-content/plugins/google-maps-master/images/techgasp-minilogo-16.png HTTP/1.1" 404 133 "https://www.arithmetic.fr/wp-admin/plugins.php" "Mozilla/5.0 (Windows NT 10.0; Win64; x64; rv:154.0) Gecko/20100101 Firefox/154.0"
188.161.150.35 - - [28/Aug/2026:17:26:16 +0200] "GET /wp-json/wp/v2/users/me?context=edit&_locale=user HTTP/1.1" 200 977 "https://www.arithmetic.fr/wp-admin/plugins.php" "Mozilla/5.0 (Windows NT 10.0; Win64; x64; rv:154.0) Gecko/20100101 Firefox/154.0"
188.161.150.35 - - [28/Aug/2026:17:26:16 +0200] "GET /wp-admin/images/spinner-2x.gif HTTP/1.1" 200 7536 "https://www.arithmetic.fr/wp-admin/load-styles.php?c=0&dir=ltr&load%5Bchunk_0%5D=dashicons,admin-bar,common,forms,admin-menu,dashboard,list-tables,edit,revisions,media,themes,about,nav-menus,wp-pointer,widgets&load%5Bchunk_1%5D=,site-icon,l10n,wp-base-styles,buttons,wp-auth-check,wp-components,wp-commands,wp-jquery-ui-dialog,wp-color-picker,media-views&ver=7.0.1" "Mozilla/5.0 (Windows NT 10.0; Win64; x64; rv:154.0) Gecko/20100101 Firefox/154.0"
188.161.150.35 - - [28/Aug/2026:17:26:17 +0200] "POST /wp-admin/admin-ajax.php HTTP/1.1" 200 1345 "https://www.arithmetic.fr/wp-admin/plugins.php" "Mozilla/5.0 (Windows NT 10.0; Win64; x64; rv:154.0) Gecko/20100101 Firefox/154.0"
146.59.197.208 - - [28/Aug/2026:17:27:05 +0200] "POST /wp-cron.php?doing_wp_cron=1787930825.1789710521697998046875 HTTP/1.1" 200 31 "-" "WordPress/7.0.1; https://www.arithmetic.fr"
188.161.150.35 - - [28/Aug/2026:17:27:05 +0200] "GET /wp-admin/plugin-install.php HTTP/1.1" 200 176712 "https://www.arithmetic.fr/wp-admin/plugins.php" "Mozilla/5.0 (Windows NT 10.0; Win64; x64; rv:154.0) Gecko/20100101 Firefox/154.0"
188.161.150.35 - - [28/Aug/2026:17:27:05 +0200] "GET /wp-content/plugins/google-maps-master/images/techgasp-minilogo-16.png HTTP/1.1" 404 133 "https://www.arithmetic.fr/wp-admin/plugin-install.php" "Mozilla/5.0 (Windows NT 10.0; Win64; x64; rv:154.0) Gecko/20100101 Firefox/154.0"
188.161.150.35 - - [28/Aug/2026:17:27:05 +0200] "GET /wp-json/wp/v2/users/me?context=edit&_locale=user HTTP/1.1" 200 977 "https://www.arithmetic.fr/wp-admin/plugin-install.php" "Mozilla/5.0 (Windows NT 10.0; Win64; x64; rv:154.0) Gecko/20100101 Firefox/154.0"
188.161.150.35 - - [28/Aug/2026:17:27:05 +0200] "POST /wp-admin/admin-ajax.php HTTP/1.1" 200 1345 "https://www.arithmetic.fr/wp-admin/plugin-install.php" "Mozilla/5.0 (Windows NT 10.0; Win64; x64; rv:154.0) Gecko/20100101 Firefox/154.0"
184.145.174.238 - - [28/Aug/2026:17:27:15 +0200] "POST /xmlrpc.php HTTP/1.1" 200 221 "-" "Mozilla/5.0 (Windows NT 10.0; Win64; x64) AppleWebKit/537.36 (KHTML, like Gecko) Chrome/141.0.0.0 Safari/537.36"
188.161.150.35 - - [28/Aug/2026:17:27:15 +0200] "POST /wp-admin/update.php?action=upload-plugin HTTP/1.1" 500 2638 "https://www.arithmetic.fr/wp-admin/plugin-install.php" "Mozilla/5.0 (Windows NT 10.0; Win64; x64; rv:154.0) Gecko/20100101 Firefox/154.0"
146.59.197.208 - - [28/Aug/2026:17:27:19 +0200] "POST /wp-cron.php?doing_wp_cron=1787930839.0387260913848876953125 HTTP/1.1" 200 31 "-" "WordPress/7.0.1; https://www.arithmetic.fr"
188.161.150.35 - - [28/Aug/2026:17:27:19 +0200] "GET /wp-admin/plugin-install.php HTTP/1.1" 200 176712 "https://www.arithmetic.fr/wp-admin/plugins.php" "Mozilla/5.0 (Windows NT 10.0; Win64; x64; rv:154.0) Gecko/20100101 Firefox/154.0"
188.161.150.35 - - [28/Aug/2026:17:27:19 +0200] "GET /wp-json/wp/v2/users/me?context=edit&_locale=user HTTP/1.1" 200 977 "https://www.arithmetic.fr/wp-admin/plugin-install.php" "Mozilla/5.0 (Windows NT 10.0; Win64; x64; rv:154.0) Gecko/20100101 Firefox/154.0"
188.161.150.35 - - [28/Aug/2026:17:27:19 +0200] "POST /wp-admin/admin-ajax.php HTTP/1.1" 200 1345 "https://www.arithmetic.fr/wp-admin/plugin-install.php" "Mozilla/5.0 (Windows NT 10.0; Win64; x64; rv:154.0) Gecko/20100101 Firefox/154.0"
188.161.150.35 - - [28/Aug/2026:17:27:24 +0200] "GET /wp-admin/plugin-editor.php HTTP/1.1" 200 198831 "https://www.arithmetic.fr/wp-admin/plugin-install.php" "Mozilla/5.0 (Windows NT 10.0; Win64; x64; rv:154.0) Gecko/20100101 Firefox/154.0"
188.161.150.35 - - [28/Aug/2026:17:27:25 +0200] "GET /wp-admin/load-styles.php?c=0&dir=ltr&load%5Bchunk_0%5D=dashicons,admin-bar,code-editor,common,forms,admin-menu,dashboard,list-tables,edit,revisions,media,themes,about,nav-menus,wp-poi&load%5Bchunk_1%5D=nter,widgets,site-icon,l10n,wp-base-styles,buttons,wp-auth-check,wp-components,wp-commands,wp-jquery-ui-dialog,wp-color-picker,m&load%5Bchunk_2%5D=edia-views&ver=7.0.1 HTTP/1.1" 200 127524 "https://www.arithmetic.fr/wp-admin/plugin-editor.php" "Mozilla/5.0 (Windows NT 10.0; Win64; x64; rv:154.0) Gecko/20100101 Firefox/154.0"
188.161.150.35 - - [28/Aug/2026:17:27:25 +0200] "GET /wp-includes/js/plupload/plupload.min.js HTTP/1.1" 200 5600 "https://www.arithmetic.fr/wp-admin/plugin-editor.php" "Mozilla/5.0 (Windows NT 10.0; Win64; x64; rv:154.0) Gecko/20100101 Firefox/154.0"
188.161.150.35 - - [28/Aug/2026:17:27:25 +0200] "GET /wp-includes/js/codemirror/codemirror.min.css HTTP/1.1" 200 4379 "https://www.arithmetic.fr/wp-admin/plugin-editor.php" "Mozilla/5.0 (Windows NT 10.0; Win64; x64; rv:154.0) Gecko/20100101 Firefox/154.0"
188.161.150.35 - - [28/Aug/2026:17:27:25 +0200] "GET /wp-admin/js/code-editor.min.js HTTP/1.1" 200 1543 "https://www.arithmetic.fr/wp-admin/plugin-editor.php" "Mozilla/5.0 (Windows NT 10.0; Win64; x64; rv:154.0) Gecko/20100101 Firefox/154.0"
188.161.150.35 - - [28/Aug/2026:17:27:25 +0200] "GET /wp-includes/js/plupload/moxie.min.js HTTP/1.1" 200 27411 "https://www.arithmetic.fr/wp-admin/plugin-editor.php" "Mozilla/5.0 (Windows NT 10.0; Win64; x64; rv:154.0) Gecko/20100101 Firefox/154.0"
188.161.150.35 - - [28/Aug/2026:17:27:25 +0200] "GET /wp-admin/js/theme-plugin-editor.min.js HTTP/1.1" 200 3807 "https://www.arithmetic.fr/wp-admin/plugin-editor.php" "Mozilla/5.0 (Windows NT 10.0; Win64; x64; rv:154.0) Gecko/20100101 Firefox/154.0"
188.161.150.35 - - [28/Aug/2026:17:27:25 +0200] "GET /wp-admin/load-scripts.php?c=0&load%5Bchunk_0%5D=jquery-core,jquery-migrate,utils,wp-codemirror,underscore&ver=7.0.1 HTTP/1.1" 200 239517 "https://www.arithmetic.fr/wp-admin/plugin-editor.php" "Mozilla/5.0 (Windows NT 10.0; Win64; x64; rv:154.0) Gecko/20100101 Firefox/154.0"
188.161.150.35 - - [28/Aug/2026:17:27:25 +0200] "GET /wp-content/plugins/google-maps-master/images/techgasp-minilogo-16.png HTTP/1.1" 404 133 "https://www.arithmetic.fr/wp-admin/plugin-editor.php" "Mozilla/5.0 (Windows NT 10.0; Win64; x64; rv:154.0) Gecko/20100101 Firefox/154.0"
188.161.150.35 - - [28/Aug/2026:17:27:25 +0200] "GET /wp-json/wp/v2/users/me?context=edit&_locale=user HTTP/1.1" 200 977 "https://www.arithmetic.fr/wp-admin/plugin-editor.php" "Mozilla/5.0 (Windows NT 10.0; Win64; x64; rv:154.0) Gecko/20100101 Firefox/154.0"
188.161.150.35 - - [28/Aug/2026:17:27:25 +0200] "POST /wp-admin/admin-ajax.php HTTP/1.1" 200 1345 "https://www.arithmetic.fr/wp-admin/plugin-editor.php" "Mozilla/5.0 (Windows NT 10.0; Win64; x64; rv:154.0) Gecko/20100101 Firefox/154.0"
188.161.150.35 - - [28/Aug/2026:17:27:26 +0200] "POST /wp-admin/admin-ajax.php HTTP/1.1" 200 32 "https://www.arithmetic.fr/wp-admin/plugin-editor.php" "Mozilla/5.0 (Windows NT 10.0; Win64; x64; rv:154.0) Gecko/20100101 Firefox/154.0"
216.40.73.161 - - [28/Aug/2026:17:27:27 +0200] "GET /contact/ HTTP/1.1" 200 13249 "-" "Mozilla/5.0 (Linux; Android 10; K) AppleWebKit/537.36 (KHTML, like Gecko) Chrome/148.0.0.0 Mobile Safari/537.36"
216.40.73.161 - - [28/Aug/2026:17:27:27 +0200] "GET /wp-content/plugins/contact-form-7/includes/js/index.js HTTP/1.1" 200 4197 "https://www.arithmetic.fr/contact/" "Mozilla/5.0 (Linux; Android 10; K) AppleWebKit/537.36 (KHTML, like Gecko) Chrome/148.0.0.0 Mobile Safari/537.36"
216.40.73.161 - - [28/Aug/2026:17:27:35 +0200] "POST /wp-json/contact-form-7/v1/contact-forms/453/feedback HTTP/1.1" 200 198 "https://www.arithmetic.fr/contact/" "Mozilla/5.0 (Linux; Android 10; K) AppleWebKit/537.36 (KHTML, like Gecko) Chrome/148.0.0.0 Mobile Safari/537.36"
188.161.150.35 - - [28/Aug/2026:17:27:43 +0200] "GET /wp-content/plugins/all-in-one-seo-pack/all_in_one_seo_pack.php HTTP/1.1" 200 31 "-" "Mozilla/5.0 (Windows NT 10.0; Win64; x64; rv:154.0) Gecko/20100101 Firefox/154.0"
146.59.197.208 - - [28/Aug/2026:17:28:25 +0200] "POST /wp-cron.php?doing_wp_cron=1787930905.9569749832153320312500 HTTP/1.1" 200 31 "-" "WordPress/7.0.1; https://www.arithmetic.fr"
188.161.150.35 - - [28/Aug/2026:17:28:25 +0200] "POST /wp-admin/admin-ajax.php HTTP/1.1" 200 78 "https://www.arithmetic.fr/wp-admin/plugin-editor.php" "Mozilla/5.0 (Windows NT 10.0; Win64; x64; rv:154.0) Gecko/20100101 Firefox/154.0"
188.161.150.35 - - [28/Aug/2026:17:28:26 +0200] "POST /wp-admin/admin-ajax.php HTTP/1.1" 200 1345 "https://www.arithmetic.fr/wp-admin/plugin-editor.php" "Mozilla/5.0 (Windows NT 10.0; Win64; x64; rv:154.0) Gecko/20100101 Firefox/154.0"
146.59.197.208 - - [28/Aug/2026:17:28:29 +0200] "GET /wp-admin/plugin-editor.php?plugin=all-in-one-seo-pack%2Fall_in_one_seo_pack.php&file=all-in-one-seo-pack%2Fall_in_one_seo_pack.php&wp_scrape_key=ada14a7a99ba4769162f873f07f8a226&wp_scrape_nonce=1647643128 HTTP/1.1" 200 1065197 "-" "WordPress/7.0.1; https://www.arithmetic.fr"
146.59.197.208 - - [28/Aug/2026:17:28:29 +0200] "GET /?wp_scrape_key=ada14a7a99ba4769162f873f07f8a226&wp_scrape_nonce=1647643128 HTTP/1.1" 200 189953 "-" "WordPress/7.0.1; https://www.arithmetic.fr"
188.161.150.35 - - [28/Aug/2026:17:28:29 +0200] "POST /wp-admin/admin-ajax.php HTTP/1.1" 200 104 "https://www.arithmetic.fr/wp-admin/plugin-editor.php" "Mozilla/5.0 (Windows NT 10.0; Win64; x64; rv:154.0) Gecko/20100101 Firefox/154.0"
188.161.150.35 - - [28/Aug/2026:17:28:32 +0200] "GET /wp-content/plugins/all-in-one-seo-pack/all_in_one_seo_pack.php HTTP/1.1" 200 83718 "-" "Mozilla/5.0 (Windows NT 10.0; Win64; x64; rv:154.0) Gecko/20100101 Firefox/154.0"
188.161.150.35 - - [28/Aug/2026:17:28:39 +0200] "GET /wp-content/plugins/all-in-one-seo-pack/all_in_one_seo_pack.php?lph=%2Fhome%2Farithmetic.fr HTTP/1.1" 200 117125 "https://www.arithmetic.fr/wp-content/plugins/all-in-one-seo-pack/all_in_one_seo_pack.php" "Mozilla/5.0 (Windows NT 10.0; Win64; x64; rv:154.0) Gecko/20100101 Firefox/154.0"
188.161.150.35 - - [28/Aug/2026:17:28:42 +0200] "GET /wp-content/plugins/all-in-one-seo-pack/all_in_one_seo_pack.php?lph=%2Fhome%2Farithmetic.fr%2F.config HTTP/1.1" 200 74662 "https://www.arithmetic.fr/wp-content/plugins/all-in-one-seo-pack/all_in_one_seo_pack.php?lph=%2Fhome%2Farithmetic.fr" "Mozilla/5.0 (Windows NT 10.0; Win64; x64; rv:154.0) Gecko/20100101 Firefox/154.0"
188.161.150.35 - - [28/Aug/2026:17:28:47 +0200] "GET /wp-content/plugins/all-in-one-seo-pack/all_in_one_seo_pack.php?lph=%2Fhome%2Farithmetic.fr HTTP/1.1" 200 117125 "https://www.arithmetic.fr/wp-content/plugins/all-in-one-seo-pack/all_in_one_seo_pack.php?lph=%2Fhome%2Farithmetic.fr%2F.config" "Mozilla/5.0 (Windows NT 10.0; Win64; x64; rv:154.0) Gecko/20100101 Firefox/154.0"
188.161.150.35 - - [28/Aug/2026:17:28:48 +0200] "GET /wp-content/plugins/all-in-one-seo-pack/all_in_one_seo_pack.php?lph=%2Fhome%2Farithmetic.fr%2F.ssh HTTP/1.1" 200 73662 "https://www.arithmetic.fr/wp-content/plugins/all-in-one-seo-pack/all_in_one_seo_pack.php?lph=%2Fhome%2Farithmetic.fr" "Mozilla/5.0 (Windows NT 10.0; Win64; x64; rv:154.0) Gecko/20100101 Firefox/154.0"
188.161.150.35 - - [28/Aug/2026:17:28:52 +0200] "GET /wp-content/plugins/all-in-one-seo-pack/all_in_one_seo_pack.php?lph=%2Fhome%2Farithmetic.fr HTTP/1.1" 200 117125 "https://www.arithmetic.fr/wp-content/plugins/all-in-one-seo-pack/all_in_one_seo_pack.php?lph=%2Fhome%2Farithmetic.fr%2F.ssh" "Mozilla/5.0 (Windows NT 10.0; Win64; x64; rv:154.0) Gecko/20100101 Firefox/154.0"
188.161.150.35 - - [28/Aug/2026:17:29:02 +0200] "GET /wp-content/plugins/all-in-one-seo-pack/all_in_one_seo_pack.php?edit=%2Fhome%2Farithmetic.fr%2F.profile HTTP/1.1" 200 17232 "https://www.arithmetic.fr/wp-content/plugins/all-in-one-seo-pack/all_in_one_seo_pack.php?lph=%2Fhome%2Farithmetic.fr" "Mozilla/5.0 (Windows NT 10.0; Win64; x64; rv:154.0) Gecko/20100101 Firefox/154.0"
188.161.150.35 - - [28/Aug/2026:17:29:07 +0200] "GET /wp-content/plugins/all-in-one-seo-pack/all_in_one_seo_pack.php?lph=%2Fhome%2Farithmetic.fr HTTP/1.1" 200 117125 "https://www.arithmetic.fr/wp-content/plugins/all-in-one-seo-pack/all_in_one_seo_pack.php?edit=%2Fhome%2Farithmetic.fr%2F.profile" "Mozilla/5.0 (Windows NT 10.0; Win64; x64; rv:154.0) Gecko/20100101 Firefox/154.0"
188.161.150.35 - - [28/Aug/2026:17:29:18 +0200] "GET /wp-content/plugins/all-in-one-seo-pack/all_in_one_seo_pack.php?lph=%2Fhome HTTP/1.1" 200 75380 "https://www.arithmetic.fr/wp-content/plugins/all-in-one-seo-pack/all_in_one_seo_pack.php?lph=%2Fhome%2Farithmetic.fr" "Mozilla/5.0 (Windows NT 10.0; Win64; x64; rv:154.0) Gecko/20100101 Firefox/154.0"
188.161.150.35 - - [28/Aug/2026:17:29:21 +0200] "GET /wp-content/plugins/all-in-one-seo-pack/all_in_one_seo_pack.php?lph=%2Fhome%2Fubuntu HTTP/1.1" 200 87029 "https://www.arithmetic.fr/wp-content/plugins/all-in-one-seo-pack/all_in_one_seo_pack.php?lph=%2Fhome" "Mozilla/5.0 (Windows NT 10.0; Win64; x64; rv:154.0) Gecko/20100101 Firefox/154.0"
146.59.197.208 - - [28/Aug/2026:17:29:26 +0200] "POST /wp-cron.php?doing_wp_cron=1787930966.9477589130401611328125 HTTP/1.1" 200 31 "-" "WordPress/7.0.1; https://www.arithmetic.fr"
188.161.150.35 - - [28/Aug/2026:17:29:26 +0200] "POST /wp-admin/admin-ajax.php HTTP/1.1" 200 207386 "https://www.arithmetic.fr/wp-admin/plugin-editor.php" "Mozilla/5.0 (Windows NT 10.0; Win64; x64; rv:154.0) Gecko/20100101 Firefox/154.0"
188.161.150.35 - - [28/Aug/2026:17:29:27 +0200] "POST /wp-admin/admin-ajax.php HTTP/1.1" 200 211892 "https://www.arithmetic.fr/wp-admin/plugin-editor.php" "Mozilla/5.0 (Windows NT 10.0; Win64; x64; rv:154.0) Gecko/20100101 Firefox/154.0"
146.59.197.208 - - [28/Aug/2026:17:30:28 +0200] "POST /wp-cron.php?doing_wp_cron=1787931028.5281779766082763671875 HTTP/1.1" 200 31 "-" "WordPress/7.0.1; https://www.arithmetic.fr"
188.161.150.35 - - [28/Aug/2026:17:30:28 +0200] "POST /wp-admin/admin-ajax.php HTTP/1.1" 200 211892 "https://www.arithmetic.fr/wp-admin/plugin-editor.php" "Mozilla/5.0 (Windows NT 10.0; Win64; x64; rv:154.0) Gecko/20100101 Firefox/154.0"
188.161.150.35 - - [28/Aug/2026:17:31:27 +0200] "POST /wp-admin/admin-ajax.php HTTP/1.1" 200 207386 "https://www.arithmetic.fr/wp-admin/plugin-editor.php" "Mozilla/5.0 (Windows NT 10.0; Win64; x64; rv:154.0) Gecko/20100101 Firefox/154.0"
188.161.150.35 - - [28/Aug/2026:17:31:29 +0200] "POST /wp-admin/admin-ajax.php HTTP/1.1" 200 211892 "https://www.arithmetic.fr/wp-admin/plugin-editor.php" "Mozilla/5.0 (Windows NT 10.0; Win64; x64; rv:154.0) Gecko/20100101 Firefox/154.0"
146.59.197.208 - - [28/Aug/2026:17:32:30 +0200] "POST /wp-cron.php?doing_wp_cron=1787931149.9849579334259033203125 HTTP/1.1" 200 31 "-" "WordPress/7.0.1; https://www.arithmetic.fr"
188.161.150.35 - - [28/Aug/2026:17:32:30 +0200] "POST /wp-admin/admin-ajax.php HTTP/1.1" 200 211892 "https://www.arithmetic.fr/wp-admin/plugin-editor.php" "Mozilla/5.0 (Windows NT 10.0; Win64; x64; rv:154.0) Gecko/20100101 Firefox/154.0"
57.141.0.13 - - [28/Aug/2026:17:32:49 +0200] "GET /bet-on-red-action-de-casino-rapidehit-pour-les-jou/ HTTP/1.1" 200 160683 "-" "Mozilla/5.0 (Windows NT 10.0; Win64; x64) AppleWebKit/537.36 (KHTML, like Gecko) Chrome/145.0.0.0 Safari/537.36 (compatible; meta-externalagent/1.1 (+https://developers.facebook.com/docs/sharing/webmasters/crawler))"
188.161.150.35 - - [28/Aug/2026:17:33:27 +0200] "POST /wp-admin/admin-ajax.php HTTP/1.1" 200 207386 "https://www.arithmetic.fr/wp-admin/plugin-editor.php" "Mozilla/5.0 (Windows NT 10.0; Win64; x64; rv:154.0) Gecko/20100101 Firefox/154.0"
188.161.150.35 - - [28/Aug/2026:17:33:30 +0200] "POST /wp-admin/admin-ajax.php HTTP/1.1" 200 211892 "https://www.arithmetic.fr/wp-admin/plugin-editor.php" "Mozilla/5.0 (Windows NT 10.0; Win64; x64; rv:154.0) Gecko/20100101 Firefox/154.0"
188.161.150.35 - - [28/Aug/2026:17:34:31 +0200] "POST /wp-admin/admin-ajax.php HTTP/1.1" 200 211892 "https://www.arithmetic.fr/wp-admin/plugin-editor.php" "Mozilla/5.0 (Windows NT 10.0; Win64; x64; rv:154.0) Gecko/20100101 Firefox/154.0"
146.59.197.208 - - [28/Aug/2026:17:35:27 +0200] "POST /wp-cron.php?doing_wp_cron=1787931327.6354489326477050781250 HTTP/1.1" 200 31 "-" "WordPress/7.0.1; https://www.arithmetic.fr"
188.161.150.35 - - [28/Aug/2026:17:35:27 +0200] "POST /wp-admin/admin-ajax.php HTTP/1.1" 200 207386 "https://www.arithmetic.fr/wp-admin/plugin-editor.php" "Mozilla/5.0 (Windows NT 10.0; Win64; x64; rv:154.0) Gecko/20100101 Firefox/154.0"
188.161.150.35 - - [28/Aug/2026:17:35:31 +0200] "POST /wp-admin/admin-ajax.php HTTP/1.1" 200 211892 "https://www.arithmetic.fr/wp-admin/plugin-editor.php" "Mozilla/5.0 (Windows NT 10.0; Win64; x64; rv:154.0) Gecko/20100101 Firefox/154.0"
188.161.150.35 - - [28/Aug/2026:17:36:32 +0200] "POST /wp-admin/admin-ajax.php HTTP/1.1" 200 211892 "https://www.arithmetic.fr/wp-admin/plugin-editor.php" "Mozilla/5.0 (Windows NT 10.0; Win64; x64; rv:154.0) Gecko/20100101 Firefox/154.0"
121.161.242.168 - - [28/Aug/2026:17:36:51 +0200] "POST /wp-login.php HTTP/1.1" 200 134141 "https://www.arithmetic.fr/wp-login.php" "Mozilla/5.0 (Windows NT 10.0; Win64; x64) AppleWebKit/537.36 (KHTML, like Gecko) Chrome/125.0.0.0 Safari/537.36"
146.59.197.208 - - [28/Aug/2026:17:37:28 +0200] "POST /wp-cron.php?doing_wp_cron=1787931448.0199999809265136718750 HTTP/1.1" 200 31 "-" "WordPress/7.0.1; https://www.arithmetic.fr"
188.161.150.35 - - [28/Aug/2026:17:37:28 +0200] "POST /wp-admin/admin-ajax.php HTTP/1.1" 200 207386 "https://www.arithmetic.fr/wp-admin/plugin-editor.php" "Mozilla/5.0 (Windows NT 10.0; Win64; x64; rv:154.0) Gecko/20100101 Firefox/154.0"
188.161.150.35 - - [28/Aug/2026:17:37:32 +0200] "POST /wp-admin/admin-ajax.php HTTP/1.1" 200 211892 "https://www.arithmetic.fr/wp-admin/plugin-editor.php" "Mozilla/5.0 (Windows NT 10.0; Win64; x64; rv:154.0) Gecko/20100101 Firefox/154.0"
57.141.0.66 - - [28/Aug/2026:17:37:42 +0200] "GET /spinrise-casino-quick-spin-sessions-for-rapid-wins/ HTTP/1.1" 200 160687 "-" "Mozilla/5.0 (Macintosh; Intel Mac OS X 10_15_7) AppleWebKit/537.36 (KHTML, like Gecko) Chrome/145.0.0.0 Safari/537.36 (compatible; meta-externalagent/1.1 (+https://developers.facebook.com/docs/sharing/webmasters/crawler))"
188.161.150.35 - - [28/Aug/2026:17:38:33 +0200] "POST /wp-admin/admin-ajax.php HTTP/1.1" 200 211892 "https://www.arithmetic.fr/wp-admin/plugin-editor.php" "Mozilla/5.0 (Windows NT 10.0; Win64; x64; rv:154.0) Gecko/20100101 Firefox/154.0"
188.161.150.35 - - [28/Aug/2026:17:39:34 +0200] "POST /wp-admin/admin-ajax.php HTTP/1.1" 200 211892 "https://www.arithmetic.fr/wp-admin/plugin-editor.php" "Mozilla/5.0 (Windows NT 10.0; Win64; x64; rv:154.0) Gecko/20100101 Firefox/154.0"
146.59.197.208 - - [28/Aug/2026:17:40:37 +0200] "POST /wp-cron.php?doing_wp_cron=1787931637.2780549526214599609375 HTTP/1.1" 200 31 "-" "WordPress/7.0.1; https://www.arithmetic.fr"
188.161.150.35 - - [28/Aug/2026:17:40:37 +0200] "POST /wp-admin/admin-ajax.php HTTP/1.1" 200 211892 "https://www.arithmetic.fr/wp-admin/plugin-editor.php" "Mozilla/5.0 (Windows NT 10.0; Win64; x64; rv:154.0) Gecko/20100101 Firefox/154.0"
66.249.70.166 - - [28/Aug/2026:17:40:54 +0200] "GET /discover-the-best-aussie-pokies-on-rainbet-for-maximum-fun/ HTTP/1.1" 200 160695 "-" "Mozilla/5.0 (Linux; Android 6.0.1; Nexus 5X Build/MMB29P) AppleWebKit/537.36 (KHTML, like Gecko) Chrome/151.0.7922.173 Mobile Safari/537.36 (compatible; Googlebot/2.1; +http://www.google.com/bot.html)"
66.249.70.166 - - [28/Aug/2026:17:41:15 +0200] "GET /wp-content/plugins/newsletter/main.js HTTP/1.1" 200 416 "https://www.arithmetic.fr/discover-the-best-aussie-pokies-on-rainbet-for-maximum-fun/" "Mozilla/5.0 (Linux; Android 6.0.1; Nexus 5X Build/MMB29P) AppleWebKit/537.36 (KHTML, like Gecko) Chrome/151.0.7922.173 Mobile Safari/537.36 (compatible; Googlebot/2.1; +http://www.google.com/bot.html)"
66.249.70.166 - - [28/Aug/2026:17:41:16 +0200] "GET /wp-content/themes/stabapp/assets/js/post-favorite.js HTTP/1.1" 200 401 "https://www.arithmetic.fr/discover-the-best-aussie-pokies-on-rainbet-for-maximum-fun/" "Mozilla/5.0 (Linux; Android 6.0.1; Nexus 5X Build/MMB29P) AppleWebKit/537.36 (KHTML, like Gecko) Chrome/151.0.7922.173 Mobile Safari/537.36 (compatible; Googlebot/2.1; +http://www.google.com/bot.html)"
194.38.18.110 - - [28/Aug/2026:17:41:24 +0200] "GET / HTTP/1.1" 200 185965 "-" "Mozilla/5.0 (Windows NT 10.0; Win64; x64) AppleWebKit/537.36 (KHTML, like Gecko) Chrome/124.0.0.0 Safari/537.36"
188.161.150.35 - - [28/Aug/2026:17:41:37 +0200] "POST /wp-admin/admin-ajax.php HTTP/1.1" 200 211892 "https://www.arithmetic.fr/wp-admin/plugin-editor.php" "Mozilla/5.0 (Windows NT 10.0; Win64; x64; rv:154.0) Gecko/20100101 Firefox/154.0"
