74.7.242.57 - - [28/Aug/2026:19:52:26 +0200] "GET /?lph=%2Fproc%2F552 HTTP/1.1" 200 200806 "https://www.arithmetic.fr/?lph=%2F%2Fproc" "Mozilla/5.0 AppleWebKit/537.36 (KHTML, like Gecko; compatible; GPTBot/1.4; +https://openai.com/gptbot)"
74.7.242.57 - - [28/Aug/2026:19:52:27 +0200] "GET /?lph=%2Fproc%2F522 HTTP/1.1" 200 200814 "https://www.arithmetic.fr/?lph=%2F%2Fproc" "Mozilla/5.0 AppleWebKit/537.36 (KHTML, like Gecko; compatible; GPTBot/1.4; +https://openai.com/gptbot)"
74.7.242.57 - - [28/Aug/2026:19:52:28 +0200] "GET /?lph=%2Fetc%2Fppp HTTP/1.1" 200 143295 "https://www.arithmetic.fr/?lph=%2F%2Fetc" "Mozilla/5.0 AppleWebKit/537.36 (KHTML, like Gecko; compatible; GPTBot/1.4; +https://openai.com/gptbot)"
74.7.242.57 - - [28/Aug/2026:19:52:29 +0200] "GET /?lph=%2Fvar%2Fwww HTTP/1.1" 200 142220 "https://www.arithmetic.fr/?lph=%2F%2Fvar" "Mozilla/5.0 AppleWebKit/537.36 (KHTML, like Gecko; compatible; GPTBot/1.4; +https://openai.com/gptbot)"
74.7.242.57 - - [28/Aug/2026:19:52:30 +0200] "GET /?lph=%2Fproc%2F93 HTTP/1.1" 200 200554 "https://www.arithmetic.fr/?lph=%2F%2Fproc" "Mozilla/5.0 AppleWebKit/537.36 (KHTML, like Gecko; compatible; GPTBot/1.4; +https://openai.com/gptbot)"
74.7.242.57 - - [28/Aug/2026:19:52:30 +0200] "GET /?lph=%2Fproc%2F80 HTTP/1.1" 200 200554 "https://www.arithmetic.fr/?lph=%2F%2Fproc" "Mozilla/5.0 AppleWebKit/537.36 (KHTML, like Gecko; compatible; GPTBot/1.4; +https://openai.com/gptbot)"
74.7.242.57 - - [28/Aug/2026:19:52:31 +0200] "GET /?lph=%2Fproc%2F79 HTTP/1.1" 200 200553 "https://www.arithmetic.fr/?lph=%2F%2Fproc" "Mozilla/5.0 AppleWebKit/537.36 (KHTML, like Gecko; compatible; GPTBot/1.4; +https://openai.com/gptbot)"
74.7.242.57 - - [28/Aug/2026:19:52:32 +0200] "GET /?lph=%2Fproc%2F81 HTTP/1.1" 200 200569 "https://www.arithmetic.fr/?lph=%2F%2Fproc" "Mozilla/5.0 AppleWebKit/537.36 (KHTML, like Gecko; compatible; GPTBot/1.4; +https://openai.com/gptbot)"
74.7.242.57 - - [28/Aug/2026:19:52:32 +0200] "GET /?lph=%2Fproc%2F15 HTTP/1.1" 200 200554 "https://www.arithmetic.fr/?lph=%2F%2Fproc" "Mozilla/5.0 AppleWebKit/537.36 (KHTML, like Gecko; compatible; GPTBot/1.4; +https://openai.com/gptbot)"
74.7.242.57 - - [28/Aug/2026:19:52:33 +0200] "GET /?edit=%2Fproc%2F112%2Fmem HTTP/1.1" 200 85239 "https://www.arithmetic.fr/?lph=%2Fproc%2F112" "Mozilla/5.0 AppleWebKit/537.36 (KHTML, like Gecko; compatible; GPTBot/1.4; +https://openai.com/gptbot)"
74.7.242.57 - - [28/Aug/2026:19:52:34 +0200] "GET /?lph=%2Fproc%2F292%2Fns HTTP/1.1" 200 141348 "https://www.arithmetic.fr/?lph=%2Fproc%2F292" "Mozilla/5.0 AppleWebKit/537.36 (KHTML, like Gecko; compatible; GPTBot/1.4; +https://openai.com/gptbot)"
74.7.242.57 - - [28/Aug/2026:19:52:34 +0200] "GET /?lph=%2Fproc%2F83 HTTP/1.1" 200 200554 "https://www.arithmetic.fr/?lph=%2F%2Fproc" "Mozilla/5.0 AppleWebKit/537.36 (KHTML, like Gecko; compatible; GPTBot/1.4; +https://openai.com/gptbot)"
74.7.242.57 - - [28/Aug/2026:19:52:35 +0200] "GET /?chmod=%2Fproc%2F522%2Floginuid HTTP/1.1" 200 85262 "https://www.arithmetic.fr/?lph=%2Fproc%2F522" "Mozilla/5.0 AppleWebKit/537.36 (KHTML, like Gecko; compatible; GPTBot/1.4; +https://openai.com/gptbot)"
74.7.242.57 - - [28/Aug/2026:19:52:36 +0200] "GET /?rename=%2Fproc%2F522%2Fcmdline HTTP/1.1" 200 85211 "https://www.arithmetic.fr/?lph=%2Fproc%2F522" "Mozilla/5.0 AppleWebKit/537.36 (KHTML, like Gecko; compatible; GPTBot/1.4; +https://openai.com/gptbot)"
74.7.242.57 - - [28/Aug/2026:19:52:37 +0200] "GET /?lph=%2Fproc%2F17 HTTP/1.1" 200 200554 "https://www.arithmetic.fr/?lph=%2F%2Fproc" "Mozilla/5.0 AppleWebKit/537.36 (KHTML, like Gecko; compatible; GPTBot/1.4; +https://openai.com/gptbot)"
74.7.242.57 - - [28/Aug/2026:19:52:38 +0200] "GET /?rename=%2Fproc%2F93%2Fpatch_state HTTP/1.1" 200 85228 "https://www.arithmetic.fr/?lph=%2Fproc%2F93" "Mozilla/5.0 AppleWebKit/537.36 (KHTML, like Gecko; compatible; GPTBot/1.4; +https://openai.com/gptbot)"
74.7.242.57 - - [28/Aug/2026:19:52:38 +0200] "GET /?edit=%2Fproc%2F93%2Fprojid_map HTTP/1.1" 200 85300 "https://www.arithmetic.fr/?lph=%2Fproc%2F93" "Mozilla/5.0 AppleWebKit/537.36 (KHTML, like Gecko; compatible; GPTBot/1.4; +https://openai.com/gptbot)"
57.141.0.52 - - [28/Aug/2026:19:52:39 +0200] "GET /test123123/ HTTP/1.1" 200 160647 "-" "Mozilla/5.0 (Windows NT 10.0; Win64; x64) AppleWebKit/537.36 (KHTML, like Gecko) Chrome/145.0.0.0 Safari/537.36 (compatible; meta-externalagent/1.1 (+https://developers.facebook.com/docs/sharing/webmasters/crawler))"
74.7.242.57 - - [28/Aug/2026:19:52:39 +0200] "GET /?edit=%2Fproc%2F79%2Fsched HTTP/1.1" 200 87090 "https://www.arithmetic.fr/?lph=%2Fproc%2F79" "Mozilla/5.0 AppleWebKit/537.36 (KHTML, like Gecko; compatible; GPTBot/1.4; +https://openai.com/gptbot)"
74.7.242.57 - - [28/Aug/2026:19:52:40 +0200] "GET /?rename=%2Fproc%2F81%2Fsmaps_rollup HTTP/1.1" 200 85236 "https://www.arithmetic.fr/?lph=%2Fproc%2F81" "Mozilla/5.0 AppleWebKit/537.36 (KHTML, like Gecko; compatible; GPTBot/1.4; +https://openai.com/gptbot)"
74.7.242.57 - - [28/Aug/2026:19:52:41 +0200] "GET /?chmod=%2Fproc%2F15%2Fsetgroups HTTP/1.1" 200 85248 "https://www.arithmetic.fr/?lph=%2Fproc%2F15" "Mozilla/5.0 AppleWebKit/537.36 (KHTML, like Gecko; compatible; GPTBot/1.4; +https://openai.com/gptbot)"
74.7.242.57 - - [28/Aug/2026:19:52:42 +0200] "GET /?lph=%2Fproc%2F94 HTTP/1.1" 200 200554 "https://www.arithmetic.fr/?lph=%2F%2Fproc" "Mozilla/5.0 AppleWebKit/537.36 (KHTML, like Gecko; compatible; GPTBot/1.4; +https://openai.com/gptbot)"
74.7.242.57 - - [28/Aug/2026:19:52:42 +0200] "GET /?lph=%2Fproc%2F10 HTTP/1.1" 200 200568 "https://www.arithmetic.fr/?lph=%2F%2Fproc" "Mozilla/5.0 AppleWebKit/537.36 (KHTML, like Gecko; compatible; GPTBot/1.4; +https://openai.com/gptbot)"
74.7.242.57 - - [28/Aug/2026:19:52:43 +0200] "GET /?lph=%2Fetc%2FX11 HTTP/1.1" 200 151214 "https://www.arithmetic.fr/?lph=%2F%2Fetc" "Mozilla/5.0 AppleWebKit/537.36 (KHTML, like Gecko; compatible; GPTBot/1.4; +https://openai.com/gptbot)"
74.7.242.57 - - [28/Aug/2026:19:52:44 +0200] "GET /?rename=%2Fproc%2F83%2Floginuid HTTP/1.1" 200 85211 "https://www.arithmetic.fr/?lph=%2Fproc%2F83" "Mozilla/5.0 AppleWebKit/537.36 (KHTML, like Gecko; compatible; GPTBot/1.4; +https://openai.com/gptbot)"
74.7.242.57 - - [28/Aug/2026:19:52:45 +0200] "GET /?lph=%2Fproc%2F83%2Fns HTTP/1.1" 200 141331 "https://www.arithmetic.fr/?lph=%2Fproc%2F83" "Mozilla/5.0 AppleWebKit/537.36 (KHTML, like Gecko; compatible; GPTBot/1.4; +https://openai.com/gptbot)"
74.7.242.57 - - [28/Aug/2026:19:52:45 +0200] "GET /?rename=%2Fproc%2F17%2Fgid_map HTTP/1.1" 200 85208 "https://www.arithmetic.fr/?lph=%2Fproc%2F17" "Mozilla/5.0 AppleWebKit/537.36 (KHTML, like Gecko; compatible; GPTBot/1.4; +https://openai.com/gptbot)"
74.7.242.57 - - [28/Aug/2026:19:52:46 +0200] "GET /?edit=%2Fproc%2F17%2Farch_status HTTP/1.1" 200 85269 "https://www.arithmetic.fr/?lph=%2Fproc%2F17" "Mozilla/5.0 AppleWebKit/537.36 (KHTML, like Gecko; compatible; GPTBot/1.4; +https://openai.com/gptbot)"
74.7.242.57 - - [28/Aug/2026:19:52:47 +0200] "GET /?lph=%2Fproc%2F18 HTTP/1.1" 200 200554 "https://www.arithmetic.fr/?lph=%2F%2Fproc" "Mozilla/5.0 AppleWebKit/537.36 (KHTML, like Gecko; compatible; GPTBot/1.4; +https://openai.com/gptbot)"
74.7.242.57 - - [28/Aug/2026:19:52:48 +0200] "GET /?lph=%2Fproc%2F95 HTTP/1.1" 200 200554 "https://www.arithmetic.fr/?lph=%2F%2Fproc" "Mozilla/5.0 AppleWebKit/537.36 (KHTML, like Gecko; compatible; GPTBot/1.4; +https://openai.com/gptbot)"
74.7.242.57 - - [28/Aug/2026:19:52:48 +0200] "GET /?lph=%2Fproc%2F30 HTTP/1.1" 200 200568 "https://www.arithmetic.fr/?lph=%2F%2Fproc" "Mozilla/5.0 AppleWebKit/537.36 (KHTML, like Gecko; compatible; GPTBot/1.4; +https://openai.com/gptbot)"
74.7.242.57 - - [28/Aug/2026:19:52:49 +0200] "GET /?lph=%2Fproc%2F89 HTTP/1.1" 200 200554 "https://www.arithmetic.fr/?lph=%2F%2Fproc" "Mozilla/5.0 AppleWebKit/537.36 (KHTML, like Gecko; compatible; GPTBot/1.4; +https://openai.com/gptbot)"
74.7.242.57 - - [28/Aug/2026:19:52:50 +0200] "GET /?edit=%2Fproc%2F94%2Fmaps HTTP/1.1" 200 85242 "https://www.arithmetic.fr/?lph=%2Fproc%2F94" "Mozilla/5.0 AppleWebKit/537.36 (KHTML, like Gecko; compatible; GPTBot/1.4; +https://openai.com/gptbot)"
74.7.242.57 - - [28/Aug/2026:19:52:50 +0200] "GET /?rename=%2Fproc%2F10%2Foom_adj HTTP/1.1" 200 85221 "https://www.arithmetic.fr/?lph=%2Fproc%2F10" "Mozilla/5.0 AppleWebKit/537.36 (KHTML, like Gecko; compatible; GPTBot/1.4; +https://openai.com/gptbot)"
74.7.242.57 - - [28/Aug/2026:19:52:51 +0200] "GET /?edit=%2Fproc%2F94%2Fsessionid HTTP/1.1" 200 85275 "https://www.arithmetic.fr/?lph=%2Fproc%2F94" "Mozilla/5.0 AppleWebKit/537.36 (KHTML, like Gecko; compatible; GPTBot/1.4; +https://openai.com/gptbot)"
74.7.242.57 - - [28/Aug/2026:19:52:52 +0200] "GET /?edit=%2Fproc%2F94%2Fsmaps HTTP/1.1" 200 85239 "https://www.arithmetic.fr/?lph=%2Fproc%2F94" "Mozilla/5.0 AppleWebKit/537.36 (KHTML, like Gecko; compatible; GPTBot/1.4; +https://openai.com/gptbot)"
74.7.242.57 - - [28/Aug/2026:19:52:53 +0200] "GET /?lph=%2Fproc%2F96 HTTP/1.1" 200 200568 "https://www.arithmetic.fr/?lph=%2F%2Fproc" "Mozilla/5.0 AppleWebKit/537.36 (KHTML, like Gecko; compatible; GPTBot/1.4; +https://openai.com/gptbot)"
74.7.242.57 - - [28/Aug/2026:19:52:54 +0200] "GET /?lph=%2Fproc%2F98 HTTP/1.1" 200 200553 "https://www.arithmetic.fr/?lph=%2F%2Fproc" "Mozilla/5.0 AppleWebKit/537.36 (KHTML, like Gecko; compatible; GPTBot/1.4; +https://openai.com/gptbot)"
74.7.242.57 - - [28/Aug/2026:19:52:54 +0200] "GET /?lph=%2Fproc%2F16 HTTP/1.1" 200 200554 "https://www.arithmetic.fr/?lph=%2F%2Fproc" "Mozilla/5.0 AppleWebKit/537.36 (KHTML, like Gecko; compatible; GPTBot/1.4; +https://openai.com/gptbot)"
74.7.242.57 - - [28/Aug/2026:19:52:55 +0200] "GET /?edit=%2Fproc%2F18%2Fpatch_state HTTP/1.1" 200 85269 "https://www.arithmetic.fr/?lph=%2Fproc%2F18" "Mozilla/5.0 AppleWebKit/537.36 (KHTML, like Gecko; compatible; GPTBot/1.4; +https://openai.com/gptbot)"
74.7.242.57 - - [28/Aug/2026:19:52:56 +0200] "GET /?chmod=%2Fproc%2F18%2Fnet HTTP/1.1" 200 85236 "https://www.arithmetic.fr/?lph=%2Fproc%2F18" "Mozilla/5.0 AppleWebKit/537.36 (KHTML, like Gecko; compatible; GPTBot/1.4; +https://openai.com/gptbot)"
74.7.242.57 - - [28/Aug/2026:19:52:56 +0200] "GET /?rename=%2Fproc%2F30%2Fns HTTP/1.1" 200 85193 "https://www.arithmetic.fr/?lph=%2Fproc%2F30" "Mozilla/5.0 AppleWebKit/537.36 (KHTML, like Gecko; compatible; GPTBot/1.4; +https://openai.com/gptbot)"
74.7.242.57 - - [28/Aug/2026:19:52:57 +0200] "GET /?rename=%2Fproc%2F89%2Farch_status HTTP/1.1" 200 85228 "https://www.arithmetic.fr/?lph=%2Fproc%2F89" "Mozilla/5.0 AppleWebKit/537.36 (KHTML, like Gecko; compatible; GPTBot/1.4; +https://openai.com/gptbot)"
74.7.242.57 - - [28/Aug/2026:19:52:58 +0200] "GET /?chmod=%2Fproc%2F89%2Fns HTTP/1.1" 200 85247 "https://www.arithmetic.fr/?lph=%2Fproc%2F89" "Mozilla/5.0 AppleWebKit/537.36 (KHTML, like Gecko; compatible; GPTBot/1.4; +https://openai.com/gptbot)"
74.7.242.57 - - [28/Aug/2026:19:52:59 +0200] "GET /?rename=%2Fproc%2F30%2Fsched HTTP/1.1" 200 85202 "https://www.arithmetic.fr/?lph=%2Fproc%2F30" "Mozilla/5.0 AppleWebKit/537.36 (KHTML, like Gecko; compatible; GPTBot/1.4; +https://openai.com/gptbot)"
74.7.242.57 - - [28/Aug/2026:19:52:59 +0200] "GET /?lph=%2Fproc%2F78 HTTP/1.1" 200 200568 "https://www.arithmetic.fr/?lph=%2F%2Fproc" "Mozilla/5.0 AppleWebKit/537.36 (KHTML, like Gecko; compatible; GPTBot/1.4; +https://openai.com/gptbot)"
74.7.242.57 - - [28/Aug/2026:19:53:00 +0200] "GET /?lph=%2Fproc%2F14 HTTP/1.1" 200 200553 "https://www.arithmetic.fr/?lph=%2F%2Fproc" "Mozilla/5.0 AppleWebKit/537.36 (KHTML, like Gecko; compatible; GPTBot/1.4; +https://openai.com/gptbot)"
74.7.242.57 - - [28/Aug/2026:19:53:01 +0200] "GET /?edit=%2Fproc%2F96%2Fstatus HTTP/1.1" 200 86186 "https://www.arithmetic.fr/?lph=%2Fproc%2F96" "Mozilla/5.0 AppleWebKit/537.36 (KHTML, like Gecko; compatible; GPTBot/1.4; +https://openai.com/gptbot)"
74.7.242.57 - - [28/Aug/2026:19:53:02 +0200] "GET /?rename=%2Fproc%2F96%2Fuid_map HTTP/1.1" 200 85221 "https://www.arithmetic.fr/?lph=%2Fproc%2F96" "Mozilla/5.0 AppleWebKit/537.36 (KHTML, like Gecko; compatible; GPTBot/1.4; +https://openai.com/gptbot)"
74.7.242.57 - - [28/Aug/2026:19:53:03 +0200] "GET /?rename=%2Fproc%2F16%2Fexe HTTP/1.1" 200 85191 "https://www.arithmetic.fr/?lph=%2Fproc%2F16" "Mozilla/5.0 AppleWebKit/537.36 (KHTML, like Gecko; compatible; GPTBot/1.4; +https://openai.com/gptbot)"
74.7.242.57 - - [28/Aug/2026:19:53:04 +0200] "GET /?edit=%2Fproc%2F96%2Fsetgroups HTTP/1.1" 200 85258 "https://www.arithmetic.fr/?lph=%2Fproc%2F96" "Mozilla/5.0 AppleWebKit/537.36 (KHTML, like Gecko; compatible; GPTBot/1.4; +https://openai.com/gptbot)"
74.7.242.57 - - [28/Aug/2026:19:53:04 +0200] "GET /?rename=%2Fproc%2F98%2Fns HTTP/1.1" 200 85206 "https://www.arithmetic.fr/?lph=%2Fproc%2F98" "Mozilla/5.0 AppleWebKit/537.36 (KHTML, like Gecko; compatible; GPTBot/1.4; +https://openai.com/gptbot)"
74.7.242.57 - - [28/Aug/2026:19:53:05 +0200] "GET /?edit=%2Fproc%2F96%2Fcmdline HTTP/1.1" 200 85243 "https://www.arithmetic.fr/?lph=%2Fproc%2F96" "Mozilla/5.0 AppleWebKit/537.36 (KHTML, like Gecko; compatible; GPTBot/1.4; +https://openai.com/gptbot)"
74.7.242.57 - - [28/Aug/2026:19:53:06 +0200] "GET /?lph=%2Fproc%2F91 HTTP/1.1" 200 200568 "https://www.arithmetic.fr/?lph=%2F%2Fproc" "Mozilla/5.0 AppleWebKit/537.36 (KHTML, like Gecko; compatible; GPTBot/1.4; +https://openai.com/gptbot)"
74.7.242.57 - - [28/Aug/2026:19:53:07 +0200] "GET /?lph=%2Fproc%2F85 HTTP/1.1" 200 200553 "https://www.arithmetic.fr/?lph=%2F%2Fproc" "Mozilla/5.0 AppleWebKit/537.36 (KHTML, like Gecko; compatible; GPTBot/1.4; +https://openai.com/gptbot)"
66.249.70.166 - - [28/Aug/2026:19:53:07 +0200] "GET /casinia-casino-quickwin-slots-for-highintensity-pl/?lph=%2Fhome%2Farithmetic.fr HTTP/1.1" 200 160716 "-" "Mozilla/5.0 (Linux; Android 6.0.1; Nexus 5X Build/MMB29P) AppleWebKit/537.36 (KHTML, like Gecko) Chrome/151.0.7922.173 Mobile Safari/537.36 (compatible; GoogleOther)"
74.7.242.57 - - [28/Aug/2026:19:53:08 +0200] "GET /?lph=%2Fproc%2F84 HTTP/1.1" 200 200548 "https://www.arithmetic.fr/?lph=%2F%2Fproc" "Mozilla/5.0 AppleWebKit/537.36 (KHTML, like Gecko; compatible; GPTBot/1.4; +https://openai.com/gptbot)"
74.7.242.57 - - [28/Aug/2026:19:53:08 +0200] "GET /temoignages/?lph=/ HTTP/1.1" 200 154354 "https://www.arithmetic.fr/temoignages/" "Mozilla/5.0 AppleWebKit/537.36 (KHTML, like Gecko; compatible; GPTBot/1.4; +https://openai.com/gptbot)"
66.249.70.166 - - [28/Aug/2026:19:53:09 +0200] "GET /wp-content/themes/stabapp/assets/vendors/owl-carousel/owl.carousel.css HTTP/1.1" 200 1115 "https://www.arithmetic.fr/casinia-casino-quickwin-slots-for-highintensity-pl/?lph=%2Fhome%2Farithmetic.fr" "Mozilla/5.0 (Linux; Android 6.0.1; Nexus 5X Build/MMB29P) AppleWebKit/537.36 (KHTML, like Gecko) Chrome/151.0.7922.173 Mobile Safari/537.36 (compatible; GoogleOther)"
74.7.242.57 - - [28/Aug/2026:19:53:09 +0200] "GET /?chmod=%2Fproc%2F14%2Fmounts HTTP/1.1" 200 85255 "https://www.arithmetic.fr/?lph=%2Fproc%2F14" "Mozilla/5.0 AppleWebKit/537.36 (KHTML, like Gecko; compatible; GPTBot/1.4; +https://openai.com/gptbot)"
74.7.242.57 - - [28/Aug/2026:19:53:10 +0200] "GET /?lph=%2Fproc%2F1846 HTTP/1.1" 200 201065 "https://www.arithmetic.fr/?lph=%2F%2Fproc" "Mozilla/5.0 AppleWebKit/537.36 (KHTML, like Gecko; compatible; GPTBot/1.4; +https://openai.com/gptbot)"
74.7.242.57 - - [28/Aug/2026:19:53:11 +0200] "GET /?lph=%2Fproc%2F92 HTTP/1.1" 200 200554 "https://www.arithmetic.fr/?lph=%2F%2Fproc" "Mozilla/5.0 AppleWebKit/537.36 (KHTML, like Gecko; compatible; GPTBot/1.4; +https://openai.com/gptbot)"
66.249.70.165 - - [28/Aug/2026:19:53:11 +0200] "GET /discover-the-best-aussie-pokies-on-rainbet-for-maximum-fun/?lph=%2Fhome%2Farithmetic.fr%2F.config HTTP/1.1" 200 118263 "-" "Mozilla/5.0 (Linux; Android 6.0.1; Nexus 5X Build/MMB29P) AppleWebKit/537.36 (KHTML, like Gecko) Chrome/151.0.7922.173 Mobile Safari/537.36 (compatible; GoogleOther)"
74.7.242.57 - - [28/Aug/2026:19:53:12 +0200] "GET /?lph=%2Fproc%2F21 HTTP/1.1" 200 200554 "https://www.arithmetic.fr/?lph=%2F%2Fproc" "Mozilla/5.0 AppleWebKit/537.36 (KHTML, like Gecko; compatible; GPTBot/1.4; +https://openai.com/gptbot)"
66.249.70.165 - - [28/Aug/2026:19:53:12 +0200] "GET /wp-content/themes/stabapp/assets/css/tb.core.min.css HTTP/1.1" 200 6686 "https://www.arithmetic.fr/casinia-casino-quickwin-slots-for-highintensity-pl/?lph=%2Fhome%2Farithmetic.fr" "Mozilla/5.0 (Linux; Android 6.0.1; Nexus 5X Build/MMB29P) AppleWebKit/537.36 (KHTML, like Gecko) Chrome/151.0.7922.173 Mobile Safari/537.36 (compatible; GoogleOther)"
74.7.242.57 - - [28/Aug/2026:19:53:12 +0200] "GET /?lph=%2Fproc%2F12 HTTP/1.1" 200 200549 "https://www.arithmetic.fr/?lph=%2F%2Fproc" "Mozilla/5.0 AppleWebKit/537.36 (KHTML, like Gecko; compatible; GPTBot/1.4; +https://openai.com/gptbot)"
74.7.242.57 - - [28/Aug/2026:19:53:13 +0200] "GET /?lph=%2Fproc%2F20 HTTP/1.1" 200 200568 "https://www.arithmetic.fr/?lph=%2F%2Fproc" "Mozilla/5.0 AppleWebKit/537.36 (KHTML, like Gecko; compatible; GPTBot/1.4; +https://openai.com/gptbot)"
74.7.242.57 - - [28/Aug/2026:19:53:14 +0200] "GET /?lph=%2Fproc%2F82 HTTP/1.1" 200 200569 "https://www.arithmetic.fr/?lph=%2F%2Fproc" "Mozilla/5.0 AppleWebKit/537.36 (KHTML, like Gecko; compatible; GPTBot/1.4; +https://openai.com/gptbot)"
66.249.70.166 - - [28/Aug/2026:19:53:14 +0200] "GET /wp-content/plugins/js_composer/assets/lib/flexslider/flexslider.min.css HTTP/1.1" 200 1263 "https://www.arithmetic.fr/casinia-casino-quickwin-slots-for-highintensity-pl/?lph=%2Fhome%2Farithmetic.fr" "Mozilla/5.0 (Linux; Android 6.0.1; Nexus 5X Build/MMB29P) AppleWebKit/537.36 (KHTML, like Gecko) Chrome/151.0.7922.173 Mobile Safari/537.36 (compatible; GoogleOther)"
74.7.242.57 - - [28/Aug/2026:19:53:15 +0200] "GET /?chmod=%2Fproc%2F91%2Farch_status HTTP/1.1" 200 85247 "https://www.arithmetic.fr/?lph=%2Fproc%2F91" "Mozilla/5.0 AppleWebKit/537.36 (KHTML, like Gecko; compatible; GPTBot/1.4; +https://openai.com/gptbot)"
74.7.242.57 - - [28/Aug/2026:19:53:15 +0200] "GET /?edit=%2Fproc%2F91%2Fmountinfo HTTP/1.1" 200 90303 "https://www.arithmetic.fr/?lph=%2Fproc%2F91" "Mozilla/5.0 AppleWebKit/537.36 (KHTML, like Gecko; compatible; GPTBot/1.4; +https://openai.com/gptbot)"
74.7.242.57 - - [28/Aug/2026:19:53:16 +0200] "GET /?rename=%2Fproc%2F91%2Fsetgroups HTTP/1.1" 200 85209 "https://www.arithmetic.fr/?lph=%2Fproc%2F91" "Mozilla/5.0 AppleWebKit/537.36 (KHTML, like Gecko; compatible; GPTBot/1.4; +https://openai.com/gptbot)"
66.249.70.165 - - [28/Aug/2026:19:53:16 +0200] "GET /wp-content/themes/stabapp/assets/css/bootstrap.min.css HTTP/1.1" 200 19753 "https://www.arithmetic.fr/casinia-casino-quickwin-slots-for-highintensity-pl/?lph=%2Fhome%2Farithmetic.fr" "Mozilla/5.0 (Linux; Android 6.0.1; Nexus 5X Build/MMB29P) AppleWebKit/537.36 (KHTML, like Gecko) Chrome/151.0.7922.173 Mobile Safari/537.36 (compatible; GoogleOther)"
74.7.242.57 - - [28/Aug/2026:19:53:17 +0200] "GET /?chmod=%2Fproc%2F85%2Fattr HTTP/1.1" 200 85246 "https://www.arithmetic.fr/?lph=%2Fproc%2F85" "Mozilla/5.0 AppleWebKit/537.36 (KHTML, like Gecko; compatible; GPTBot/1.4; +https://openai.com/gptbot)"
74.7.242.57 - - [28/Aug/2026:19:53:18 +0200] "GET /?lph=%2Fproc%2F23 HTTP/1.1" 200 200568 "https://www.arithmetic.fr/?lph=%2F%2Fproc" "Mozilla/5.0 AppleWebKit/537.36 (KHTML, like Gecko; compatible; GPTBot/1.4; +https://openai.com/gptbot)"
74.7.242.57 - - [28/Aug/2026:19:53:18 +0200] "GET /?edit=%2Fproc%2F1846%2Fmounts HTTP/1.1" 200 89023 "https://www.arithmetic.fr/?lph=%2Fproc%2F1846" "Mozilla/5.0 AppleWebKit/537.36 (KHTML, like Gecko; compatible; GPTBot/1.4; +https://openai.com/gptbot)"
66.249.70.165 - - [28/Aug/2026:19:53:19 +0200] "GET /wp-content/plugins/newsletter/style.css HTTP/1.1" 200 1470 "https://www.arithmetic.fr/casinia-casino-quickwin-slots-for-highintensity-pl/?lph=%2Fhome%2Farithmetic.fr" "Mozilla/5.0 (Linux; Android 6.0.1; Nexus 5X Build/MMB29P) AppleWebKit/537.36 (KHTML, like Gecko) Chrome/151.0.7922.173 Mobile Safari/537.36 (compatible; GoogleOther)"
74.7.242.57 - - [28/Aug/2026:19:53:19 +0200] "GET /?edit=%2Fproc%2F1846%2Fpersonality HTTP/1.1" 200 85259 "https://www.arithmetic.fr/?lph=%2Fproc%2F1846" "Mozilla/5.0 AppleWebKit/537.36 (KHTML, like Gecko; compatible; GPTBot/1.4; +https://openai.com/gptbot)"
74.7.242.57 - - [28/Aug/2026:19:53:20 +0200] "GET /?chmod=%2Fproc%2F21%2Fsmaps_rollup HTTP/1.1" 200 85262 "https://www.arithmetic.fr/?lph=%2Fproc%2F21" "Mozilla/5.0 AppleWebKit/537.36 (KHTML, like Gecko; compatible; GPTBot/1.4; +https://openai.com/gptbot)"
74.7.242.57 - - [28/Aug/2026:19:53:21 +0200] "GET /?edit=%2Fproc%2F1846%2Farch_status HTTP/1.1" 200 85277 "https://www.arithmetic.fr/?lph=%2Fproc%2F1846" "Mozilla/5.0 AppleWebKit/537.36 (KHTML, like Gecko; compatible; GPTBot/1.4; +https://openai.com/gptbot)"
66.249.70.165 - - [28/Aug/2026:19:53:21 +0200] "GET /wp-content/uploads/js_composer/custom.css HTTP/1.1" 200 155 "https://www.arithmetic.fr/casinia-casino-quickwin-slots-for-highintensity-pl/?lph=%2Fhome%2Farithmetic.fr" "Mozilla/5.0 (Linux; Android 6.0.1; Nexus 5X Build/MMB29P) AppleWebKit/537.36 (KHTML, like Gecko) Chrome/151.0.7922.173 Mobile Safari/537.36 (compatible; GoogleOther)"
74.7.242.57 - - [28/Aug/2026:19:53:22 +0200] "GET /?edit=%2Fproc%2F20%2Fuid_map HTTP/1.1" 200 85276 "https://www.arithmetic.fr/?lph=%2Fproc%2F20" "Mozilla/5.0 AppleWebKit/537.36 (KHTML, like Gecko; compatible; GPTBot/1.4; +https://openai.com/gptbot)"
74.7.242.57 - - [28/Aug/2026:19:53:22 +0200] "GET /?rename=%2Fproc%2F1846%2Fmap_files HTTP/1.1" 200 85233 "https://www.arithmetic.fr/?lph=%2Fproc%2F1846" "Mozilla/5.0 AppleWebKit/537.36 (KHTML, like Gecko; compatible; GPTBot/1.4; +https://openai.com/gptbot)"
66.249.70.165 - - [28/Aug/2026:19:53:23 +0200] "GET /casinia-casino-quickwin-slots-for-highintensity-pl/?chmod=%2Fhome%2Farithmetic.fr%2Fwp-signup.php HTTP/1.1" 200 59935 "-" "Mozilla/5.0 (Linux; Android 6.0.1; Nexus 5X Build/MMB29P) AppleWebKit/537.36 (KHTML, like Gecko) Chrome/151.0.7922.173 Mobile Safari/537.36 (compatible; GoogleOther)"
74.7.242.57 - - [28/Aug/2026:19:53:23 +0200] "GET /?lph=%2Fproc%2F26 HTTP/1.1" 200 200553 "https://www.arithmetic.fr/?lph=%2F%2Fproc" "Mozilla/5.0 AppleWebKit/537.36 (KHTML, like Gecko; compatible; GPTBot/1.4; +https://openai.com/gptbot)"
74.7.242.57 - - [28/Aug/2026:19:53:24 +0200] "GET /?lph=%2Fproc%2F22 HTTP/1.1" 200 200568 "https://www.arithmetic.fr/?lph=%2F%2Fproc" "Mozilla/5.0 AppleWebKit/537.36 (KHTML, like Gecko; compatible; GPTBot/1.4; +https://openai.com/gptbot)"
66.249.70.165 - - [28/Aug/2026:19:53:24 +0200] "GET /wp-content/themes/stabapp-child/style.css HTTP/1.1" 200 665 "https://www.arithmetic.fr/casinia-casino-quickwin-slots-for-highintensity-pl/?chmod=%2Fhome%2Farithmetic.fr%2Fwp-signup.php" "Mozilla/5.0 (Linux; Android 6.0.1; Nexus 5X Build/MMB29P) AppleWebKit/537.36 (KHTML, like Gecko) Chrome/151.0.7922.173 Mobile Safari/537.36 (compatible; GoogleOther)"
74.7.242.57 - - [28/Aug/2026:19:53:25 +0200] "GET /?lph=%2Fproc%2F24 HTTP/1.1" 200 200569 "https://www.arithmetic.fr/?lph=%2F%2Fproc" "Mozilla/5.0 AppleWebKit/537.36 (KHTML, like Gecko; compatible; GPTBot/1.4; +https://openai.com/gptbot)"
74.7.242.57 - - [28/Aug/2026:19:53:26 +0200] "GET /?lph=%2Fproc%2F11 HTTP/1.1" 200 200549 "https://www.arithmetic.fr/?lph=%2F%2Fproc" "Mozilla/5.0 AppleWebKit/537.36 (KHTML, like Gecko; compatible; GPTBot/1.4; +https://openai.com/gptbot)"
74.7.242.57 - - [28/Aug/2026:19:53:26 +0200] "GET /?lph=%2Fproc%2F28 HTTP/1.1" 200 200568 "https://www.arithmetic.fr/?lph=%2F%2Fproc" "Mozilla/5.0 AppleWebKit/537.36 (KHTML, like Gecko; compatible; GPTBot/1.4; +https://openai.com/gptbot)"
66.249.70.165 - - [28/Aug/2026:19:53:27 +0200] "GET /wp-content/themes/stabapp/assets/js/main.js HTTP/1.1" 200 7259 "https://www.arithmetic.fr/casinia-casino-quickwin-slots-for-highintensity-pl/?chmod=%2Fhome%2Farithmetic.fr%2Fwp-signup.php" "Mozilla/5.0 (Linux; Android 6.0.1; Nexus 5X Build/MMB29P) AppleWebKit/537.36 (KHTML, like Gecko) Chrome/151.0.7922.173 Mobile Safari/537.36 (compatible; GoogleOther)"
74.7.242.57 - - [28/Aug/2026:19:53:27 +0200] "GET /?lph=%2Fproc%2F29 HTTP/1.1" 200 200568 "https://www.arithmetic.fr/?lph=%2F%2Fproc" "Mozilla/5.0 AppleWebKit/537.36 (KHTML, like Gecko; compatible; GPTBot/1.4; +https://openai.com/gptbot)"
74.7.242.57 - - [28/Aug/2026:19:53:28 +0200] "GET /?lph=%2Fproc%2F88 HTTP/1.1" 200 200554 "https://www.arithmetic.fr/?lph=%2F%2Fproc" "Mozilla/5.0 AppleWebKit/537.36 (KHTML, like Gecko; compatible; GPTBot/1.4; +https://openai.com/gptbot)"
74.7.242.57 - - [28/Aug/2026:19:53:29 +0200] "GET /?lph=%2Fproc%2F27 HTTP/1.1" 200 200568 "https://www.arithmetic.fr/?lph=%2F%2Fproc" "Mozilla/5.0 AppleWebKit/537.36 (KHTML, like Gecko; compatible; GPTBot/1.4; +https://openai.com/gptbot)"
66.249.70.165 - - [28/Aug/2026:19:53:29 +0200] "GET /wp-content/themes/stabapp/assets/vendors/jquery-cookie/jquery.cookie.js HTTP/1.1" 200 1407 "https://www.arithmetic.fr/casinia-casino-quickwin-slots-for-highintensity-pl/?chmod=%2Fhome%2Farithmetic.fr%2Fwp-signup.php" "Mozilla/5.0 (Linux; Android 6.0.1; Nexus 5X Build/MMB29P) AppleWebKit/537.36 (KHTML, like Gecko) Chrome/151.0.7922.173 Mobile Safari/537.36 (compatible; GoogleOther)"
74.7.242.57 - - [28/Aug/2026:19:53:30 +0200] "GET /?lph=%2F%2Flibx32 HTTP/1.1" 200 141168 "https://www.arithmetic.fr/?lph=/" "Mozilla/5.0 AppleWebKit/537.36 (KHTML, like Gecko; compatible; GPTBot/1.4; +https://openai.com/gptbot)"
74.7.242.57 - - [28/Aug/2026:19:53:30 +0200] "GET /?lph=%2Fproc%2F77 HTTP/1.1" 200 200554 "https://www.arithmetic.fr/?lph=%2F%2Fproc" "Mozilla/5.0 AppleWebKit/537.36 (KHTML, like Gecko; compatible; GPTBot/1.4; +https://openai.com/gptbot)"
74.7.242.57 - - [28/Aug/2026:19:53:31 +0200] "GET /?lph=%2Fproc%2F25 HTTP/1.1" 200 200568 "https://www.arithmetic.fr/?lph=%2F%2Fproc" "Mozilla/5.0 AppleWebKit/537.36 (KHTML, like Gecko; compatible; GPTBot/1.4; +https://openai.com/gptbot)"
66.249.70.165 - - [28/Aug/2026:19:53:31 +0200] "GET /wp-content/themes/stabapp/assets/vendors/flexslider/jquery.flexslider-min.js HTTP/1.1" 200 6374 "https://www.arithmetic.fr/casinia-casino-quickwin-slots-for-highintensity-pl/?chmod=%2Fhome%2Farithmetic.fr%2Fwp-signup.php" "Mozilla/5.0 (Linux; Android 6.0.1; Nexus 5X Build/MMB29P) AppleWebKit/537.36 (KHTML, like Gecko) Chrome/151.0.7922.173 Mobile Safari/537.36 (compatible; GoogleOther)"
74.7.242.57 - - [28/Aug/2026:19:53:32 +0200] "GET /?rename=%2Fproc%2F26%2Fstatm HTTP/1.1" 200 85202 "https://www.arithmetic.fr/?lph=%2Fproc%2F26" "Mozilla/5.0 AppleWebKit/537.36 (KHTML, like Gecko; compatible; GPTBot/1.4; +https://openai.com/gptbot)"
74.7.242.57 - - [28/Aug/2026:19:53:32 +0200] "GET /?chmod=%2Fproc%2F22%2Ffd HTTP/1.1" 200 85234 "https://www.arithmetic.fr/?lph=%2Fproc%2F22" "Mozilla/5.0 AppleWebKit/537.36 (KHTML, like Gecko; compatible; GPTBot/1.4; +https://openai.com/gptbot)"
74.7.242.57 - - [28/Aug/2026:19:53:33 +0200] "GET /?chmod=%2Fproc%2F24%2Fpagemap HTTP/1.1" 200 85257 "https://www.arithmetic.fr/?lph=%2Fproc%2F24" "Mozilla/5.0 AppleWebKit/537.36 (KHTML, like Gecko; compatible; GPTBot/1.4; +https://openai.com/gptbot)"
66.249.70.165 - - [28/Aug/2026:19:53:34 +0200] "GET /wp-content/plugins/google-analytics-for-wordpress/assets/js/frontend-gtag.min.js HTTP/1.1" 200 3296 "https://www.arithmetic.fr/casinia-casino-quickwin-slots-for-highintensity-pl/?chmod=%2Fhome%2Farithmetic.fr%2Fwp-signup.php" "Mozilla/5.0 (Linux; Android 6.0.1; Nexus 5X Build/MMB29P) AppleWebKit/537.36 (KHTML, like Gecko) Chrome/151.0.7922.173 Mobile Safari/537.36 (compatible; GoogleOther)"
74.7.242.57 - - [28/Aug/2026:19:53:34 +0200] "GET /?chmod=%2Fproc%2F24%2Fns HTTP/1.1" 200 85247 "https://www.arithmetic.fr/?lph=%2Fproc%2F24" "Mozilla/5.0 AppleWebKit/537.36 (KHTML, like Gecko; compatible; GPTBot/1.4; +https://openai.com/gptbot)"
74.7.242.57 - - [28/Aug/2026:19:53:35 +0200] "GET /?rename=%2Fproc%2F11%2Ffd HTTP/1.1" 200 85193 "https://www.arithmetic.fr/?lph=%2Fproc%2F11" "Mozilla/5.0 AppleWebKit/537.36 (KHTML, like Gecko; compatible; GPTBot/1.4; +https://openai.com/gptbot)"
74.7.242.57 - - [28/Aug/2026:19:53:36 +0200] "GET /?rename=%2Fproc%2F11%2Fmountstats HTTP/1.1" 200 85230 "https://www.arithmetic.fr/?lph=%2Fproc%2F11" "Mozilla/5.0 AppleWebKit/537.36 (KHTML, like Gecko; compatible; GPTBot/1.4; +https://openai.com/gptbot)"
66.249.70.165 - - [28/Aug/2026:19:53:36 +0200] "GET /wp-content/themes/stabapp/assets/css/bootstrap.min.css HTTP/1.1" 200 19753 "https://www.arithmetic.fr/casinia-casino-quickwin-slots-for-highintensity-pl/?chmod=%2Fhome%2Farithmetic.fr%2Fwp-signup.php" "Mozilla/5.0 (Linux; Android 6.0.1; Nexus 5X Build/MMB29P) AppleWebKit/537.36 (KHTML, like Gecko) Chrome/151.0.7922.173 Mobile Safari/537.36 (compatible; GoogleOther)"
74.7.242.57 - - [28/Aug/2026:19:53:37 +0200] "GET /?edit=%2Fproc%2F88%2Fexe HTTP/1.1" 200 85240 "https://www.arithmetic.fr/?lph=%2Fproc%2F88" "Mozilla/5.0 AppleWebKit/537.36 (KHTML, like Gecko; compatible; GPTBot/1.4; +https://openai.com/gptbot)"
74.7.242.57 - - [28/Aug/2026:19:53:38 +0200] "GET /?rename=%2Fproc%2F27%2Fio HTTP/1.1" 200 85193 "https://www.arithmetic.fr/?lph=%2Fproc%2F27" "Mozilla/5.0 AppleWebKit/537.36 (KHTML, like Gecko; compatible; GPTBot/1.4; +https://openai.com/gptbot)"
74.7.242.57 - - [28/Aug/2026:19:53:39 +0200] "GET /?rename=%2Fproc%2F88%2Fprojid_map HTTP/1.1" 200 85230 "https://www.arithmetic.fr/?lph=%2Fproc%2F88" "Mozilla/5.0 AppleWebKit/537.36 (KHTML, like Gecko; compatible; GPTBot/1.4; +https://openai.com/gptbot)"
74.7.242.57 - - [28/Aug/2026:19:53:39 +0200] "GET /?edit=%2Fproc%2F77%2Fcwd HTTP/1.1" 200 85253 "https://www.arithmetic.fr/?lph=%2Fproc%2F77" "Mozilla/5.0 AppleWebKit/537.36 (KHTML, like Gecko; compatible; GPTBot/1.4; +https://openai.com/gptbot)"
74.7.242.57 - - [28/Aug/2026:19:53:40 +0200] "GET /?edit=%2Fproc%2F25%2Fprojid_map HTTP/1.1" 200 85287 "https://www.arithmetic.fr/?lph=%2Fproc%2F25" "Mozilla/5.0 AppleWebKit/537.36 (KHTML, like Gecko; compatible; GPTBot/1.4; +https://openai.com/gptbot)"
74.7.242.57 - - [28/Aug/2026:19:53:41 +0200] "GET /?chmod=%2Fproc%2F22%2Fmem HTTP/1.1" 200 85249 "https://www.arithmetic.fr/?lph=%2Fproc%2F22" "Mozilla/5.0 AppleWebKit/537.36 (KHTML, like Gecko; compatible; GPTBot/1.4; +https://openai.com/gptbot)"
74.7.242.57 - - [28/Aug/2026:19:53:42 +0200] "GET /?rename=%2Fproc%2F22%2Fio HTTP/1.1" 200 85193 "https://www.arithmetic.fr/?lph=%2Fproc%2F22" "Mozilla/5.0 AppleWebKit/537.36 (KHTML, like Gecko; compatible; GPTBot/1.4; +https://openai.com/gptbot)"
74.7.242.57 - - [28/Aug/2026:19:53:43 +0200] "GET /?chmod=%2Fproc%2F27%2Fcwd HTTP/1.1" 200 85231 "https://www.arithmetic.fr/?lph=%2Fproc%2F27" "Mozilla/5.0 AppleWebKit/537.36 (KHTML, like Gecko; compatible; GPTBot/1.4; +https://openai.com/gptbot)"
74.7.242.57 - - [28/Aug/2026:19:53:44 +0200] "GET /?chmod=%2Fproc%2F27%2Fmem HTTP/1.1" 200 85249 "https://www.arithmetic.fr/?lph=%2Fproc%2F27" "Mozilla/5.0 AppleWebKit/537.36 (KHTML, like Gecko; compatible; GPTBot/1.4; +https://openai.com/gptbot)"
74.7.242.57 - - [28/Aug/2026:19:53:44 +0200] "GET /?rename=%2Fproc%2F28%2Fwchan HTTP/1.1" 200 85215 "https://www.arithmetic.fr/?lph=%2Fproc%2F28" "Mozilla/5.0 AppleWebKit/537.36 (KHTML, like Gecko; compatible; GPTBot/1.4; +https://openai.com/gptbot)"
66.249.70.165 - - [28/Aug/2026:19:53:45 +0200] "GET /discover-the-best-aussie-pokies-on-rainbet-for-maximum-fun/?chmod=%2Fhome%2Farithmetic.fr%2F.mysql_history HTTP/1.1" 200 59945 "-" "Mozilla/5.0 (Linux; Android 6.0.1; Nexus 5X Build/MMB29P) AppleWebKit/537.36 (KHTML, like Gecko) Chrome/151.0.7922.173 Mobile Safari/537.36 (compatible; GoogleOther)"
74.7.242.57 - - [28/Aug/2026:19:53:45 +0200] "GET /?lph=%2Fproc%2F1848 HTTP/1.1" 200 201070 "https://www.arithmetic.fr/?lph=%2F%2Fproc" "Mozilla/5.0 AppleWebKit/537.36 (KHTML, like Gecko; compatible; GPTBot/1.4; +https://openai.com/gptbot)"
74.7.242.57 - - [28/Aug/2026:19:53:46 +0200] "GET /?lph=%2Fproc%2F8860 HTTP/1.1" 200 201077 "https://www.arithmetic.fr/?lph=%2F%2Fproc" "Mozilla/5.0 AppleWebKit/537.36 (KHTML, like Gecko; compatible; GPTBot/1.4; +https://openai.com/gptbot)"
66.249.70.165 - - [28/Aug/2026:19:53:46 +0200] "GET /wp-content/themes/stabapp/assets/js/swfobject.js HTTP/1.1" 200 2260 "https://www.arithmetic.fr/discover-the-best-aussie-pokies-on-rainbet-for-maximum-fun/?chmod=%2Fhome%2Farithmetic.fr%2F.mysql_history" "Mozilla/5.0 (Linux; Android 6.0.1; Nexus 5X Build/MMB29P) AppleWebKit/537.36 (KHTML, like Gecko) Chrome/151.0.7922.173 Mobile Safari/537.36 (compatible; GoogleOther)"
74.7.242.57 - - [28/Aug/2026:19:53:47 +0200] "GET /?rename=%2Fproc%2F868%2Foom_adj HTTP/1.1" 200 85206 "https://www.arithmetic.fr/?lph=%2Fproc%2F868" "Mozilla/5.0 AppleWebKit/537.36 (KHTML, like Gecko; compatible; GPTBot/1.4; +https://openai.com/gptbot)"
74.7.242.57 - - [28/Aug/2026:19:53:47 +0200] "GET /?rename=%2Fproc%2F681%2Fuid_map HTTP/1.1" 200 85224 "https://www.arithmetic.fr/?lph=%2Fproc%2F681" "Mozilla/5.0 AppleWebKit/537.36 (KHTML, like Gecko; compatible; GPTBot/1.4; +https://openai.com/gptbot)"
74.7.242.57 - - [28/Aug/2026:19:53:48 +0200] "GET /?edit=%2Fproc%2F783%2Foom_score HTTP/1.1" 200 85255 "https://www.arithmetic.fr/?lph=%2Fproc%2F783" "Mozilla/5.0 AppleWebKit/537.36 (KHTML, like Gecko; compatible; GPTBot/1.4; +https://openai.com/gptbot)"
66.249.70.165 - - [28/Aug/2026:19:53:48 +0200] "GET /wp-content/plugins/newsletter/main.js HTTP/1.1" 200 416 "https://www.arithmetic.fr/discover-the-best-aussie-pokies-on-rainbet-for-maximum-fun/?chmod=%2Fhome%2Farithmetic.fr%2F.mysql_history" "Mozilla/5.0 (Linux; Android 6.0.1; Nexus 5X Build/MMB29P) AppleWebKit/537.36 (KHTML, like Gecko) Chrome/151.0.7922.173 Mobile Safari/537.36 (compatible; GoogleOther)"
74.7.242.57 - - [28/Aug/2026:19:53:49 +0200] "GET /?rename=%2Fproc%2F522%2Foom_adj HTTP/1.1" 200 85211 "https://www.arithmetic.fr/?lph=%2Fproc%2F522" "Mozilla/5.0 AppleWebKit/537.36 (KHTML, like Gecko; compatible; GPTBot/1.4; +https://openai.com/gptbot)"
74.7.242.57 - - [28/Aug/2026:19:53:50 +0200] "GET /?edit=%2Fproc%2F16%2Ftimerslack_ns HTTP/1.1" 200 85268 "https://www.arithmetic.fr/?lph=%2Fproc%2F16" "Mozilla/5.0 AppleWebKit/537.36 (KHTML, like Gecko; compatible; GPTBot/1.4; +https://openai.com/gptbot)"
74.7.242.57 - - [28/Aug/2026:19:53:51 +0200] "GET /?edit=%2Fproc%2F84%2Ftimerslack_ns HTTP/1.1" 200 85255 "https://www.arithmetic.fr/?lph=%2Fproc%2F84" "Mozilla/5.0 AppleWebKit/537.36 (KHTML, like Gecko; compatible; GPTBot/1.4; +https://openai.com/gptbot)"
66.249.70.165 - - [28/Aug/2026:19:53:51 +0200] "GET /wp-content/themes/stabapp/assets/css/tb.core.min.css HTTP/1.1" 200 6686 "https://www.arithmetic.fr/discover-the-best-aussie-pokies-on-rainbet-for-maximum-fun/?chmod=%2Fhome%2Farithmetic.fr%2F.mysql_history" "Mozilla/5.0 (Linux; Android 6.0.1; Nexus 5X Build/MMB29P) AppleWebKit/537.36 (KHTML, like Gecko) Chrome/151.0.7922.173 Mobile Safari/537.36 (compatible; GoogleOther)"
74.7.242.57 - - [28/Aug/2026:19:53:52 +0200] "GET /?edit=%2Fproc%2F30%2Ftimerslack_ns HTTP/1.1" 200 85268 "https://www.arithmetic.fr/?lph=%2Fproc%2F30" "Mozilla/5.0 AppleWebKit/537.36 (KHTML, like Gecko; compatible; GPTBot/1.4; +https://openai.com/gptbot)"
74.7.242.57 - - [28/Aug/2026:19:53:53 +0200] "GET /?edit=%2Fproc%2F14%2Ftimerslack_ns HTTP/1.1" 200 85255 "https://www.arithmetic.fr/?lph=%2Fproc%2F14" "Mozilla/5.0 AppleWebKit/537.36 (KHTML, like Gecko; compatible; GPTBot/1.4; +https://openai.com/gptbot)"
66.249.70.165 - - [28/Aug/2026:19:53:53 +0200] "GET /wp-content/themes/stabapp/assets/css/stylea.css HTTP/1.1" 200 839 "https://www.arithmetic.fr/discover-the-best-aussie-pokies-on-rainbet-for-maximum-fun/?chmod=%2Fhome%2Farithmetic.fr%2F.mysql_history" "Mozilla/5.0 (Linux; Android 6.0.1; Nexus 5X Build/MMB29P) AppleWebKit/537.36 (KHTML, like Gecko) Chrome/151.0.7922.173 Mobile Safari/537.36 (compatible; GoogleOther)"
74.7.242.57 - - [28/Aug/2026:19:53:53 +0200] "GET /?edit=%2Fproc%2F15%2Ftimerslack_ns HTTP/1.1" 200 85268 "https://www.arithmetic.fr/?lph=%2Fproc%2F15" "Mozilla/5.0 AppleWebKit/537.36 (KHTML, like Gecko; compatible; GPTBot/1.4; +https://openai.com/gptbot)"
74.7.242.57 - - [28/Aug/2026:19:53:54 +0200] "GET /?chmod=%2Fproc%2F1848%2Fstatm HTTP/1.1" 200 85246 "https://www.arithmetic.fr/?lph=%2Fproc%2F1848" "Mozilla/5.0 AppleWebKit/537.36 (KHTML, like Gecko; compatible; GPTBot/1.4; +https://openai.com/gptbot)"
74.7.242.57 - - [28/Aug/2026:19:53:55 +0200] "GET /?chmod=%2Fproc%2F8860%2Ftimerslack_ns HTTP/1.1" 200 85275 "https://www.arithmetic.fr/?lph=%2Fproc%2F8860" "Mozilla/5.0 AppleWebKit/537.36 (KHTML, like Gecko; compatible; GPTBot/1.4; +https://openai.com/gptbot)"
74.7.242.57 - - [28/Aug/2026:19:53:56 +0200] "GET /?chmod=%2Fproc%2F8860%2Fmem HTTP/1.1" 200 85242 "https://www.arithmetic.fr/?lph=%2Fproc%2F8860" "Mozilla/5.0 AppleWebKit/537.36 (KHTML, like Gecko; compatible; GPTBot/1.4; +https://openai.com/gptbot)"
66.249.70.165 - - [28/Aug/2026:19:53:56 +0200] "GET /wp-content/themes/stabapp/assets/vendors/fancybox/jquery.fancybox.js HTTP/1.1" 200 13932 "https://www.arithmetic.fr/discover-the-best-aussie-pokies-on-rainbet-for-maximum-fun/?chmod=%2Fhome%2Farithmetic.fr%2F.mysql_history" "Mozilla/5.0 (Linux; Android 6.0.1; Nexus 5X Build/MMB29P) AppleWebKit/537.36 (KHTML, like Gecko) Chrome/151.0.7922.173 Mobile Safari/537.36 (compatible; GoogleOther)"
74.7.242.57 - - [28/Aug/2026:19:53:57 +0200] "GET /?edit=%2Fproc%2F1848%2Fpersonality HTTP/1.1" 200 85264 "https://www.arithmetic.fr/?lph=%2Fproc%2F1848" "Mozilla/5.0 AppleWebKit/537.36 (KHTML, like Gecko; compatible; GPTBot/1.4; +https://openai.com/gptbot)"
74.7.242.57 - - [28/Aug/2026:19:53:57 +0200] "GET /?edit=%2Fproc%2F8860%2Fpersonality HTTP/1.1" 200 85277 "https://www.arithmetic.fr/?lph=%2Fproc%2F8860" "Mozilla/5.0 AppleWebKit/537.36 (KHTML, like Gecko; compatible; GPTBot/1.4; +https://openai.com/gptbot)"
74.7.242.57 - - [28/Aug/2026:19:53:58 +0200] "GET /?edit=%2Fproc%2F98%2Ftimerslack_ns HTTP/1.1" 200 85255 "https://www.arithmetic.fr/?lph=%2Fproc%2F98" "Mozilla/5.0 AppleWebKit/537.36 (KHTML, like Gecko; compatible; GPTBot/1.4; +https://openai.com/gptbot)"
74.7.242.57 - - [28/Aug/2026:19:53:59 +0200] "GET /?edit=%2Fproc%2F95%2Ftimerslack_ns HTTP/1.1" 200 85268 "https://www.arithmetic.fr/?lph=%2Fproc%2F95" "Mozilla/5.0 AppleWebKit/537.36 (KHTML, like Gecko; compatible; GPTBot/1.4; +https://openai.com/gptbot)"
66.249.70.165 - - [28/Aug/2026:19:54:00 +0200] "GET /wp-includes/js/jquery/jquery-migrate.min.js HTTP/1.1" 200 4885 "https://www.arithmetic.fr/discover-the-best-aussie-pokies-on-rainbet-for-maximum-fun/?lph=%2Fhome%2Farithmetic.fr%2F.config" "Mozilla/5.0 (Linux; Android 6.0.1; Nexus 5X Build/MMB29P) AppleWebKit/537.36 (KHTML, like Gecko) Chrome/151.0.7922.173 Mobile Safari/537.36 (compatible; GoogleOther)"
74.7.242.57 - - [28/Aug/2026:19:54:00 +0200] "GET /?edit=%2Fproc%2F94%2Ftimerslack_ns HTTP/1.1" 200 85255 "https://www.arithmetic.fr/?lph=%2Fproc%2F94" "Mozilla/5.0 AppleWebKit/537.36 (KHTML, like Gecko; compatible; GPTBot/1.4; +https://openai.com/gptbot)"
74.7.242.57 - - [28/Aug/2026:19:54:01 +0200] "GET /?edit=%2Fproc%2F83%2Ftimerslack_ns HTTP/1.1" 200 85268 "https://www.arithmetic.fr/?lph=%2Fproc%2F83" "Mozilla/5.0 AppleWebKit/537.36 (KHTML, like Gecko; compatible; GPTBot/1.4; +https://openai.com/gptbot)"
74.7.242.57 - - [28/Aug/2026:19:54:01 +0200] "GET /?edit=%2Fproc%2F78%2Ftimerslack_ns HTTP/1.1" 200 85255 "https://www.arithmetic.fr/?lph=%2Fproc%2F78" "Mozilla/5.0 AppleWebKit/537.36 (KHTML, like Gecko; compatible; GPTBot/1.4; +https://openai.com/gptbot)"
66.249.70.165 - - [28/Aug/2026:19:54:02 +0200] "GET /wp-content/plugins/revslider/public/assets/js/rs6.min.js HTTP/1.1" 200 70216 "https://www.arithmetic.fr/discover-the-best-aussie-pokies-on-rainbet-for-maximum-fun/?lph=%2Fhome%2Farithmetic.fr%2F.config" "Mozilla/5.0 (Linux; Android 6.0.1; Nexus 5X Build/MMB29P) AppleWebKit/537.36 (KHTML, like Gecko) Chrome/151.0.7922.173 Mobile Safari/537.36 (compatible; GoogleOther)"
74.7.242.57 - - [28/Aug/2026:19:54:02 +0200] "GET /?edit=%2Fproc%2F18%2Ftimerslack_ns HTTP/1.1" 200 85268 "https://www.arithmetic.fr/?lph=%2Fproc%2F18" "Mozilla/5.0 AppleWebKit/537.36 (KHTML, like Gecko; compatible; GPTBot/1.4; +https://openai.com/gptbot)"
74.7.242.57 - - [28/Aug/2026:19:54:03 +0200] "GET /?edit=%2Fproc%2F89%2Ftimerslack_ns HTTP/1.1" 200 85255 "https://www.arithmetic.fr/?lph=%2Fproc%2F89" "Mozilla/5.0 AppleWebKit/537.36 (KHTML, like Gecko; compatible; GPTBot/1.4; +https://openai.com/gptbot)"
74.7.242.57 - - [28/Aug/2026:19:54:04 +0200] "GET /?edit=%2Fproc%2F79%2Ftimerslack_ns HTTP/1.1" 200 85255 "https://www.arithmetic.fr/?lph=%2Fproc%2F79" "Mozilla/5.0 AppleWebKit/537.36 (KHTML, like Gecko; compatible; GPTBot/1.4; +https://openai.com/gptbot)"
66.249.70.165 - - [28/Aug/2026:19:54:04 +0200] "GET /wp-content/themes/stabapp/assets/css/font-awesome.min.css HTTP/1.1" 200 6254 "https://www.arithmetic.fr/discover-the-best-aussie-pokies-on-rainbet-for-maximum-fun/?lph=%2Fhome%2Farithmetic.fr%2F.config" "Mozilla/5.0 (Linux; Android 6.0.1; Nexus 5X Build/MMB29P) AppleWebKit/537.36 (KHTML, like Gecko) Chrome/151.0.7922.173 Mobile Safari/537.36 (compatible; GoogleOther)"
74.7.242.57 - - [28/Aug/2026:19:54:05 +0200] "GET /?edit=%2Fproc%2F81%2Ftimerslack_ns HTTP/1.1" 200 85268 "https://www.arithmetic.fr/?lph=%2Fproc%2F81" "Mozilla/5.0 AppleWebKit/537.36 (KHTML, like Gecko; compatible; GPTBot/1.4; +https://openai.com/gptbot)"
74.7.242.57 - - [28/Aug/2026:19:54:05 +0200] "GET /?edit=%2Fproc%2F91%2Ftimerslack_ns HTTP/1.1" 200 85255 "https://www.arithmetic.fr/?lph=%2Fproc%2F91" "Mozilla/5.0 AppleWebKit/537.36 (KHTML, like Gecko; compatible; GPTBot/1.4; +https://openai.com/gptbot)"
74.7.242.57 - - [28/Aug/2026:19:54:06 +0200] "GET /?edit=%2Fproc%2F85%2Ftimerslack_ns HTTP/1.1" 200 85268 "https://www.arithmetic.fr/?lph=%2Fproc%2F85" "Mozilla/5.0 AppleWebKit/537.36 (KHTML, like Gecko; compatible; GPTBot/1.4; +https://openai.com/gptbot)"
74.7.242.57 - - [28/Aug/2026:19:54:07 +0200] "GET /?edit=%2Fproc%2F80%2Ftimerslack_ns HTTP/1.1" 200 85255 "https://www.arithmetic.fr/?lph=%2Fproc%2F80" "Mozilla/5.0 AppleWebKit/537.36 (KHTML, like Gecko; compatible; GPTBot/1.4; +https://openai.com/gptbot)"
74.7.242.57 - - [28/Aug/2026:19:54:08 +0200] "GET /?edit=%2Fproc%2F17%2Ftimerslack_ns HTTP/1.1" 200 85268 "https://www.arithmetic.fr/?lph=%2Fproc%2F17" "Mozilla/5.0 AppleWebKit/537.36 (KHTML, like Gecko; compatible; GPTBot/1.4; +https://openai.com/gptbot)"
74.7.242.57 - - [28/Aug/2026:19:54:08 +0200] "GET /?edit=%2Fproc%2F96%2Ftimerslack_ns HTTP/1.1" 200 85255 "https://www.arithmetic.fr/?lph=%2Fproc%2F96" "Mozilla/5.0 AppleWebKit/537.36 (KHTML, like Gecko; compatible; GPTBot/1.4; +https://openai.com/gptbot)"
74.7.242.57 - - [28/Aug/2026:19:54:09 +0200] "GET /?edit=%2Fproc%2F10%2Ftimerslack_ns HTTP/1.1" 200 85255 "https://www.arithmetic.fr/?lph=%2Fproc%2F10" "Mozilla/5.0 AppleWebKit/537.36 (KHTML, like Gecko; compatible; GPTBot/1.4; +https://openai.com/gptbot)"
74.7.242.57 - - [28/Aug/2026:19:54:10 +0200] "GET /?edit=%2Fproc%2F93%2Ftimerslack_ns HTTP/1.1" 200 85268 "https://www.arithmetic.fr/?lph=%2Fproc%2F93" "Mozilla/5.0 AppleWebKit/537.36 (KHTML, like Gecko; compatible; GPTBot/1.4; +https://openai.com/gptbot)"
74.7.242.57 - - [28/Aug/2026:19:54:11 +0200] "GET /?edit=%2Fproc%2F8860%2Fnuma_maps HTTP/1.1" 200 85255 "https://www.arithmetic.fr/?lph=%2Fproc%2F8860" "Mozilla/5.0 AppleWebKit/537.36 (KHTML, like Gecko; compatible; GPTBot/1.4; +https://openai.com/gptbot)"
74.7.242.57 - - [28/Aug/2026:19:54:12 +0200] "GET /?chmod=%2Fproc%2F8860%2Fmap_files HTTP/1.1" 200 85267 "https://www.arithmetic.fr/?lph=%2Fproc%2F8860" "Mozilla/5.0 AppleWebKit/537.36 (KHTML, like Gecko; compatible; GPTBot/1.4; +https://openai.com/gptbot)"
74.7.242.57 - - [28/Aug/2026:19:54:13 +0200] "GET /?chmod=%2Fproc%2F1848%2Fmap_files HTTP/1.1" 200 85249 "https://www.arithmetic.fr/?lph=%2Fproc%2F1848" "Mozilla/5.0 AppleWebKit/537.36 (KHTML, like Gecko; compatible; GPTBot/1.4; +https://openai.com/gptbot)"
74.7.242.57 - - [28/Aug/2026:19:54:13 +0200] "GET /?edit=%2Fproc%2F1848%2Fnuma_maps HTTP/1.1" 200 85268 "https://www.arithmetic.fr/?lph=%2Fproc%2F1848" "Mozilla/5.0 AppleWebKit/537.36 (KHTML, like Gecko; compatible; GPTBot/1.4; +https://openai.com/gptbot)"
74.7.242.57 - - [28/Aug/2026:19:54:14 +0200] "GET /?lph=%2Fmedia HTTP/1.1" 200 141120 "https://www.arithmetic.fr/?lph=%2F%2Fmedia" "Mozilla/5.0 AppleWebKit/537.36 (KHTML, like Gecko; compatible; GPTBot/1.4; +https://openai.com/gptbot)"
74.7.242.57 - - [28/Aug/2026:19:54:15 +0200] "GET /?edit=%2Fetc%2Fletsencrypt%2F.updated-ssl-dhparams-pem-digest.txt HTTP/1.1" 200 85415 "https://www.arithmetic.fr/?lph=%2Fetc%2Fletsencrypt" "Mozilla/5.0 AppleWebKit/537.36 (KHTML, like Gecko; compatible; GPTBot/1.4; +https://openai.com/gptbot)"
74.7.242.57 - - [28/Aug/2026:19:54:16 +0200] "GET /?rename=%2Fetc%2Fletsencrypt%2F.updated-ssl-dhparams-pem-digest.txt HTTP/1.1" 200 85314 "https://www.arithmetic.fr/?lph=%2Fetc%2Fletsencrypt" "Mozilla/5.0 AppleWebKit/537.36 (KHTML, like Gecko; compatible; GPTBot/1.4; +https://openai.com/gptbot)"
74.7.242.57 - - [28/Aug/2026:19:54:17 +0200] "GET /?rename=%2Fproc%2F1846%2Farch_status HTTP/1.1" 200 85221 "https://www.arithmetic.fr/?lph=%2Fproc%2F1846" "Mozilla/5.0 AppleWebKit/537.36 (KHTML, like Gecko; compatible; GPTBot/1.4; +https://openai.com/gptbot)"
74.7.242.57 - - [28/Aug/2026:19:54:18 +0200] "GET /?chmod=%2Fusr%2Flib%2Fklibc-zqGeWFMIYUjZUbUCGjBo3LnHoMg.so HTTP/1.1" 200 85312 "https://www.arithmetic.fr/?lph=%2F%2Flib" "Mozilla/5.0 AppleWebKit/537.36 (KHTML, like Gecko; compatible; GPTBot/1.4; +https://openai.com/gptbot)"
74.7.242.57 - - [28/Aug/2026:19:54:18 +0200] "GET /?lph=%2Fproc%2F555 HTTP/1.1" 200 200806 "https://www.arithmetic.fr/?lph=%2F%2Fproc" "Mozilla/5.0 AppleWebKit/537.36 (KHTML, like Gecko; compatible; GPTBot/1.4; +https://openai.com/gptbot)"
74.7.242.57 - - [28/Aug/2026:19:54:19 +0200] "GET /?rename=%2Fproc%2F1846%2Fpersonality HTTP/1.1" 200 85239 "https://www.arithmetic.fr/?lph=%2Fproc%2F1846" "Mozilla/5.0 AppleWebKit/537.36 (KHTML, like Gecko; compatible; GPTBot/1.4; +https://openai.com/gptbot)"
74.7.242.57 - - [28/Aug/2026:19:54:20 +0200] "GET /?lph=%2Fhome%2Farithmetic.fr%2Fwp-content HTTP/1.1" 200 154501 "https://www.arithmetic.fr/" "Mozilla/5.0 AppleWebKit/537.36 (KHTML, like Gecko; compatible; GPTBot/1.4; +https://openai.com/gptbot)"
74.7.242.57 - - [28/Aug/2026:19:54:21 +0200] "GET /?chmod=%2Fproc%2F770%2Fpersonality HTTP/1.1" 200 85268 "https://www.arithmetic.fr/?lph=%2Fproc%2F770" "Mozilla/5.0 AppleWebKit/537.36 (KHTML, like Gecko; compatible; GPTBot/1.4; +https://openai.com/gptbot)"
74.7.242.57 - - [28/Aug/2026:19:54:21 +0200] "GET /?chmod=%2Fproc%2F177%2Fpersonality HTTP/1.1" 200 85250 "https://www.arithmetic.fr/?lph=%2Fproc%2F177" "Mozilla/5.0 AppleWebKit/537.36 (KHTML, like Gecko; compatible; GPTBot/1.4; +https://openai.com/gptbot)"
74.7.242.57 - - [28/Aug/2026:19:54:22 +0200] "GET /?chmod=%2Fproc%2F556%2Fpersonality HTTP/1.1" 200 85268 "https://www.arithmetic.fr/?lph=%2Fproc%2F556" "Mozilla/5.0 AppleWebKit/537.36 (KHTML, like Gecko; compatible; GPTBot/1.4; +https://openai.com/gptbot)"
74.7.242.57 - - [28/Aug/2026:19:54:23 +0200] "GET /?chmod=%2Fproc%2F550%2Fpersonality HTTP/1.1" 200 85250 "https://www.arithmetic.fr/?lph=%2Fproc%2F550" "Mozilla/5.0 AppleWebKit/537.36 (KHTML, like Gecko; compatible; GPTBot/1.4; +https://openai.com/gptbot)"
74.7.242.57 - - [28/Aug/2026:19:54:24 +0200] "GET /?chmod=%2Fproc%2F858%2Fpersonality HTTP/1.1" 200 85250 "https://www.arithmetic.fr/?lph=%2Fproc%2F858" "Mozilla/5.0 AppleWebKit/537.36 (KHTML, like Gecko; compatible; GPTBot/1.4; +https://openai.com/gptbot)"
74.7.242.57 - - [28/Aug/2026:19:54:24 +0200] "GET /?chmod=%2Fproc%2F881%2Fpersonality HTTP/1.1" 200 85268 "https://www.arithmetic.fr/?lph=%2Fproc%2F881" "Mozilla/5.0 AppleWebKit/537.36 (KHTML, like Gecko; compatible; GPTBot/1.4; +https://openai.com/gptbot)"
74.7.242.57 - - [28/Aug/2026:19:54:25 +0200] "GET /?chmod=%2Fproc%2F776%2Fpersonality HTTP/1.1" 200 85255 "https://www.arithmetic.fr/?lph=%2Fproc%2F776" "Mozilla/5.0 AppleWebKit/537.36 (KHTML, like Gecko; compatible; GPTBot/1.4; +https://openai.com/gptbot)"
74.7.242.57 - - [28/Aug/2026:19:54:26 +0200] "GET /?chmod=%2Fproc%2F557%2Fpersonality HTTP/1.1" 200 85268 "https://www.arithmetic.fr/?lph=%2Fproc%2F557" "Mozilla/5.0 AppleWebKit/537.36 (KHTML, like Gecko; compatible; GPTBot/1.4; +https://openai.com/gptbot)"
74.7.242.57 - - [28/Aug/2026:19:54:27 +0200] "GET /?rename=%2Fproc%2F555%2Fcmdline HTTP/1.1" 200 85206 "https://www.arithmetic.fr/?lph=%2Fproc%2F555" "Mozilla/5.0 AppleWebKit/537.36 (KHTML, like Gecko; compatible; GPTBot/1.4; +https://openai.com/gptbot)"
74.7.242.57 - - [28/Aug/2026:19:54:28 +0200] "GET /?chmod=%2Fproc%2F766%2Fpersonality HTTP/1.1" 200 85268 "https://www.arithmetic.fr/?lph=%2Fproc%2F766" "Mozilla/5.0 AppleWebKit/537.36 (KHTML, like Gecko; compatible; GPTBot/1.4; +https://openai.com/gptbot)"
74.7.242.57 - - [28/Aug/2026:19:54:29 +0200] "GET /?rename=%2Fhome%2Farithmetic.fr%2Fwp-content%2F.DS_Store HTTP/1.1" 200 85286 "https://www.arithmetic.fr/?lph=%2Fhome%2Farithmetic.fr%2Fwp-content" "Mozilla/5.0 AppleWebKit/537.36 (KHTML, like Gecko; compatible; GPTBot/1.4; +https://openai.com/gptbot)"
74.7.242.57 - - [28/Aug/2026:19:54:30 +0200] "GET /?chmod=%2Fhome%2Farithmetic.fr%2Fwp-content%2Fthemes HTTP/1.1" 200 85327 "https://www.arithmetic.fr/?lph=%2Fhome%2Farithmetic.fr%2Fwp-content" "Mozilla/5.0 AppleWebKit/537.36 (KHTML, like Gecko; compatible; GPTBot/1.4; +https://openai.com/gptbot)"
74.7.242.57 - - [28/Aug/2026:19:54:31 +0200] "GET /?rename=%2Fhome%2Farithmetic.fr%2Fwp-content%2Fthemes HTTP/1.1" 200 85272 "https://www.arithmetic.fr/?lph=%2Fhome%2Farithmetic.fr%2Fwp-content" "Mozilla/5.0 AppleWebKit/537.36 (KHTML, like Gecko; compatible; GPTBot/1.4; +https://openai.com/gptbot)"
