146.59.197.208 - - [28/Aug/2026:17:42:39 +0200] "POST /wp-cron.php?doing_wp_cron=1787931759.5208520889282226562500 HTTP/1.1" 200 31 "-" "WordPress/7.0.1; https://www.arithmetic.fr"
188.161.150.35 - - [28/Aug/2026:17:42:39 +0200] "POST /wp-admin/admin-ajax.php HTTP/1.1" 200 211892 "https://www.arithmetic.fr/wp-admin/plugin-editor.php" "Mozilla/5.0 (Windows NT 10.0; Win64; x64; rv:154.0) Gecko/20100101 Firefox/154.0"
57.141.0.5 - - [28/Aug/2026:17:43:14 +0200] "GET /pin-up-platformas-n-n-sintez-edilmi-i-cmal-qeydi-7434/ HTTP/1.1" 200 160690 "-" "Mozilla/5.0 (Macintosh; Intel Mac OS X 10_15_7) AppleWebKit/537.36 (KHTML, like Gecko) Chrome/145.0.0.0 Safari/537.36 (compatible; meta-externalagent/1.1 (+https://developers.facebook.com/docs/sharing/webmasters/crawler))"
188.161.150.35 - - [28/Aug/2026:17:43:40 +0200] "POST /wp-admin/admin-ajax.php HTTP/1.1" 200 211892 "https://www.arithmetic.fr/wp-admin/plugin-editor.php" "Mozilla/5.0 (Windows NT 10.0; Win64; x64; rv:154.0) Gecko/20100101 Firefox/154.0"
188.161.150.35 - - [28/Aug/2026:17:44:41 +0200] "POST /wp-admin/admin-ajax.php HTTP/1.1" 200 211892 "https://www.arithmetic.fr/wp-admin/plugin-editor.php" "Mozilla/5.0 (Windows NT 10.0; Win64; x64; rv:154.0) Gecko/20100101 Firefox/154.0"
146.59.197.208 - - [28/Aug/2026:17:45:05 +0200] "POST /wp-cron.php?doing_wp_cron=1787931905.3137619495391845703125 HTTP/1.1" 200 31 "-" "WordPress/7.0.1; https://www.arithmetic.fr"
57.141.0.16 - - [28/Aug/2026:17:45:05 +0200] "GET /le-slot-non-aams-un-nuovo-modo-di-giocare-e-divertirsi/ HTTP/1.1" 200 160691 "-" "Mozilla/5.0 (Windows NT 10.0; Win64; x64) AppleWebKit/537.36 (KHTML, like Gecko) Chrome/145.0.0.0 Safari/537.36 (compatible; meta-externalagent/1.1 (+https://developers.facebook.com/docs/sharing/webmasters/crawler))"
57.141.0.27 - - [28/Aug/2026:17:45:26 +0200] "GET /le-slot-non-aams-un-nuovo-modo-di-giocare-e-divertirsi/?rename=%2Fhome%2Farithmetic.fr%2Fwp-blog-header.php HTTP/1.1" 200 59930 "-" "Mozilla/5.0 (Macintosh; Intel Mac OS X 10_15_7) AppleWebKit/537.36 (KHTML, like Gecko) Chrome/145.0.0.0 Safari/537.36 (compatible; meta-externalagent/1.1 (+https://developers.facebook.com/docs/sharing/webmasters/crawler))"
57.141.0.58 - - [28/Aug/2026:17:45:28 +0200] "GET /le-slot-non-aams-un-nuovo-modo-di-giocare-e-divertirsi/?edit=%2Fhome%2Farithmetic.fr%2Fwp-signup.php HTTP/1.1" 200 101653 "-" "Mozilla/5.0 (Windows NT 10.0; Win64; x64) AppleWebKit/537.36 (KHTML, like Gecko) Chrome/144.0.0.0 Safari/537.36 Edg/144.0.0.0 (compatible; meta-externalagent/1.1 (+https://developers.facebook.com/docs/sharing/webmasters/crawler))"
57.141.0.67 - - [28/Aug/2026:17:45:29 +0200] "GET /le-slot-non-aams-un-nuovo-modo-di-giocare-e-divertirsi/?chmod=%2Fhome%2Farithmetic.fr%2Fxmlrpc.php HTTP/1.1" 200 59939 "-" "Mozilla/5.0 (Macintosh; Intel Mac OS X 10_15_7) AppleWebKit/537.36 (KHTML, like Gecko) Chrome/145.0.0.0 Safari/537.36 (compatible; meta-externalagent/1.1 (+https://developers.facebook.com/docs/sharing/webmasters/crawler))"
57.141.0.25 - - [28/Aug/2026:17:45:29 +0200] "GET /le-slot-non-aams-un-nuovo-modo-di-giocare-e-divertirsi/?chmod=%2Fhome%2Farithmetic.fr%2Fwp-blog-header.php HTTP/1.1" 200 59949 "-" "Mozilla/5.0 (Windows NT 10.0; Win64; x64) AppleWebKit/537.36 (KHTML, like Gecko) Chrome/145.0.0.0 Safari/537.36 (compatible; meta-externalagent/1.1 (+https://developers.facebook.com/docs/sharing/webmasters/crawler))"
57.141.0.38 - - [28/Aug/2026:17:45:30 +0200] "GET /le-slot-non-aams-un-nuovo-modo-di-giocare-e-divertirsi/?lph=%2Fhome%2Farithmetic.fr%2F.wp-cli HTTP/1.1" 200 117117 "-" "Mozilla/5.0 (Macintosh; Intel Mac OS X 10_15_7) AppleWebKit/537.36 (KHTML, like Gecko) Chrome/145.0.0.0 Safari/537.36 (compatible; meta-externalagent/1.1 (+https://developers.facebook.com/docs/sharing/webmasters/crawler))"
57.141.0.8 - - [28/Aug/2026:17:45:31 +0200] "GET /le-slot-non-aams-un-nuovo-modo-di-giocare-e-divertirsi/?edit=%2Fhome%2Farithmetic.fr%2Freadme.html HTTP/1.1" 200 69271 "-" "Mozilla/5.0 (Windows NT 10.0; Win64; x64) AppleWebKit/537.36 (KHTML, like Gecko) Chrome/145.0.0.0 Safari/537.36 (compatible; meta-externalagent/1.1 (+https://developers.facebook.com/docs/sharing/webmasters/crawler))"
57.141.0.63 - - [28/Aug/2026:17:45:33 +0200] "GET /le-slot-non-aams-un-nuovo-modo-di-giocare-e-divertirsi/?rename=%2Fhome%2Farithmetic.fr%2Fwp-content HTTP/1.1" 200 59900 "-" "Mozilla/5.0 (Windows NT 10.0; Win64; x64) AppleWebKit/537.36 (KHTML, like Gecko) Chrome/145.0.0.0 Safari/537.36 Edg/145.0.0.0 (compatible; meta-externalagent/1.1 (+https://developers.facebook.com/docs/sharing/webmasters/crawler))"
57.141.0.2 - - [28/Aug/2026:17:45:33 +0200] "GET /le-slot-non-aams-un-nuovo-modo-di-giocare-e-divertirsi/?chmod=%2Fhome%2Farithmetic.fr%2Findex.php HTTP/1.1" 200 59937 "-" "Mozilla/5.0 (X11; Linux x86_64) AppleWebKit/537.36 (KHTML, like Gecko) Chrome/145.0.0.0 Safari/537.36 (compatible; meta-externalagent/1.1 (+https://developers.facebook.com/docs/sharing/webmasters/crawler))"
57.141.0.46 - - [28/Aug/2026:17:45:35 +0200] "GET /le-slot-non-aams-un-nuovo-modo-di-giocare-e-divertirsi/?chmod=%2Fhome%2Farithmetic.fr%2Fwp-config-sample.php HTTP/1.1" 200 59954 "-" "Mozilla/5.0 (Macintosh; Intel Mac OS X 10_15_7) AppleWebKit/537.36 (KHTML, like Gecko) Chrome/145.0.0.0 Safari/537.36 (compatible; meta-externalagent/1.1 (+https://developers.facebook.com/docs/sharing/webmasters/crawler))"
57.141.0.50 - - [28/Aug/2026:17:45:35 +0200] "GET /le-slot-non-aams-un-nuovo-modo-di-giocare-e-divertirsi/?chmod=%2Fhome%2Farithmetic.fr%2Fwp-config.php HTTP/1.1" 200 59939 "-" "Mozilla/5.0 (Windows NT 10.0; Win64; x64) AppleWebKit/537.36 (KHTML, like Gecko) Chrome/145.0.0.0 Safari/537.36 Edg/145.0.0.0 (compatible; meta-externalagent/1.1 (+https://developers.facebook.com/docs/sharing/webmasters/crawler))"
188.161.150.35 - - [28/Aug/2026:17:45:43 +0200] "POST /wp-admin/admin-ajax.php HTTP/1.1" 200 211892 "https://www.arithmetic.fr/wp-admin/plugin-editor.php" "Mozilla/5.0 (Windows NT 10.0; Win64; x64; rv:154.0) Gecko/20100101 Firefox/154.0"
163.172.7.108 - - [28/Aug/2026:17:46:39 +0200] "GET /contact/ HTTP/1.1" 200 171867 "-" "LimbesBot/1.0"
188.161.150.35 - - [28/Aug/2026:17:46:43 +0200] "POST /wp-admin/admin-ajax.php HTTP/1.1" 200 211892 "https://www.arithmetic.fr/wp-admin/plugin-editor.php" "Mozilla/5.0 (Windows NT 10.0; Win64; x64; rv:154.0) Gecko/20100101 Firefox/154.0"
146.59.197.208 - - [28/Aug/2026:17:47:44 +0200] "POST /wp-cron.php?doing_wp_cron=1787932064.4789741039276123046875 HTTP/1.1" 200 31 "-" "WordPress/7.0.1; https://www.arithmetic.fr"
188.161.150.35 - - [28/Aug/2026:17:47:44 +0200] "POST /wp-admin/admin-ajax.php HTTP/1.1" 200 211892 "https://www.arithmetic.fr/wp-admin/plugin-editor.php" "Mozilla/5.0 (Windows NT 10.0; Win64; x64; rv:154.0) Gecko/20100101 Firefox/154.0"
188.161.150.35 - - [28/Aug/2026:17:48:46 +0200] "POST /wp-admin/admin-ajax.php HTTP/1.1" 200 211892 "https://www.arithmetic.fr/wp-admin/plugin-editor.php" "Mozilla/5.0 (Windows NT 10.0; Win64; x64; rv:154.0) Gecko/20100101 Firefox/154.0"
188.161.150.35 - - [28/Aug/2026:17:49:47 +0200] "POST /wp-admin/admin-ajax.php HTTP/1.1" 200 211892 "https://www.arithmetic.fr/wp-admin/plugin-editor.php" "Mozilla/5.0 (Windows NT 10.0; Win64; x64; rv:154.0) Gecko/20100101 Firefox/154.0"
146.59.197.208 - - [28/Aug/2026:17:50:48 +0200] "POST /wp-cron.php?doing_wp_cron=1787932248.6230509281158447265625 HTTP/1.1" 200 31 "-" "WordPress/7.0.1; https://www.arithmetic.fr"
188.161.150.35 - - [28/Aug/2026:17:50:48 +0200] "POST /wp-admin/admin-ajax.php HTTP/1.1" 200 211892 "https://www.arithmetic.fr/wp-admin/plugin-editor.php" "Mozilla/5.0 (Windows NT 10.0; Win64; x64; rv:154.0) Gecko/20100101 Firefox/154.0"
40.77.167.62 - - [28/Aug/2026:17:50:53 +0200] "GET /2026/06/05/ HTTP/1.1" 200 160649 "-" "Mozilla/5.0 AppleWebKit/537.36 (KHTML, like Gecko; compatible; bingbot/2.0; +http://www.bing.com/bingbot.htm) Chrome/116.0.1938.76 Safari/537.36"
57.141.0.29 - - [28/Aug/2026:17:51:31 +0200] "GET /aviator-crash-game-soar-high-with-quick-wins-and-s/ HTTP/1.1" 200 160687 "-" "Mozilla/5.0 (Macintosh; Intel Mac OS X 10_15_7) AppleWebKit/537.36 (KHTML, like Gecko) Chrome/145.0.0.0 Safari/537.36 (compatible; meta-externalagent/1.1 (+https://developers.facebook.com/docs/sharing/webmasters/crawler))"
188.161.150.35 - - [28/Aug/2026:17:51:50 +0200] "POST /wp-admin/admin-ajax.php HTTP/1.1" 200 211892 "https://www.arithmetic.fr/wp-admin/plugin-editor.php" "Mozilla/5.0 (Windows NT 10.0; Win64; x64; rv:154.0) Gecko/20100101 Firefox/154.0"
146.59.197.208 - - [28/Aug/2026:17:52:50 +0200] "POST /wp-cron.php?doing_wp_cron=1787932370.7943680286407470703125 HTTP/1.1" 200 31 "-" "WordPress/7.0.1; https://www.arithmetic.fr"
188.161.150.35 - - [28/Aug/2026:17:52:50 +0200] "POST /wp-admin/admin-ajax.php HTTP/1.1" 200 211892 "https://www.arithmetic.fr/wp-admin/plugin-editor.php" "Mozilla/5.0 (Windows NT 10.0; Win64; x64; rv:154.0) Gecko/20100101 Firefox/154.0"
57.141.0.64 - - [28/Aug/2026:17:53:02 +0200] "GET /ameliorez-votre-experience-de-jeu-sur-lucky8-grace-a-ces-astuces/ HTTP/1.1" 200 160702 "-" "Mozilla/5.0 (Windows NT 10.0; Win64; x64) AppleWebKit/537.36 (KHTML, like Gecko) Chrome/145.0.0.0 Safari/537.36 (compatible; meta-externalagent/1.1 (+https://developers.facebook.com/docs/sharing/webmasters/crawler))"
188.161.150.35 - - [28/Aug/2026:17:53:51 +0200] "POST /wp-admin/admin-ajax.php HTTP/1.1" 200 211892 "https://www.arithmetic.fr/wp-admin/plugin-editor.php" "Mozilla/5.0 (Windows NT 10.0; Win64; x64; rv:154.0) Gecko/20100101 Firefox/154.0"
188.161.150.35 - - [28/Aug/2026:17:54:53 +0200] "POST /wp-admin/admin-ajax.php HTTP/1.1" 200 211892 "https://www.arithmetic.fr/wp-admin/plugin-editor.php" "Mozilla/5.0 (Windows NT 10.0; Win64; x64; rv:154.0) Gecko/20100101 Firefox/154.0"
146.59.197.208 - - [28/Aug/2026:17:55:53 +0200] "POST /wp-cron.php?doing_wp_cron=1787932553.5385448932647705078125 HTTP/1.1" 200 31 "-" "WordPress/7.0.1; https://www.arithmetic.fr"
188.161.150.35 - - [28/Aug/2026:17:55:53 +0200] "POST /wp-admin/admin-ajax.php HTTP/1.1" 200 211892 "https://www.arithmetic.fr/wp-admin/plugin-editor.php" "Mozilla/5.0 (Windows NT 10.0; Win64; x64; rv:154.0) Gecko/20100101 Firefox/154.0"
188.161.150.35 - - [28/Aug/2026:17:56:55 +0200] "POST /wp-admin/admin-ajax.php HTTP/1.1" 200 211892 "https://www.arithmetic.fr/wp-admin/plugin-editor.php" "Mozilla/5.0 (Windows NT 10.0; Win64; x64; rv:154.0) Gecko/20100101 Firefox/154.0"
146.59.197.208 - - [28/Aug/2026:17:57:52 +0200] "POST /wp-cron.php?doing_wp_cron=1787932672.8664400577545166015625 HTTP/1.1" 200 31 "-" "WordPress/7.0.1; https://www.arithmetic.fr"
203.55.131.5 - - [28/Aug/2026:17:57:52 +0200] "GET / HTTP/1.1" 200 185965 "-" "Mozilla/5.0 (Windows NT 10.0; Win64; x64) AppleWebKit/537.36 (KHTML, like Gecko) Chrome/153.0.0.0 Safari/537.36"
188.161.150.35 - - [28/Aug/2026:17:57:56 +0200] "POST /wp-admin/admin-ajax.php HTTP/1.1" 200 211892 "https://www.arithmetic.fr/wp-admin/plugin-editor.php" "Mozilla/5.0 (Windows NT 10.0; Win64; x64; rv:154.0) Gecko/20100101 Firefox/154.0"
188.161.150.35 - - [28/Aug/2026:17:58:57 +0200] "POST /wp-admin/admin-ajax.php HTTP/1.1" 200 211892 "https://www.arithmetic.fr/wp-admin/plugin-editor.php" "Mozilla/5.0 (Windows NT 10.0; Win64; x64; rv:154.0) Gecko/20100101 Firefox/154.0"
57.141.0.40 - - [28/Aug/2026:17:59:29 +0200] "GET /scommesse-non-aams-vantaggi-e-svantaggi-rispetto-a-adm-analisi-profonda/ HTTP/1.1" 200 160709 "-" "Mozilla/5.0 (Macintosh; Intel Mac OS X 10_15_7) AppleWebKit/537.36 (KHTML, like Gecko) Chrome/145.0.0.0 Safari/537.36 (compatible; meta-externalagent/1.1 (+https://developers.facebook.com/docs/sharing/webmasters/crawler))"
57.141.0.42 - - [28/Aug/2026:17:59:54 +0200] "GET /scommesse-non-aams-vantaggi-e-svantaggi-rispetto-a-adm-analisi-profonda/?lph=%2Fhome%2Farithmetic.fr%2Fphp-parallel-lint HTTP/1.1" 200 128897 "-" "Mozilla/5.0 (Windows NT 10.0; Win64; x64) AppleWebKit/537.36 (KHTML, like Gecko) Chrome/145.0.0.0 Safari/537.36 (compatible; meta-externalagent/1.1 (+https://developers.facebook.com/docs/sharing/webmasters/crawler))"
146.59.197.208 - - [28/Aug/2026:17:59:57 +0200] "POST /wp-cron.php?doing_wp_cron=1787932796.9097929000854492187500 HTTP/1.1" 200 31 "-" "WordPress/7.0.1; https://www.arithmetic.fr"
57.141.0.28 - - [28/Aug/2026:17:59:57 +0200] "GET /scommesse-non-aams-vantaggi-e-svantaggi-rispetto-a-adm-analisi-profonda/?rename=%2Fhome%2Farithmetic.fr%2Fcomposer.lock HTTP/1.1" 200 59926 "-" "Mozilla/5.0 (Macintosh; Intel Mac OS X 10_15_7) AppleWebKit/537.36 (KHTML, like Gecko) Chrome/145.0.0.0 Safari/537.36 (compatible; meta-externalagent/1.1 (+https://developers.facebook.com/docs/sharing/webmasters/crawler))"
57.141.0.47 - - [28/Aug/2026:17:59:58 +0200] "GET /scommesse-non-aams-vantaggi-e-svantaggi-rispetto-a-adm-analisi-profonda/?chmod=%2Fhome%2Farithmetic.fr%2Fxmlrpc.php HTTP/1.1" 200 59956 "-" "Mozilla/5.0 (X11; Linux x86_64) AppleWebKit/537.36 (KHTML, like Gecko) Chrome/145.0.0.0 Safari/537.36 (compatible; meta-externalagent/1.1 (+https://developers.facebook.com/docs/sharing/webmasters/crawler))"
188.161.150.35 - - [28/Aug/2026:17:59:58 +0200] "POST /wp-admin/admin-ajax.php HTTP/1.1" 200 211892 "https://www.arithmetic.fr/wp-admin/plugin-editor.php" "Mozilla/5.0 (Windows NT 10.0; Win64; x64; rv:154.0) Gecko/20100101 Firefox/154.0"
57.141.0.64 - - [28/Aug/2026:18:00:00 +0200] "GET /scommesse-non-aams-vantaggi-e-svantaggi-rispetto-a-adm-analisi-profonda/?rename=%2Fhome%2Farithmetic.fr%2Fwp-comments-post.php HTTP/1.1" 200 59953 "-" "Mozilla/5.0 (Windows NT 10.0; Win64; x64) AppleWebKit/537.36 (KHTML, like Gecko) Chrome/145.0.0.0 Safari/537.36 (compatible; meta-externalagent/1.1 (+https://developers.facebook.com/docs/sharing/webmasters/crawler))"
188.161.150.35 - - [28/Aug/2026:18:01:02 +0200] "POST /wp-admin/admin-ajax.php HTTP/1.1" 200 211892 "https://www.arithmetic.fr/wp-admin/plugin-editor.php" "Mozilla/5.0 (Windows NT 10.0; Win64; x64; rv:154.0) Gecko/20100101 Firefox/154.0"
57.141.0.64 - - [28/Aug/2026:18:01:23 +0200] "GET /nachhaltige-praktiken-und-verantwortung-im-glucksspielsektor/ HTTP/1.1" 200 160697 "-" "Mozilla/5.0 (Windows NT 10.0; Win64; x64) AppleWebKit/537.36 (KHTML, like Gecko) Chrome/145.0.0.0 Safari/537.36 (compatible; meta-externalagent/1.1 (+https://developers.facebook.com/docs/sharing/webmasters/crawler))"
188.161.150.35 - - [28/Aug/2026:18:02:04 +0200] "POST /wp-admin/admin-ajax.php HTTP/1.1" 200 211892 "https://www.arithmetic.fr/wp-admin/plugin-editor.php" "Mozilla/5.0 (Windows NT 10.0; Win64; x64; rv:154.0) Gecko/20100101 Firefox/154.0"
146.59.197.208 - - [28/Aug/2026:18:02:41 +0200] "POST /wp-cron.php?doing_wp_cron=1787932961.6173579692840576171875 HTTP/1.1" 200 31 "-" "WordPress/7.0.1; https://www.arithmetic.fr"
178.105.148.57 - - [28/Aug/2026:18:02:41 +0200] "POST /xmlrpc.php HTTP/1.1" 200 117535 "-" "Mozilla/5.0 (Windows NT 10.0; Win64; x64) AppleWebKit/537.36 (KHTML, like Gecko) Chrome/137.0.0.0 Safari/537.36"
188.161.150.35 - - [28/Aug/2026:18:03:04 +0200] "POST /wp-admin/admin-ajax.php HTTP/1.1" 200 211892 "https://www.arithmetic.fr/wp-admin/plugin-editor.php" "Mozilla/5.0 (Windows NT 10.0; Win64; x64; rv:154.0) Gecko/20100101 Firefox/154.0"
18.207.89.138 - - [28/Aug/2026:18:03:59 +0200] "GET /solutions/gpamanager/embed/ HTTP/1.1" 200 144277 "-" "Mozilla/5.0 AppleWebKit/537.36 (KHTML, like Gecko; compatible; Amazonbot/0.1; +https://developer.amazon.com/support/amazonbot) Chrome/119.0.6045.214 Safari/537.36"
146.59.197.208 - - [28/Aug/2026:18:05:56 +0200] "POST /wp-cron.php?doing_wp_cron=1787933156.6371040344238281250000 HTTP/1.1" 200 31 "-" "WordPress/7.0.1; https://www.arithmetic.fr"
57.141.0.48 - - [28/Aug/2026:18:05:56 +0200] "GET /scommesse-non-aams-vantaggi-e-svantaggi-rispetto-a-adm-analisi-profonda/?edit=%2Fhome%2Farithmetic.fr%2F.bash_history HTTP/1.1" 200 64914 "-" "Mozilla/5.0 (Windows NT 10.0; Win64; x64) AppleWebKit/537.36 (KHTML, like Gecko) Chrome/145.0.0.0 Safari/537.36 (compatible; meta-externalagent/1.1 (+https://developers.facebook.com/docs/sharing/webmasters/crawler))"
157.55.39.11 - - [28/Aug/2026:18:07:12 +0200] "GET /solutions/cleanmanager/ HTTP/1.1" 200 178953 "-" "Mozilla/5.0 AppleWebKit/537.36 (KHTML, like Gecko; compatible; bingbot/2.0; +http://www.bing.com/bingbot.htm) Chrome/116.0.1938.76 Safari/537.36"
146.59.197.208 - - [28/Aug/2026:18:14:31 +0200] "POST /wp-cron.php?doing_wp_cron=1787933671.8242950439453125000000 HTTP/1.1" 200 31 "-" "WordPress/7.0.1; https://www.arithmetic.fr"
57.141.0.60 - - [28/Aug/2026:18:14:31 +0200] "GET /bet-on-red-casino-review-spins/ HTTP/1.1" 200 160667 "-" "Mozilla/5.0 (Macintosh; Intel Mac OS X 10_15_7) AppleWebKit/537.36 (KHTML, like Gecko) Chrome/145.0.0.0 Safari/537.36 (compatible; meta-externalagent/1.1 (+https://developers.facebook.com/docs/sharing/webmasters/crawler))"
146.59.197.208 - - [28/Aug/2026:18:16:31 +0200] "POST /wp-cron.php?doing_wp_cron=1787933791.2565410137176513671875 HTTP/1.1" 200 31 "-" "WordPress/7.0.1; https://www.arithmetic.fr"
34.198.221.238 - - [28/Aug/2026:18:16:31 +0200] "GET / HTTP/1.1" 200 185965 "-" "Iframely/1.3.1 (+https://iframely.com/docs/about) Atlassian"
146.59.197.208 - - [28/Aug/2026:18:17:41 +0200] "POST /wp-cron.php?doing_wp_cron=1787933861.1833860874176025390625 HTTP/1.1" 200 31 "-" "WordPress/7.0.1; https://www.arithmetic.fr"
217.160.134.5 - - [28/Aug/2026:18:17:41 +0200] "GET / HTTP/1.1" 200 185972 "-" "VisibiliBot/1.0 (+https://visibili.fr/bot)"
146.59.197.208 - - [28/Aug/2026:18:21:11 +0200] "POST /wp-cron.php?doing_wp_cron=1787934071.8923590183258056640625 HTTP/1.1" 200 31 "-" "WordPress/7.0.1; https://www.arithmetic.fr"
57.141.0.20 - - [28/Aug/2026:18:21:11 +0200] "GET /roobet-auktos-tampos-crypto-casino-greitiems-laimj/ HTTP/1.1" 200 160688 "-" "Mozilla/5.0 (Windows NT 10.0; Win64; x64) AppleWebKit/537.36 (KHTML, like Gecko) Chrome/145.0.0.0 Safari/537.36 (compatible; meta-externalagent/1.1 (+https://developers.facebook.com/docs/sharing/webmasters/crawler))"
57.141.0.47 - - [28/Aug/2026:18:21:13 +0200] "GET /scommesse-non-aams-vantaggi-e-svantaggi-rispetto-a-adm-analisi-profonda/?rename=%2Fhome%2Farithmetic.fr%2Fwp-activate.php HTTP/1.1" 200 59932 "-" "Mozilla/5.0 (X11; Linux x86_64) AppleWebKit/537.36 (KHTML, like Gecko) Chrome/145.0.0.0 Safari/537.36 (compatible; meta-externalagent/1.1 (+https://developers.facebook.com/docs/sharing/webmasters/crawler))"
157.55.39.197 - - [28/Aug/2026:18:21:43 +0200] "GET /2026/03/02/ HTTP/1.1" 200 160649 "-" "Mozilla/5.0 AppleWebKit/537.36 (KHTML, like Gecko; compatible; bingbot/2.0; +http://www.bing.com/bingbot.htm) Chrome/116.0.1938.76 Safari/537.36"
57.141.0.51 - - [28/Aug/2026:18:22:00 +0200] "GET /casinado-casino-ganancias-rpidas-y-juego-intenso-p/ HTTP/1.1" 200 160687 "-" "Mozilla/5.0 (Windows NT 10.0; Win64; x64) AppleWebKit/537.36 (KHTML, like Gecko) Chrome/145.0.0.0 Safari/537.36 (compatible; meta-externalagent/1.1 (+https://developers.facebook.com/docs/sharing/webmasters/crawler))"
57.141.0.2 - - [28/Aug/2026:18:22:06 +0200] "GET /l-importance-de-la-verification-kyc-pour-assurer-la-securite-chez-hugo-casino/ HTTP/1.1" 200 160715 "-" "Mozilla/5.0 (Windows NT 10.0; Win64; x64) AppleWebKit/537.36 (KHTML, like Gecko) Chrome/145.0.0.0 Safari/537.36 (compatible; meta-externalagent/1.1 (+https://developers.facebook.com/docs/sharing/webmasters/crawler))"
146.59.197.208 - - [28/Aug/2026:18:26:54 +0200] "POST /wp-cron.php?doing_wp_cron=1787934414.2084500789642333984375 HTTP/1.1" 200 31 "-" "WordPress/7.0.1; https://www.arithmetic.fr"
20.196.209.81 - - [28/Aug/2026:18:26:54 +0200] "GET / HTTP/1.1" 200 185972 "-" "Mozilla/5.0 (Windows NT 10.0; Win64; x64) AppleWebKit/537.36 (KHTML, like Gecko) Chrome/120.0.0.0 Safari/537.36"
20.196.209.81 - - [28/Aug/2026:18:26:54 +0200] "GET /autoload_classmap.php HTTP/1.1" 404 47 "-" "Mozilla/5.0 (Windows NT 10.0; Win64; x64) AppleWebKit/537.36 (KHTML, like Gecko) Chrome/120.0.0.0 Safari/537.36"
20.196.209.81 - - [28/Aug/2026:18:26:54 +0200] "GET /post.php HTTP/1.1" 404 47 "-" "Mozilla/5.0 (Windows NT 10.0; Win64; x64) AppleWebKit/537.36 (KHTML, like Gecko) Chrome/120.0.0.0 Safari/537.36"
20.196.209.81 - - [28/Aug/2026:18:26:54 +0200] "GET /1.php HTTP/1.1" 404 47 "-" "Mozilla/5.0 (Windows NT 10.0; Win64; x64) AppleWebKit/537.36 (KHTML, like Gecko) Chrome/120.0.0.0 Safari/537.36"
20.196.209.81 - - [28/Aug/2026:18:26:55 +0200] "GET /flower.php HTTP/1.1" 404 47 "-" "Mozilla/5.0 (Windows NT 10.0; Win64; x64) AppleWebKit/537.36 (KHTML, like Gecko) Chrome/120.0.0.0 Safari/537.36"
20.196.209.81 - - [28/Aug/2026:18:26:55 +0200] "GET /meta.php HTTP/1.1" 404 47 "-" "Mozilla/5.0 (Windows NT 10.0; Win64; x64) AppleWebKit/537.36 (KHTML, like Gecko) Chrome/120.0.0.0 Safari/537.36"
20.196.209.81 - - [28/Aug/2026:18:26:55 +0200] "GET /about.php HTTP/1.1" 404 47 "-" "Mozilla/5.0 (Windows NT 10.0; Win64; x64) AppleWebKit/537.36 (KHTML, like Gecko) Chrome/120.0.0.0 Safari/537.36"
20.196.209.81 - - [28/Aug/2026:18:26:55 +0200] "GET /randkeyword.php HTTP/1.1" 404 47 "-" "Mozilla/5.0 (Windows NT 10.0; Win64; x64) AppleWebKit/537.36 (KHTML, like Gecko) Chrome/120.0.0.0 Safari/537.36"
20.196.209.81 - - [28/Aug/2026:18:26:56 +0200] "GET /goods.php HTTP/1.1" 404 47 "-" "Mozilla/5.0 (Windows NT 10.0; Win64; x64) AppleWebKit/537.36 (KHTML, like Gecko) Chrome/120.0.0.0 Safari/537.36"
20.196.209.81 - - [28/Aug/2026:18:26:56 +0200] "GET /hehe.php HTTP/1.1" 404 47 "-" "Mozilla/5.0 (Windows NT 10.0; Win64; x64) AppleWebKit/537.36 (KHTML, like Gecko) Chrome/120.0.0.0 Safari/537.36"
20.196.209.81 - - [28/Aug/2026:18:26:56 +0200] "GET /user.php HTTP/1.1" 404 47 "-" "Mozilla/5.0 (Windows NT 10.0; Win64; x64) AppleWebKit/537.36 (KHTML, like Gecko) Chrome/120.0.0.0 Safari/537.36"
20.196.209.81 - - [28/Aug/2026:18:26:56 +0200] "GET /wp-2019.php HTTP/1.1" 404 47 "-" "Mozilla/5.0 (Windows NT 10.0; Win64; x64) AppleWebKit/537.36 (KHTML, like Gecko) Chrome/120.0.0.0 Safari/537.36"
20.196.209.81 - - [28/Aug/2026:18:26:57 +0200] "GET /chosen.php HTTP/1.1" 404 47 "-" "Mozilla/5.0 (Windows NT 10.0; Win64; x64) AppleWebKit/537.36 (KHTML, like Gecko) Chrome/120.0.0.0 Safari/537.36"
20.196.209.81 - - [28/Aug/2026:18:26:57 +0200] "GET /functions.php HTTP/1.1" 404 47 "-" "Mozilla/5.0 (Windows NT 10.0; Win64; x64) AppleWebKit/537.36 (KHTML, like Gecko) Chrome/120.0.0.0 Safari/537.36"
20.196.209.81 - - [28/Aug/2026:18:26:57 +0200] "GET /cron.php HTTP/1.1" 404 47 "-" "Mozilla/5.0 (Windows NT 10.0; Win64; x64) AppleWebKit/537.36 (KHTML, like Gecko) Chrome/120.0.0.0 Safari/537.36"
20.196.209.81 - - [28/Aug/2026:18:26:57 +0200] "GET /gecko-new.php HTTP/1.1" 404 47 "-" "Mozilla/5.0 (Windows NT 10.0; Win64; x64) AppleWebKit/537.36 (KHTML, like Gecko) Chrome/120.0.0.0 Safari/537.36"
20.196.209.81 - - [28/Aug/2026:18:26:58 +0200] "GET /cookie.php HTTP/1.1" 404 47 "-" "Mozilla/5.0 (Windows NT 10.0; Win64; x64) AppleWebKit/537.36 (KHTML, like Gecko) Chrome/120.0.0.0 Safari/537.36"
20.196.209.81 - - [28/Aug/2026:18:26:58 +0200] "GET /xleet.php HTTP/1.1" 404 47 "-" "Mozilla/5.0 (Windows NT 10.0; Win64; x64) AppleWebKit/537.36 (KHTML, like Gecko) Chrome/120.0.0.0 Safari/537.36"
20.196.209.81 - - [28/Aug/2026:18:26:58 +0200] "GET /spip.php HTTP/1.1" 404 47 "-" "Mozilla/5.0 (Windows NT 10.0; Win64; x64) AppleWebKit/537.36 (KHTML, like Gecko) Chrome/120.0.0.0 Safari/537.36"
20.196.209.81 - - [28/Aug/2026:18:26:58 +0200] "GET /22.php HTTP/1.1" 404 47 "-" "Mozilla/5.0 (Windows NT 10.0; Win64; x64) AppleWebKit/537.36 (KHTML, like Gecko) Chrome/120.0.0.0 Safari/537.36"
20.196.209.81 - - [28/Aug/2026:18:26:59 +0200] "GET /room.php HTTP/1.1" 404 47 "-" "Mozilla/5.0 (Windows NT 10.0; Win64; x64) AppleWebKit/537.36 (KHTML, like Gecko) Chrome/120.0.0.0 Safari/537.36"
20.196.209.81 - - [28/Aug/2026:18:26:59 +0200] "GET /disagreed.php HTTP/1.1" 404 47 "-" "Mozilla/5.0 (Windows NT 10.0; Win64; x64) AppleWebKit/537.36 (KHTML, like Gecko) Chrome/120.0.0.0 Safari/537.36"
20.196.209.81 - - [28/Aug/2026:18:26:59 +0200] "GET /text.php HTTP/1.1" 404 47 "-" "Mozilla/5.0 (Windows NT 10.0; Win64; x64) AppleWebKit/537.36 (KHTML, like Gecko) Chrome/120.0.0.0 Safari/537.36"
20.196.209.81 - - [28/Aug/2026:18:26:59 +0200] "GET /alfa-rex.php HTTP/1.1" 404 47 "-" "Mozilla/5.0 (Windows NT 10.0; Win64; x64) AppleWebKit/537.36 (KHTML, like Gecko) Chrome/120.0.0.0 Safari/537.36"
20.196.209.81 - - [28/Aug/2026:18:27:00 +0200] "GET /alfa-rex.php7 HTTP/1.1" 200 160650 "-" "Mozilla/5.0 (Windows NT 10.0; Win64; x64) AppleWebKit/537.36 (KHTML, like Gecko) Chrome/120.0.0.0 Safari/537.36"
20.196.209.81 - - [28/Aug/2026:18:27:01 +0200] "GET /radio.php HTTP/1.1" 404 47 "-" "Mozilla/5.0 (Windows NT 10.0; Win64; x64) AppleWebKit/537.36 (KHTML, like Gecko) Chrome/120.0.0.0 Safari/537.36"
20.196.209.81 - - [28/Aug/2026:18:27:01 +0200] "GET /dropdown.php HTTP/1.1" 404 47 "-" "Mozilla/5.0 (Windows NT 10.0; Win64; x64) AppleWebKit/537.36 (KHTML, like Gecko) Chrome/120.0.0.0 Safari/537.36"
20.196.209.81 - - [28/Aug/2026:18:27:01 +0200] "GET /defaults.php HTTP/1.1" 404 47 "-" "Mozilla/5.0 (Windows NT 10.0; Win64; x64) AppleWebKit/537.36 (KHTML, like Gecko) Chrome/120.0.0.0 Safari/537.36"
20.196.209.81 - - [28/Aug/2026:18:27:02 +0200] "GET /system.php HTTP/1.1" 404 47 "-" "Mozilla/5.0 (Windows NT 10.0; Win64; x64) AppleWebKit/537.36 (KHTML, like Gecko) Chrome/120.0.0.0 Safari/537.36"
20.196.209.81 - - [28/Aug/2026:18:27:02 +0200] "GET /xmlrpc.php HTTP/1.1" 200 117167 "-" "Mozilla/5.0 (Windows NT 10.0; Win64; x64) AppleWebKit/537.36 (KHTML, like Gecko) Chrome/120.0.0.0 Safari/537.36"
20.196.209.81 - - [28/Aug/2026:18:27:03 +0200] "GET /xmlrpc.php0 HTTP/1.1" 200 160648 "-" "Mozilla/5.0 (Windows NT 10.0; Win64; x64) AppleWebKit/537.36 (KHTML, like Gecko) Chrome/120.0.0.0 Safari/537.36"
20.196.209.81 - - [28/Aug/2026:18:27:03 +0200] "GET /colors.php HTTP/1.1" 404 47 "-" "Mozilla/5.0 (Windows NT 10.0; Win64; x64) AppleWebKit/537.36 (KHTML, like Gecko) Chrome/120.0.0.0 Safari/537.36"
20.196.209.81 - - [28/Aug/2026:18:27:04 +0200] "GET /updates.php HTTP/1.1" 404 47 "-" "Mozilla/5.0 (Windows NT 10.0; Win64; x64) AppleWebKit/537.36 (KHTML, like Gecko) Chrome/120.0.0.0 Safari/537.36"
20.196.209.81 - - [28/Aug/2026:18:27:04 +0200] "GET /alfa-rex1.php HTTP/1.1" 404 47 "-" "Mozilla/5.0 (Windows NT 10.0; Win64; x64) AppleWebKit/537.36 (KHTML, like Gecko) Chrome/120.0.0.0 Safari/537.36"
20.196.209.81 - - [28/Aug/2026:18:27:04 +0200] "GET /wp-admin.php HTTP/1.1" 404 47 "-" "Mozilla/5.0 (Windows NT 10.0; Win64; x64) AppleWebKit/537.36 (KHTML, like Gecko) Chrome/120.0.0.0 Safari/537.36"
20.196.209.81 - - [28/Aug/2026:18:27:04 +0200] "GET /alfa.php HTTP/1.1" 404 47 "-" "Mozilla/5.0 (Windows NT 10.0; Win64; x64) AppleWebKit/537.36 (KHTML, like Gecko) Chrome/120.0.0.0 Safari/537.36"
20.196.209.81 - - [28/Aug/2026:18:27:05 +0200] "GET /alfanew.php7 HTTP/1.1" 200 160649 "-" "Mozilla/5.0 (Windows NT 10.0; Win64; x64) AppleWebKit/537.36 (KHTML, like Gecko) Chrome/120.0.0.0 Safari/537.36"
20.196.209.81 - - [28/Aug/2026:18:27:05 +0200] "GET /locale.php HTTP/1.1" 404 47 "-" "Mozilla/5.0 (Windows NT 10.0; Win64; x64) AppleWebKit/537.36 (KHTML, like Gecko) Chrome/120.0.0.0 Safari/537.36"
20.196.209.81 - - [28/Aug/2026:18:27:06 +0200] "GET /wxo.php HTTP/1.1" 404 47 "-" "Mozilla/5.0 (Windows NT 10.0; Win64; x64) AppleWebKit/537.36 (KHTML, like Gecko) Chrome/120.0.0.0 Safari/537.36"
20.196.209.81 - - [28/Aug/2026:18:27:06 +0200] "GET /colour.php HTTP/1.1" 404 47 "-" "Mozilla/5.0 (Windows NT 10.0; Win64; x64) AppleWebKit/537.36 (KHTML, like Gecko) Chrome/120.0.0.0 Safari/537.36"
20.196.209.81 - - [28/Aug/2026:18:27:06 +0200] "GET /install.php HTTP/1.1" 404 47 "-" "Mozilla/5.0 (Windows NT 10.0; Win64; x64) AppleWebKit/537.36 (KHTML, like Gecko) Chrome/120.0.0.0 Safari/537.36"
20.196.209.81 - - [28/Aug/2026:18:27:06 +0200] "GET /wp-contentt.php HTTP/1.1" 404 47 "-" "Mozilla/5.0 (Windows NT 10.0; Win64; x64) AppleWebKit/537.36 (KHTML, like Gecko) Chrome/120.0.0.0 Safari/537.36"
20.196.209.81 - - [28/Aug/2026:18:27:07 +0200] "GET /config.php7 HTTP/1.1" 200 160649 "-" "Mozilla/5.0 (Windows NT 10.0; Win64; x64) AppleWebKit/537.36 (KHTML, like Gecko) Chrome/120.0.0.0 Safari/537.36"
20.196.209.81 - - [28/Aug/2026:18:27:08 +0200] "GET /config.php HTTP/1.1" 404 47 "-" "Mozilla/5.0 (Windows NT 10.0; Win64; x64) AppleWebKit/537.36 (KHTML, like Gecko) Chrome/120.0.0.0 Safari/537.36"
20.196.209.81 - - [28/Aug/2026:18:27:08 +0200] "GET /theme.php HTTP/1.1" 404 47 "-" "Mozilla/5.0 (Windows NT 10.0; Win64; x64) AppleWebKit/537.36 (KHTML, like Gecko) Chrome/120.0.0.0 Safari/537.36"
20.196.209.81 - - [28/Aug/2026:18:27:08 +0200] "GET /block-bindings.php HTTP/1.1" 404 47 "-" "Mozilla/5.0 (Windows NT 10.0; Win64; x64) AppleWebKit/537.36 (KHTML, like Gecko) Chrome/120.0.0.0 Safari/537.36"
20.196.209.81 - - [28/Aug/2026:18:27:08 +0200] "GET /class_api.php HTTP/1.1" 404 47 "-" "Mozilla/5.0 (Windows NT 10.0; Win64; x64) AppleWebKit/537.36 (KHTML, like Gecko) Chrome/120.0.0.0 Safari/537.36"
20.196.209.81 - - [28/Aug/2026:18:27:09 +0200] "GET /inputs.php HTTP/1.1" 404 47 "-" "Mozilla/5.0 (Windows NT 10.0; Win64; x64) AppleWebKit/537.36 (KHTML, like Gecko) Chrome/120.0.0.0 Safari/537.36"
20.196.209.81 - - [28/Aug/2026:18:27:09 +0200] "GET /root.php HTTP/1.1" 404 47 "-" "Mozilla/5.0 (Windows NT 10.0; Win64; x64) AppleWebKit/537.36 (KHTML, like Gecko) Chrome/120.0.0.0 Safari/537.36"
20.196.209.81 - - [28/Aug/2026:18:27:09 +0200] "GET /menu.php HTTP/1.1" 404 47 "-" "Mozilla/5.0 (Windows NT 10.0; Win64; x64) AppleWebKit/537.36 (KHTML, like Gecko) Chrome/120.0.0.0 Safari/537.36"
20.196.209.81 - - [28/Aug/2026:18:27:09 +0200] "GET /cloud.php HTTP/1.1" 404 47 "-" "Mozilla/5.0 (Windows NT 10.0; Win64; x64) AppleWebKit/537.36 (KHTML, like Gecko) Chrome/120.0.0.0 Safari/537.36"
20.196.209.81 - - [28/Aug/2026:18:27:10 +0200] "GET /configs.php HTTP/1.1" 404 47 "-" "Mozilla/5.0 (Windows NT 10.0; Win64; x64) AppleWebKit/537.36 (KHTML, like Gecko) Chrome/120.0.0.0 Safari/537.36"
20.196.209.81 - - [28/Aug/2026:18:27:10 +0200] "GET /wp-configs.php HTTP/1.1" 404 47 "-" "Mozilla/5.0 (Windows NT 10.0; Win64; x64) AppleWebKit/537.36 (KHTML, like Gecko) Chrome/120.0.0.0 Safari/537.36"
20.196.209.81 - - [28/Aug/2026:18:27:10 +0200] "GET /update.php HTTP/1.1" 404 47 "-" "Mozilla/5.0 (Windows NT 10.0; Win64; x64) AppleWebKit/537.36 (KHTML, like Gecko) Chrome/120.0.0.0 Safari/537.36"
20.196.209.81 - - [28/Aug/2026:18:27:10 +0200] "GET /2.php HTTP/1.1" 404 47 "-" "Mozilla/5.0 (Windows NT 10.0; Win64; x64) AppleWebKit/537.36 (KHTML, like Gecko) Chrome/120.0.0.0 Safari/537.36"
20.196.209.81 - - [28/Aug/2026:18:27:11 +0200] "GET /aaa.php HTTP/1.1" 404 47 "-" "Mozilla/5.0 (Windows NT 10.0; Win64; x64) AppleWebKit/537.36 (KHTML, like Gecko) Chrome/120.0.0.0 Safari/537.36"
146.59.197.208 - - [28/Aug/2026:18:36:30 +0200] "POST /wp-cron.php?doing_wp_cron=1787934990.3536849021911621093750 HTTP/1.1" 200 31 "-" "WordPress/7.0.1; https://www.arithmetic.fr"
57.141.0.20 - - [28/Aug/2026:18:36:30 +0200] "GET /boxer-height-averages-across-different-weight-classes/ HTTP/1.1" 200 160691 "-" "Mozilla/5.0 (Macintosh; Intel Mac OS X 10_15_7) AppleWebKit/537.36 (KHTML, like Gecko) Chrome/145.0.0.0 Safari/537.36 (compatible; meta-externalagent/1.1 (+https://developers.facebook.com/docs/sharing/webmasters/crawler))"
146.59.197.208 - - [28/Aug/2026:18:41:29 +0200] "POST /wp-cron.php?doing_wp_cron=1787935289.4088308811187744140625 HTTP/1.1" 200 31 "-" "WordPress/7.0.1; https://www.arithmetic.fr"
57.141.0.20 - - [28/Aug/2026:18:41:29 +0200] "GET /lazybar-casino-quick-wins-for-the-modern-player/ HTTP/1.1" 200 160684 "-" "Mozilla/5.0 (Macintosh; Intel Mac OS X 10_15_7) AppleWebKit/537.36 (KHTML, like Gecko) Chrome/145.0.0.0 Safari/537.36 (compatible; meta-externalagent/1.1 (+https://developers.facebook.com/docs/sharing/webmasters/crawler))"
146.59.197.208 - - [28/Aug/2026:18:47:01 +0200] "POST /wp-cron.php?doing_wp_cron=1787935621.1579809188842773437500 HTTP/1.1" 200 31 "-" "WordPress/7.0.1; https://www.arithmetic.fr"
57.141.0.35 - - [28/Aug/2026:18:47:01 +0200] "GET /questions-frequentes-sur-cresus-casino-et-leurs-reponses-detaillees/ HTTP/1.1" 200 160704 "-" "Mozilla/5.0 (Windows NT 10.0; Win64; x64) AppleWebKit/537.36 (KHTML, like Gecko) Chrome/145.0.0.0 Safari/537.36 (compatible; meta-externalagent/1.1 (+https://developers.facebook.com/docs/sharing/webmasters/crawler))"
146.59.197.208 - - [28/Aug/2026:18:54:24 +0200] "POST /wp-cron.php?doing_wp_cron=1787936064.4746119976043701171875 HTTP/1.1" 200 31 "-" "WordPress/7.0.1; https://www.arithmetic.fr"
121.161.242.168 - - [28/Aug/2026:18:54:25 +0200] "POST /wp-login.php HTTP/1.1" 200 134141 "https://www.arithmetic.fr/wp-login.php" "Mozilla/5.0 (Windows NT 10.0; Win64; x64) AppleWebKit/537.36 (KHTML, like Gecko) Chrome/125.0.0.0 Safari/537.36"
146.59.197.208 - - [28/Aug/2026:18:54:57 +0200] "POST /wp-cron.php?doing_wp_cron=1787936097.1132669448852539062500 HTTP/1.1" 200 31 "-" "WordPress/7.0.1; https://www.arithmetic.fr"
57.141.0.50 - - [28/Aug/2026:18:54:57 +0200] "GET /sitemap.txt HTTP/1.1" 200 160649 "-" "Mozilla/5.0 (Windows NT 10.0; Win64; x64) AppleWebKit/537.36 (KHTML, like Gecko) Chrome/145.0.0.0 Safari/537.36 (compatible; meta-webindexer/1.1 (+https://developers.facebook.com/docs/sharing/webmasters/crawler))"
57.141.0.15 - - [28/Aug/2026:18:55:05 +0200] "GET /x-5/ HTTP/1.1" 200 175961 "-" "Mozilla/5.0 (Windows NT 10.0; Win64; x64) AppleWebKit/537.36 (KHTML, like Gecko) Chrome/145.0.0.0 Safari/537.36 (compatible; meta-externalagent/1.1 (+https://developers.facebook.com/docs/sharing/webmasters/crawler))"
66.249.70.165 - - [28/Aug/2026:18:55:57 +0200] "GET /casinia-casino-quickwin-slots-for-highintensity-pl/ HTTP/1.1" 200 160683 "-" "Mozilla/5.0 (Linux; Android 6.0.1; Nexus 5X Build/MMB29P) AppleWebKit/537.36 (KHTML, like Gecko) Chrome/151.0.7922.173 Mobile Safari/537.36 (compatible; Googlebot/2.1; +http://www.google.com/bot.html)"
146.59.197.208 - - [28/Aug/2026:18:57:21 +0200] "POST /wp-cron.php?doing_wp_cron=1787936241.0395898818969726562500 HTTP/1.1" 200 31 "-" "WordPress/7.0.1; https://www.arithmetic.fr"
74.125.151.165 - - [28/Aug/2026:18:57:21 +0200] "GET /cgu-cleanmanager HTTP/1.1" 200 117125 "-" "PlayStore-Google"
74.125.151.166 - - [28/Aug/2026:18:57:21 +0200] "GET /cgu-cleanmanager HTTP/1.1" 200 117125 "-" "PlayStore-Google"
57.141.0.3 - - [28/Aug/2026:18:57:47 +0200] "GET /pistolo-casino-quickhit-slots-rapid-table-wins-ins/ HTTP/1.1" 200 160688 "-" "Mozilla/5.0 (Windows NT 10.0; Win64; x64) AppleWebKit/537.36 (KHTML, like Gecko) Chrome/145.0.0.0 Safari/537.36 (compatible; meta-externalagent/1.1 (+https://developers.facebook.com/docs/sharing/webmasters/crawler))"
66.249.70.164 - - [28/Aug/2026:19:00:07 +0200] "GET /wp-content/themes/stabapp/assets/css/tb.core.min.css HTTP/1.1" 200 6686 "https://www.arithmetic.fr/casinia-casino-quickwin-slots-for-highintensity-pl/" "Mozilla/5.0 (Linux; Android 6.0.1; Nexus 5X Build/MMB29P) AppleWebKit/537.36 (KHTML, like Gecko) Chrome/151.0.7922.173 Mobile Safari/537.36 (compatible; Googlebot/2.1; +http://www.google.com/bot.html)"
146.59.197.208 - - [28/Aug/2026:19:03:52 +0200] "POST /wp-cron.php?doing_wp_cron=1787936632.4981849193572998046875 HTTP/1.1" 200 31 "-" "WordPress/7.0.1; https://www.arithmetic.fr"
162.0.235.136 - - [28/Aug/2026:19:03:52 +0200] "GET /wp-login.php HTTP/1.1" 200 134141 "https://arithmetic.fr/wp-login.php" "Mozilla/5.0 (Windows NT 10.0; Win64; x64) AppleWebKit/537.36 (KHTML, like Gecko) Chrome/151.0.0.0 Safari/537.36"
162.0.235.136 - - [28/Aug/2026:19:03:53 +0200] "GET /wp-login.php HTTP/1.1" 200 134141 "https://arithmetic.fr/wp-login.php" "Mozilla/5.0 (Windows NT 10.0; Win64; x64) AppleWebKit/537.36 (KHTML, like Gecko) Chrome/151.0.0.0 Safari/537.36"
146.59.197.208 - - [28/Aug/2026:19:06:06 +0200] "POST /wp-cron.php?doing_wp_cron=1787936766.7628679275512695312500 HTTP/1.1" 200 31 "-" "WordPress/7.0.1; https://www.arithmetic.fr"
129.121.74.194 - - [28/Aug/2026:19:06:06 +0200] "GET /wp-login.php HTTP/1.1" 200 134141 "https://arithmetic.fr/wp-login.php" "Mozilla/5.0 (Windows NT 10.0; Win64; x64) AppleWebKit/537.36 (KHTML, like Gecko) Chrome/151.0.0.0 Safari/537.36"
129.121.74.194 - - [28/Aug/2026:19:06:06 +0200] "GET /wp-login.php HTTP/1.1" 200 134141 "https://arithmetic.fr/wp-login.php" "Mozilla/5.0 (Windows NT 10.0; Win64; x64) AppleWebKit/537.36 (KHTML, like Gecko) Chrome/151.0.0.0 Safari/537.36"
129.121.74.194 - - [28/Aug/2026:19:06:07 +0200] "GET /wp-login.php HTTP/1.1" 200 134141 "https://arithmetic.fr/wp-login.php" "Mozilla/5.0 (Windows NT 10.0; Win64; x64) AppleWebKit/537.36 (KHTML, like Gecko) Chrome/151.0.0.0 Safari/537.36"
129.121.74.194 - - [28/Aug/2026:19:06:07 +0200] "GET /wp-login.php HTTP/1.1" 200 134141 "https://arithmetic.fr/wp-login.php" "Mozilla/5.0 (Windows NT 10.0; Win64; x64) AppleWebKit/537.36 (KHTML, like Gecko) Chrome/151.0.0.0 Safari/537.36"
74.125.151.165 - - [28/Aug/2026:19:06:24 +0200] "GET /cgu-cleanmanager HTTP/1.1" 200 117125 "-" "PlayStore-Google"
74.125.151.165 - - [28/Aug/2026:19:06:25 +0200] "GET /cgu-cleanmanager HTTP/1.1" 200 117125 "-" "PlayStore-Google"
176.223.106.241 - - [28/Aug/2026:19:06:56 +0200] "GET /app-ads.txt HTTP/1.1" 200 160644 "-" "Mozilla/5.0 (Macintosh; Intel Mac OS X 10_15_7) AppleWebKit/537.36 (KHTML, like Gecko) Chrome/124.0.0.0 Safari/537.36"
146.59.197.208 - - [28/Aug/2026:19:08:28 +0200] "POST /wp-cron.php?doing_wp_cron=1787936908.0866270065307617187500 HTTP/1.1" 200 31 "-" "WordPress/7.0.1; https://www.arithmetic.fr"
192.64.118.67 - - [28/Aug/2026:19:08:28 +0200] "GET /wp-login.php HTTP/1.1" 200 134141 "https://arithmetic.fr/wp-login.php" "Mozilla/5.0 (Windows NT 10.0; Win64; x64) AppleWebKit/537.36 (KHTML, like Gecko) Chrome/151.0.0.0 Safari/537.36"
192.64.118.67 - - [28/Aug/2026:19:08:28 +0200] "GET /wp-login.php HTTP/1.1" 200 134141 "https://arithmetic.fr/wp-login.php" "Mozilla/5.0 (Windows NT 10.0; Win64; x64) AppleWebKit/537.36 (KHTML, like Gecko) Chrome/151.0.0.0 Safari/537.36"
192.64.118.67 - - [28/Aug/2026:19:08:28 +0200] "GET /wp-login.php HTTP/1.1" 200 134141 "https://arithmetic.fr/wp-login.php" "Mozilla/5.0 (Windows NT 10.0; Win64; x64) AppleWebKit/537.36 (KHTML, like Gecko) Chrome/151.0.0.0 Safari/537.36"
192.64.118.67 - - [28/Aug/2026:19:08:28 +0200] "GET /wp-login.php HTTP/1.1" 200 134141 "https://arithmetic.fr/wp-login.php" "Mozilla/5.0 (Windows NT 10.0; Win64; x64) AppleWebKit/537.36 (KHTML, like Gecko) Chrome/151.0.0.0 Safari/537.36"
146.59.197.208 - - [28/Aug/2026:19:13:36 +0200] "POST /wp-cron.php?doing_wp_cron=1787937216.1888449192047119140625 HTTP/1.1" 200 31 "-" "WordPress/7.0.1; https://www.arithmetic.fr"
57.141.0.62 - - [28/Aug/2026:19:13:36 +0200] "GET /bono-de-bienvenida-100-up-to-500-5/ HTTP/1.1" 200 160672 "-" "Mozilla/5.0 (Windows NT 10.0; Win64; x64) AppleWebKit/537.36 (KHTML, like Gecko) Chrome/145.0.0.0 Safari/537.36 (compatible; meta-externalagent/1.1 (+https://developers.facebook.com/docs/sharing/webmasters/crawler))"
146.59.197.208 - - [28/Aug/2026:19:16:17 +0200] "POST /wp-cron.php?doing_wp_cron=1787937377.0210359096527099609375 HTTP/1.1" 200 31 "-" "WordPress/7.0.1; https://www.arithmetic.fr"
114.119.140.217 - - [28/Aug/2026:19:16:18 +0200] "GET /plan-du-site HTTP/1.1" 200 117125 "https://www.arithmetic.fr?from=AppAgg.com" "Mozilla/5.0 (Linux; Android 7.0;) AppleWebKit/537.36 (HTML, like Gecko) Mobile Safari/537.36 (compatible; PetalBot;+https://webmaster.petalsearch.com/site/petalbot)"
146.59.197.208 - - [28/Aug/2026:19:17:16 +0200] "POST /wp-cron.php?doing_wp_cron=1787937436.0888938903808593750000 HTTP/1.1" 200 31 "-" "WordPress/7.0.1; https://www.arithmetic.fr"
57.141.0.59 - - [28/Aug/2026:19:17:16 +0200] "GET /lunubet-the-ultimate-quickplay-slot-live-casino-ex/ HTTP/1.1" 200 160688 "-" "Mozilla/5.0 (Windows NT 10.0; Win64; x64) AppleWebKit/537.36 (KHTML, like Gecko) Chrome/145.0.0.0 Safari/537.36 (compatible; meta-externalagent/1.1 (+https://developers.facebook.com/docs/sharing/webmasters/crawler))"
211.45.163.146 - - [28/Aug/2026:19:18:55 +0200] "POST /xmlrpc.php HTTP/1.1" 200 117535 "-" "Mozilla/5.0 (Windows NT 10.0; Win64; x64) AppleWebKit/537.36 (KHTML, like Gecko) Chrome/140.0.0.0 Safari/537.36 Edg/140.0.0.0"
68.65.122.55 - - [28/Aug/2026:19:18:59 +0200] "GET /wp-login.php HTTP/1.1" 200 134141 "https://arithmetic.fr/wp-login.php" "Mozilla/5.0 (Windows NT 10.0; Win64; x64) AppleWebKit/537.36 (KHTML, like Gecko) Chrome/151.0.0.0 Safari/537.36"
68.65.122.55 - - [28/Aug/2026:19:18:59 +0200] "GET /wp-login.php HTTP/1.1" 200 134141 "https://arithmetic.fr/wp-login.php" "Mozilla/5.0 (Windows NT 10.0; Win64; x64) AppleWebKit/537.36 (KHTML, like Gecko) Chrome/151.0.0.0 Safari/537.36"
68.65.122.55 - - [28/Aug/2026:19:18:59 +0200] "GET /wp-login.php HTTP/1.1" 200 134141 "https://arithmetic.fr/wp-login.php" "Mozilla/5.0 (Windows NT 10.0; Win64; x64) AppleWebKit/537.36 (KHTML, like Gecko) Chrome/151.0.0.0 Safari/537.36"
68.65.122.55 - - [28/Aug/2026:19:18:59 +0200] "GET /wp-login.php HTTP/1.1" 200 134141 "https://arithmetic.fr/wp-login.php" "Mozilla/5.0 (Windows NT 10.0; Win64; x64) AppleWebKit/537.36 (KHTML, like Gecko) Chrome/151.0.0.0 Safari/537.36"
43.134.23.177 - - [28/Aug/2026:19:27:47 +0200] "GET / HTTP/1.1" 200 106330 "http://arithmetic.fr" "Mozilla/5.0 (iPhone; CPU iPhone OS 13_2_3 like Mac OS X) AppleWebKit/605.1.15 (KHTML, like Gecko) Version/13.0.3 Mobile/15E148 Safari/604.1"
146.59.197.208 - - [28/Aug/2026:19:33:05 +0200] "POST /wp-cron.php?doing_wp_cron=1787938385.2593209743499755859375 HTTP/1.1" 200 31 "-" "WordPress/7.0.1; https://www.arithmetic.fr"
57.141.0.32 - - [28/Aug/2026:19:33:05 +0200] "GET /main-page/ HTTP/1.1" 200 160642 "-" "Mozilla/5.0 (Macintosh; Intel Mac OS X 10_15_7) AppleWebKit/537.36 (KHTML, like Gecko) Chrome/145.0.0.0 Safari/537.36 (compatible; meta-externalagent/1.1 (+https://developers.facebook.com/docs/sharing/webmasters/crawler))"
146.59.197.208 - - [28/Aug/2026:19:36:23 +0200] "POST /wp-cron.php?doing_wp_cron=1787938583.4374830722808837890625 HTTP/1.1" 200 31 "-" "WordPress/7.0.1; https://www.arithmetic.fr"
150.109.10.41 - - [28/Aug/2026:19:36:23 +0200] "GET /?lph=%2Fhome%2Farithmetic.fr%2Fwp-content HTTP/1.1" 200 154453 "-" "Mozilla/5.0 (iPhone; CPU iPhone OS 13_2_3 like Mac OS X) AppleWebKit/605.1.15 (KHTML, like Gecko) Version/13.0.3 Mobile/15E148 Safari/604.1"
146.59.197.208 - - [28/Aug/2026:19:38:02 +0200] "POST /wp-cron.php?doing_wp_cron=1787938682.8012270927429199218750 HTTP/1.1" 200 31 "-" "WordPress/7.0.1; https://www.arithmetic.fr"
57.141.0.19 - - [28/Aug/2026:19:38:02 +0200] "GET /le-slot-non-aams-un-nuovo-modo-di-giocare-e-divertirsi/?chmod=%2Fhome%2Farithmetic.fr%2F.mysql_history HTTP/1.1" 200 59947 "-" "Mozilla/5.0 (Windows NT 10.0; Win64; x64) AppleWebKit/537.36 (KHTML, like Gecko) Chrome/145.0.0.0 Safari/537.36 (compatible; meta-externalagent/1.1 (+https://developers.facebook.com/docs/sharing/webmasters/crawler))"
45.142.193.132 - - [28/Aug/2026:19:38:16 +0200] "GET /_layouts/15/metadata/json/1 HTTP/1.1" 200 160759 "-" "Go-http-client/1.1"
185.48.117.193 - - [28/Aug/2026:19:38:59 +0200] "GET /wp-login.php HTTP/1.1" 200 134141 "https://arithmetic.fr/wp-login.php" "Mozilla/5.0 (Windows NT 10.0; Win64; x64) AppleWebKit/537.36 (KHTML, like Gecko) Chrome/151.0.0.0 Safari/537.36"
185.48.117.193 - - [28/Aug/2026:19:39:00 +0200] "GET /wp-login.php HTTP/1.1" 200 134141 "https://arithmetic.fr/wp-login.php" "Mozilla/5.0 (Windows NT 10.0; Win64; x64) AppleWebKit/537.36 (KHTML, like Gecko) Chrome/151.0.0.0 Safari/537.36"
146.59.197.208 - - [28/Aug/2026:19:40:10 +0200] "POST /wp-cron.php?doing_wp_cron=1787938810.6185190677642822265625 HTTP/1.1" 200 31 "-" "WordPress/7.0.1; https://www.arithmetic.fr"
57.141.0.22 - - [28/Aug/2026:19:40:10 +0200] "GET /casinia-quickspin-slots-und-schnelle-gewinne-fr-de/ HTTP/1.1" 200 160688 "-" "Mozilla/5.0 (Macintosh; Intel Mac OS X 10_15_7) AppleWebKit/537.36 (KHTML, like Gecko) Chrome/145.0.0.0 Safari/537.36 (compatible; meta-externalagent/1.1 (+https://developers.facebook.com/docs/sharing/webmasters/crawler))"
57.141.0.35 - - [28/Aug/2026:19:40:35 +0200] "GET /casinia-quickspin-slots-und-schnelle-gewinne-fr-de/?chmod=%2Fhome%2Farithmetic.fr%2Fbackups HTTP/1.1" 200 59918 "-" "Mozilla/5.0 (Windows NT 10.0; Win64; x64) AppleWebKit/537.36 (KHTML, like Gecko) Chrome/144.0.0.0 Safari/537.36 Edg/144.0.0.0 (compatible; meta-externalagent/1.1 (+https://developers.facebook.com/docs/sharing/webmasters/crawler))"
57.141.0.67 - - [28/Aug/2026:19:40:36 +0200] "GET /casinia-quickspin-slots-und-schnelle-gewinne-fr-de/?chmod=%2Fhome%2Farithmetic.fr%2Fwp-cron.php HTTP/1.1" 200 59937 "-" "Mozilla/5.0 (Windows NT 10.0; Win64; x64) AppleWebKit/537.36 (KHTML, like Gecko) Chrome/145.0.0.0 Safari/537.36 (compatible; meta-externalagent/1.1 (+https://developers.facebook.com/docs/sharing/webmasters/crawler))"
57.141.0.19 - - [28/Aug/2026:19:40:38 +0200] "GET /casinia-quickspin-slots-und-schnelle-gewinne-fr-de/?rename=%2Fhome%2Farithmetic.fr%2Fwp-cron.php HTTP/1.1" 200 59905 "-" "Mozilla/5.0 (Macintosh; Intel Mac OS X 10_15_7) AppleWebKit/537.36 (KHTML, like Gecko) Chrome/145.0.0.0 Safari/537.36 (compatible; meta-externalagent/1.1 (+https://developers.facebook.com/docs/sharing/webmasters/crawler))"
43.155.162.41 - - [28/Aug/2026:19:41:04 +0200] "GET /?rename=%2Fhome%2Farithmetic.fr%2F.DS_Store HTTP/1.1" 200 85166 "-" "Mozilla/5.0 (iPhone; CPU iPhone OS 13_2_3 like Mac OS X) AppleWebKit/605.1.15 (KHTML, like Gecko) Version/13.0.3 Mobile/15E148 Safari/604.1"
57.141.0.7 - - [28/Aug/2026:19:41:58 +0200] "GET /dazardbet-casino-review-quickplay-slots-fastaction/ HTTP/1.1" 200 160688 "-" "Mozilla/5.0 (Macintosh; Intel Mac OS X 10_15_7) AppleWebKit/537.36 (KHTML, like Gecko) Chrome/145.0.0.0 Safari/537.36 (compatible; meta-externalagent/1.1 (+https://developers.facebook.com/docs/sharing/webmasters/crawler))"
146.59.197.208 - - [28/Aug/2026:19:43:01 +0200] "POST /wp-cron.php?doing_wp_cron=1787938981.6591420173645019531250 HTTP/1.1" 200 31 "-" "WordPress/7.0.1; https://www.arithmetic.fr"
134.122.2.5 - - [28/Aug/2026:19:43:01 +0200] "POST /xmlrpc.php HTTP/1.1" 200 117535 "-" "Mozilla/5.0 (Windows NT 10.0; WOW64) AppleWebKit/537.43 (KHTML, like Gecko) Chrome/137.0.0.0 Safari/537.36 OPR/121.0.0.0"
146.59.197.208 - - [28/Aug/2026:19:44:55 +0200] "POST /wp-cron.php?doing_wp_cron=1787939095.8235299587249755859375 HTTP/1.1" 200 31 "-" "WordPress/7.0.1; https://www.arithmetic.fr"
66.249.70.166 - - [28/Aug/2026:19:44:55 +0200] "GET /discover-the-best-aussie-pokies-on-rainbet-for-maximum-fun/?chmod=%2Fhome%2Farithmetic.fr%2Fcomposer.lock HTTP/1.1" 200 59943 "-" "Mozilla/5.0 (Linux; Android 6.0.1; Nexus 5X Build/MMB29P) AppleWebKit/537.36 (KHTML, like Gecko) Chrome/151.0.7922.173 Mobile Safari/537.36 (compatible; GoogleOther)"
66.249.70.167 - - [28/Aug/2026:19:44:58 +0200] "GET /wp-content/plugins/revslider/public/assets/css/rs6.css HTTP/1.1" 200 11973 "https://www.arithmetic.fr/discover-the-best-aussie-pokies-on-rainbet-for-maximum-fun/?chmod=%2Fhome%2Farithmetic.fr%2Fcomposer.lock" "Mozilla/5.0 (Linux; Android 6.0.1; Nexus 5X Build/MMB29P) AppleWebKit/537.36 (KHTML, like Gecko) Chrome/151.0.7922.173 Mobile Safari/537.36 (compatible; GoogleOther)"
66.249.70.167 - - [28/Aug/2026:19:45:00 +0200] "GET /wp-content/themes/stabapp/assets/css/wp_custom_style.css HTTP/1.1" 200 0 "https://www.arithmetic.fr/discover-the-best-aussie-pokies-on-rainbet-for-maximum-fun/?chmod=%2Fhome%2Farithmetic.fr%2Fcomposer.lock" "Mozilla/5.0 (Linux; Android 6.0.1; Nexus 5X Build/MMB29P) AppleWebKit/537.36 (KHTML, like Gecko) Chrome/151.0.7922.173 Mobile Safari/537.36 (compatible; GoogleOther)"
66.249.70.167 - - [28/Aug/2026:19:45:03 +0200] "GET /wp-content/themes/stabapp/assets/js/SmoothScroll.js HTTP/1.1" 200 6555 "https://www.arithmetic.fr/discover-the-best-aussie-pokies-on-rainbet-for-maximum-fun/?chmod=%2Fhome%2Farithmetic.fr%2Fcomposer.lock" "Mozilla/5.0 (Linux; Android 6.0.1; Nexus 5X Build/MMB29P) AppleWebKit/537.36 (KHTML, like Gecko) Chrome/151.0.7922.173 Mobile Safari/537.36 (compatible; GoogleOther)"
66.249.70.166 - - [28/Aug/2026:19:45:05 +0200] "GET /wp-content/plugins/newsletter/style.css HTTP/1.1" 200 1470 "https://www.arithmetic.fr/discover-the-best-aussie-pokies-on-rainbet-for-maximum-fun/?chmod=%2Fhome%2Farithmetic.fr%2Fcomposer.lock" "Mozilla/5.0 (Linux; Android 6.0.1; Nexus 5X Build/MMB29P) AppleWebKit/537.36 (KHTML, like Gecko) Chrome/151.0.7922.173 Mobile Safari/537.36 (compatible; GoogleOther)"
66.249.70.165 - - [28/Aug/2026:19:45:08 +0200] "GET /wp-content/themes/stabapp/assets/vendors/pe-icon-7-stroke/css/pe-icon-7-stroke.css HTTP/1.1" 200 1840 "https://www.arithmetic.fr/discover-the-best-aussie-pokies-on-rainbet-for-maximum-fun/?chmod=%2Fhome%2Farithmetic.fr%2Fcomposer.lock" "Mozilla/5.0 (Linux; Android 6.0.1; Nexus 5X Build/MMB29P) AppleWebKit/537.36 (KHTML, like Gecko) Chrome/151.0.7922.173 Mobile Safari/537.36 (compatible; GoogleOther)"
66.249.70.165 - - [28/Aug/2026:19:45:52 +0200] "GET /discover-the-best-aussie-pokies-on-rainbet-for-maximum-fun/?chmod=%2Fhome%2Farithmetic.fr%2Fbackups HTTP/1.1" 200 59937 "-" "Mozilla/5.0 (Linux; Android 6.0.1; Nexus 5X Build/MMB29P) AppleWebKit/537.36 (KHTML, like Gecko) Chrome/151.0.7922.173 Mobile Safari/537.36 (compatible; GoogleOther)"
66.249.70.165 - - [28/Aug/2026:19:45:54 +0200] "GET /wp-content/plugins/revslider/public/assets/css/rs6.css HTTP/1.1" 200 11973 "https://www.arithmetic.fr/discover-the-best-aussie-pokies-on-rainbet-for-maximum-fun/?chmod=%2Fhome%2Farithmetic.fr%2Fbackups" "Mozilla/5.0 (Linux; Android 6.0.1; Nexus 5X Build/MMB29P) AppleWebKit/537.36 (KHTML, like Gecko) Chrome/151.0.7922.173 Mobile Safari/537.36 (compatible; GoogleOther)"
66.249.70.165 - - [28/Aug/2026:19:45:56 +0200] "GET /wp-content/themes/stabapp/assets/js/swfobject.js HTTP/1.1" 200 2260 "https://www.arithmetic.fr/discover-the-best-aussie-pokies-on-rainbet-for-maximum-fun/?chmod=%2Fhome%2Farithmetic.fr%2Fbackups" "Mozilla/5.0 (Linux; Android 6.0.1; Nexus 5X Build/MMB29P) AppleWebKit/537.36 (KHTML, like Gecko) Chrome/151.0.7922.173 Mobile Safari/537.36 (compatible; GoogleOther)"
