74.7.242.57 - - [29/Aug/2026:00:04:35 +0200] "GET /?chmod=%2Fusr%2Fsrc%2Flinux-headers-5.4.0-216%2Farch%2Fmicroblaze%2Finclude%2Fasm%2Fmmu_context.h HTTP/1.1" 200 85443 "https://www.arithmetic.fr/?lph=%2Fusr%2Fsrc%2Flinux-headers-5.4.0-216%2Farch%2Fmicroblaze%2Finclude%2Fasm" "Mozilla/5.0 AppleWebKit/537.36 (KHTML, like Gecko; compatible; GPTBot/1.4; +https://openai.com/gptbot)"
74.7.242.57 - - [29/Aug/2026:00:04:36 +0200] "GET /?rename=%2Fusr%2Fsrc%2Flinux-headers-5.4.0-216%2Farch%2Fmicroblaze%2Finclude%2Fasm%2Fmmu_context.h HTTP/1.1" 200 85407 "https://www.arithmetic.fr/?lph=%2Fusr%2Fsrc%2Flinux-headers-5.4.0-216%2Farch%2Fmicroblaze%2Finclude%2Fasm" "Mozilla/5.0 AppleWebKit/537.36 (KHTML, like Gecko; compatible; GPTBot/1.4; +https://openai.com/gptbot)"
40.77.167.241 - - [29/Aug/2026:00:04:37 +0200] "GET /x-10/?edit=%2Fhome%2Farithmetic.fr%2Fwp-cron.php HTTP/1.1" 200 81248 "-" "Mozilla/5.0 AppleWebKit/537.36 (KHTML, like Gecko; compatible; bingbot/2.0; +http://www.bing.com/bingbot.htm) Chrome/116.0.1938.76 Safari/537.36"
74.7.242.57 - - [29/Aug/2026:00:04:37 +0200] "GET /?chmod=%2Fusr%2Fsrc%2Flinux-headers-5.4.0-216%2Farch%2Fmicroblaze%2Finclude%2Fasm%2Fthread_info.h HTTP/1.1" 200 85442 "https://www.arithmetic.fr/?lph=%2Fusr%2Fsrc%2Flinux-headers-5.4.0-216%2Farch%2Fmicroblaze%2Finclude%2Fasm" "Mozilla/5.0 AppleWebKit/537.36 (KHTML, like Gecko; compatible; GPTBot/1.4; +https://openai.com/gptbot)"
74.7.242.57 - - [29/Aug/2026:00:04:38 +0200] "GET /?rename=%2Fusr%2Fsrc%2Flinux-headers-5.4.0-216%2Farch%2Fmicroblaze%2Finclude%2Fasm%2Funaligned.h HTTP/1.1" 200 85419 "https://www.arithmetic.fr/?lph=%2Fusr%2Fsrc%2Flinux-headers-5.4.0-216%2Farch%2Fmicroblaze%2Finclude%2Fasm" "Mozilla/5.0 AppleWebKit/537.36 (KHTML, like Gecko; compatible; GPTBot/1.4; +https://openai.com/gptbot)"
74.7.242.57 - - [29/Aug/2026:00:04:39 +0200] "GET /?chmod=%2Fusr%2Fsrc%2Flinux-headers-5.4.0-216%2Farch%2Fmicroblaze%2Finclude%2Fasm%2Fcacheflush.h HTTP/1.1" 200 85453 "https://www.arithmetic.fr/?lph=%2Fusr%2Fsrc%2Flinux-headers-5.4.0-216%2Farch%2Fmicroblaze%2Finclude%2Fasm" "Mozilla/5.0 AppleWebKit/537.36 (KHTML, like Gecko; compatible; GPTBot/1.4; +https://openai.com/gptbot)"
207.46.13.107 - - [29/Aug/2026:00:04:39 +0200] "GET /x-10/?chmod=%2Fhome%2Farithmetic.fr%2Fwp-includes%2Fcomment-template.php HTTP/1.1" 200 75315 "-" "Mozilla/5.0 AppleWebKit/537.36 (KHTML, like Gecko; compatible; bingbot/2.0; +http://www.bing.com/bingbot.htm) Chrome/116.0.1938.76 Safari/537.36"
74.7.242.57 - - [29/Aug/2026:00:04:40 +0200] "GET /?rename=%2Fusr%2Fsrc%2Flinux-headers-5.4.0-216%2Farch%2Fmicroblaze%2Finclude%2Fasm%2Fregisters.h HTTP/1.1" 200 85419 "https://www.arithmetic.fr/?lph=%2Fusr%2Fsrc%2Flinux-headers-5.4.0-216%2Farch%2Fmicroblaze%2Finclude%2Fasm" "Mozilla/5.0 AppleWebKit/537.36 (KHTML, like Gecko; compatible; GPTBot/1.4; +https://openai.com/gptbot)"
74.7.242.57 - - [29/Aug/2026:00:04:40 +0200] "GET /?rename=%2Fusr%2Fsrc%2Flinux-headers-5.4.0-216%2Farch%2Fmicroblaze%2Finclude%2Fasm%2Fexceptions.h HTTP/1.1" 200 85404 "https://www.arithmetic.fr/?lph=%2Fusr%2Fsrc%2Flinux-headers-5.4.0-216%2Farch%2Fmicroblaze%2Finclude%2Fasm" "Mozilla/5.0 AppleWebKit/537.36 (KHTML, like Gecko; compatible; GPTBot/1.4; +https://openai.com/gptbot)"
52.167.144.139 - - [29/Aug/2026:00:04:41 +0200] "GET /x-10/?lph=%2Fhome%2Farithmetic.fr%2Fbackups HTTP/1.1" 200 132820 "-" "Mozilla/5.0 AppleWebKit/537.36 (KHTML, like Gecko; compatible; bingbot/2.0; +http://www.bing.com/bingbot.htm) Chrome/116.0.1938.76 Safari/537.36"
74.7.242.57 - - [29/Aug/2026:00:04:41 +0200] "GET /?rename=%2Fusr%2Fsrc%2Flinux-headers-5.4.0-216%2Farch%2Fmicroblaze%2Finclude%2Fasm%2Fasm-offsets.h HTTP/1.1" 200 85425 "https://www.arithmetic.fr/?lph=%2Fusr%2Fsrc%2Flinux-headers-5.4.0-216%2Farch%2Fmicroblaze%2Finclude%2Fasm" "Mozilla/5.0 AppleWebKit/537.36 (KHTML, like Gecko; compatible; GPTBot/1.4; +https://openai.com/gptbot)"
74.7.242.57 - - [29/Aug/2026:00:04:42 +0200] "GET /?rename=%2Fusr%2Fsrc%2Flinux-headers-5.4.0-216%2Farch%2Fmicroblaze%2Finclude%2Fasm%2Fasm-compat.h HTTP/1.1" 200 85409 "https://www.arithmetic.fr/?lph=%2Fusr%2Fsrc%2Flinux-headers-5.4.0-216%2Farch%2Fmicroblaze%2Finclude%2Fasm" "Mozilla/5.0 AppleWebKit/537.36 (KHTML, like Gecko; compatible; GPTBot/1.4; +https://openai.com/gptbot)"
74.7.242.57 - - [29/Aug/2026:00:04:43 +0200] "GET /?chmod=%2Fusr%2Fsrc%2Flinux-headers-5.4.0-216%2Farch%2Fmicroblaze%2Finclude%2Fasm%2Fexceptions.h HTTP/1.1" 200 85453 "https://www.arithmetic.fr/?lph=%2Fusr%2Fsrc%2Flinux-headers-5.4.0-216%2Farch%2Fmicroblaze%2Finclude%2Fasm" "Mozilla/5.0 AppleWebKit/537.36 (KHTML, like Gecko; compatible; GPTBot/1.4; +https://openai.com/gptbot)"
74.7.242.57 - - [29/Aug/2026:00:04:44 +0200] "GET /?chmod=%2Fusr%2Fsrc%2Flinux-headers-5.4.0-216%2Farch%2Fmicroblaze%2Finclude%2Fasm%2Fregisters.h HTTP/1.1" 200 85438 "https://www.arithmetic.fr/?lph=%2Fusr%2Fsrc%2Flinux-headers-5.4.0-216%2Farch%2Fmicroblaze%2Finclude%2Fasm" "Mozilla/5.0 AppleWebKit/537.36 (KHTML, like Gecko; compatible; GPTBot/1.4; +https://openai.com/gptbot)"
74.7.242.57 - - [29/Aug/2026:00:04:45 +0200] "GET /?rename=%2Fusr%2Fsrc%2Flinux-headers-5.4.0-216%2Farch%2Fmicroblaze%2Finclude%2Fasm%2Fcputable.h HTTP/1.1" 200 85416 "https://www.arithmetic.fr/?lph=%2Fusr%2Fsrc%2Flinux-headers-5.4.0-216%2Farch%2Fmicroblaze%2Finclude%2Fasm" "Mozilla/5.0 AppleWebKit/537.36 (KHTML, like Gecko; compatible; GPTBot/1.4; +https://openai.com/gptbot)"
74.7.242.57 - - [29/Aug/2026:00:04:46 +0200] "GET /?chmod=%2Fusr%2Fsrc%2Flinux-headers-5.4.0-216%2Farch%2Fmicroblaze%2Finclude%2Fasm%2Funaligned.h HTTP/1.1" 200 85451 "https://www.arithmetic.fr/?lph=%2Fusr%2Fsrc%2Flinux-headers-5.4.0-216%2Farch%2Fmicroblaze%2Finclude%2Fasm" "Mozilla/5.0 AppleWebKit/537.36 (KHTML, like Gecko; compatible; GPTBot/1.4; +https://openai.com/gptbot)"
74.7.242.57 - - [29/Aug/2026:00:04:47 +0200] "GET /?rename=%2Fusr%2Fsrc%2Flinux-headers-5.4.0-216%2Farch%2Fmicroblaze%2Finclude%2Fasm%2Fsections.h HTTP/1.1" 200 85398 "https://www.arithmetic.fr/?lph=%2Fusr%2Fsrc%2Flinux-headers-5.4.0-216%2Farch%2Fmicroblaze%2Finclude%2Fasm" "Mozilla/5.0 AppleWebKit/537.36 (KHTML, like Gecko; compatible; GPTBot/1.4; +https://openai.com/gptbot)"
74.7.242.57 - - [29/Aug/2026:00:04:48 +0200] "GET /?edit=%2Fusr%2Fsrc%2Flinux-headers-5.4.0-216%2Farch%2Fmicroblaze%2Finclude%2Fasm%2Fcacheflush.h HTTP/1.1" 200 89832 "https://www.arithmetic.fr/?lph=%2Fusr%2Fsrc%2Flinux-headers-5.4.0-216%2Farch%2Fmicroblaze%2Finclude%2Fasm" "Mozilla/5.0 AppleWebKit/537.36 (KHTML, like Gecko; compatible; GPTBot/1.4; +https://openai.com/gptbot)"
207.46.13.107 - - [29/Aug/2026:00:04:48 +0200] "GET /x-10/?lph=%2Fhome%2Farithmetic.fr HTTP/1.1" 200 176040 "-" "Mozilla/5.0 AppleWebKit/537.36 (KHTML, like Gecko; compatible; bingbot/2.0; +http://www.bing.com/bingbot.htm) Chrome/116.0.1938.76 Safari/537.36"
74.7.242.57 - - [29/Aug/2026:00:04:49 +0200] "GET /?chmod=%2Fusr%2Fsrc%2Flinux-headers-5.4.0-216%2Farch%2Fmicroblaze%2Finclude%2Fasm%2Fprocessor.h HTTP/1.1" 200 85451 "https://www.arithmetic.fr/?lph=%2Fusr%2Fsrc%2Flinux-headers-5.4.0-216%2Farch%2Fmicroblaze%2Finclude%2Fasm" "Mozilla/5.0 AppleWebKit/537.36 (KHTML, like Gecko; compatible; GPTBot/1.4; +https://openai.com/gptbot)"
74.7.242.57 - - [29/Aug/2026:00:04:49 +0200] "GET /?rename=%2Fusr%2Fsrc%2Flinux-headers-5.4.0-216%2Farch%2Fmicroblaze%2Finclude%2Fasm%2Fcmpxchg.h HTTP/1.1" 200 85400 "https://www.arithmetic.fr/?lph=%2Fusr%2Fsrc%2Flinux-headers-5.4.0-216%2Farch%2Fmicroblaze%2Finclude%2Fasm" "Mozilla/5.0 AppleWebKit/537.36 (KHTML, like Gecko; compatible; GPTBot/1.4; +https://openai.com/gptbot)"
74.7.242.57 - - [29/Aug/2026:00:04:50 +0200] "GET /?edit=%2Fusr%2Fsrc%2Flinux-headers-5.4.0-216%2Farch%2Fmicroblaze%2Finclude%2Fasm%2Funaligned.h HTTP/1.1" 200 86428 "https://www.arithmetic.fr/?lph=%2Fusr%2Fsrc%2Flinux-headers-5.4.0-216%2Farch%2Fmicroblaze%2Finclude%2Fasm" "Mozilla/5.0 AppleWebKit/537.36 (KHTML, like Gecko; compatible; GPTBot/1.4; +https://openai.com/gptbot)"
57.141.0.36 - - [29/Aug/2026:00:04:50 +0200] "GET /verde-casino-quick-spin-thrills-voor-hoogintensite/?chmod=%2Fhome%2Farithmetic.fr%2Fwp-cron.php HTTP/1.1" 200 59937 "-" "Mozilla/5.0 (Windows NT 10.0; Win64; x64) AppleWebKit/537.36 (KHTML, like Gecko) Chrome/145.0.0.0 Safari/537.36 (compatible; meta-externalagent/1.1 (+https://developers.facebook.com/docs/sharing/webmasters/crawler))"
74.7.242.57 - - [29/Aug/2026:00:04:51 +0200] "GET /?chmod=%2Fusr%2Fsrc%2Flinux-headers-5.4.0-216%2Farch%2Fmicroblaze%2Finclude%2Fasm%2Fchecksum.h HTTP/1.1" 200 85449 "https://www.arithmetic.fr/?lph=%2Fusr%2Fsrc%2Flinux-headers-5.4.0-216%2Farch%2Fmicroblaze%2Finclude%2Fasm" "Mozilla/5.0 AppleWebKit/537.36 (KHTML, like Gecko; compatible; GPTBot/1.4; +https://openai.com/gptbot)"
74.7.242.57 - - [29/Aug/2026:00:04:52 +0200] "GET /?rename=%2Fusr%2Fsrc%2Flinux-headers-5.4.0-216%2Farch%2Fmicroblaze%2Finclude%2Fasm%2Fpgalloc.h HTTP/1.1" 200 85400 "https://www.arithmetic.fr/?lph=%2Fusr%2Fsrc%2Flinux-headers-5.4.0-216%2Farch%2Fmicroblaze%2Finclude%2Fasm" "Mozilla/5.0 AppleWebKit/537.36 (KHTML, like Gecko; compatible; GPTBot/1.4; +https://openai.com/gptbot)"
74.7.242.57 - - [29/Aug/2026:00:04:53 +0200] "GET /?rename=%2Fusr%2Fsrc%2Flinux-headers-5.4.0-216%2Farch%2Fmicroblaze%2Finclude%2Fasm%2Fhighmem.h HTTP/1.1" 200 85400 "https://www.arithmetic.fr/?lph=%2Fusr%2Fsrc%2Flinux-headers-5.4.0-216%2Farch%2Fmicroblaze%2Finclude%2Fasm" "Mozilla/5.0 AppleWebKit/537.36 (KHTML, like Gecko; compatible; GPTBot/1.4; +https://openai.com/gptbot)"
74.7.242.57 - - [29/Aug/2026:00:04:54 +0200] "GET /?chmod=%2Fusr%2Fsrc%2Flinux-headers-5.4.0-216%2Farch%2Fmicroblaze%2Finclude%2Fasm%2Fsections.h HTTP/1.1" 200 85449 "https://www.arithmetic.fr/?lph=%2Fusr%2Fsrc%2Flinux-headers-5.4.0-216%2Farch%2Fmicroblaze%2Finclude%2Fasm" "Mozilla/5.0 AppleWebKit/537.36 (KHTML, like Gecko; compatible; GPTBot/1.4; +https://openai.com/gptbot)"
74.7.242.57 - - [29/Aug/2026:00:04:54 +0200] "GET /?edit=%2Fusr%2Fsrc%2Flinux-headers-5.4.0-216%2Farch%2Fmicroblaze%2Finclude%2Fasm%2Fregisters.h HTTP/1.1" 200 87347 "https://www.arithmetic.fr/?lph=%2Fusr%2Fsrc%2Flinux-headers-5.4.0-216%2Farch%2Fmicroblaze%2Finclude%2Fasm" "Mozilla/5.0 AppleWebKit/537.36 (KHTML, like Gecko; compatible; GPTBot/1.4; +https://openai.com/gptbot)"
146.59.197.208 - - [29/Aug/2026:00:04:55 +0200] "POST /wp-cron.php?doing_wp_cron=1787954695.7080450057983398437500 HTTP/1.1" 200 31 "-" "WordPress/7.0.1; https://www.arithmetic.fr"
74.7.242.57 - - [29/Aug/2026:00:04:55 +0200] "GET /?rename=%2Fusr%2Fsrc%2Flinux-headers-5.4.0-216%2Farch%2Fmicroblaze%2Finclude%2Fasm%2Fseccomp.h HTTP/1.1" 200 85413 "https://www.arithmetic.fr/?lph=%2Fusr%2Fsrc%2Flinux-headers-5.4.0-216%2Farch%2Fmicroblaze%2Finclude%2Fasm" "Mozilla/5.0 AppleWebKit/537.36 (KHTML, like Gecko; compatible; GPTBot/1.4; +https://openai.com/gptbot)"
74.7.242.57 - - [29/Aug/2026:00:04:56 +0200] "GET /?rename=%2Fusr%2Fsrc%2Flinux-headers-5.4.0-216%2Farch%2Fmicroblaze%2Finclude%2Fasm%2Fatomic.h HTTP/1.1" 200 85397 "https://www.arithmetic.fr/?lph=%2Fusr%2Fsrc%2Flinux-headers-5.4.0-216%2Farch%2Fmicroblaze%2Finclude%2Fasm" "Mozilla/5.0 AppleWebKit/537.36 (KHTML, like Gecko; compatible; GPTBot/1.4; +https://openai.com/gptbot)"
74.7.242.57 - - [29/Aug/2026:00:04:57 +0200] "GET /?chmod=%2Fusr%2Fsrc%2Flinux-headers-5.4.0-216%2Farch%2Fmicroblaze%2Finclude%2Fasm%2Fasm-offsets.h HTTP/1.1" 200 85455 "https://www.arithmetic.fr/?lph=%2Fusr%2Fsrc%2Flinux-headers-5.4.0-216%2Farch%2Fmicroblaze%2Finclude%2Fasm" "Mozilla/5.0 AppleWebKit/537.36 (KHTML, like Gecko; compatible; GPTBot/1.4; +https://openai.com/gptbot)"
74.7.242.57 - - [29/Aug/2026:00:04:58 +0200] "GET /?edit=%2Fusr%2Fsrc%2Flinux-headers-5.4.0-216%2Farch%2Fmicroblaze%2Finclude%2Fasm%2Fexceptions.h HTTP/1.1" 200 87804 "https://www.arithmetic.fr/?lph=%2Fusr%2Fsrc%2Flinux-headers-5.4.0-216%2Farch%2Fmicroblaze%2Finclude%2Fasm" "Mozilla/5.0 AppleWebKit/537.36 (KHTML, like Gecko; compatible; GPTBot/1.4; +https://openai.com/gptbot)"
74.7.242.57 - - [29/Aug/2026:00:04:59 +0200] "GET /?rename=%2Fusr%2Fsrc%2Flinux-headers-5.4.0-216%2Farch%2Fmicroblaze%2Finclude%2Fasm%2Ftlbflush.h HTTP/1.1" 200 85416 "https://www.arithmetic.fr/?lph=%2Fusr%2Fsrc%2Flinux-headers-5.4.0-216%2Farch%2Fmicroblaze%2Finclude%2Fasm" "Mozilla/5.0 AppleWebKit/537.36 (KHTML, like Gecko; compatible; GPTBot/1.4; +https://openai.com/gptbot)"
57.141.0.56 - - [29/Aug/2026:00:04:59 +0200] "GET /verde-casino-quick-spin-thrills-voor-hoogintensite/?lph=%2Fhome%2Farithmetic.fr%2Fvendor HTTP/1.1" 200 119606 "-" "Mozilla/5.0 (Macintosh; Intel Mac OS X 10_15_7) AppleWebKit/537.36 (KHTML, like Gecko) Chrome/145.0.0.0 Safari/537.36 (compatible; meta-externalagent/1.1 (+https://developers.facebook.com/docs/sharing/webmasters/crawler))"
74.7.242.57 - - [29/Aug/2026:00:05:00 +0200] "GET /?chmod=%2Fusr%2Fsrc%2Flinux-headers-5.4.0-216%2Farch%2Fmicroblaze%2Finclude%2Fasm%2Ftlbflush.h HTTP/1.1" 200 85436 "https://www.arithmetic.fr/?lph=%2Fusr%2Fsrc%2Flinux-headers-5.4.0-216%2Farch%2Fmicroblaze%2Finclude%2Fasm" "Mozilla/5.0 AppleWebKit/537.36 (KHTML, like Gecko; compatible; GPTBot/1.4; +https://openai.com/gptbot)"
74.7.242.57 - - [29/Aug/2026:00:05:01 +0200] "GET /?chmod=%2Fusr%2Fsrc%2Flinux-headers-5.4.0-216%2Farch%2Fmicroblaze%2Finclude%2Fasm%2Fcputable.h HTTP/1.1" 200 85449 "https://www.arithmetic.fr/?lph=%2Fusr%2Fsrc%2Flinux-headers-5.4.0-216%2Farch%2Fmicroblaze%2Finclude%2Fasm" "Mozilla/5.0 AppleWebKit/537.36 (KHTML, like Gecko; compatible; GPTBot/1.4; +https://openai.com/gptbot)"
74.7.242.57 - - [29/Aug/2026:00:05:02 +0200] "GET /?rename=%2Fusr%2Fsrc%2Flinux-headers-5.4.0-216%2Farch%2Fmicroblaze%2Finclude%2Fasm%2Fcpuinfo.h HTTP/1.1" 200 85400 "https://www.arithmetic.fr/?lph=%2Fusr%2Fsrc%2Flinux-headers-5.4.0-216%2Farch%2Fmicroblaze%2Finclude%2Fasm" "Mozilla/5.0 AppleWebKit/537.36 (KHTML, like Gecko; compatible; GPTBot/1.4; +https://openai.com/gptbot)"
74.7.242.57 - - [29/Aug/2026:00:05:02 +0200] "GET /?chmod=%2Fusr%2Fsrc%2Flinux-headers-5.4.0-216%2Farch%2Fmicroblaze%2Finclude%2Fasm%2Firqflags.h HTTP/1.1" 200 85442 "https://www.arithmetic.fr/?lph=%2Fusr%2Fsrc%2Flinux-headers-5.4.0-216%2Farch%2Fmicroblaze%2Finclude%2Fasm" "Mozilla/5.0 AppleWebKit/537.36 (KHTML, like Gecko; compatible; GPTBot/1.4; +https://openai.com/gptbot)"
74.7.242.57 - - [29/Aug/2026:00:05:03 +0200] "GET /?rename=%2Fusr%2Fsrc%2Flinux-headers-5.4.0-216%2Farch%2Fmicroblaze%2Finclude%2Fasm%2Fpgtable.h HTTP/1.1" 200 85413 "https://www.arithmetic.fr/?lph=%2Fusr%2Fsrc%2Flinux-headers-5.4.0-216%2Farch%2Fmicroblaze%2Finclude%2Fasm" "Mozilla/5.0 AppleWebKit/537.36 (KHTML, like Gecko; compatible; GPTBot/1.4; +https://openai.com/gptbot)"
74.7.242.57 - - [29/Aug/2026:00:05:04 +0200] "GET /?rename=%2Fusr%2Fsrc%2Flinux-headers-5.4.0-216%2Farch%2Fmicroblaze%2Finclude%2Fasm%2Ffutex.h HTTP/1.1" 200 85389 "https://www.arithmetic.fr/?lph=%2Fusr%2Fsrc%2Flinux-headers-5.4.0-216%2Farch%2Fmicroblaze%2Finclude%2Fasm" "Mozilla/5.0 AppleWebKit/537.36 (KHTML, like Gecko; compatible; GPTBot/1.4; +https://openai.com/gptbot)"
74.7.242.57 - - [29/Aug/2026:00:05:05 +0200] "GET /?chmod=%2Fusr%2Fsrc%2Flinux-headers-5.4.0-216%2Farch%2Fmicroblaze%2Finclude%2Fasm%2Fatomic.h HTTP/1.1" 200 85440 "https://www.arithmetic.fr/?lph=%2Fusr%2Fsrc%2Flinux-headers-5.4.0-216%2Farch%2Fmicroblaze%2Finclude%2Fasm" "Mozilla/5.0 AppleWebKit/537.36 (KHTML, like Gecko; compatible; GPTBot/1.4; +https://openai.com/gptbot)"
74.7.242.57 - - [29/Aug/2026:00:05:06 +0200] "GET /?rename=%2Fusr%2Fsrc%2Flinux-headers-5.4.0-216%2Farch%2Fmicroblaze%2Finclude%2Fasm%2Ftimex.h HTTP/1.1" 200 85389 "https://www.arithmetic.fr/?lph=%2Fusr%2Fsrc%2Flinux-headers-5.4.0-216%2Farch%2Fmicroblaze%2Finclude%2Fasm" "Mozilla/5.0 AppleWebKit/537.36 (KHTML, like Gecko; compatible; GPTBot/1.4; +https://openai.com/gptbot)"
74.7.242.57 - - [29/Aug/2026:00:05:06 +0200] "GET /?chmod=%2Fusr%2Fsrc%2Flinux-headers-5.4.0-216%2Farch%2Fmicroblaze%2Finclude%2Fasm%2Fmodule.h HTTP/1.1" 200 85440 "https://www.arithmetic.fr/?lph=%2Fusr%2Fsrc%2Flinux-headers-5.4.0-216%2Farch%2Fmicroblaze%2Finclude%2Fasm" "Mozilla/5.0 AppleWebKit/537.36 (KHTML, like Gecko; compatible; GPTBot/1.4; +https://openai.com/gptbot)"
74.7.242.57 - - [29/Aug/2026:00:05:07 +0200] "GET /?chmod=%2Fusr%2Fsrc%2Flinux-headers-5.4.0-216%2Farch%2Fmicroblaze%2Finclude%2Fasm%2Funistd.h HTTP/1.1" 200 85427 "https://www.arithmetic.fr/?lph=%2Fusr%2Fsrc%2Flinux-headers-5.4.0-216%2Farch%2Fmicroblaze%2Finclude%2Fasm" "Mozilla/5.0 AppleWebKit/537.36 (KHTML, like Gecko; compatible; GPTBot/1.4; +https://openai.com/gptbot)"
74.7.242.57 - - [29/Aug/2026:00:05:08 +0200] "GET /?chmod=%2Fusr%2Fsrc%2Flinux-headers-5.4.0-216%2Farch%2Fmicroblaze%2Finclude%2Fasm%2Fcurrent.h HTTP/1.1" 200 85447 "https://www.arithmetic.fr/?lph=%2Fusr%2Fsrc%2Flinux-headers-5.4.0-216%2Farch%2Fmicroblaze%2Finclude%2Fasm" "Mozilla/5.0 AppleWebKit/537.36 (KHTML, like Gecko; compatible; GPTBot/1.4; +https://openai.com/gptbot)"
74.7.242.57 - - [29/Aug/2026:00:05:09 +0200] "GET /?rename=%2Fusr%2Fsrc%2Flinux-headers-5.4.0-216%2Farch%2Fmicroblaze%2Finclude%2Fasm%2Fstring.h HTTP/1.1" 200 85392 "https://www.arithmetic.fr/?lph=%2Fusr%2Fsrc%2Flinux-headers-5.4.0-216%2Farch%2Fmicroblaze%2Finclude%2Fasm" "Mozilla/5.0 AppleWebKit/537.36 (KHTML, like Gecko; compatible; GPTBot/1.4; +https://openai.com/gptbot)"
74.7.242.57 - - [29/Aug/2026:00:05:10 +0200] "GET /?rename=%2Fusr%2Fsrc%2Flinux-headers-5.4.0-216%2Farch%2Fmicroblaze%2Finclude%2Fasm%2Ffixmap.h HTTP/1.1" 200 85410 "https://www.arithmetic.fr/?lph=%2Fusr%2Fsrc%2Flinux-headers-5.4.0-216%2Farch%2Fmicroblaze%2Finclude%2Fasm" "Mozilla/5.0 AppleWebKit/537.36 (KHTML, like Gecko; compatible; GPTBot/1.4; +https://openai.com/gptbot)"
74.7.242.57 - - [29/Aug/2026:00:05:11 +0200] "GET /?rename=%2Fusr%2Fsrc%2Flinux-headers-5.4.0-216%2Farch%2Fmicroblaze%2Finclude%2Fasm%2Funistd.h HTTP/1.1" 200 85410 "https://www.arithmetic.fr/?lph=%2Fusr%2Fsrc%2Flinux-headers-5.4.0-216%2Farch%2Fmicroblaze%2Finclude%2Fasm" "Mozilla/5.0 AppleWebKit/537.36 (KHTML, like Gecko; compatible; GPTBot/1.4; +https://openai.com/gptbot)"
74.7.242.57 - - [29/Aug/2026:00:05:12 +0200] "GET /?edit=%2Fusr%2Fsrc%2Flinux-headers-5.4.0-216%2Farch%2Fmicroblaze%2Finclude%2Fasm%2Fsyscall.h HTTP/1.1" 200 87926 "https://www.arithmetic.fr/?lph=%2Fusr%2Fsrc%2Flinux-headers-5.4.0-216%2Farch%2Fmicroblaze%2Finclude%2Fasm" "Mozilla/5.0 AppleWebKit/537.36 (KHTML, like Gecko; compatible; GPTBot/1.4; +https://openai.com/gptbot)"
74.7.242.57 - - [29/Aug/2026:00:05:13 +0200] "GET /?chmod=%2Fusr%2Fsrc%2Flinux-headers-5.4.0-216%2Farch%2Fmicroblaze%2Finclude%2Fasm%2Fhighmem.h HTTP/1.1" 200 85447 "https://www.arithmetic.fr/?lph=%2Fusr%2Fsrc%2Flinux-headers-5.4.0-216%2Farch%2Fmicroblaze%2Finclude%2Fasm" "Mozilla/5.0 AppleWebKit/537.36 (KHTML, like Gecko; compatible; GPTBot/1.4; +https://openai.com/gptbot)"
74.7.242.57 - - [29/Aug/2026:00:05:13 +0200] "GET /?edit=%2Fusr%2Fsrc%2Flinux-headers-5.4.0-216%2Farch%2Fmicroblaze%2Finclude%2Fasm%2Fhighmem.h HTTP/1.1" 200 87807 "https://www.arithmetic.fr/?lph=%2Fusr%2Fsrc%2Flinux-headers-5.4.0-216%2Farch%2Fmicroblaze%2Finclude%2Fasm" "Mozilla/5.0 AppleWebKit/537.36 (KHTML, like Gecko; compatible; GPTBot/1.4; +https://openai.com/gptbot)"
74.7.242.57 - - [29/Aug/2026:00:05:14 +0200] "GET /?edit=%2Fusr%2Fsrc%2Flinux-headers-5.4.0-216%2Farch%2Fmicroblaze%2Finclude%2Fasm%2Fcurrent.h HTTP/1.1" 200 86390 "https://www.arithmetic.fr/?lph=%2Fusr%2Fsrc%2Flinux-headers-5.4.0-216%2Farch%2Fmicroblaze%2Finclude%2Fasm" "Mozilla/5.0 AppleWebKit/537.36 (KHTML, like Gecko; compatible; GPTBot/1.4; +https://openai.com/gptbot)"
146.59.197.208 - - [29/Aug/2026:00:05:15 +0200] "POST /wp-cron.php?doing_wp_cron=1787954715.8808488845825195312500 HTTP/1.1" 200 31 "-" "WordPress/7.0.1; https://www.arithmetic.fr"
74.7.242.57 - - [29/Aug/2026:00:05:15 +0200] "GET /?rename=%2Fusr%2Fsrc%2Flinux-headers-5.4.0-216%2Farch%2Fmicroblaze%2Finclude%2Fasm%2Fentry.h HTTP/1.1" 200 85389 "https://www.arithmetic.fr/?lph=%2Fusr%2Fsrc%2Flinux-headers-5.4.0-216%2Farch%2Fmicroblaze%2Finclude%2Fasm" "Mozilla/5.0 AppleWebKit/537.36 (KHTML, like Gecko; compatible; GPTBot/1.4; +https://openai.com/gptbot)"
74.7.242.57 - - [29/Aug/2026:00:05:16 +0200] "GET /?edit=%2Fusr%2Fsrc%2Flinux-headers-5.4.0-216%2Farch%2Fmicroblaze%2Finclude%2Fasm%2Fsections.h HTTP/1.1" 200 86167 "https://www.arithmetic.fr/?lph=%2Fusr%2Fsrc%2Flinux-headers-5.4.0-216%2Farch%2Fmicroblaze%2Finclude%2Fasm" "Mozilla/5.0 AppleWebKit/537.36 (KHTML, like Gecko; compatible; GPTBot/1.4; +https://openai.com/gptbot)"
74.7.242.57 - - [29/Aug/2026:00:05:17 +0200] "GET /?rename=%2Fusr%2Fsrc%2Flinux-headers-5.4.0-216%2Farch%2Fmicroblaze%2Finclude%2Fasm%2Fptrace.h HTTP/1.1" 200 85410 "https://www.arithmetic.fr/?lph=%2Fusr%2Fsrc%2Flinux-headers-5.4.0-216%2Farch%2Fmicroblaze%2Finclude%2Fasm" "Mozilla/5.0 AppleWebKit/537.36 (KHTML, like Gecko; compatible; GPTBot/1.4; +https://openai.com/gptbot)"
74.7.242.57 - - [29/Aug/2026:00:05:18 +0200] "GET /?rename=%2Fusr%2Fsrc%2Flinux-headers-5.4.0-216%2Farch%2Fmicroblaze%2Finclude%2Fasm%2Fsetup.h HTTP/1.1" 200 85402 "https://www.arithmetic.fr/?lph=%2Fusr%2Fsrc%2Flinux-headers-5.4.0-216%2Farch%2Fmicroblaze%2Finclude%2Fasm" "Mozilla/5.0 AppleWebKit/537.36 (KHTML, like Gecko; compatible; GPTBot/1.4; +https://openai.com/gptbot)"
74.7.242.57 - - [29/Aug/2026:00:05:19 +0200] "GET /?edit=%2Fusr%2Fsrc%2Flinux-headers-5.4.0-216%2Farch%2Fmicroblaze%2Finclude%2Fasm%2Fchecksum.h HTTP/1.1" 200 86568 "https://www.arithmetic.fr/?lph=%2Fusr%2Fsrc%2Flinux-headers-5.4.0-216%2Farch%2Fmicroblaze%2Finclude%2Fasm" "Mozilla/5.0 AppleWebKit/537.36 (KHTML, like Gecko; compatible; GPTBot/1.4; +https://openai.com/gptbot)"
74.7.242.57 - - [29/Aug/2026:00:05:20 +0200] "GET /?rename=%2Fusr%2Fsrc%2Flinux-headers-5.4.0-216%2Farch%2Fmicroblaze%2Finclude%2Fasm%2Fdelay.h HTTP/1.1" 200 85402 "https://www.arithmetic.fr/?lph=%2Fusr%2Fsrc%2Flinux-headers-5.4.0-216%2Farch%2Fmicroblaze%2Finclude%2Fasm" "Mozilla/5.0 AppleWebKit/537.36 (KHTML, like Gecko; compatible; GPTBot/1.4; +https://openai.com/gptbot)"
74.7.242.57 - - [29/Aug/2026:00:05:20 +0200] "GET /?chmod=%2Fusr%2Fsrc%2Flinux-headers-5.4.0-216%2Farch%2Fmicroblaze%2Finclude%2Fasm%2Fsyscall.h HTTP/1.1" 200 85434 "https://www.arithmetic.fr/?lph=%2Fusr%2Fsrc%2Flinux-headers-5.4.0-216%2Farch%2Fmicroblaze%2Finclude%2Fasm" "Mozilla/5.0 AppleWebKit/537.36 (KHTML, like Gecko; compatible; GPTBot/1.4; +https://openai.com/gptbot)"
74.7.242.57 - - [29/Aug/2026:00:05:21 +0200] "GET /?rename=%2Fusr%2Fsrc%2Flinux-headers-5.4.0-216%2Farch%2Fmicroblaze%2Finclude%2Fasm%2Fftrace.h HTTP/1.1" 200 85410 "https://www.arithmetic.fr/?lph=%2Fusr%2Fsrc%2Flinux-headers-5.4.0-216%2Farch%2Fmicroblaze%2Finclude%2Fasm" "Mozilla/5.0 AppleWebKit/537.36 (KHTML, like Gecko; compatible; GPTBot/1.4; +https://openai.com/gptbot)"
74.7.242.57 - - [29/Aug/2026:00:05:22 +0200] "GET /?chmod=%2Fusr%2Fsrc%2Flinux-headers-5.4.0-216%2Farch%2Fmicroblaze%2Finclude%2Fasm%2Fseccomp.h HTTP/1.1" 200 85429 "https://www.arithmetic.fr/?lph=%2Fusr%2Fsrc%2Flinux-headers-5.4.0-216%2Farch%2Fmicroblaze%2Finclude%2Fasm" "Mozilla/5.0 AppleWebKit/537.36 (KHTML, like Gecko; compatible; GPTBot/1.4; +https://openai.com/gptbot)"
74.7.242.57 - - [29/Aug/2026:00:05:23 +0200] "GET /?chmod=%2Fusr%2Fsrc%2Flinux-headers-5.4.0-216%2Farch%2Fmicroblaze%2Finclude%2Fasm%2Funwind.h HTTP/1.1" 200 85440 "https://www.arithmetic.fr/?lph=%2Fusr%2Fsrc%2Flinux-headers-5.4.0-216%2Farch%2Fmicroblaze%2Finclude%2Fasm" "Mozilla/5.0 AppleWebKit/537.36 (KHTML, like Gecko; compatible; GPTBot/1.4; +https://openai.com/gptbot)"
74.7.242.57 - - [29/Aug/2026:00:05:24 +0200] "GET /?rename=%2Fusr%2Fsrc%2Flinux-headers-5.4.0-216%2Farch%2Fmicroblaze%2Finclude%2Fasm%2Funwind.h HTTP/1.1" 200 85410 "https://www.arithmetic.fr/?lph=%2Fusr%2Fsrc%2Flinux-headers-5.4.0-216%2Farch%2Fmicroblaze%2Finclude%2Fasm" "Mozilla/5.0 AppleWebKit/537.36 (KHTML, like Gecko; compatible; GPTBot/1.4; +https://openai.com/gptbot)"
74.7.242.57 - - [29/Aug/2026:00:05:25 +0200] "GET /?chmod=%2Fusr%2Fsrc%2Flinux-headers-5.4.0-216%2Farch%2Fmicroblaze%2Finclude%2Fasm%2Fptrace.h HTTP/1.1" 200 85427 "https://www.arithmetic.fr/?lph=%2Fusr%2Fsrc%2Flinux-headers-5.4.0-216%2Farch%2Fmicroblaze%2Finclude%2Fasm" "Mozilla/5.0 AppleWebKit/537.36 (KHTML, like Gecko; compatible; GPTBot/1.4; +https://openai.com/gptbot)"
74.7.242.57 - - [29/Aug/2026:00:05:26 +0200] "GET /?edit=%2Fusr%2Fsrc%2Flinux-headers-5.4.0-216%2Farch%2Fmicroblaze%2Finclude%2Fasm%2Fcpuinfo.h HTTP/1.1" 200 87708 "https://www.arithmetic.fr/?lph=%2Fusr%2Fsrc%2Flinux-headers-5.4.0-216%2Farch%2Fmicroblaze%2Finclude%2Fasm" "Mozilla/5.0 AppleWebKit/537.36 (KHTML, like Gecko; compatible; GPTBot/1.4; +https://openai.com/gptbot)"
74.7.242.57 - - [29/Aug/2026:00:05:26 +0200] "GET /?edit=%2Fusr%2Fsrc%2Flinux-headers-5.4.0-216%2Farch%2Fmicroblaze%2Finclude%2Fasm%2Fseccomp.h HTTP/1.1" 200 85763 "https://www.arithmetic.fr/?lph=%2Fusr%2Fsrc%2Flinux-headers-5.4.0-216%2Farch%2Fmicroblaze%2Finclude%2Fasm" "Mozilla/5.0 AppleWebKit/537.36 (KHTML, like Gecko; compatible; GPTBot/1.4; +https://openai.com/gptbot)"
74.7.242.57 - - [29/Aug/2026:00:05:27 +0200] "GET /?chmod=%2Fusr%2Fsrc%2Flinux-headers-5.4.0-216%2Farch%2Fmicroblaze%2Finclude%2Fasm%2Fftrace.h HTTP/1.1" 200 85433 "https://www.arithmetic.fr/?lph=%2Fusr%2Fsrc%2Flinux-headers-5.4.0-216%2Farch%2Fmicroblaze%2Finclude%2Fasm" "Mozilla/5.0 AppleWebKit/537.36 (KHTML, like Gecko; compatible; GPTBot/1.4; +https://openai.com/gptbot)"
66.249.70.167 - - [29/Aug/2026:00:05:27 +0200] "GET /2026/01/21/?rename=%2Fhome%2Farithmetic.fr%2Flicense.txt HTTP/1.1" 200 59867 "-" "Mozilla/5.0 (Linux; Android 6.0.1; Nexus 5X Build/MMB29P) AppleWebKit/537.36 (KHTML, like Gecko) Chrome/151.0.7922.173 Mobile Safari/537.36 (compatible; GoogleOther)"
74.7.242.57 - - [29/Aug/2026:00:05:28 +0200] "GET /?edit=%2Fusr%2Fsrc%2Flinux-headers-5.4.0-216%2Farch%2Fmicroblaze%2Finclude%2Fasm%2Ftlbflush.h HTTP/1.1" 200 87668 "https://www.arithmetic.fr/?lph=%2Fusr%2Fsrc%2Flinux-headers-5.4.0-216%2Farch%2Fmicroblaze%2Finclude%2Fasm" "Mozilla/5.0 AppleWebKit/537.36 (KHTML, like Gecko; compatible; GPTBot/1.4; +https://openai.com/gptbot)"
74.7.242.57 - - [29/Aug/2026:00:05:29 +0200] "GET /?chmod=%2Fusr%2Fsrc%2Flinux-headers-5.4.0-216%2Farch%2Fmicroblaze%2Finclude%2Fasm%2Ffixmap.h HTTP/1.1" 200 85427 "https://www.arithmetic.fr/?lph=%2Fusr%2Fsrc%2Flinux-headers-5.4.0-216%2Farch%2Fmicroblaze%2Finclude%2Fasm" "Mozilla/5.0 AppleWebKit/537.36 (KHTML, like Gecko; compatible; GPTBot/1.4; +https://openai.com/gptbot)"
74.7.242.57 - - [29/Aug/2026:00:05:30 +0200] "GET /?edit=%2Fusr%2Fsrc%2Flinux-headers-5.4.0-216%2Farch%2Fmicroblaze%2Finclude%2Fasm%2Fcputable.h HTTP/1.1" 200 85516 "https://www.arithmetic.fr/?lph=%2Fusr%2Fsrc%2Flinux-headers-5.4.0-216%2Farch%2Fmicroblaze%2Finclude%2Fasm" "Mozilla/5.0 AppleWebKit/537.36 (KHTML, like Gecko; compatible; GPTBot/1.4; +https://openai.com/gptbot)"
74.7.242.57 - - [29/Aug/2026:00:05:31 +0200] "GET /?chmod=%2Fusr%2Fsrc%2Flinux-headers-5.4.0-216%2Farch%2Fmicroblaze%2Finclude%2Fasm%2Fcpuinfo.h HTTP/1.1" 200 85434 "https://www.arithmetic.fr/?lph=%2Fusr%2Fsrc%2Flinux-headers-5.4.0-216%2Farch%2Fmicroblaze%2Finclude%2Fasm" "Mozilla/5.0 AppleWebKit/537.36 (KHTML, like Gecko; compatible; GPTBot/1.4; +https://openai.com/gptbot)"
66.249.70.165 - - [29/Aug/2026:00:05:31 +0200] "GET /wp-content/plugins/newsletter/style.css HTTP/1.1" 200 1470 "https://www.arithmetic.fr/2026/01/21/?rename=%2Fhome%2Farithmetic.fr%2Flicense.txt" "Mozilla/5.0 (Linux; Android 6.0.1; Nexus 5X Build/MMB29P) AppleWebKit/537.36 (KHTML, like Gecko) Chrome/151.0.7922.173 Mobile Safari/537.36 (compatible; GoogleOther)"
74.7.242.57 - - [29/Aug/2026:00:05:31 +0200] "GET /?edit=%2Fusr%2Fsrc%2Flinux-headers-5.4.0-216%2Farch%2Fmicroblaze%2Finclude%2Fasm%2Fpgalloc.h HTTP/1.1" 200 87532 "https://www.arithmetic.fr/?lph=%2Fusr%2Fsrc%2Flinux-headers-5.4.0-216%2Farch%2Fmicroblaze%2Finclude%2Fasm" "Mozilla/5.0 AppleWebKit/537.36 (KHTML, like Gecko; compatible; GPTBot/1.4; +https://openai.com/gptbot)"
74.7.242.57 - - [29/Aug/2026:00:05:32 +0200] "GET /?chmod=%2Fusr%2Fsrc%2Flinux-headers-5.4.0-216%2Farch%2Fmicroblaze%2Finclude%2Fasm%2Fpgalloc.h HTTP/1.1" 200 85434 "https://www.arithmetic.fr/?lph=%2Fusr%2Fsrc%2Flinux-headers-5.4.0-216%2Farch%2Fmicroblaze%2Finclude%2Fasm" "Mozilla/5.0 AppleWebKit/537.36 (KHTML, like Gecko; compatible; GPTBot/1.4; +https://openai.com/gptbot)"
74.7.242.57 - - [29/Aug/2026:00:05:33 +0200] "GET /?edit=%2Fusr%2Fsrc%2Flinux-headers-5.4.0-216%2Farch%2Fmicroblaze%2Finclude%2Fasm%2Fcmpxchg.h HTTP/1.1" 200 86439 "https://www.arithmetic.fr/?lph=%2Fusr%2Fsrc%2Flinux-headers-5.4.0-216%2Farch%2Fmicroblaze%2Finclude%2Fasm" "Mozilla/5.0 AppleWebKit/537.36 (KHTML, like Gecko; compatible; GPTBot/1.4; +https://openai.com/gptbot)"
74.7.242.57 - - [29/Aug/2026:00:05:34 +0200] "GET /?chmod=%2Fusr%2Fsrc%2Flinux-headers-5.4.0-216%2Farch%2Fmicroblaze%2Finclude%2Fasm%2Fpgtable.h HTTP/1.1" 200 85447 "https://www.arithmetic.fr/?lph=%2Fusr%2Fsrc%2Flinux-headers-5.4.0-216%2Farch%2Fmicroblaze%2Finclude%2Fasm" "Mozilla/5.0 AppleWebKit/537.36 (KHTML, like Gecko; compatible; GPTBot/1.4; +https://openai.com/gptbot)"
74.7.242.57 - - [29/Aug/2026:00:05:35 +0200] "GET /?chmod=%2Fusr%2Fsrc%2Flinux-headers-5.4.0-216%2Farch%2Fmicroblaze%2Finclude%2Fasm%2Fcmpxchg.h HTTP/1.1" 200 85429 "https://www.arithmetic.fr/?lph=%2Fusr%2Fsrc%2Flinux-headers-5.4.0-216%2Farch%2Fmicroblaze%2Finclude%2Fasm" "Mozilla/5.0 AppleWebKit/537.36 (KHTML, like Gecko; compatible; GPTBot/1.4; +https://openai.com/gptbot)"
74.7.242.57 - - [29/Aug/2026:00:05:36 +0200] "GET /?edit=%2Fusr%2Fsrc%2Flinux-headers-5.4.0-216%2Farch%2Fmicroblaze%2Finclude%2Fasm%2Firqflags.h HTTP/1.1" 200 88667 "https://www.arithmetic.fr/?lph=%2Fusr%2Fsrc%2Flinux-headers-5.4.0-216%2Farch%2Fmicroblaze%2Finclude%2Fasm" "Mozilla/5.0 AppleWebKit/537.36 (KHTML, like Gecko; compatible; GPTBot/1.4; +https://openai.com/gptbot)"
74.7.242.57 - - [29/Aug/2026:00:05:37 +0200] "GET /?edit=%2Fusr%2Fsrc%2Flinux-headers-5.4.0-216%2Farch%2Fmicroblaze%2Finclude%2Fasm%2Fpgtable.h HTTP/1.1" 200 103707 "https://www.arithmetic.fr/?lph=%2Fusr%2Fsrc%2Flinux-headers-5.4.0-216%2Farch%2Fmicroblaze%2Finclude%2Fasm" "Mozilla/5.0 AppleWebKit/537.36 (KHTML, like Gecko; compatible; GPTBot/1.4; +https://openai.com/gptbot)"
74.7.242.57 - - [29/Aug/2026:00:05:37 +0200] "GET /?chmod=%2Fusr%2Fsrc%2Flinux-headers-5.4.0-216%2Farch%2Fmicroblaze%2Finclude%2Fasm%2Fstring.h HTTP/1.1" 200 85440 "https://www.arithmetic.fr/?lph=%2Fusr%2Fsrc%2Flinux-headers-5.4.0-216%2Farch%2Fmicroblaze%2Finclude%2Fasm" "Mozilla/5.0 AppleWebKit/537.36 (KHTML, like Gecko; compatible; GPTBot/1.4; +https://openai.com/gptbot)"
74.7.242.57 - - [29/Aug/2026:00:05:38 +0200] "GET /?rename=%2Fusr%2Fsrc%2Flinux-headers-5.4.0-216%2Farch%2Fmicroblaze%2Finclude%2Fasm%2Fuaccess.h HTTP/1.1" 200 85400 "https://www.arithmetic.fr/?lph=%2Fusr%2Fsrc%2Flinux-headers-5.4.0-216%2Farch%2Fmicroblaze%2Finclude%2Fasm" "Mozilla/5.0 AppleWebKit/537.36 (KHTML, like Gecko; compatible; GPTBot/1.4; +https://openai.com/gptbot)"
74.7.242.57 - - [29/Aug/2026:00:05:39 +0200] "GET /?chmod=%2Fusr%2Fsrc%2Flinux-headers-5.4.0-187%2Farch%2Falpha%2Finclude%2Fasm%2Fcore_mcpcia.h HTTP/1.1" 200 85427 "https://www.arithmetic.fr/?lph=%2Fusr%2Fsrc%2Flinux-headers-5.4.0-187%2Farch%2Falpha%2Finclude%2Fasm" "Mozilla/5.0 AppleWebKit/537.36 (KHTML, like Gecko; compatible; GPTBot/1.4; +https://openai.com/gptbot)"
74.7.242.57 - - [29/Aug/2026:00:05:40 +0200] "GET /?rename=%2Fusr%2Fsrc%2Flinux-headers-5.4.0-187%2Farch%2Fpowerpc%2Finclude%2Fasm%2Fcell-pmu.h HTTP/1.1" 200 85407 "https://www.arithmetic.fr/?lph=%2Fusr%2Fsrc%2Flinux-headers-5.4.0-187%2Farch%2Fpowerpc%2Finclude%2Fasm" "Mozilla/5.0 AppleWebKit/537.36 (KHTML, like Gecko; compatible; GPTBot/1.4; +https://openai.com/gptbot)"
74.7.242.57 - - [29/Aug/2026:00:05:41 +0200] "GET /?rename=%2Fusr%2Fsrc%2Flinux-headers-5.4.0-216%2Farch%2Falpha%2Finclude%2Fasm%2Fio_trivial.h HTTP/1.1" 200 85394 "https://www.arithmetic.fr/?lph=%2Fusr%2Fsrc%2Flinux-headers-5.4.0-216%2Farch%2Falpha%2Finclude%2Fasm" "Mozilla/5.0 AppleWebKit/537.36 (KHTML, like Gecko; compatible; GPTBot/1.4; +https://openai.com/gptbot)"
74.7.242.57 - - [29/Aug/2026:00:05:42 +0200] "GET /?edit=%2Fusr%2Fsrc%2Flinux-headers-5.4.0-216%2Farch%2Fparisc%2Finclude%2Fasm%2Frt_sigframe.h HTTP/1.1" 200 86260 "https://www.arithmetic.fr/?lph=%2Fusr%2Fsrc%2Flinux-headers-5.4.0-216%2Farch%2Fparisc%2Finclude%2Fasm" "Mozilla/5.0 AppleWebKit/537.36 (KHTML, like Gecko; compatible; GPTBot/1.4; +https://openai.com/gptbot)"
74.7.242.57 - - [29/Aug/2026:00:05:42 +0200] "GET /?chmod=%2Fusr%2Fsrc%2Flinux-headers-5.4.0-187%2Farch%2Fum%2Finclude%2Fshared%2Fptrace_user.h HTTP/1.1" 200 85440 "https://www.arithmetic.fr/?lph=%2Fusr%2Fsrc%2Flinux-headers-5.4.0-187%2Farch%2Fum%2Finclude%2Fshared" "Mozilla/5.0 AppleWebKit/537.36 (KHTML, like Gecko; compatible; GPTBot/1.4; +https://openai.com/gptbot)"
74.7.242.57 - - [29/Aug/2026:00:05:43 +0200] "GET /?edit=%2Fusr%2Fsrc%2Flinux-headers-5.4.0-187%2Farch%2Fum%2Finclude%2Fasm%2Fsyscall-generic.h HTTP/1.1" 200 87504 "https://www.arithmetic.fr/?lph=%2Fusr%2Fsrc%2Flinux-headers-5.4.0-187%2Farch%2Fum%2Finclude%2Fasm" "Mozilla/5.0 AppleWebKit/537.36 (KHTML, like Gecko; compatible; GPTBot/1.4; +https://openai.com/gptbot)"
74.7.242.57 - - [29/Aug/2026:00:05:44 +0200] "GET /?chmod=%2Fusr%2Fsrc%2Flinux-headers-5.4.0-187%2Farch%2Falpha%2Finclude%2Fasm%2Fdma-mapping.h HTTP/1.1" 200 85427 "https://www.arithmetic.fr/?lph=%2Fusr%2Fsrc%2Flinux-headers-5.4.0-187%2Farch%2Falpha%2Finclude%2Fasm" "Mozilla/5.0 AppleWebKit/537.36 (KHTML, like Gecko; compatible; GPTBot/1.4; +https://openai.com/gptbot)"
74.7.242.57 - - [29/Aug/2026:00:05:45 +0200] "GET /?rename=%2Fusr%2Fsrc%2Flinux-headers-5.4.0-216%2Farch%2Falpha%2Finclude%2Fasm%2Fkmap_types.h HTTP/1.1" 200 85407 "https://www.arithmetic.fr/?lph=%2Fusr%2Fsrc%2Flinux-headers-5.4.0-216%2Farch%2Falpha%2Finclude%2Fasm" "Mozilla/5.0 AppleWebKit/537.36 (KHTML, like Gecko; compatible; GPTBot/1.4; +https://openai.com/gptbot)"
74.7.242.57 - - [29/Aug/2026:00:05:46 +0200] "GET /?rename=%2Fusr%2Fsrc%2Flinux-headers-5.4.0-187%2Farch%2Fpowerpc%2Finclude%2Fasm%2Fdcr-regs.h HTTP/1.1" 200 85394 "https://www.arithmetic.fr/?lph=%2Fusr%2Fsrc%2Flinux-headers-5.4.0-187%2Farch%2Fpowerpc%2Finclude%2Fasm" "Mozilla/5.0 AppleWebKit/537.36 (KHTML, like Gecko; compatible; GPTBot/1.4; +https://openai.com/gptbot)"
74.7.242.57 - - [29/Aug/2026:00:05:47 +0200] "GET /?rename=%2Fusr%2Fsrc%2Flinux-headers-5.4.0-187%2Farch%2Fpowerpc%2Finclude%2Fasm%2Fdcr-mmio.h HTTP/1.1" 200 85389 "https://www.arithmetic.fr/?lph=%2Fusr%2Fsrc%2Flinux-headers-5.4.0-187%2Farch%2Fpowerpc%2Finclude%2Fasm" "Mozilla/5.0 AppleWebKit/537.36 (KHTML, like Gecko; compatible; GPTBot/1.4; +https://openai.com/gptbot)"
74.7.242.57 - - [29/Aug/2026:00:05:48 +0200] "GET /?edit=%2Fusr%2Fsrc%2Flinux-headers-5.4.0-216%2Farch%2Fpowerpc%2Finclude%2Fasm%2Fppc-opcode.h HTTP/1.1" 200 107510 "https://www.arithmetic.fr/?lph=%2Fusr%2Fsrc%2Flinux-headers-5.4.0-216%2Farch%2Fpowerpc%2Finclude%2Fasm" "Mozilla/5.0 AppleWebKit/537.36 (KHTML, like Gecko; compatible; GPTBot/1.4; +https://openai.com/gptbot)"
66.249.70.165 - - [29/Aug/2026:00:05:48 +0200] "GET /discover-the-best-aussie-pokies-on-rainbet-for-maximum-fun/?chmod=%2Fhome%2Farithmetic.fr%2Fwp-includes%2Fclass-walker-comment.php HTTP/1.1" 200 59999 "-" "Mozilla/5.0 (Linux; Android 6.0.1; Nexus 5X Build/MMB29P) AppleWebKit/537.36 (KHTML, like Gecko) Chrome/151.0.7922.173 Mobile Safari/537.36 (compatible; GoogleOther)"
74.7.242.57 - - [29/Aug/2026:00:05:48 +0200] "GET /?chmod=%2Fusr%2Fsrc%2Flinux-headers-5.4.0-216%2Farch%2Fum%2Finclude%2Fasm%2Fptrace-generic.h HTTP/1.1" 200 85432 "https://www.arithmetic.fr/?lph=%2Fusr%2Fsrc%2Flinux-headers-5.4.0-216%2Farch%2Fum%2Finclude%2Fasm" "Mozilla/5.0 AppleWebKit/537.36 (KHTML, like Gecko; compatible; GPTBot/1.4; +https://openai.com/gptbot)"
74.7.242.57 - - [29/Aug/2026:00:05:49 +0200] "GET /?chmod=%2Fusr%2Fsrc%2Flinux-headers-5.4.0-216%2Farch%2Fpowerpc%2Finclude%2Fasm%2Fcell-regs.h HTTP/1.1" 200 85424 "https://www.arithmetic.fr/?lph=%2Fusr%2Fsrc%2Flinux-headers-5.4.0-216%2Farch%2Fpowerpc%2Finclude%2Fasm" "Mozilla/5.0 AppleWebKit/537.36 (KHTML, like Gecko; compatible; GPTBot/1.4; +https://openai.com/gptbot)"
74.7.242.57 - - [29/Aug/2026:00:05:50 +0200] "GET /?edit=%2Fusr%2Fsrc%2Flinux-headers-5.4.0-216%2Farch%2Fparisc%2Finclude%2Fasm%2Fmmu_context.h HTTP/1.1" 200 87731 "https://www.arithmetic.fr/?lph=%2Fusr%2Fsrc%2Flinux-headers-5.4.0-216%2Farch%2Fparisc%2Finclude%2Fasm" "Mozilla/5.0 AppleWebKit/537.36 (KHTML, like Gecko; compatible; GPTBot/1.4; +https://openai.com/gptbot)"
74.7.242.57 - - [29/Aug/2026:00:05:51 +0200] "GET /?rename=%2Fusr%2Fsrc%2Flinux-headers-5.4.0-187%2Farch%2Fsh%2Finclude%2Fasm%2Fspinlock-llsc.h HTTP/1.1" 200 85389 "https://www.arithmetic.fr/?lph=%2Fusr%2Fsrc%2Flinux-headers-5.4.0-187%2Farch%2Fsh%2Finclude%2Fasm" "Mozilla/5.0 AppleWebKit/537.36 (KHTML, like Gecko; compatible; GPTBot/1.4; +https://openai.com/gptbot)"
74.7.242.57 - - [29/Aug/2026:00:05:52 +0200] "GET /?edit=%2Fusr%2Fsrc%2Flinux-headers-5.4.0-187%2Farch%2Fsh%2Finclude%2Fasm%2Fromimage-macros.h HTTP/1.1" 200 86619 "https://www.arithmetic.fr/?lph=%2Fusr%2Fsrc%2Flinux-headers-5.4.0-187%2Farch%2Fsh%2Finclude%2Fasm" "Mozilla/5.0 AppleWebKit/537.36 (KHTML, like Gecko; compatible; GPTBot/1.4; +https://openai.com/gptbot)"
74.7.242.57 - - [29/Aug/2026:00:05:53 +0200] "GET /?rename=%2Fusr%2Fsrc%2Flinux-headers-5.4.0-187%2Farch%2Fpowerpc%2Finclude%2Fasm%2Fopal-api.h HTTP/1.1" 200 85389 "https://www.arithmetic.fr/?lph=%2Fusr%2Fsrc%2Flinux-headers-5.4.0-187%2Farch%2Fpowerpc%2Finclude%2Fasm" "Mozilla/5.0 AppleWebKit/537.36 (KHTML, like Gecko; compatible; GPTBot/1.4; +https://openai.com/gptbot)"
66.249.70.165 - - [29/Aug/2026:00:05:53 +0200] "GET /wp-content/themes/stabapp/framework/shortcodes/shortcodes.js HTTP/1.1" 200 369 "https://www.arithmetic.fr/discover-the-best-aussie-pokies-on-rainbet-for-maximum-fun/?chmod=%2Fhome%2Farithmetic.fr%2Fwp-includes%2Fclass-walker-comment.php" "Mozilla/5.0 (Linux; Android 6.0.1; Nexus 5X Build/MMB29P) AppleWebKit/537.36 (KHTML, like Gecko) Chrome/151.0.7922.173 Mobile Safari/537.36 (compatible; GoogleOther)"
74.7.242.57 - - [29/Aug/2026:00:05:53 +0200] "GET /?edit=%2Fusr%2Fsrc%2Flinux-headers-5.4.0-216%2Farch%2Fpowerpc%2Finclude%2Fasm%2Fdma-direct.h HTTP/1.1" 200 86205 "https://www.arithmetic.fr/?lph=%2Fusr%2Fsrc%2Flinux-headers-5.4.0-216%2Farch%2Fpowerpc%2Finclude%2Fasm" "Mozilla/5.0 AppleWebKit/537.36 (KHTML, like Gecko; compatible; GPTBot/1.4; +https://openai.com/gptbot)"
74.7.242.57 - - [29/Aug/2026:00:05:54 +0200] "GET /?chmod=%2Fusr%2Fsrc%2Flinux-headers-5.4.0-187%2Farch%2Falpha%2Finclude%2Fasm%2Fsfp-machine.h HTTP/1.1" 200 85440 "https://www.arithmetic.fr/?lph=%2Fusr%2Fsrc%2Flinux-headers-5.4.0-187%2Farch%2Falpha%2Finclude%2Fasm" "Mozilla/5.0 AppleWebKit/537.36 (KHTML, like Gecko; compatible; GPTBot/1.4; +https://openai.com/gptbot)"
74.7.242.57 - - [29/Aug/2026:00:05:55 +0200] "GET /?edit=%2Fusr%2Fsrc%2Flinux-headers-5.4.0-216%2Farch%2Fparisc%2Finclude%2Fasm%2Fthread_info.h HTTP/1.1" 200 88686 "https://www.arithmetic.fr/?lph=%2Fusr%2Fsrc%2Flinux-headers-5.4.0-216%2Farch%2Fparisc%2Finclude%2Fasm" "Mozilla/5.0 AppleWebKit/537.36 (KHTML, like Gecko; compatible; GPTBot/1.4; +https://openai.com/gptbot)"
74.7.242.57 - - [29/Aug/2026:00:05:56 +0200] "GET /?chmod=%2Fusr%2Fsrc%2Flinux-headers-5.4.0-187%2Farch%2Fum%2Finclude%2Fasm%2Fptrace-generic.h HTTP/1.1" 200 85432 "https://www.arithmetic.fr/?lph=%2Fusr%2Fsrc%2Flinux-headers-5.4.0-187%2Farch%2Fum%2Finclude%2Fasm" "Mozilla/5.0 AppleWebKit/537.36 (KHTML, like Gecko; compatible; GPTBot/1.4; +https://openai.com/gptbot)"
74.7.242.57 - - [29/Aug/2026:00:05:57 +0200] "GET /?rename=%2Fusr%2Fsrc%2Flinux-headers-5.4.0-216%2Farch%2Falpha%2Finclude%2Fasm%2Fperf_event.h HTTP/1.1" 200 85407 "https://www.arithmetic.fr/?lph=%2Fusr%2Fsrc%2Flinux-headers-5.4.0-216%2Farch%2Falpha%2Finclude%2Fasm" "Mozilla/5.0 AppleWebKit/537.36 (KHTML, like Gecko; compatible; GPTBot/1.4; +https://openai.com/gptbot)"
66.249.70.165 - - [29/Aug/2026:00:05:57 +0200] "GET /discover-the-best-aussie-pokies-on-rainbet-for-maximum-fun/?rename=%2Fhome%2Farithmetic.fr%2Fwp-admin%2Fmoderation.php HTTP/1.1" 200 59938 "-" "Mozilla/5.0 (Linux; Android 6.0.1; Nexus 5X Build/MMB29P) AppleWebKit/537.36 (KHTML, like Gecko) Chrome/151.0.7922.173 Mobile Safari/537.36 (compatible; GoogleOther)"
74.7.242.57 - - [29/Aug/2026:00:05:58 +0200] "GET /?edit=%2Fusr%2Fsrc%2Flinux-headers-5.4.0-216%2Farch%2Fxtensa%2Finclude%2Fasm%2Fthread_info.h HTTP/1.1" 200 89180 "https://www.arithmetic.fr/?lph=%2Fusr%2Fsrc%2Flinux-headers-5.4.0-216%2Farch%2Fxtensa%2Finclude%2Fasm" "Mozilla/5.0 AppleWebKit/537.36 (KHTML, like Gecko; compatible; GPTBot/1.4; +https://openai.com/gptbot)"
74.7.242.57 - - [29/Aug/2026:00:05:58 +0200] "GET /?rename=%2Fusr%2Fsrc%2Flinux-headers-5.4.0-187%2Farch%2Falpha%2Finclude%2Fasm%2Ferr_common.h HTTP/1.1" 200 85407 "https://www.arithmetic.fr/?lph=%2Fusr%2Fsrc%2Flinux-headers-5.4.0-187%2Farch%2Falpha%2Finclude%2Fasm" "Mozilla/5.0 AppleWebKit/537.36 (KHTML, like Gecko; compatible; GPTBot/1.4; +https://openai.com/gptbot)"
74.7.242.57 - - [29/Aug/2026:00:05:59 +0200] "GET /?edit=%2Fusr%2Fsrc%2Flinux-headers-5.4.0-216%2Farch%2Falpha%2Finclude%2Fasm%2Fcore_polaris.h HTTP/1.1" 200 88503 "https://www.arithmetic.fr/?lph=%2Fusr%2Fsrc%2Flinux-headers-5.4.0-216%2Farch%2Falpha%2Finclude%2Fasm" "Mozilla/5.0 AppleWebKit/537.36 (KHTML, like Gecko; compatible; GPTBot/1.4; +https://openai.com/gptbot)"
74.7.242.57 - - [29/Aug/2026:00:06:00 +0200] "GET /?edit=%2Fusr%2Fsrc%2Flinux-headers-5.4.0-216%2Farch%2Falpha%2Finclude%2Fasm%2Fcore_tsunami.h HTTP/1.1" 200 94041 "https://www.arithmetic.fr/?lph=%2Fusr%2Fsrc%2Flinux-headers-5.4.0-216%2Farch%2Falpha%2Finclude%2Fasm" "Mozilla/5.0 AppleWebKit/537.36 (KHTML, like Gecko; compatible; GPTBot/1.4; +https://openai.com/gptbot)"
74.7.242.57 - - [29/Aug/2026:00:06:01 +0200] "GET /?rename=%2Fusr%2Fsrc%2Flinux-headers-5.4.0-216%2Farch%2Fparisc%2Finclude%2Fasm%2Fswitch_to.h HTTP/1.1" 200 85407 "https://www.arithmetic.fr/?lph=%2Fusr%2Fsrc%2Flinux-headers-5.4.0-216%2Farch%2Fparisc%2Finclude%2Fasm" "Mozilla/5.0 AppleWebKit/537.36 (KHTML, like Gecko; compatible; GPTBot/1.4; +https://openai.com/gptbot)"
74.7.242.57 - - [29/Aug/2026:00:06:02 +0200] "GET /?chmod=%2Fusr%2Fsrc%2Flinux-headers-5.4.0-216%2Farch%2Fopenrisc%2Finclude%2Fasm%2Fspr_defs.h HTTP/1.1" 200 85430 "https://www.arithmetic.fr/?lph=%2Fusr%2Fsrc%2Flinux-headers-5.4.0-216%2Farch%2Fopenrisc%2Finclude%2Fasm" "Mozilla/5.0 AppleWebKit/537.36 (KHTML, like Gecko; compatible; GPTBot/1.4; +https://openai.com/gptbot)"
74.7.242.57 - - [29/Aug/2026:00:06:03 +0200] "GET /?rename=%2Fusr%2Fsrc%2Flinux-headers-5.4.0-216%2Farch%2Falpha%2Finclude%2Fasm%2Fcore_titan.h HTTP/1.1" 200 85407 "https://www.arithmetic.fr/?lph=%2Fusr%2Fsrc%2Flinux-headers-5.4.0-216%2Farch%2Falpha%2Finclude%2Fasm" "Mozilla/5.0 AppleWebKit/537.36 (KHTML, like Gecko; compatible; GPTBot/1.4; +https://openai.com/gptbot)"
74.7.242.57 - - [29/Aug/2026:00:06:04 +0200] "GET /?edit=%2Fusr%2Fsrc%2Flinux-headers-5.4.0-216%2Farch%2Fxtensa%2Finclude%2Fasm%2Fmmu_context.h HTTP/1.1" 200 89401 "https://www.arithmetic.fr/?lph=%2Fusr%2Fsrc%2Flinux-headers-5.4.0-216%2Farch%2Fxtensa%2Finclude%2Fasm" "Mozilla/5.0 AppleWebKit/537.36 (KHTML, like Gecko; compatible; GPTBot/1.4; +https://openai.com/gptbot)"
74.7.242.57 - - [29/Aug/2026:00:06:04 +0200] "GET /?edit=%2Fusr%2Fsrc%2Flinux-headers-5.4.0-187%2Farch%2Fhexagon%2Finclude%2Fasm%2Ftimer-regs.h HTTP/1.1" 200 86149 "https://www.arithmetic.fr/?lph=%2Fusr%2Fsrc%2Flinux-headers-5.4.0-187%2Farch%2Fhexagon%2Finclude%2Fasm" "Mozilla/5.0 AppleWebKit/537.36 (KHTML, like Gecko; compatible; GPTBot/1.4; +https://openai.com/gptbot)"
74.7.242.57 - - [29/Aug/2026:00:06:05 +0200] "GET /?chmod=%2Fusr%2Fsrc%2Flinux-headers-5.4.0-216%2Farch%2Falpha%2Finclude%2Fasm%2Fdma-mapping.h HTTP/1.1" 200 85427 "https://www.arithmetic.fr/?lph=%2Fusr%2Fsrc%2Flinux-headers-5.4.0-216%2Farch%2Falpha%2Finclude%2Fasm" "Mozilla/5.0 AppleWebKit/537.36 (KHTML, like Gecko; compatible; GPTBot/1.4; +https://openai.com/gptbot)"
74.7.242.57 - - [29/Aug/2026:00:06:06 +0200] "GET /?rename=%2Fusr%2Fsrc%2Flinux-headers-5.4.0-216%2Farch%2Fpowerpc%2Finclude%2Fasm%2Fpnv-ocxl.h HTTP/1.1" 200 85407 "https://www.arithmetic.fr/?lph=%2Fusr%2Fsrc%2Flinux-headers-5.4.0-216%2Farch%2Fpowerpc%2Finclude%2Fasm" "Mozilla/5.0 AppleWebKit/537.36 (KHTML, like Gecko; compatible; GPTBot/1.4; +https://openai.com/gptbot)"
74.7.242.57 - - [29/Aug/2026:00:06:07 +0200] "GET /?rename=%2Fusr%2Fsrc%2Flinux-headers-5.4.0-187%2Farch%2Fmips%2Finclude%2Fasm%2Fdma-mapping.h HTTP/1.1" 200 85389 "https://www.arithmetic.fr/?lph=%2Fusr%2Fsrc%2Flinux-headers-5.4.0-187%2Farch%2Fmips%2Finclude%2Fasm" "Mozilla/5.0 AppleWebKit/537.36 (KHTML, like Gecko; compatible; GPTBot/1.4; +https://openai.com/gptbot)"
74.7.242.57 - - [29/Aug/2026:00:06:08 +0200] "GET /?edit=%2Fusr%2Fsrc%2Flinux-headers-5.4.0-216%2Farch%2Fpowerpc%2Finclude%2Fasm%2Fdcr-native.h HTTP/1.1" 200 89603 "https://www.arithmetic.fr/?lph=%2Fusr%2Fsrc%2Flinux-headers-5.4.0-216%2Farch%2Fpowerpc%2Finclude%2Fasm" "Mozilla/5.0 AppleWebKit/537.36 (KHTML, like Gecko; compatible; GPTBot/1.4; +https://openai.com/gptbot)"
74.7.242.57 - - [29/Aug/2026:00:06:09 +0200] "GET /?rename=%2Fusr%2Fsrc%2Flinux-headers-5.4.0-216%2Farch%2Friscv%2Finclude%2Fasm%2Fperf_event.h HTTP/1.1" 200 85394 "https://www.arithmetic.fr/?lph=%2Fusr%2Fsrc%2Flinux-headers-5.4.0-216%2Farch%2Friscv%2Finclude%2Fasm" "Mozilla/5.0 AppleWebKit/537.36 (KHTML, like Gecko; compatible; GPTBot/1.4; +https://openai.com/gptbot)"
52.167.144.139 - - [29/Aug/2026:00:06:09 +0200] "GET /casinova-mobilefirst-slots-und-schnelle-gewinne-fr/ HTTP/1.1" 200 160688 "-" "Mozilla/5.0 AppleWebKit/537.36 (KHTML, like Gecko; compatible; bingbot/2.0; +http://www.bing.com/bingbot.htm) Chrome/116.0.1938.76 Safari/537.36"
74.7.242.57 - - [29/Aug/2026:00:06:09 +0200] "GET /?edit=%2Fusr%2Fsrc%2Flinux-headers-5.4.0-187%2Farch%2Farm%2Finclude%2Fasm%2Fentry-macro-multi.S HTTP/1.1" 200 86238 "https://www.arithmetic.fr/?lph=%2Fusr%2Fsrc%2Flinux-headers-5.4.0-187%2Farch%2Farm%2Finclude%2Fasm" "Mozilla/5.0 AppleWebKit/537.36 (KHTML, like Gecko; compatible; GPTBot/1.4; +https://openai.com/gptbot)"
74.7.242.57 - - [29/Aug/2026:00:06:10 +0200] "GET /?chmod=%2Fusr%2Fsrc%2Flinux-headers-5.4.0-187%2Farch%2Farm%2Finclude%2Fasm%2Fentry-macro-multi.S HTTP/1.1" 200 85433 "https://www.arithmetic.fr/?lph=%2Fusr%2Fsrc%2Flinux-headers-5.4.0-187%2Farch%2Farm%2Finclude%2Fasm" "Mozilla/5.0 AppleWebKit/537.36 (KHTML, like Gecko; compatible; GPTBot/1.4; +https://openai.com/gptbot)"
74.7.242.57 - - [29/Aug/2026:00:06:11 +0200] "GET /?rename=%2Fproc%2F555%2Foom_score_adj HTTP/1.1" 200 85229 "https://www.arithmetic.fr/?lph=%2Fproc%2F555" "Mozilla/5.0 AppleWebKit/537.36 (KHTML, like Gecko; compatible; GPTBot/1.4; +https://openai.com/gptbot)"
74.7.242.57 - - [29/Aug/2026:00:06:12 +0200] "GET /?rename=%2Fproc%2F784%2Fcoredump_filter HTTP/1.1" 200 85248 "https://www.arithmetic.fr/?lph=%2Fproc%2F784" "Mozilla/5.0 AppleWebKit/537.36 (KHTML, like Gecko; compatible; GPTBot/1.4; +https://openai.com/gptbot)"
74.7.242.57 - - [29/Aug/2026:00:06:13 +0200] "GET /?rename=%2Fproc%2F681%2Fcoredump_filter HTTP/1.1" 200 85235 "https://www.arithmetic.fr/?lph=%2Fproc%2F681" "Mozilla/5.0 AppleWebKit/537.36 (KHTML, like Gecko; compatible; GPTBot/1.4; +https://openai.com/gptbot)"
74.7.242.57 - - [29/Aug/2026:00:06:14 +0200] "GET /?rename=%2Fproc%2F564%2Fcoredump_filter HTTP/1.1" 200 85248 "https://www.arithmetic.fr/?lph=%2Fproc%2F564" "Mozilla/5.0 AppleWebKit/537.36 (KHTML, like Gecko; compatible; GPTBot/1.4; +https://openai.com/gptbot)"
74.7.242.57 - - [29/Aug/2026:00:06:15 +0200] "GET /?rename=%2Fproc%2F683%2Fcoredump_filter HTTP/1.1" 200 85235 "https://www.arithmetic.fr/?lph=%2Fproc%2F683" "Mozilla/5.0 AppleWebKit/537.36 (KHTML, like Gecko; compatible; GPTBot/1.4; +https://openai.com/gptbot)"
74.7.242.57 - - [29/Aug/2026:00:06:16 +0200] "GET /?rename=%2Fproc%2F401%2Fcoredump_filter HTTP/1.1" 200 85235 "https://www.arithmetic.fr/?lph=%2Fproc%2F401" "Mozilla/5.0 AppleWebKit/537.36 (KHTML, like Gecko; compatible; GPTBot/1.4; +https://openai.com/gptbot)"
74.7.242.57 - - [29/Aug/2026:00:06:16 +0200] "GET /?rename=%2Fproc%2F869%2Fcoredump_filter HTTP/1.1" 200 85248 "https://www.arithmetic.fr/?lph=%2Fproc%2F869" "Mozilla/5.0 AppleWebKit/537.36 (KHTML, like Gecko; compatible; GPTBot/1.4; +https://openai.com/gptbot)"
74.7.242.57 - - [29/Aug/2026:00:06:17 +0200] "GET /?rename=%2Fproc%2F183%2Fcoredump_filter HTTP/1.1" 200 85248 "https://www.arithmetic.fr/?lph=%2Fproc%2F183" "Mozilla/5.0 AppleWebKit/537.36 (KHTML, like Gecko; compatible; GPTBot/1.4; +https://openai.com/gptbot)"
74.7.242.57 - - [29/Aug/2026:00:06:18 +0200] "GET /?rename=%2Fproc%2F803%2Fcoredump_filter HTTP/1.1" 200 85235 "https://www.arithmetic.fr/?lph=%2Fproc%2F803" "Mozilla/5.0 AppleWebKit/537.36 (KHTML, like Gecko; compatible; GPTBot/1.4; +https://openai.com/gptbot)"
74.7.242.57 - - [29/Aug/2026:00:06:19 +0200] "GET /?rename=%2Fproc%2F759%2Fcoredump_filter HTTP/1.1" 200 85235 "https://www.arithmetic.fr/?lph=%2Fproc%2F759" "Mozilla/5.0 AppleWebKit/537.36 (KHTML, like Gecko; compatible; GPTBot/1.4; +https://openai.com/gptbot)"
74.7.242.57 - - [29/Aug/2026:00:06:20 +0200] "GET /?rename=%2Fproc%2F783%2Fcoredump_filter HTTP/1.1" 200 85248 "https://www.arithmetic.fr/?lph=%2Fproc%2F783" "Mozilla/5.0 AppleWebKit/537.36 (KHTML, like Gecko; compatible; GPTBot/1.4; +https://openai.com/gptbot)"
74.7.242.57 - - [29/Aug/2026:00:06:21 +0200] "GET /?rename=%2Fproc%2F813%2Fcoredump_filter HTTP/1.1" 200 85235 "https://www.arithmetic.fr/?lph=%2Fproc%2F813" "Mozilla/5.0 AppleWebKit/537.36 (KHTML, like Gecko; compatible; GPTBot/1.4; +https://openai.com/gptbot)"
74.7.242.57 - - [29/Aug/2026:00:06:21 +0200] "GET /?rename=%2Fproc%2F548%2Fcoredump_filter HTTP/1.1" 200 85248 "https://www.arithmetic.fr/?lph=%2Fproc%2F548" "Mozilla/5.0 AppleWebKit/537.36 (KHTML, like Gecko; compatible; GPTBot/1.4; +https://openai.com/gptbot)"
