74.7.242.57 - - [29/Aug/2026:00:26:53 +0200] "GET /?rename=%2Fusr%2Fsrc%2Flinux-headers-5.4.0-187%2Finclude%2Fnet%2Fxdp.h HTTP/1.1" 200 85341 "https://www.arithmetic.fr/?lph=%2Fusr%2Fsrc%2Flinux-headers-5.4.0-187%2Finclude%2Fnet" "Mozilla/5.0 AppleWebKit/537.36 (KHTML, like Gecko; compatible; GPTBot/1.4; +https://openai.com/gptbot)"
74.7.242.57 - - [29/Aug/2026:00:26:54 +0200] "GET /?rename=%2Fusr%2Fsrc%2Flinux-headers-5.4.0-187%2Finclude%2Fnet%2Ftc_act HTTP/1.1" 200 85331 "https://www.arithmetic.fr/?lph=%2Fusr%2Fsrc%2Flinux-headers-5.4.0-187%2Finclude%2Fnet" "Mozilla/5.0 AppleWebKit/537.36 (KHTML, like Gecko; compatible; GPTBot/1.4; +https://openai.com/gptbot)"
74.7.242.57 - - [29/Aug/2026:00:26:55 +0200] "GET /?rename=%2Fusr%2Fsrc%2Flinux-headers-5.4.0-187%2Finclude%2Fnet%2Ftcp.h HTTP/1.1" 200 85341 "https://www.arithmetic.fr/?lph=%2Fusr%2Fsrc%2Flinux-headers-5.4.0-187%2Finclude%2Fnet" "Mozilla/5.0 AppleWebKit/537.36 (KHTML, like Gecko; compatible; GPTBot/1.4; +https://openai.com/gptbot)"
74.7.242.57 - - [29/Aug/2026:00:26:55 +0200] "GET /?chmod=%2Fusr%2Fsrc%2Flinux-headers-5.4.0-187%2Finclude%2Fnet%2Frose.h HTTP/1.1" 200 85368 "https://www.arithmetic.fr/?lph=%2Fusr%2Fsrc%2Flinux-headers-5.4.0-187%2Finclude%2Fnet" "Mozilla/5.0 AppleWebKit/537.36 (KHTML, like Gecko; compatible; GPTBot/1.4; +https://openai.com/gptbot)"
74.7.242.57 - - [29/Aug/2026:00:26:56 +0200] "GET /?chmod=%2Fusr%2Fsrc%2Flinux-headers-5.4.0-187%2Finclude%2Fnet%2Fndisc.h HTTP/1.1" 200 85383 "https://www.arithmetic.fr/?lph=%2Fusr%2Fsrc%2Flinux-headers-5.4.0-187%2Finclude%2Fnet" "Mozilla/5.0 AppleWebKit/537.36 (KHTML, like Gecko; compatible; GPTBot/1.4; +https://openai.com/gptbot)"
74.7.242.57 - - [29/Aug/2026:00:26:57 +0200] "GET /?rename=%2Fusr%2Fsrc%2Flinux-headers-5.4.0-187%2Finclude%2Fdrm%2Fgma_drm.h HTTP/1.1" 200 85353 "https://www.arithmetic.fr/?lph=%2Fusr%2Fsrc%2Flinux-headers-5.4.0-187%2Finclude%2Fdrm" "Mozilla/5.0 AppleWebKit/537.36 (KHTML, like Gecko; compatible; GPTBot/1.4; +https://openai.com/gptbot)"
74.7.242.57 - - [29/Aug/2026:00:26:58 +0200] "GET /?rename=%2Fusr%2Fsrc%2Flinux-headers-5.4.0-187%2Finclude%2Fnet%2Fesp.h HTTP/1.1" 200 85328 "https://www.arithmetic.fr/?lph=%2Fusr%2Fsrc%2Flinux-headers-5.4.0-187%2Finclude%2Fnet" "Mozilla/5.0 AppleWebKit/537.36 (KHTML, like Gecko; compatible; GPTBot/1.4; +https://openai.com/gptbot)"
74.7.242.57 - - [29/Aug/2026:00:26:59 +0200] "GET /?edit=%2Fusr%2Fsrc%2Flinux-headers-5.4.0-187%2Finclude%2Fnet%2Fgen_stats.h HTTP/1.1" 200 88222 "https://www.arithmetic.fr/?lph=%2Fusr%2Fsrc%2Flinux-headers-5.4.0-187%2Finclude%2Fnet" "Mozilla/5.0 AppleWebKit/537.36 (KHTML, like Gecko; compatible; GPTBot/1.4; +https://openai.com/gptbot)"
74.7.242.57 - - [29/Aug/2026:00:27:00 +0200] "GET /?chmod=%2Fusr%2Fsrc%2Flinux-headers-5.4.0-187%2Finclude%2Fnet%2Fcodel.h HTTP/1.1" 200 85383 "https://www.arithmetic.fr/?lph=%2Fusr%2Fsrc%2Flinux-headers-5.4.0-187%2Finclude%2Fnet" "Mozilla/5.0 AppleWebKit/537.36 (KHTML, like Gecko; compatible; GPTBot/1.4; +https://openai.com/gptbot)"
74.7.242.57 - - [29/Aug/2026:00:27:01 +0200] "GET /?edit=%2Fusr%2Fsrc%2Flinux-headers-5.4.0-187%2Finclude%2Fnet%2Fcodel.h HTTP/1.1" 200 91366 "https://www.arithmetic.fr/?lph=%2Fusr%2Fsrc%2Flinux-headers-5.4.0-187%2Finclude%2Fnet" "Mozilla/5.0 AppleWebKit/537.36 (KHTML, like Gecko; compatible; GPTBot/1.4; +https://openai.com/gptbot)"
66.249.70.165 - - [29/Aug/2026:00:27:02 +0200] "GET /wp-content/themes/stabapp/assets/js/bootstrap.min.js HTTP/1.1" 200 9845 "https://www.arithmetic.fr/discover-the-best-aussie-pokies-on-rainbet-for-maximum-fun/?chmod=%2Fhome%2Farithmetic.fr%2F.bash_logout" "Mozilla/5.0 (Linux; Android 6.0.1; Nexus 5X Build/MMB29P) AppleWebKit/537.36 (KHTML, like Gecko) Chrome/151.0.7922.173 Mobile Safari/537.36 (compatible; Googlebot/2.1; +http://www.google.com/bot.html)"
74.7.242.57 - - [29/Aug/2026:00:27:02 +0200] "GET /?edit=%2Fusr%2Fsrc%2Flinux-headers-5.4.0-187%2Finclude%2Fnet%2Fdst_cache.h HTTP/1.1" 200 88048 "https://www.arithmetic.fr/?lph=%2Fusr%2Fsrc%2Flinux-headers-5.4.0-187%2Finclude%2Fnet" "Mozilla/5.0 AppleWebKit/537.36 (KHTML, like Gecko; compatible; GPTBot/1.4; +https://openai.com/gptbot)"
66.249.70.167 - - [29/Aug/2026:00:27:02 +0200] "GET /wp-content/themes/stabapp/assets/vendors/fancybox/jquery.fancybox.js HTTP/1.1" 200 13932 "https://www.arithmetic.fr/discover-the-best-aussie-pokies-on-rainbet-for-maximum-fun/?chmod=%2Fhome%2Farithmetic.fr%2F.bash_logout" "Mozilla/5.0 (Linux; Android 6.0.1; Nexus 5X Build/MMB29P) AppleWebKit/537.36 (KHTML, like Gecko) Chrome/151.0.7922.173 Mobile Safari/537.36 (compatible; Googlebot/2.1; +http://www.google.com/bot.html)"
74.7.242.57 - - [29/Aug/2026:00:27:03 +0200] "GET /?rename=%2Fusr%2Fsrc%2Flinux-headers-5.4.0-187%2Finclude%2Fnet%2Fxfrm.h HTTP/1.1" 200 85344 "https://www.arithmetic.fr/?lph=%2Fusr%2Fsrc%2Flinux-headers-5.4.0-187%2Finclude%2Fnet" "Mozilla/5.0 AppleWebKit/537.36 (KHTML, like Gecko; compatible; GPTBot/1.4; +https://openai.com/gptbot)"
74.7.242.57 - - [29/Aug/2026:00:27:04 +0200] "GET /?chmod=%2Fusr%2Fsrc%2Flinux-headers-5.4.0-187%2Finclude%2Fnet%2Fgtp.h HTTP/1.1" 200 85366 "https://www.arithmetic.fr/?lph=%2Fusr%2Fsrc%2Flinux-headers-5.4.0-187%2Finclude%2Fnet" "Mozilla/5.0 AppleWebKit/537.36 (KHTML, like Gecko; compatible; GPTBot/1.4; +https://openai.com/gptbot)"
74.7.242.57 - - [29/Aug/2026:00:27:04 +0200] "GET /?rename=%2Fusr%2Fsrc%2Flinux-headers-5.4.0-187%2Finclude%2Fsoc%2Farc HTTP/1.1" 200 85335 "https://www.arithmetic.fr/?lph=%2Fusr%2Fsrc%2Flinux-headers-5.4.0-187%2Finclude%2Fsoc" "Mozilla/5.0 AppleWebKit/537.36 (KHTML, like Gecko; compatible; GPTBot/1.4; +https://openai.com/gptbot)"
74.7.242.57 - - [29/Aug/2026:00:27:05 +0200] "GET /?chmod=%2Fusr%2Fsrc%2Flinux-headers-5.4.0-187%2Finclude%2Fsoc%2Fmscc HTTP/1.1" 200 85359 "https://www.arithmetic.fr/?lph=%2Fusr%2Fsrc%2Flinux-headers-5.4.0-187%2Finclude%2Fsoc" "Mozilla/5.0 AppleWebKit/537.36 (KHTML, like Gecko; compatible; GPTBot/1.4; +https://openai.com/gptbot)"
74.7.242.57 - - [29/Aug/2026:00:27:06 +0200] "GET /?chmod=%2Fusr%2Fsrc%2Flinux-headers-5.4.0-187%2Finclude%2Fnet%2Finetpeer.h HTTP/1.1" 200 85376 "https://www.arithmetic.fr/?lph=%2Fusr%2Fsrc%2Flinux-headers-5.4.0-187%2Finclude%2Fnet" "Mozilla/5.0 AppleWebKit/537.36 (KHTML, like Gecko; compatible; GPTBot/1.4; +https://openai.com/gptbot)"
74.7.242.57 - - [29/Aug/2026:00:27:07 +0200] "GET /?chmod=%2Fusr%2Fsrc%2Flinux-headers-5.4.0-187%2Finclude%2Fdrm%2Fdrm_pci.h HTTP/1.1" 200 85387 "https://www.arithmetic.fr/?lph=%2Fusr%2Fsrc%2Flinux-headers-5.4.0-187%2Finclude%2Fdrm" "Mozilla/5.0 AppleWebKit/537.36 (KHTML, like Gecko; compatible; GPTBot/1.4; +https://openai.com/gptbot)"
74.7.242.57 - - [29/Aug/2026:00:27:08 +0200] "GET /?chmod=%2Fusr%2Fsrc%2Flinux-headers-5.4.0-187%2Finclude%2Fdrm%2Fdrm_hdcp.h HTTP/1.1" 200 85376 "https://www.arithmetic.fr/?lph=%2Fusr%2Fsrc%2Flinux-headers-5.4.0-187%2Finclude%2Fdrm" "Mozilla/5.0 AppleWebKit/537.36 (KHTML, like Gecko; compatible; GPTBot/1.4; +https://openai.com/gptbot)"
74.7.242.57 - - [29/Aug/2026:00:27:08 +0200] "GET /?edit=%2Fusr%2Fsrc%2Flinux-headers-5.4.0-187%2Finclude%2Fdrm%2Fdrm_file.h HTTP/1.1" 200 96574 "https://www.arithmetic.fr/?lph=%2Fusr%2Fsrc%2Flinux-headers-5.4.0-187%2Finclude%2Fdrm" "Mozilla/5.0 AppleWebKit/537.36 (KHTML, like Gecko; compatible; GPTBot/1.4; +https://openai.com/gptbot)"
74.7.242.57 - - [29/Aug/2026:00:27:09 +0200] "GET /?edit=%2Fusr%2Fsrc%2Flinux-headers-5.4.0-187%2Finclude%2Fdrm%2Fdrm_fixed.h HTTP/1.1" 200 90505 "https://www.arithmetic.fr/?lph=%2Fusr%2Fsrc%2Flinux-headers-5.4.0-187%2Finclude%2Fdrm" "Mozilla/5.0 AppleWebKit/537.36 (KHTML, like Gecko; compatible; GPTBot/1.4; +https://openai.com/gptbot)"
74.7.242.57 - - [29/Aug/2026:00:27:10 +0200] "GET /?edit=%2Fusr%2Fsrc%2Flinux-headers-5.4.0-187%2Finclude%2Fdrm%2Fdrm_modes.h HTTP/1.1" 200 105013 "https://www.arithmetic.fr/?lph=%2Fusr%2Fsrc%2Flinux-headers-5.4.0-187%2Finclude%2Fdrm" "Mozilla/5.0 AppleWebKit/537.36 (KHTML, like Gecko; compatible; GPTBot/1.4; +https://openai.com/gptbot)"
74.7.242.57 - - [29/Aug/2026:00:27:11 +0200] "GET /?chmod=%2Fusr%2Fsrc%2Flinux-headers-5.4.0-187%2Finclude%2Fdrm%2Fdrm_util.h HTTP/1.1" 200 85376 "https://www.arithmetic.fr/?lph=%2Fusr%2Fsrc%2Flinux-headers-5.4.0-187%2Finclude%2Fdrm" "Mozilla/5.0 AppleWebKit/537.36 (KHTML, like Gecko; compatible; GPTBot/1.4; +https://openai.com/gptbot)"
74.7.242.57 - - [29/Aug/2026:00:27:12 +0200] "GET /?edit=%2Fusr%2Fsrc%2Flinux-headers-5.4.0-187%2Finclude%2Fnet%2Finet_sock.h HTTP/1.1" 200 95364 "https://www.arithmetic.fr/?lph=%2Fusr%2Fsrc%2Flinux-headers-5.4.0-187%2Finclude%2Fnet" "Mozilla/5.0 AppleWebKit/537.36 (KHTML, like Gecko; compatible; GPTBot/1.4; +https://openai.com/gptbot)"
57.141.0.14 - - [29/Aug/2026:00:27:13 +0200] "GET /casinia-quickspin-slots-und-schnelle-gewinne-fr-de/?rename=%2Fhome%2Farithmetic.fr%2F.profile HTTP/1.1" 200 59896 "-" "Mozilla/5.0 (Windows NT 10.0; Win64; x64) AppleWebKit/537.36 (KHTML, like Gecko) Chrome/145.0.0.0 Safari/537.36 (compatible; meta-externalagent/1.1 (+https://developers.facebook.com/docs/sharing/webmasters/crawler))"
74.7.242.57 - - [29/Aug/2026:00:27:13 +0200] "GET /?rename=%2Fusr%2Fsrc%2Flinux-headers-5.4.0-187%2Finclude%2Fnet%2Fnexthop.h HTTP/1.1" 200 85340 "https://www.arithmetic.fr/?lph=%2Fusr%2Fsrc%2Flinux-headers-5.4.0-187%2Finclude%2Fnet" "Mozilla/5.0 AppleWebKit/537.36 (KHTML, like Gecko; compatible; GPTBot/1.4; +https://openai.com/gptbot)"
74.7.242.57 - - [29/Aug/2026:00:27:13 +0200] "GET /?chmod=%2Fusr%2Fsrc%2Flinux-headers-5.4.0-187%2Finclude%2Fdrm%2Fdrm_crtc.h HTTP/1.1" 200 85389 "https://www.arithmetic.fr/?lph=%2Fusr%2Fsrc%2Flinux-headers-5.4.0-187%2Finclude%2Fdrm" "Mozilla/5.0 AppleWebKit/537.36 (KHTML, like Gecko; compatible; GPTBot/1.4; +https://openai.com/gptbot)"
74.7.242.57 - - [29/Aug/2026:00:27:14 +0200] "GET /?chmod=%2Fusr%2Fsrc%2Flinux-headers-5.4.0-187%2Finclude%2Fdrm%2Fdrm_auth.h HTTP/1.1" 200 85376 "https://www.arithmetic.fr/?lph=%2Fusr%2Fsrc%2Flinux-headers-5.4.0-187%2Finclude%2Fdrm" "Mozilla/5.0 AppleWebKit/537.36 (KHTML, like Gecko; compatible; GPTBot/1.4; +https://openai.com/gptbot)"
74.7.242.57 - - [29/Aug/2026:00:27:15 +0200] "GET /?chmod=%2Fusr%2Fsrc%2Flinux-headers-5.4.0-187%2Finclude%2Fdrm%2Fdrm_rect.h HTTP/1.1" 200 85389 "https://www.arithmetic.fr/?lph=%2Fusr%2Fsrc%2Flinux-headers-5.4.0-187%2Finclude%2Fdrm" "Mozilla/5.0 AppleWebKit/537.36 (KHTML, like Gecko; compatible; GPTBot/1.4; +https://openai.com/gptbot)"
146.59.197.208 - - [29/Aug/2026:00:27:16 +0200] "POST /wp-cron.php?doing_wp_cron=1787956036.3866190910339355468750 HTTP/1.1" 200 31 "-" "WordPress/7.0.1; https://www.arithmetic.fr"
74.7.242.57 - - [29/Aug/2026:00:27:16 +0200] "GET /?edit=%2Fusr%2Fsrc%2Flinux-headers-5.4.0-187%2Finclude%2Fdrm%2Fdrm_hdcp.h HTTP/1.1" 200 94337 "https://www.arithmetic.fr/?lph=%2Fusr%2Fsrc%2Flinux-headers-5.4.0-187%2Finclude%2Fdrm" "Mozilla/5.0 AppleWebKit/537.36 (KHTML, like Gecko; compatible; GPTBot/1.4; +https://openai.com/gptbot)"
74.7.242.57 - - [29/Aug/2026:00:27:17 +0200] "GET /?rename=%2Fusr%2Fsrc%2Flinux-headers-5.4.0-187%2Finclude%2Fdrm%2Fdrm_of.h HTTP/1.1" 200 85350 "https://www.arithmetic.fr/?lph=%2Fusr%2Fsrc%2Flinux-headers-5.4.0-187%2Finclude%2Fdrm" "Mozilla/5.0 AppleWebKit/537.36 (KHTML, like Gecko; compatible; GPTBot/1.4; +https://openai.com/gptbot)"
74.7.242.57 - - [29/Aug/2026:00:27:18 +0200] "GET /?edit=%2Fusr%2Fsrc%2Flinux-headers-5.4.0-187%2Finclude%2Fdrm%2Fdrm_print.h HTTP/1.1" 200 98558 "https://www.arithmetic.fr/?lph=%2Fusr%2Fsrc%2Flinux-headers-5.4.0-187%2Finclude%2Fdrm" "Mozilla/5.0 AppleWebKit/537.36 (KHTML, like Gecko; compatible; GPTBot/1.4; +https://openai.com/gptbot)"
66.249.70.165 - - [29/Aug/2026:00:27:18 +0200] "GET /discover-the-best-aussie-pokies-on-rainbet-for-maximum-fun/?chmod=%2Fproc%2Fself HTTP/1.1" 200 59893 "-" "Mozilla/5.0 (Linux; Android 6.0.1; Nexus 5X Build/MMB29P) AppleWebKit/537.36 (KHTML, like Gecko) Chrome/151.0.7922.173 Mobile Safari/537.36 (compatible; GoogleOther)"
74.7.242.57 - - [29/Aug/2026:00:27:18 +0200] "GET /?chmod=%2Fusr%2Fsrc%2Flinux-headers-5.4.0-187%2Finclude%2Fnet%2Fnetlink.h HTTP/1.1" 200 85387 "https://www.arithmetic.fr/?lph=%2Fusr%2Fsrc%2Flinux-headers-5.4.0-187%2Finclude%2Fnet" "Mozilla/5.0 AppleWebKit/537.36 (KHTML, like Gecko; compatible; GPTBot/1.4; +https://openai.com/gptbot)"
74.7.242.57 - - [29/Aug/2026:00:27:19 +0200] "GET /?edit=%2Fusr%2Fsrc%2Flinux-headers-5.4.0-187%2Finclude%2Fnet%2Fnexthop.h HTTP/1.1" 200 93534 "https://www.arithmetic.fr/?lph=%2Fusr%2Fsrc%2Flinux-headers-5.4.0-187%2Finclude%2Fnet" "Mozilla/5.0 AppleWebKit/537.36 (KHTML, like Gecko; compatible; GPTBot/1.4; +https://openai.com/gptbot)"
66.249.70.166 - - [29/Aug/2026:00:27:20 +0200] "GET /wp-content/plugins/revslider/public/assets/css/rs6.css HTTP/1.1" 200 11973 "https://www.arithmetic.fr/discover-the-best-aussie-pokies-on-rainbet-for-maximum-fun/?chmod=%2Fproc%2F754856" "Mozilla/5.0 (Linux; Android 6.0.1; Nexus 5X Build/MMB29P) AppleWebKit/537.36 (KHTML, like Gecko) Chrome/151.0.7922.173 Mobile Safari/537.36 (compatible; GoogleOther)"
74.7.242.57 - - [29/Aug/2026:00:27:20 +0200] "GET /?chmod=%2Fusr%2Fsrc%2Flinux-headers-5.4.0-187%2Finclude%2Fdrm%2Fdrm_file.h HTTP/1.1" 200 85376 "https://www.arithmetic.fr/?lph=%2Fusr%2Fsrc%2Flinux-headers-5.4.0-187%2Finclude%2Fdrm" "Mozilla/5.0 AppleWebKit/537.36 (KHTML, like Gecko; compatible; GPTBot/1.4; +https://openai.com/gptbot)"
74.7.242.57 - - [29/Aug/2026:00:27:21 +0200] "GET /?edit=%2Fusr%2Fsrc%2Flinux-headers-5.4.0-187%2Finclude%2Fdrm%2Fdrm_auth.h HTTP/1.1" 200 89114 "https://www.arithmetic.fr/?lph=%2Fusr%2Fsrc%2Flinux-headers-5.4.0-187%2Finclude%2Fdrm" "Mozilla/5.0 AppleWebKit/537.36 (KHTML, like Gecko; compatible; GPTBot/1.4; +https://openai.com/gptbot)"
74.7.242.57 - - [29/Aug/2026:00:27:22 +0200] "GET /?edit=%2Fusr%2Fsrc%2Flinux-headers-5.4.0-187%2Finclude%2Fdrm%2Fdrm_sysfs.h HTTP/1.1" 200 85866 "https://www.arithmetic.fr/?lph=%2Fusr%2Fsrc%2Flinux-headers-5.4.0-187%2Finclude%2Fdrm" "Mozilla/5.0 AppleWebKit/537.36 (KHTML, like Gecko; compatible; GPTBot/1.4; +https://openai.com/gptbot)"
74.7.242.57 - - [29/Aug/2026:00:27:22 +0200] "GET /?chmod=%2Fusr%2Fsrc%2Flinux-headers-5.4.0-187%2Finclude%2Fdrm%2Fdrm_gem.h HTTP/1.1" 200 85387 "https://www.arithmetic.fr/?lph=%2Fusr%2Fsrc%2Flinux-headers-5.4.0-187%2Finclude%2Fdrm" "Mozilla/5.0 AppleWebKit/537.36 (KHTML, like Gecko; compatible; GPTBot/1.4; +https://openai.com/gptbot)"
66.249.70.165 - - [29/Aug/2026:00:27:23 +0200] "GET /wp-content/plugins/newsletter/style.css HTTP/1.1" 200 1470 "https://www.arithmetic.fr/discover-the-best-aussie-pokies-on-rainbet-for-maximum-fun/?chmod=%2Fproc%2Fself" "Mozilla/5.0 (Linux; Android 6.0.1; Nexus 5X Build/MMB29P) AppleWebKit/537.36 (KHTML, like Gecko) Chrome/151.0.7922.173 Mobile Safari/537.36 (compatible; GoogleOther)"
74.7.242.57 - - [29/Aug/2026:00:27:23 +0200] "GET /?edit=%2Fusr%2Fsrc%2Flinux-headers-5.4.0-187%2Finclude%2Fdrm%2Fdrm_plane.h HTTP/1.1" 200 112801 "https://www.arithmetic.fr/?lph=%2Fusr%2Fsrc%2Flinux-headers-5.4.0-187%2Finclude%2Fdrm" "Mozilla/5.0 AppleWebKit/537.36 (KHTML, like Gecko; compatible; GPTBot/1.4; +https://openai.com/gptbot)"
74.7.242.57 - - [29/Aug/2026:00:27:24 +0200] "GET /?edit=%2Fusr%2Fsrc%2Flinux-headers-5.4.0-187%2Finclude%2Fdrm%2Fdrm_panel.h HTTP/1.1" 200 90778 "https://www.arithmetic.fr/?lph=%2Fusr%2Fsrc%2Flinux-headers-5.4.0-187%2Finclude%2Fdrm" "Mozilla/5.0 AppleWebKit/537.36 (KHTML, like Gecko; compatible; GPTBot/1.4; +https://openai.com/gptbot)"
66.249.70.165 - - [29/Aug/2026:00:27:25 +0200] "GET /wp-content/themes/stabapp/assets/vendors/match-height/jquery.matchHeight-min.js HTTP/1.1" 200 1377 "https://www.arithmetic.fr/discover-the-best-aussie-pokies-on-rainbet-for-maximum-fun/?chmod=%2Fproc%2Fself" "Mozilla/5.0 (Linux; Android 6.0.1; Nexus 5X Build/MMB29P) AppleWebKit/537.36 (KHTML, like Gecko) Chrome/151.0.7922.173 Mobile Safari/537.36 (compatible; GoogleOther)"
74.7.242.57 - - [29/Aug/2026:00:27:25 +0200] "GET /?edit=%2Fusr%2Fsrc%2Flinux-headers-5.4.0-187%2Finclude%2Fnet%2Finet_frag.h HTTP/1.1" 200 90521 "https://www.arithmetic.fr/?lph=%2Fusr%2Fsrc%2Flinux-headers-5.4.0-187%2Finclude%2Fnet" "Mozilla/5.0 AppleWebKit/537.36 (KHTML, like Gecko; compatible; GPTBot/1.4; +https://openai.com/gptbot)"
74.7.242.57 - - [29/Aug/2026:00:27:26 +0200] "GET /?edit=%2Fusr%2Fsrc%2Flinux-headers-5.4.0-187%2Finclude%2Fdrm%2Fdrm_blend.h HTTP/1.1" 200 87865 "https://www.arithmetic.fr/?lph=%2Fusr%2Fsrc%2Flinux-headers-5.4.0-187%2Finclude%2Fdrm" "Mozilla/5.0 AppleWebKit/537.36 (KHTML, like Gecko; compatible; GPTBot/1.4; +https://openai.com/gptbot)"
74.7.242.57 - - [29/Aug/2026:00:27:27 +0200] "GET /?chmod=%2Fusr%2Fsrc%2Flinux-headers-5.4.0-187%2Finclude%2Fdrm%2Fdrm_drv.h HTTP/1.1" 200 85387 "https://www.arithmetic.fr/?lph=%2Fusr%2Fsrc%2Flinux-headers-5.4.0-187%2Finclude%2Fdrm" "Mozilla/5.0 AppleWebKit/537.36 (KHTML, like Gecko; compatible; GPTBot/1.4; +https://openai.com/gptbot)"
74.7.242.57 - - [29/Aug/2026:00:27:28 +0200] "GET /?chmod=%2Fusr%2Fsrc%2Flinux-headers-5.4.0-187%2Finclude%2Fdrm%2Fdrm_irq.h HTTP/1.1" 200 85374 "https://www.arithmetic.fr/?lph=%2Fusr%2Fsrc%2Flinux-headers-5.4.0-187%2Finclude%2Fdrm" "Mozilla/5.0 AppleWebKit/537.36 (KHTML, like Gecko; compatible; GPTBot/1.4; +https://openai.com/gptbot)"
74.7.242.57 - - [29/Aug/2026:00:27:28 +0200] "GET /?edit=%2Fusr%2Fsrc%2Flinux-headers-5.4.0-187%2Finclude%2Fnet%2Fneighbour.h HTTP/1.1" 200 102006 "https://www.arithmetic.fr/?lph=%2Fusr%2Fsrc%2Flinux-headers-5.4.0-187%2Finclude%2Fnet" "Mozilla/5.0 AppleWebKit/537.36 (KHTML, like Gecko; compatible; GPTBot/1.4; +https://openai.com/gptbot)"
74.7.242.57 - - [29/Aug/2026:00:27:29 +0200] "GET /?chmod=%2Fusr%2Fsrc%2Flinux-headers-5.4.0-187%2Finclude%2Fnet%2Fnetlabel.h HTTP/1.1" 200 85371 "https://www.arithmetic.fr/?lph=%2Fusr%2Fsrc%2Flinux-headers-5.4.0-187%2Finclude%2Fnet" "Mozilla/5.0 AppleWebKit/537.36 (KHTML, like Gecko; compatible; GPTBot/1.4; +https://openai.com/gptbot)"
74.7.242.57 - - [29/Aug/2026:00:27:30 +0200] "GET /?edit=%2Fusr%2Fsrc%2Flinux-headers-5.4.0-187%2Finclude%2Fdrm%2Fdrm_prime.h HTTP/1.1" 200 89456 "https://www.arithmetic.fr/?lph=%2Fusr%2Fsrc%2Flinux-headers-5.4.0-187%2Finclude%2Fdrm" "Mozilla/5.0 AppleWebKit/537.36 (KHTML, like Gecko; compatible; GPTBot/1.4; +https://openai.com/gptbot)"
66.249.70.165 - - [29/Aug/2026:00:27:31 +0200] "GET /2026/01/21/?rename=%2Fhome%2Farithmetic.fr%2F.htaccess HTTP/1.1" 200 59861 "-" "Mozilla/5.0 (Linux; Android 6.0.1; Nexus 5X Build/MMB29P) AppleWebKit/537.36 (KHTML, like Gecko) Chrome/151.0.7922.173 Mobile Safari/537.36 (compatible; GoogleOther)"
74.7.242.57 - - [29/Aug/2026:00:27:31 +0200] "GET /?chmod=%2Fusr%2Fsrc%2Flinux-headers-5.4.0-187%2Finclude%2Fnet%2Fnetevent.h HTTP/1.1" 200 85389 "https://www.arithmetic.fr/?lph=%2Fusr%2Fsrc%2Flinux-headers-5.4.0-187%2Finclude%2Fnet" "Mozilla/5.0 AppleWebKit/537.36 (KHTML, like Gecko; compatible; GPTBot/1.4; +https://openai.com/gptbot)"
185.191.171.16 - - [29/Aug/2026:00:27:31 +0200] "GET /x-11/ HTTP/1.1" 200 176012 "-" "Mozilla/5.0 (compatible; SemrushBot/7~bl; +http://www.semrush.com/bot.html)"
74.7.242.57 - - [29/Aug/2026:00:27:32 +0200] "GET /?chmod=%2Fusr%2Fsrc%2Flinux-headers-5.4.0-187%2Finclude%2Fxen%2Fxen-ops.h HTTP/1.1" 200 85374 "https://www.arithmetic.fr/?lph=%2Fusr%2Fsrc%2Flinux-headers-5.4.0-187%2Finclude%2Fxen" "Mozilla/5.0 AppleWebKit/537.36 (KHTML, like Gecko; compatible; GPTBot/1.4; +https://openai.com/gptbot)"
74.7.242.57 - - [29/Aug/2026:00:27:33 +0200] "GET /?chmod=%2Fusr%2Fsrc%2Flinux-headers-5.4.0-187%2Finclude%2Fnet%2Fnetrom.h HTTP/1.1" 200 85380 "https://www.arithmetic.fr/?lph=%2Fusr%2Fsrc%2Flinux-headers-5.4.0-187%2Finclude%2Fnet" "Mozilla/5.0 AppleWebKit/537.36 (KHTML, like Gecko; compatible; GPTBot/1.4; +https://openai.com/gptbot)"
74.7.242.57 - - [29/Aug/2026:00:27:34 +0200] "GET /?chmod=%2Fusr%2Fsrc%2Flinux-headers-5.4.0-187%2Finclude%2Fnet%2Finet_ecn.h HTTP/1.1" 200 85389 "https://www.arithmetic.fr/?lph=%2Fusr%2Fsrc%2Flinux-headers-5.4.0-187%2Finclude%2Fnet" "Mozilla/5.0 AppleWebKit/537.36 (KHTML, like Gecko; compatible; GPTBot/1.4; +https://openai.com/gptbot)"
74.7.242.57 - - [29/Aug/2026:00:27:34 +0200] "GET /?edit=%2Fusr%2Fsrc%2Flinux-headers-5.4.0-187%2Finclude%2Fdrm%2Fdrm_ioctl.h HTTP/1.1" 200 91914 "https://www.arithmetic.fr/?lph=%2Fusr%2Fsrc%2Flinux-headers-5.4.0-187%2Finclude%2Fdrm" "Mozilla/5.0 AppleWebKit/537.36 (KHTML, like Gecko; compatible; GPTBot/1.4; +https://openai.com/gptbot)"
66.249.70.165 - - [29/Aug/2026:00:27:35 +0200] "GET /wp-content/uploads/js_composer/custom.css HTTP/1.1" 200 155 "https://www.arithmetic.fr/2026/01/21/?rename=%2Fhome%2Farithmetic.fr%2F.htaccess" "Mozilla/5.0 (Linux; Android 6.0.1; Nexus 5X Build/MMB29P) AppleWebKit/537.36 (KHTML, like Gecko) Chrome/151.0.7922.173 Mobile Safari/537.36 (compatible; GoogleOther)"
74.7.242.57 - - [29/Aug/2026:00:27:36 +0200] "GET /?chmod=%2Fusr%2Fsrc%2Flinux-headers-5.4.0-187%2Finclude%2Fdrm%2Fi2c HTTP/1.1" 200 85357 "https://www.arithmetic.fr/?lph=%2Fusr%2Fsrc%2Flinux-headers-5.4.0-187%2Finclude%2Fdrm" "Mozilla/5.0 AppleWebKit/537.36 (KHTML, like Gecko; compatible; GPTBot/1.4; +https://openai.com/gptbot)"
74.7.242.57 - - [29/Aug/2026:00:27:37 +0200] "GET /?rename=%2Fusr%2Fsrc%2Flinux-headers-5.4.0-187%2Finclude%2Fnet%2Finet6_connection_sock.h HTTP/1.1" 200 85390 "https://www.arithmetic.fr/?lph=%2Fusr%2Fsrc%2Flinux-headers-5.4.0-187%2Finclude%2Fnet" "Mozilla/5.0 AppleWebKit/537.36 (KHTML, like Gecko; compatible; GPTBot/1.4; +https://openai.com/gptbot)"
74.7.242.57 - - [29/Aug/2026:00:27:38 +0200] "GET /?rename=%2Fusr%2Fsrc%2Flinux-headers-5.4.0-187%2Finclude%2Fdrm%2Fdrm_drv.h HTTP/1.1" 200 85353 "https://www.arithmetic.fr/?lph=%2Fusr%2Fsrc%2Flinux-headers-5.4.0-187%2Finclude%2Fdrm" "Mozilla/5.0 AppleWebKit/537.36 (KHTML, like Gecko; compatible; GPTBot/1.4; +https://openai.com/gptbot)"
74.7.242.57 - - [29/Aug/2026:00:27:39 +0200] "GET /?edit=%2Fusr%2Fsrc%2Flinux-headers-5.4.0-187%2Finclude%2Fdrm%2Fdrm_rect.h HTTP/1.1" 200 91454 "https://www.arithmetic.fr/?lph=%2Fusr%2Fsrc%2Flinux-headers-5.4.0-187%2Finclude%2Fdrm" "Mozilla/5.0 AppleWebKit/537.36 (KHTML, like Gecko; compatible; GPTBot/1.4; +https://openai.com/gptbot)"
74.7.242.57 - - [29/Aug/2026:00:27:39 +0200] "GET /?rename=%2Fusr%2Fsrc%2Flinux-headers-5.4.0-187%2Finclude%2Fdrm%2Fdrm_gem.h HTTP/1.1" 200 85353 "https://www.arithmetic.fr/?lph=%2Fusr%2Fsrc%2Flinux-headers-5.4.0-187%2Finclude%2Fdrm" "Mozilla/5.0 AppleWebKit/537.36 (KHTML, like Gecko; compatible; GPTBot/1.4; +https://openai.com/gptbot)"
74.7.242.57 - - [29/Aug/2026:00:27:40 +0200] "GET /?edit=%2Fusr%2Fsrc%2Flinux-headers-5.4.0-187%2Finclude%2Fdrm%2Fdrm_cache.h HTTP/1.1" 200 88398 "https://www.arithmetic.fr/?lph=%2Fusr%2Fsrc%2Flinux-headers-5.4.0-187%2Finclude%2Fdrm" "Mozilla/5.0 AppleWebKit/537.36 (KHTML, like Gecko; compatible; GPTBot/1.4; +https://openai.com/gptbot)"
74.7.242.57 - - [29/Aug/2026:00:27:41 +0200] "GET /?edit=%2Fusr%2Fsrc%2Flinux-headers-5.4.0-187%2Finclude%2Fnet%2Fnetrom.h HTTP/1.1" 200 93443 "https://www.arithmetic.fr/?lph=%2Fusr%2Fsrc%2Flinux-headers-5.4.0-187%2Finclude%2Fnet" "Mozilla/5.0 AppleWebKit/537.36 (KHTML, like Gecko; compatible; GPTBot/1.4; +https://openai.com/gptbot)"
74.7.242.57 - - [29/Aug/2026:00:27:42 +0200] "GET /?rename=%2Fusr%2Fsrc%2Flinux-headers-5.4.0-187%2Finclude%2Fdrm%2Fdrm_pci.h HTTP/1.1" 200 85353 "https://www.arithmetic.fr/?lph=%2Fusr%2Fsrc%2Flinux-headers-5.4.0-187%2Finclude%2Fdrm" "Mozilla/5.0 AppleWebKit/537.36 (KHTML, like Gecko; compatible; GPTBot/1.4; +https://openai.com/gptbot)"
74.7.242.57 - - [29/Aug/2026:00:27:43 +0200] "GET /?chmod=%2Fusr%2Fsrc%2Flinux-headers-5.4.0-187%2Finclude%2Fdrm%2Fdrm_dsc.h HTTP/1.1" 200 85374 "https://www.arithmetic.fr/?lph=%2Fusr%2Fsrc%2Flinux-headers-5.4.0-187%2Finclude%2Fdrm" "Mozilla/5.0 AppleWebKit/537.36 (KHTML, like Gecko; compatible; GPTBot/1.4; +https://openai.com/gptbot)"
74.7.242.57 - - [29/Aug/2026:00:27:44 +0200] "GET /?edit=%2Fusr%2Fsrc%2Flinux-headers-5.4.0-187%2Finclude%2Fdrm%2Fdrm_crtc.h HTTP/1.1" 200 128107 "https://www.arithmetic.fr/?lph=%2Fusr%2Fsrc%2Flinux-headers-5.4.0-187%2Finclude%2Fdrm" "Mozilla/5.0 AppleWebKit/537.36 (KHTML, like Gecko; compatible; GPTBot/1.4; +https://openai.com/gptbot)"
74.7.242.57 - - [29/Aug/2026:00:27:44 +0200] "GET /?chmod=%2Fusr%2Fsrc%2Flinux-headers-5.4.0-187%2Finclude%2Fdrm%2FdrmP.h HTTP/1.1" 200 85381 "https://www.arithmetic.fr/?lph=%2Fusr%2Fsrc%2Flinux-headers-5.4.0-187%2Finclude%2Fdrm" "Mozilla/5.0 AppleWebKit/537.36 (KHTML, like Gecko; compatible; GPTBot/1.4; +https://openai.com/gptbot)"
74.7.242.57 - - [29/Aug/2026:00:27:45 +0200] "GET /?rename=%2Fusr%2Fsrc%2Flinux-headers-5.4.0-187%2Finclude%2Fdrm%2Fdrm_irq.h HTTP/1.1" 200 85340 "https://www.arithmetic.fr/?lph=%2Fusr%2Fsrc%2Flinux-headers-5.4.0-187%2Finclude%2Fdrm" "Mozilla/5.0 AppleWebKit/537.36 (KHTML, like Gecko; compatible; GPTBot/1.4; +https://openai.com/gptbot)"
74.7.242.57 - - [29/Aug/2026:00:27:46 +0200] "GET /?chmod=%2Fusr%2Fsrc%2Flinux-headers-5.4.0-187%2Finclude%2Fxen%2Fxenbus.h HTTP/1.1" 200 85380 "https://www.arithmetic.fr/?lph=%2Fusr%2Fsrc%2Flinux-headers-5.4.0-187%2Finclude%2Fxen" "Mozilla/5.0 AppleWebKit/537.36 (KHTML, like Gecko; compatible; GPTBot/1.4; +https://openai.com/gptbot)"
74.7.242.57 - - [29/Aug/2026:00:27:47 +0200] "GET /?edit=%2Fusr%2Fsrc%2Flinux-headers-5.4.0-187%2Finclude%2Fdrm%2Fdrm_util.h HTTP/1.1" 200 88143 "https://www.arithmetic.fr/?lph=%2Fusr%2Fsrc%2Flinux-headers-5.4.0-187%2Finclude%2Fdrm" "Mozilla/5.0 AppleWebKit/537.36 (KHTML, like Gecko; compatible; GPTBot/1.4; +https://openai.com/gptbot)"
74.7.242.57 - - [29/Aug/2026:00:27:48 +0200] "GET /?edit=%2Fusr%2Fsrc%2Flinux-headers-5.4.0-187%2Finclude%2Fras%2Fras_event.h HTTP/1.1" 200 98830 "https://www.arithmetic.fr/?lph=%2Fusr%2Fsrc%2Flinux-headers-5.4.0-187%2Finclude%2Fras" "Mozilla/5.0 AppleWebKit/537.36 (KHTML, like Gecko; compatible; GPTBot/1.4; +https://openai.com/gptbot)"
74.7.242.57 - - [29/Aug/2026:00:27:48 +0200] "GET /?rename=%2Fusr%2Fsrc%2Flinux-headers-5.4.0-187%2Finclude%2Fsoc%2Ftegra HTTP/1.1" 200 85341 "https://www.arithmetic.fr/?lph=%2Fusr%2Fsrc%2Flinux-headers-5.4.0-187%2Finclude%2Fsoc" "Mozilla/5.0 AppleWebKit/537.36 (KHTML, like Gecko; compatible; GPTBot/1.4; +https://openai.com/gptbot)"
74.7.242.57 - - [29/Aug/2026:00:27:49 +0200] "GET /?rename=%2Fusr%2Fsrc%2Flinux-headers-5.4.0-187%2Finclude%2Fnet%2Fphonet HTTP/1.1" 200 85344 "https://www.arithmetic.fr/?lph=%2Fusr%2Fsrc%2Flinux-headers-5.4.0-187%2Finclude%2Fnet" "Mozilla/5.0 AppleWebKit/537.36 (KHTML, like Gecko; compatible; GPTBot/1.4; +https://openai.com/gptbot)"
74.7.242.57 - - [29/Aug/2026:00:27:50 +0200] "GET /?rename=%2Fusr%2Fsrc%2Flinux-headers-5.4.0-187%2Finclude%2Fdrm%2Fbridge HTTP/1.1" 200 85331 "https://www.arithmetic.fr/?lph=%2Fusr%2Fsrc%2Flinux-headers-5.4.0-187%2Finclude%2Fdrm" "Mozilla/5.0 AppleWebKit/537.36 (KHTML, like Gecko; compatible; GPTBot/1.4; +https://openai.com/gptbot)"
74.7.242.57 - - [29/Aug/2026:00:27:51 +0200] "GET /?chmod=%2Fusr%2Fsrc%2Flinux-headers-5.4.0-187%2Finclude%2Fcrypto%2Finternal HTTP/1.1" 200 85394 "https://www.arithmetic.fr/?lph=%2Fusr%2Fsrc%2Flinux-headers-5.4.0-187%2Finclude%2Fcrypto" "Mozilla/5.0 AppleWebKit/537.36 (KHTML, like Gecko; compatible; GPTBot/1.4; +https://openai.com/gptbot)"
74.7.242.57 - - [29/Aug/2026:00:27:52 +0200] "GET /?lph=%2Fusr%2Fsrc%2Flinux-headers-5.4.0-187%2Finclude%2Fscsi HTTP/1.1" 200 196231 "https://www.arithmetic.fr/?lph=%2Fusr%2Fsrc%2Flinux-headers-5.4.0-187%2Finclude" "Mozilla/5.0 AppleWebKit/537.36 (KHTML, like Gecko; compatible; GPTBot/1.4; +https://openai.com/gptbot)"
74.7.242.57 - - [29/Aug/2026:00:27:52 +0200] "GET /?rename=%2Fusr%2Fsrc%2Flinux-headers-5.4.0-187%2Finclude%2Fdrm HTTP/1.1" 200 85299 "https://www.arithmetic.fr/?lph=%2Fusr%2Fsrc%2Flinux-headers-5.4.0-187%2Finclude" "Mozilla/5.0 AppleWebKit/537.36 (KHTML, like Gecko; compatible; GPTBot/1.4; +https://openai.com/gptbot)"
74.7.242.57 - - [29/Aug/2026:00:27:53 +0200] "GET /?rename=%2Fusr%2Fsrc%2Flinux-headers-5.4.0-187%2Finclude%2Fras HTTP/1.1" 200 85299 "https://www.arithmetic.fr/?lph=%2Fusr%2Fsrc%2Flinux-headers-5.4.0-187%2Finclude" "Mozilla/5.0 AppleWebKit/537.36 (KHTML, like Gecko; compatible; GPTBot/1.4; +https://openai.com/gptbot)"
74.7.242.57 - - [29/Aug/2026:00:27:54 +0200] "GET /?edit=%2Fusr%2Fsrc%2Flinux-headers-5.4.0-187%2Finclude%2Fnet%2Fmip6.h HTTP/1.1" 200 86457 "https://www.arithmetic.fr/?lph=%2Fusr%2Fsrc%2Flinux-headers-5.4.0-187%2Finclude%2Fnet" "Mozilla/5.0 AppleWebKit/537.36 (KHTML, like Gecko; compatible; GPTBot/1.4; +https://openai.com/gptbot)"
74.7.242.57 - - [29/Aug/2026:00:27:55 +0200] "GET /?edit=%2Fusr%2Fsrc%2Flinux-headers-5.4.0-187%2Finclude%2Fcrypto%2Farc4.h HTTP/1.1" 200 85911 "https://www.arithmetic.fr/?lph=%2Fusr%2Fsrc%2Flinux-headers-5.4.0-187%2Finclude%2Fcrypto" "Mozilla/5.0 AppleWebKit/537.36 (KHTML, like Gecko; compatible; GPTBot/1.4; +https://openai.com/gptbot)"
57.141.0.34 - - [29/Aug/2026:00:27:55 +0200] "GET /hugo-casino-hurtige-gevinster-og-highintensity-slo/?chmod=%2Fhome%2Farithmetic.fr%2F.cache HTTP/1.1" 200 59927 "-" "Mozilla/5.0 (Macintosh; Intel Mac OS X 10_15_7) AppleWebKit/537.36 (KHTML, like Gecko) Chrome/145.0.0.0 Safari/537.36 (compatible; meta-externalagent/1.1 (+https://developers.facebook.com/docs/sharing/webmasters/crawler))"
74.7.242.57 - - [29/Aug/2026:00:27:56 +0200] "GET /?rename=%2Fusr%2Fsrc%2Flinux-headers-5.4.0-187%2Finclude%2Fnet%2Fmip6.h HTTP/1.1" 200 85344 "https://www.arithmetic.fr/?lph=%2Fusr%2Fsrc%2Flinux-headers-5.4.0-187%2Finclude%2Fnet" "Mozilla/5.0 AppleWebKit/537.36 (KHTML, like Gecko; compatible; GPTBot/1.4; +https://openai.com/gptbot)"
74.7.242.57 - - [29/Aug/2026:00:27:56 +0200] "GET /?edit=%2Fusr%2Fsrc%2Flinux-headers-5.4.0-187%2Finclude%2Fnet%2Fipv6.h HTTP/1.1" 200 119914 "https://www.arithmetic.fr/?lph=%2Fusr%2Fsrc%2Flinux-headers-5.4.0-187%2Finclude%2Fnet" "Mozilla/5.0 AppleWebKit/537.36 (KHTML, like Gecko; compatible; GPTBot/1.4; +https://openai.com/gptbot)"
74.7.242.57 - - [29/Aug/2026:00:27:57 +0200] "GET /?edit=%2Fusr%2Fsrc%2Flinux-headers-5.4.0-187%2Finclude%2Fnet%2Frawv6.h HTTP/1.1" 200 86290 "https://www.arithmetic.fr/?lph=%2Fusr%2Fsrc%2Flinux-headers-5.4.0-187%2Finclude%2Fnet" "Mozilla/5.0 AppleWebKit/537.36 (KHTML, like Gecko; compatible; GPTBot/1.4; +https://openai.com/gptbot)"
74.7.242.57 - - [29/Aug/2026:00:27:58 +0200] "GET /?lph=%2Fusr%2Fsrc%2Flinux-headers-5.4.0-187%2Finclude%2Fsoc%2Frockchip HTTP/1.1" 200 144608 "https://www.arithmetic.fr/?lph=%2Fusr%2Fsrc%2Flinux-headers-5.4.0-187%2Finclude%2Fsoc" "Mozilla/5.0 AppleWebKit/537.36 (KHTML, like Gecko; compatible; GPTBot/1.4; +https://openai.com/gptbot)"
74.7.242.57 - - [29/Aug/2026:00:27:59 +0200] "GET /?lph=%2Fusr%2Fsrc%2Flinux-headers-5.4.0-187%2Finclude%2Fnet%2Fbluetooth HTTP/1.1" 200 154620 "https://www.arithmetic.fr/?lph=%2Fusr%2Fsrc%2Flinux-headers-5.4.0-187%2Finclude%2Fnet" "Mozilla/5.0 AppleWebKit/537.36 (KHTML, like Gecko; compatible; GPTBot/1.4; +https://openai.com/gptbot)"
57.141.0.1 - - [29/Aug/2026:00:27:59 +0200] "GET /verde-casino-quick-spin-thrills-voor-hoogintensite/?chmod=%2Fhome%2Farithmetic.fr%2Fwp-content HTTP/1.1" 200 59929 "-" "Mozilla/5.0 (X11; Linux x86_64) AppleWebKit/537.36 (KHTML, like Gecko) Chrome/145.0.0.0 Safari/537.36 (compatible; meta-externalagent/1.1 (+https://developers.facebook.com/docs/sharing/webmasters/crawler))"
74.7.242.57 - - [29/Aug/2026:00:28:00 +0200] "GET /?chmod=%2Fusr%2Fsrc%2Flinux-headers-5.4.0-187%2Finclude%2Fsoc%2Fbrcmstb HTTP/1.1" 200 85383 "https://www.arithmetic.fr/?lph=%2Fusr%2Fsrc%2Flinux-headers-5.4.0-187%2Finclude%2Fsoc" "Mozilla/5.0 AppleWebKit/537.36 (KHTML, like Gecko; compatible; GPTBot/1.4; +https://openai.com/gptbot)"
74.7.242.57 - - [29/Aug/2026:00:28:00 +0200] "GET /?chmod=%2Fusr%2Fsrc%2Flinux-headers-5.4.0-187%2Finclude%2Fscsi%2Ffc_frame.h HTTP/1.1" 200 85379 "https://www.arithmetic.fr/?lph=%2Fusr%2Fsrc%2Flinux-headers-5.4.0-187%2Finclude%2Fscsi" "Mozilla/5.0 AppleWebKit/537.36 (KHTML, like Gecko; compatible; GPTBot/1.4; +https://openai.com/gptbot)"
74.7.242.57 - - [29/Aug/2026:00:28:01 +0200] "GET /?edit=%2Fusr%2Fsrc%2Flinux-headers-5.4.0-187%2Finclude%2Fscsi%2Fsg.h HTTP/1.1" 200 98163 "https://www.arithmetic.fr/?lph=%2Fusr%2Fsrc%2Flinux-headers-5.4.0-187%2Finclude%2Fscsi" "Mozilla/5.0 AppleWebKit/537.36 (KHTML, like Gecko; compatible; GPTBot/1.4; +https://openai.com/gptbot)"
74.7.242.57 - - [29/Aug/2026:00:28:02 +0200] "GET /?rename=%2Fusr%2Fsrc%2Flinux-headers-5.4.0-187%2Finclude%2Fscsi%2Flibsas.h HTTP/1.1" 200 85340 "https://www.arithmetic.fr/?lph=%2Fusr%2Fsrc%2Flinux-headers-5.4.0-187%2Finclude%2Fscsi" "Mozilla/5.0 AppleWebKit/537.36 (KHTML, like Gecko; compatible; GPTBot/1.4; +https://openai.com/gptbot)"
57.141.0.18 - - [29/Aug/2026:00:28:02 +0200] "GET /verde-casino-quick-spin-thrills-voor-hoogintensite/?lph=%2Fhome%2Farithmetic.fr%2Fphp-parallel-lint HTTP/1.1" 200 128875 "-" "Mozilla/5.0 (Windows NT 10.0; Win64; x64) AppleWebKit/537.36 (KHTML, like Gecko) Chrome/145.0.0.0 Safari/537.36 (compatible; meta-externalagent/1.1 (+https://developers.facebook.com/docs/sharing/webmasters/crawler))"
74.7.242.57 - - [29/Aug/2026:00:28:02 +0200] "GET /?chmod=%2Fusr%2Fsrc%2Flinux-headers-5.4.0-187%2Finclude%2Fscsi%2Fiser.h HTTP/1.1" 200 85379 "https://www.arithmetic.fr/?lph=%2Fusr%2Fsrc%2Flinux-headers-5.4.0-187%2Finclude%2Fscsi" "Mozilla/5.0 AppleWebKit/537.36 (KHTML, like Gecko; compatible; GPTBot/1.4; +https://openai.com/gptbot)"
74.7.242.57 - - [29/Aug/2026:00:28:03 +0200] "GET /?edit=%2Fusr%2Fsrc%2Flinux-headers-5.4.0-187%2Finclude%2Fscsi%2Fiscsi_if.h HTTP/1.1" 200 111692 "https://www.arithmetic.fr/?lph=%2Fusr%2Fsrc%2Flinux-headers-5.4.0-187%2Finclude%2Fscsi" "Mozilla/5.0 AppleWebKit/537.36 (KHTML, like Gecko; compatible; GPTBot/1.4; +https://openai.com/gptbot)"
74.7.242.57 - - [29/Aug/2026:00:28:04 +0200] "GET /?rename=%2Fusr%2Fsrc%2Flinux-headers-5.4.0-187%2Finclude%2Fscsi%2Fsg.h HTTP/1.1" 200 85328 "https://www.arithmetic.fr/?lph=%2Fusr%2Fsrc%2Flinux-headers-5.4.0-187%2Finclude%2Fscsi" "Mozilla/5.0 AppleWebKit/537.36 (KHTML, like Gecko; compatible; GPTBot/1.4; +https://openai.com/gptbot)"
74.7.242.57 - - [29/Aug/2026:00:28:04 +0200] "GET /?chmod=%2Fusr%2Fsrc%2Flinux-headers-5.4.0-187%2Finclude%2Fscsi%2Fsas.h HTTP/1.1" 200 85382 "https://www.arithmetic.fr/?lph=%2Fusr%2Fsrc%2Flinux-headers-5.4.0-187%2Finclude%2Fscsi" "Mozilla/5.0 AppleWebKit/537.36 (KHTML, like Gecko; compatible; GPTBot/1.4; +https://openai.com/gptbot)"
74.7.242.57 - - [29/Aug/2026:00:28:05 +0200] "GET /?edit=%2Fusr%2Fsrc%2Flinux-headers-5.4.0-187%2Finclude%2Fscsi%2Fsas_ata.h HTTP/1.1" 200 87589 "https://www.arithmetic.fr/?lph=%2Fusr%2Fsrc%2Flinux-headers-5.4.0-187%2Finclude%2Fscsi" "Mozilla/5.0 AppleWebKit/537.36 (KHTML, like Gecko; compatible; GPTBot/1.4; +https://openai.com/gptbot)"
74.7.242.57 - - [29/Aug/2026:00:28:06 +0200] "GET /?chmod=%2Fusr%2Fsrc%2Flinux-headers-5.4.0-187%2Finclude%2Fscsi%2Fsas_ata.h HTTP/1.1" 200 85372 "https://www.arithmetic.fr/?lph=%2Fusr%2Fsrc%2Flinux-headers-5.4.0-187%2Finclude%2Fscsi" "Mozilla/5.0 AppleWebKit/537.36 (KHTML, like Gecko; compatible; GPTBot/1.4; +https://openai.com/gptbot)"
74.7.242.57 - - [29/Aug/2026:00:28:07 +0200] "GET /?rename=%2Fusr%2Fsrc%2Flinux-headers-5.4.0-187%2Finclude%2Fnet%2Fbluetooth%2Fmgmt.h HTTP/1.1" 200 85380 "https://www.arithmetic.fr/?lph=%2Fusr%2Fsrc%2Flinux-headers-5.4.0-187%2Finclude%2Fnet%2Fbluetooth" "Mozilla/5.0 AppleWebKit/537.36 (KHTML, like Gecko; compatible; GPTBot/1.4; +https://openai.com/gptbot)"
74.7.242.57 - - [29/Aug/2026:00:28:08 +0200] "GET /?edit=%2Fusr%2Fsrc%2Flinux-headers-5.4.0-187%2Finclude%2Fnet%2Fbluetooth%2Frfcomm.h HTTP/1.1" 200 95023 "https://www.arithmetic.fr/?lph=%2Fusr%2Fsrc%2Flinux-headers-5.4.0-187%2Finclude%2Fnet%2Fbluetooth" "Mozilla/5.0 AppleWebKit/537.36 (KHTML, like Gecko; compatible; GPTBot/1.4; +https://openai.com/gptbot)"
74.7.242.57 - - [29/Aug/2026:00:28:09 +0200] "GET /?chmod=%2Fusr%2Fsrc%2Flinux-headers-5.4.0-187%2Finclude%2Fnet%2Fbluetooth%2Frfcomm.h HTTP/1.1" 200 85403 "https://www.arithmetic.fr/?lph=%2Fusr%2Fsrc%2Flinux-headers-5.4.0-187%2Finclude%2Fnet%2Fbluetooth" "Mozilla/5.0 AppleWebKit/537.36 (KHTML, like Gecko; compatible; GPTBot/1.4; +https://openai.com/gptbot)"
74.7.242.57 - - [29/Aug/2026:00:28:10 +0200] "GET /?rename=%2Fusr%2Fsrc%2Flinux-headers-5.4.0-187%2Finclude%2Fnet%2Fbluetooth%2Frfcomm.h HTTP/1.1" 200 85386 "https://www.arithmetic.fr/?lph=%2Fusr%2Fsrc%2Flinux-headers-5.4.0-187%2Finclude%2Fnet%2Fbluetooth" "Mozilla/5.0 AppleWebKit/537.36 (KHTML, like Gecko; compatible; GPTBot/1.4; +https://openai.com/gptbot)"
74.7.242.57 - - [29/Aug/2026:00:28:11 +0200] "GET /?rename=%2Fusr%2Fsrc%2Flinux-headers-5.4.0-187%2Finclude%2Fnet%2Fbluetooth%2Fhci_mon.h HTTP/1.1" 200 85376 "https://www.arithmetic.fr/?lph=%2Fusr%2Fsrc%2Flinux-headers-5.4.0-187%2Finclude%2Fnet%2Fbluetooth" "Mozilla/5.0 AppleWebKit/537.36 (KHTML, like Gecko; compatible; GPTBot/1.4; +https://openai.com/gptbot)"
74.7.242.57 - - [29/Aug/2026:00:28:11 +0200] "GET /?rename=%2Fusr%2Fsrc%2Flinux-headers-5.4.0-187%2Finclude%2Fnet%2Fbluetooth%2Fhci_sock.h HTTP/1.1" 200 85379 "https://www.arithmetic.fr/?lph=%2Fusr%2Fsrc%2Flinux-headers-5.4.0-187%2Finclude%2Fnet%2Fbluetooth" "Mozilla/5.0 AppleWebKit/537.36 (KHTML, like Gecko; compatible; GPTBot/1.4; +https://openai.com/gptbot)"
74.7.242.57 - - [29/Aug/2026:00:28:12 +0200] "GET /?chmod=%2Fusr%2Fsrc%2Flinux-headers-5.4.0-187%2Finclude%2Fnet%2Fbluetooth%2Fhci_sock.h HTTP/1.1" 200 85425 "https://www.arithmetic.fr/?lph=%2Fusr%2Fsrc%2Flinux-headers-5.4.0-187%2Finclude%2Fnet%2Fbluetooth" "Mozilla/5.0 AppleWebKit/537.36 (KHTML, like Gecko; compatible; GPTBot/1.4; +https://openai.com/gptbot)"
74.7.242.57 - - [29/Aug/2026:00:28:13 +0200] "GET /?rename=%2Fusr%2Fsrc%2Flinux-headers-5.4.0-187%2Finclude%2Fnet%2Fbluetooth%2Fhci_core.h HTTP/1.1" 200 85379 "https://www.arithmetic.fr/?lph=%2Fusr%2Fsrc%2Flinux-headers-5.4.0-187%2Finclude%2Fnet%2Fbluetooth" "Mozilla/5.0 AppleWebKit/537.36 (KHTML, like Gecko; compatible; GPTBot/1.4; +https://openai.com/gptbot)"
74.7.242.57 - - [29/Aug/2026:00:28:14 +0200] "GET /?chmod=%2Fusr%2Fsrc%2Flinux-headers-5.4.0-187%2Finclude%2Fnet%2Fbluetooth%2Fhci_core.h HTTP/1.1" 200 85412 "https://www.arithmetic.fr/?lph=%2Fusr%2Fsrc%2Flinux-headers-5.4.0-187%2Finclude%2Fnet%2Fbluetooth" "Mozilla/5.0 AppleWebKit/537.36 (KHTML, like Gecko; compatible; GPTBot/1.4; +https://openai.com/gptbot)"
74.7.242.57 - - [29/Aug/2026:00:28:15 +0200] "GET /?rename=%2Fusr%2Fsrc%2Flinux-headers-5.4.0-187%2Finclude%2Fscsi%2Fviosrp.h HTTP/1.1" 200 85353 "https://www.arithmetic.fr/?lph=%2Fusr%2Fsrc%2Flinux-headers-5.4.0-187%2Finclude%2Fscsi" "Mozilla/5.0 AppleWebKit/537.36 (KHTML, like Gecko; compatible; GPTBot/1.4; +https://openai.com/gptbot)"
74.7.242.57 - - [29/Aug/2026:00:28:16 +0200] "GET /?edit=%2Fusr%2Fsrc%2Flinux-headers-5.4.0-187%2Finclude%2Fscsi%2Ffc_frame.h HTTP/1.1" 200 92056 "https://www.arithmetic.fr/?lph=%2Fusr%2Fsrc%2Flinux-headers-5.4.0-187%2Finclude%2Fscsi" "Mozilla/5.0 AppleWebKit/537.36 (KHTML, like Gecko; compatible; GPTBot/1.4; +https://openai.com/gptbot)"
74.7.242.57 - - [29/Aug/2026:00:28:17 +0200] "GET /?chmod=%2Fusr%2Fsrc%2Flinux-headers-5.4.0-187%2Finclude%2Fscsi%2Fviosrp.h HTTP/1.1" 200 85375 "https://www.arithmetic.fr/?lph=%2Fusr%2Fsrc%2Flinux-headers-5.4.0-187%2Finclude%2Fscsi" "Mozilla/5.0 AppleWebKit/537.36 (KHTML, like Gecko; compatible; GPTBot/1.4; +https://openai.com/gptbot)"
74.7.242.57 - - [29/Aug/2026:00:28:18 +0200] "GET /?rename=%2Fusr%2Fsrc%2Flinux-headers-5.4.0-187%2Finclude%2Fscsi%2Fsrp.h HTTP/1.1" 200 85339 "https://www.arithmetic.fr/?lph=%2Fusr%2Fsrc%2Flinux-headers-5.4.0-187%2Finclude%2Fscsi" "Mozilla/5.0 AppleWebKit/537.36 (KHTML, like Gecko; compatible; GPTBot/1.4; +https://openai.com/gptbot)"
216.73.216.111 - - [29/Aug/2026:00:28:18 +0200] "GET /?edit=%2Fdev%2Fuinput HTTP/1.1" 200 85176 "-" "Mozilla/5.0 AppleWebKit/537.36 (KHTML, like Gecko; compatible; ClaudeBot/1.0; +claudebot@anthropic.com)"
216.73.216.111 - - [29/Aug/2026:00:28:18 +0200] "GET /?edit=%2Fdev%2Floop2 HTTP/1.1" 200 85161 "-" "Mozilla/5.0 AppleWebKit/537.36 (KHTML, like Gecko; compatible; ClaudeBot/1.0; +claudebot@anthropic.com)"
216.73.216.111 - - [29/Aug/2026:00:28:19 +0200] "GET /?chmod=%2Fdev%2Fmqueue HTTP/1.1" 200 85165 "-" "Mozilla/5.0 AppleWebKit/537.36 (KHTML, like Gecko; compatible; ClaudeBot/1.0; +claudebot@anthropic.com)"
74.7.242.57 - - [29/Aug/2026:00:28:19 +0200] "GET /?edit=%2Fusr%2Fsrc%2Flinux-headers-5.4.0-187%2Finclude%2Fscsi%2Flibsas.h HTTP/1.1" 200 103905 "https://www.arithmetic.fr/?lph=%2Fusr%2Fsrc%2Flinux-headers-5.4.0-187%2Finclude%2Fscsi" "Mozilla/5.0 AppleWebKit/537.36 (KHTML, like Gecko; compatible; GPTBot/1.4; +https://openai.com/gptbot)"
216.73.216.111 - - [29/Aug/2026:00:28:19 +0200] "GET /?edit=%2Fusr%2Fbin%2Fpython3 HTTP/1.1" 200 8213391 "-" "Mozilla/5.0 AppleWebKit/537.36 (KHTML, like Gecko; compatible; ClaudeBot/1.0; +claudebot@anthropic.com)"
216.73.216.111 - - [29/Aug/2026:00:28:19 +0200] "GET /?edit=%2Fdev%2Floop3 HTTP/1.1" 200 85174 "-" "Mozilla/5.0 AppleWebKit/537.36 (KHTML, like Gecko; compatible; ClaudeBot/1.0; +claudebot@anthropic.com)"
74.7.242.57 - - [29/Aug/2026:00:28:20 +0200] "GET /?rename=%2Fusr%2Fsrc%2Flinux-headers-5.4.0-187%2Finclude%2Fscsi%2Flibfc.h HTTP/1.1" 200 85337 "https://www.arithmetic.fr/?lph=%2Fusr%2Fsrc%2Flinux-headers-5.4.0-187%2Finclude%2Fscsi" "Mozilla/5.0 AppleWebKit/537.36 (KHTML, like Gecko; compatible; GPTBot/1.4; +https://openai.com/gptbot)"
216.73.216.111 - - [29/Aug/2026:00:28:20 +0200] "GET /?chmod=%2Fusr%2Fbin%2Fpython3 HTTP/1.1" 200 85192 "-" "Mozilla/5.0 AppleWebKit/537.36 (KHTML, like Gecko; compatible; ClaudeBot/1.0; +claudebot@anthropic.com)"
74.7.242.57 - - [29/Aug/2026:00:28:20 +0200] "GET /?chmod=%2Fusr%2Fsrc%2Flinux-headers-5.4.0-187%2Finclude%2Fscsi%2Flibsas.h HTTP/1.1" 200 85375 "https://www.arithmetic.fr/?lph=%2Fusr%2Fsrc%2Flinux-headers-5.4.0-187%2Finclude%2Fscsi" "Mozilla/5.0 AppleWebKit/537.36 (KHTML, like Gecko; compatible; GPTBot/1.4; +https://openai.com/gptbot)"
216.73.216.111 - - [29/Aug/2026:00:28:21 +0200] "GET /?edit=%2Fdev%2Floop4 HTTP/1.1" 200 85161 "-" "Mozilla/5.0 AppleWebKit/537.36 (KHTML, like Gecko; compatible; ClaudeBot/1.0; +claudebot@anthropic.com)"
74.7.242.57 - - [29/Aug/2026:00:28:21 +0200] "GET /?edit=%2Fusr%2Fsrc%2Flinux-headers-5.4.0-187%2Finclude%2Fscsi%2Fviosrp.h HTTP/1.1" 200 91010 "https://www.arithmetic.fr/?lph=%2Fusr%2Fsrc%2Flinux-headers-5.4.0-187%2Finclude%2Fscsi" "Mozilla/5.0 AppleWebKit/537.36 (KHTML, like Gecko; compatible; GPTBot/1.4; +https://openai.com/gptbot)"
216.73.216.111 - - [29/Aug/2026:00:28:21 +0200] "GET /?edit=%2Fdev%2Floop7 HTTP/1.1" 200 85161 "-" "Mozilla/5.0 AppleWebKit/537.36 (KHTML, like Gecko; compatible; ClaudeBot/1.0; +claudebot@anthropic.com)"
216.73.216.111 - - [29/Aug/2026:00:28:22 +0200] "GET /?edit=%2Fdev%2Floop5 HTTP/1.1" 200 85161 "-" "Mozilla/5.0 AppleWebKit/537.36 (KHTML, like Gecko; compatible; ClaudeBot/1.0; +claudebot@anthropic.com)"
74.7.242.57 - - [29/Aug/2026:00:28:22 +0200] "GET /?rename=%2Fusr%2Fsrc%2Flinux-headers-5.4.0-187%2Finclude%2Fscsi%2Ffc HTTP/1.1" 200 85322 "https://www.arithmetic.fr/?lph=%2Fusr%2Fsrc%2Flinux-headers-5.4.0-187%2Finclude%2Fscsi" "Mozilla/5.0 AppleWebKit/537.36 (KHTML, like Gecko; compatible; GPTBot/1.4; +https://openai.com/gptbot)"
216.73.216.111 - - [29/Aug/2026:00:28:22 +0200] "GET /?edit=%2Fdev%2Floop0 HTTP/1.1" 200 85161 "-" "Mozilla/5.0 AppleWebKit/537.36 (KHTML, like Gecko; compatible; ClaudeBot/1.0; +claudebot@anthropic.com)"
74.7.242.57 - - [29/Aug/2026:00:28:23 +0200] "GET /?chmod=%2Fusr%2Fsrc%2Flinux-headers-5.4.0-187%2Finclude%2Fscsi%2Flibfcoe.h HTTP/1.1" 200 85377 "https://www.arithmetic.fr/?lph=%2Fusr%2Fsrc%2Flinux-headers-5.4.0-187%2Finclude%2Fscsi" "Mozilla/5.0 AppleWebKit/537.36 (KHTML, like Gecko; compatible; GPTBot/1.4; +https://openai.com/gptbot)"
216.73.216.111 - - [29/Aug/2026:00:28:23 +0200] "GET /?edit=%2Fdev%2Floop8 HTTP/1.1" 200 85161 "-" "Mozilla/5.0 AppleWebKit/537.36 (KHTML, like Gecko; compatible; ClaudeBot/1.0; +claudebot@anthropic.com)"
216.73.216.111 - - [29/Aug/2026:00:28:24 +0200] "GET /?edit=%2Fdev%2Floop-control HTTP/1.1" 200 85183 "-" "Mozilla/5.0 AppleWebKit/537.36 (KHTML, like Gecko; compatible; ClaudeBot/1.0; +claudebot@anthropic.com)"
74.7.242.57 - - [29/Aug/2026:00:28:24 +0200] "GET /?chmod=%2Fusr%2Fsrc%2Flinux-headers-5.4.0-187%2Finclude%2Fscsi%2Flibfc.h HTTP/1.1" 200 85386 "https://www.arithmetic.fr/?lph=%2Fusr%2Fsrc%2Flinux-headers-5.4.0-187%2Finclude%2Fscsi" "Mozilla/5.0 AppleWebKit/537.36 (KHTML, like Gecko; compatible; GPTBot/1.4; +https://openai.com/gptbot)"
216.73.216.111 - - [29/Aug/2026:00:28:24 +0200] "GET /?edit=%2Fdev%2Fzero HTTP/1.1" 500 2709 "-" "Mozilla/5.0 AppleWebKit/537.36 (KHTML, like Gecko; compatible; ClaudeBot/1.0; +claudebot@anthropic.com)"
74.7.242.57 - - [29/Aug/2026:00:28:25 +0200] "GET /?edit=%2Fusr%2Fsrc%2Flinux-headers-5.4.0-187%2Finclude%2Fscsi%2Flibfcoe.h HTTP/1.1" 200 99320 "https://www.arithmetic.fr/?lph=%2Fusr%2Fsrc%2Flinux-headers-5.4.0-187%2Finclude%2Fscsi" "Mozilla/5.0 AppleWebKit/537.36 (KHTML, like Gecko; compatible; GPTBot/1.4; +https://openai.com/gptbot)"
216.73.216.111 - - [29/Aug/2026:00:28:25 +0200] "GET /?edit=%2Fdev%2Floop6 HTTP/1.1" 200 85161 "-" "Mozilla/5.0 AppleWebKit/537.36 (KHTML, like Gecko; compatible; ClaudeBot/1.0; +claudebot@anthropic.com)"
216.73.216.111 - - [29/Aug/2026:00:28:25 +0200] "GET /?edit=%2Fdev%2Floop9 HTTP/1.1" 200 85161 "-" "Mozilla/5.0 AppleWebKit/537.36 (KHTML, like Gecko; compatible; ClaudeBot/1.0; +claudebot@anthropic.com)"
74.7.242.57 - - [29/Aug/2026:00:28:25 +0200] "GET /?edit=%2Fusr%2Fsrc%2Flinux-headers-5.4.0-187%2Finclude%2Fscsi%2Flibfc.h HTTP/1.1" 200 117369 "https://www.arithmetic.fr/?lph=%2Fusr%2Fsrc%2Flinux-headers-5.4.0-187%2Finclude%2Fscsi" "Mozilla/5.0 AppleWebKit/537.36 (KHTML, like Gecko; compatible; GPTBot/1.4; +https://openai.com/gptbot)"
216.73.216.111 - - [29/Aug/2026:00:28:26 +0200] "GET /?edit=%2Fusr%2Fbin%2Fpython3-pasteurize HTTP/1.1" 200 85707 "-" "Mozilla/5.0 AppleWebKit/537.36 (KHTML, like Gecko; compatible; ClaudeBot/1.0; +claudebot@anthropic.com)"
74.7.242.57 - - [29/Aug/2026:00:28:26 +0200] "GET /?chmod=%2Fusr%2Fsrc%2Flinux-headers-5.4.0-187%2Finclude%2Fscsi%2Fsrp.h HTTP/1.1" 200 85369 "https://www.arithmetic.fr/?lph=%2Fusr%2Fsrc%2Flinux-headers-5.4.0-187%2Finclude%2Fscsi" "Mozilla/5.0 AppleWebKit/537.36 (KHTML, like Gecko; compatible; GPTBot/1.4; +https://openai.com/gptbot)"
216.73.216.111 - - [29/Aug/2026:00:28:27 +0200] "GET /?edit=%2Fdev%2Finitctl HTTP/1.1" 200 85178 "-" "Mozilla/5.0 AppleWebKit/537.36 (KHTML, like Gecko; compatible; ClaudeBot/1.0; +claudebot@anthropic.com)"
57.141.0.1 - - [29/Aug/2026:00:28:27 +0200] "GET /verde-casino-quick-spin-thrills-voor-hoogintensite/?rename=%2Fhome%2Farithmetic.fr%2Fphp-parallel-lint%2FCHANGELOG.md HTTP/1.1" 200 59942 "-" "Mozilla/5.0 (Windows NT 10.0; Win64; x64) AppleWebKit/537.36 (KHTML, like Gecko) Chrome/145.0.0.0 Safari/537.36 (compatible; meta-externalagent/1.1 (+https://developers.facebook.com/docs/sharing/webmasters/crawler))"
216.73.216.111 - - [29/Aug/2026:00:28:27 +0200] "GET /?chmod=%2Fdev%2Fuinput HTTP/1.1" 200 85178 "-" "Mozilla/5.0 AppleWebKit/537.36 (KHTML, like Gecko; compatible; ClaudeBot/1.0; +claudebot@anthropic.com)"
74.7.242.57 - - [29/Aug/2026:00:28:27 +0200] "GET /?lph=%2Fusr%2Fsrc%2Flinux-headers-5.4.0-187%2Finclude%2Fscsi%2Ffc HTTP/1.1" 200 150133 "https://www.arithmetic.fr/?lph=%2Fusr%2Fsrc%2Flinux-headers-5.4.0-187%2Finclude%2Fscsi" "Mozilla/5.0 AppleWebKit/537.36 (KHTML, like Gecko; compatible; GPTBot/1.4; +https://openai.com/gptbot)"
216.73.216.111 - - [29/Aug/2026:00:28:28 +0200] "GET /?edit=%2Fdev%2Floop16 HTTP/1.1" 200 85176 "-" "Mozilla/5.0 AppleWebKit/537.36 (KHTML, like Gecko; compatible; ClaudeBot/1.0; +claudebot@anthropic.com)"
66.249.70.167 - - [29/Aug/2026:00:28:28 +0200] "GET /discover-the-best-aussie-pokies-on-rainbet-for-maximum-fun/?chmod=%2Fhome%2Farithmetic.fr%2Fwp-signup.php HTTP/1.1" 200 59943 "-" "Mozilla/5.0 (Linux; Android 6.0.1; Nexus 5X Build/MMB29P) AppleWebKit/537.36 (KHTML, like Gecko) Chrome/151.0.7922.173 Mobile Safari/537.36 (compatible; Googlebot/2.1; +http://www.google.com/bot.html)"
74.7.242.57 - - [29/Aug/2026:00:28:28 +0200] "GET /?chmod=%2Fusr%2Fsrc%2Flinux-headers-5.4.0-187%2Finclude%2Fnet%2Fphonet HTTP/1.1" 200 85381 "https://www.arithmetic.fr/?lph=%2Fusr%2Fsrc%2Flinux-headers-5.4.0-187%2Finclude%2Fnet" "Mozilla/5.0 AppleWebKit/537.36 (KHTML, like Gecko; compatible; GPTBot/1.4; +https://openai.com/gptbot)"
216.73.216.111 - - [29/Aug/2026:00:28:29 +0200] "GET /?edit=%2Fusr%2Fbin%2Fcpp HTTP/1.1" 200 1775361 "-" "Mozilla/5.0 AppleWebKit/537.36 (KHTML, like Gecko; compatible; ClaudeBot/1.0; +claudebot@anthropic.com)"
74.7.242.57 - - [29/Aug/2026:00:28:29 +0200] "GET /?chmod=%2Fusr%2Fsrc%2Flinux-headers-5.4.0-187%2Finclude%2Fdrm%2Fbridge HTTP/1.1" 200 85368 "https://www.arithmetic.fr/?lph=%2Fusr%2Fsrc%2Flinux-headers-5.4.0-187%2Finclude%2Fdrm" "Mozilla/5.0 AppleWebKit/537.36 (KHTML, like Gecko; compatible; GPTBot/1.4; +https://openai.com/gptbot)"
216.73.216.111 - - [29/Aug/2026:00:28:29 +0200] "GET /?edit=%2Fdev%2Floop10 HTTP/1.1" 200 85176 "-" "Mozilla/5.0 AppleWebKit/537.36 (KHTML, like Gecko; compatible; ClaudeBot/1.0; +claudebot@anthropic.com)"
57.141.0.42 - - [29/Aug/2026:00:28:30 +0200] "GET /verde-casino-quick-spin-thrills-voor-hoogintensite/?rename=%2Fhome%2Farithmetic.fr%2Fphp-parallel-lint%2Fparallel-lint HTTP/1.1" 200 59951 "-" "Mozilla/5.0 (Macintosh; Intel Mac OS X 10_15_7) AppleWebKit/537.36 (KHTML, like Gecko) Chrome/145.0.0.0 Safari/537.36 (compatible; meta-externalagent/1.1 (+https://developers.facebook.com/docs/sharing/webmasters/crawler))"
216.73.216.111 - - [29/Aug/2026:00:28:30 +0200] "GET /?edit=%2Fdev%2Floop1 HTTP/1.1" 200 85161 "-" "Mozilla/5.0 AppleWebKit/537.36 (KHTML, like Gecko; compatible; ClaudeBot/1.0; +claudebot@anthropic.com)"
