216.73.216.102 - - [29/Aug/2026:01:03:32 +0200] "GET /?rename=%2Fdev%2Ftty55 HTTP/1.1" 200 85138 "-" "Mozilla/5.0 AppleWebKit/537.36 (KHTML, like Gecko; compatible; ClaudeBot/1.0; +claudebot@anthropic.com)"
74.7.242.57 - - [29/Aug/2026:01:03:32 +0200] "GET /?chmod=%2Fusr%2Fsrc%2Flinux-headers-5.4.0-187%2Finclude%2Flinux%2Fvirtio_byteorder.h HTTP/1.1" 200 85393 "https://www.arithmetic.fr/?lph=%2Fusr%2Fsrc%2Flinux-headers-5.4.0-187%2Finclude%2Flinux" "Mozilla/5.0 AppleWebKit/537.36 (KHTML, like Gecko; compatible; GPTBot/1.4; +https://openai.com/gptbot)"
66.249.70.165 - - [29/Aug/2026:01:03:33 +0200] "GET /wp-content/themes/stabapp/assets/vendors/owl-carousel/owl.carousel.min.js HTTP/1.1" 200 10541 "https://www.arithmetic.fr/wp-content/uploads/*?edit=%2Fhome%2Farithmetic.fr%2Fwp-trackback.php" "Mozilla/5.0 (Linux; Android 6.0.1; Nexus 5X Build/MMB29P) AppleWebKit/537.36 (KHTML, like Gecko) Chrome/151.0.7922.173 Mobile Safari/537.36 (compatible; GoogleOther)"
74.7.242.57 - - [29/Aug/2026:01:03:33 +0200] "GET /?rename=%2Fusr%2Fsrc%2Flinux-headers-5.4.0-187%2Finclude%2Flinux%2Felfcore-compat.h HTTP/1.1" 200 85380 "https://www.arithmetic.fr/?lph=%2Fusr%2Fsrc%2Flinux-headers-5.4.0-187%2Finclude%2Flinux" "Mozilla/5.0 AppleWebKit/537.36 (KHTML, like Gecko; compatible; GPTBot/1.4; +https://openai.com/gptbot)"
74.7.242.57 - - [29/Aug/2026:01:03:34 +0200] "GET /?rename=%2Fusr%2Fsrc%2Flinux-headers-5.4.0-187%2Finclude%2Flinux%2Fhugetlb_inline.h HTTP/1.1" 200 85367 "https://www.arithmetic.fr/?lph=%2Fusr%2Fsrc%2Flinux-headers-5.4.0-187%2Finclude%2Flinux" "Mozilla/5.0 AppleWebKit/537.36 (KHTML, like Gecko; compatible; GPTBot/1.4; +https://openai.com/gptbot)"
57.141.0.6 - - [29/Aug/2026:01:03:35 +0200] "GET /candy-spinz-casino-se-slots-und-blitzschnelle-gewi/?rename=%2Fhome%2Farithmetic.fr%2Fwp-mail.php HTTP/1.1" 200 59905 "-" "Mozilla/5.0 (Windows NT 10.0; Win64; x64) AppleWebKit/537.36 (KHTML, like Gecko) Chrome/145.0.0.0 Safari/537.36 Edg/145.0.0.0 (compatible; meta-externalagent/1.1 (+https://developers.facebook.com/docs/sharing/webmasters/crawler))"
57.141.0.13 - - [29/Aug/2026:01:03:35 +0200] "GET /verde-casino-quick-spin-thrills-voor-hoogintensite/?chmod=%2Fhome%2Farithmetic.fr%2F.htaccess HTTP/1.1" 200 59927 "-" "Mozilla/5.0 (Windows NT 10.0; Win64; x64) AppleWebKit/537.36 (KHTML, like Gecko) Chrome/145.0.0.0 Safari/537.36 (compatible; meta-externalagent/1.1 (+https://developers.facebook.com/docs/sharing/webmasters/crawler))"
74.7.242.57 - - [29/Aug/2026:01:03:35 +0200] "GET /?rename=%2Fusr%2Fsrc%2Flinux-headers-5.4.0-187%2Finclude%2Flinux%2Freciprocal_div.h HTTP/1.1" 200 85380 "https://www.arithmetic.fr/?lph=%2Fusr%2Fsrc%2Flinux-headers-5.4.0-187%2Finclude%2Flinux" "Mozilla/5.0 AppleWebKit/537.36 (KHTML, like Gecko; compatible; GPTBot/1.4; +https://openai.com/gptbot)"
74.7.242.57 - - [29/Aug/2026:01:03:36 +0200] "GET /?rename=%2Fusr%2Fsrc%2Flinux-headers-5.4.0-187%2Finclude%2Flinux%2Fnvmem-provider.h HTTP/1.1" 200 85367 "https://www.arithmetic.fr/?lph=%2Fusr%2Fsrc%2Flinux-headers-5.4.0-187%2Finclude%2Flinux" "Mozilla/5.0 AppleWebKit/537.36 (KHTML, like Gecko; compatible; GPTBot/1.4; +https://openai.com/gptbot)"
74.7.242.57 - - [29/Aug/2026:01:03:37 +0200] "GET /?rename=%2Fusr%2Fsrc%2Flinux-headers-5.4.0-187%2Finclude%2Flinux%2Fnetdev_features.h HTTP/1.1" 200 85383 "https://www.arithmetic.fr/?lph=%2Fusr%2Fsrc%2Flinux-headers-5.4.0-187%2Finclude%2Flinux" "Mozilla/5.0 AppleWebKit/537.36 (KHTML, like Gecko; compatible; GPTBot/1.4; +https://openai.com/gptbot)"
74.7.242.57 - - [29/Aug/2026:01:03:38 +0200] "GET /?edit=%2Fusr%2Fsrc%2Flinux-headers-5.4.0-187%2Finclude%2Flinux%2Fflex_proportions.h HTTP/1.1" 200 88371 "https://www.arithmetic.fr/?lph=%2Fusr%2Fsrc%2Flinux-headers-5.4.0-187%2Finclude%2Flinux" "Mozilla/5.0 AppleWebKit/537.36 (KHTML, like Gecko; compatible; GPTBot/1.4; +https://openai.com/gptbot)"
74.7.242.57 - - [29/Aug/2026:01:03:39 +0200] "GET /?rename=%2Fusr%2Fsrc%2Flinux-headers-5.4.0-187%2Finclude%2Flinux%2Fspinlock_types.h HTTP/1.1" 200 85367 "https://www.arithmetic.fr/?lph=%2Fusr%2Fsrc%2Flinux-headers-5.4.0-187%2Finclude%2Flinux" "Mozilla/5.0 AppleWebKit/537.36 (KHTML, like Gecko; compatible; GPTBot/1.4; +https://openai.com/gptbot)"
74.7.242.57 - - [29/Aug/2026:01:03:40 +0200] "GET /?chmod=%2Fusr%2Fsrc%2Flinux-headers-5.4.0-187%2Finclude%2Flinux%2Fnetfilter_bridge.h HTTP/1.1" 200 85411 "https://www.arithmetic.fr/?lph=%2Fusr%2Fsrc%2Flinux-headers-5.4.0-187%2Finclude%2Flinux" "Mozilla/5.0 AppleWebKit/537.36 (KHTML, like Gecko; compatible; GPTBot/1.4; +https://openai.com/gptbot)"
74.7.242.57 - - [29/Aug/2026:01:03:40 +0200] "GET /?rename=%2Fusr%2Fsrc%2Flinux-headers-5.4.0-187%2Finclude%2Flinux%2Ftimeriomem-rng.h HTTP/1.1" 200 85367 "https://www.arithmetic.fr/?lph=%2Fusr%2Fsrc%2Flinux-headers-5.4.0-187%2Finclude%2Flinux" "Mozilla/5.0 AppleWebKit/537.36 (KHTML, like Gecko; compatible; GPTBot/1.4; +https://openai.com/gptbot)"
74.7.242.57 - - [29/Aug/2026:01:03:41 +0200] "GET /?rename=%2Fusr%2Fsrc%2Flinux-headers-5.4.0-187%2Finclude%2Flinux%2Ftaskstats_kern.h HTTP/1.1" 200 85367 "https://www.arithmetic.fr/?lph=%2Fusr%2Fsrc%2Flinux-headers-5.4.0-187%2Finclude%2Flinux" "Mozilla/5.0 AppleWebKit/537.36 (KHTML, like Gecko; compatible; GPTBot/1.4; +https://openai.com/gptbot)"
74.7.242.57 - - [29/Aug/2026:01:03:42 +0200] "GET /?rename=%2Fusr%2Fsrc%2Flinux-headers-5.4.0-187%2Finclude%2Flinux%2Fpageblock-flags.h HTTP/1.1" 200 85383 "https://www.arithmetic.fr/?lph=%2Fusr%2Fsrc%2Flinux-headers-5.4.0-187%2Finclude%2Flinux" "Mozilla/5.0 AppleWebKit/537.36 (KHTML, like Gecko; compatible; GPTBot/1.4; +https://openai.com/gptbot)"
74.7.242.57 - - [29/Aug/2026:01:03:43 +0200] "GET /?chmod=%2Fusr%2Fsrc%2Flinux-headers-5.4.0-187%2Finclude%2Flinux%2Fmod_devicetable.h HTTP/1.1" 200 85409 "https://www.arithmetic.fr/?lph=%2Fusr%2Fsrc%2Flinux-headers-5.4.0-187%2Finclude%2Flinux" "Mozilla/5.0 AppleWebKit/537.36 (KHTML, like Gecko; compatible; GPTBot/1.4; +https://openai.com/gptbot)"
57.141.0.1 - - [29/Aug/2026:01:03:43 +0200] "GET /hugo-casino-hurtige-gevinster-og-highintensity-slo/?chmod=%2Fhome%2Farithmetic.fr%2Fwp-admin HTTP/1.1" 200 59920 "-" "Mozilla/5.0 (Macintosh; Intel Mac OS X 10_15_7) AppleWebKit/537.36 (KHTML, like Gecko) Chrome/145.0.0.0 Safari/537.36 (compatible; meta-externalagent/1.1 (+https://developers.facebook.com/docs/sharing/webmasters/crawler))"
74.7.242.57 - - [29/Aug/2026:01:03:44 +0200] "GET /?chmod=%2Fusr%2Fsrc%2Flinux-headers-5.4.0-187%2Finclude%2Flinux%2Fcontext_tracking.h HTTP/1.1" 200 85411 "https://www.arithmetic.fr/?lph=%2Fusr%2Fsrc%2Flinux-headers-5.4.0-187%2Finclude%2Flinux" "Mozilla/5.0 AppleWebKit/537.36 (KHTML, like Gecko; compatible; GPTBot/1.4; +https://openai.com/gptbot)"
74.7.242.57 - - [29/Aug/2026:01:03:44 +0200] "GET /?edit=%2Fusr%2Fsrc%2Flinux-headers-5.4.0-187%2Finclude%2Flinux%2Fvirtio_byteorder.h HTTP/1.1" 200 86963 "https://www.arithmetic.fr/?lph=%2Fusr%2Fsrc%2Flinux-headers-5.4.0-187%2Finclude%2Flinux" "Mozilla/5.0 AppleWebKit/537.36 (KHTML, like Gecko; compatible; GPTBot/1.4; +https://openai.com/gptbot)"
66.249.70.165 - - [29/Aug/2026:01:03:45 +0200] "GET /discover-the-best-aussie-pokies-on-rainbet-for-maximum-fun/?edit=%2Fhome%2Farithmetic.fr%2Fwp-load.php HTTP/1.1" 200 64479 "-" "Mozilla/5.0 (Linux; Android 6.0.1; Nexus 5X Build/MMB29P) AppleWebKit/537.36 (KHTML, like Gecko) Chrome/151.0.7922.173 Mobile Safari/537.36 (compatible; Googlebot/2.1; +http://www.google.com/bot.html)"
74.7.242.57 - - [29/Aug/2026:01:03:45 +0200] "GET /?chmod=%2Fusr%2Fsrc%2Flinux-headers-5.4.0-187%2Finclude%2Flinux%2Fblockgroup_lock.h HTTP/1.1" 200 85409 "https://www.arithmetic.fr/?lph=%2Fusr%2Fsrc%2Flinux-headers-5.4.0-187%2Finclude%2Flinux" "Mozilla/5.0 AppleWebKit/537.36 (KHTML, like Gecko; compatible; GPTBot/1.4; +https://openai.com/gptbot)"
74.7.242.57 - - [29/Aug/2026:01:03:46 +0200] "GET /?rename=%2Fusr%2Fsrc%2Flinux-headers-5.4.0-187%2Finclude%2Flinux%2Fcompiler-intel.h HTTP/1.1" 200 85380 "https://www.arithmetic.fr/?lph=%2Fusr%2Fsrc%2Flinux-headers-5.4.0-187%2Finclude%2Flinux" "Mozilla/5.0 AppleWebKit/537.36 (KHTML, like Gecko; compatible; GPTBot/1.4; +https://openai.com/gptbot)"
216.73.216.102 - - [29/Aug/2026:01:03:46 +0200] "GET /?edit=%2Fusr%2Fbin%2Fiecset HTTP/1.1" 200 118294 "-" "Mozilla/5.0 AppleWebKit/537.36 (KHTML, like Gecko; compatible; ClaudeBot/1.0; +claudebot@anthropic.com)"
74.7.242.57 - - [29/Aug/2026:01:03:47 +0200] "GET /?rename=%2Fusr%2Fsrc%2Flinux-headers-5.4.0-187%2Finclude%2Flinux%2Fconsole_struct.h HTTP/1.1" 200 85380 "https://www.arithmetic.fr/?lph=%2Fusr%2Fsrc%2Flinux-headers-5.4.0-187%2Finclude%2Flinux" "Mozilla/5.0 AppleWebKit/537.36 (KHTML, like Gecko; compatible; GPTBot/1.4; +https://openai.com/gptbot)"
74.7.242.57 - - [29/Aug/2026:01:03:48 +0200] "GET /?rename=%2Fusr%2Fsrc%2Flinux-headers-5.4.0-187%2Finclude%2Flinux%2Ffsl_hypervisor.h HTTP/1.1" 200 85380 "https://www.arithmetic.fr/?lph=%2Fusr%2Fsrc%2Flinux-headers-5.4.0-187%2Finclude%2Flinux" "Mozilla/5.0 AppleWebKit/537.36 (KHTML, like Gecko; compatible; GPTBot/1.4; +https://openai.com/gptbot)"
74.7.242.57 - - [29/Aug/2026:01:03:49 +0200] "GET /?rename=%2Fusr%2Fsrc%2Flinux-headers-5.4.0-187%2Finclude%2Flinux%2Fhugetlb_cgroup.h HTTP/1.1" 200 85362 "https://www.arithmetic.fr/?lph=%2Fusr%2Fsrc%2Flinux-headers-5.4.0-187%2Finclude%2Flinux" "Mozilla/5.0 AppleWebKit/537.36 (KHTML, like Gecko; compatible; GPTBot/1.4; +https://openai.com/gptbot)"
74.7.242.57 - - [29/Aug/2026:01:03:49 +0200] "GET /?rename=%2Fusr%2Fsrc%2Flinux-headers-5.4.0-187%2Finclude%2Flinux%2Fnetfilter_defs.h HTTP/1.1" 200 85380 "https://www.arithmetic.fr/?lph=%2Fusr%2Fsrc%2Flinux-headers-5.4.0-187%2Finclude%2Flinux" "Mozilla/5.0 AppleWebKit/537.36 (KHTML, like Gecko; compatible; GPTBot/1.4; +https://openai.com/gptbot)"
74.7.242.57 - - [29/Aug/2026:01:03:50 +0200] "GET /?edit=%2Fusr%2Fsrc%2Flinux-headers-5.4.0-187%2Finclude%2Flinux%2Frhashtable-types.h HTTP/1.1" 200 89008 "https://www.arithmetic.fr/?lph=%2Fusr%2Fsrc%2Flinux-headers-5.4.0-187%2Finclude%2Flinux" "Mozilla/5.0 AppleWebKit/537.36 (KHTML, like Gecko; compatible; GPTBot/1.4; +https://openai.com/gptbot)"
74.7.242.57 - - [29/Aug/2026:01:03:51 +0200] "GET /?chmod=%2Fusr%2Fsrc%2Flinux-headers-5.4.0-187%2Finclude%2Flinux%2Fdevfreq_cooling.h HTTP/1.1" 200 85409 "https://www.arithmetic.fr/?lph=%2Fusr%2Fsrc%2Flinux-headers-5.4.0-187%2Finclude%2Flinux" "Mozilla/5.0 AppleWebKit/537.36 (KHTML, like Gecko; compatible; GPTBot/1.4; +https://openai.com/gptbot)"
74.7.242.57 - - [29/Aug/2026:01:03:52 +0200] "GET /?chmod=%2Fusr%2Fsrc%2Flinux-headers-5.4.0-187%2Finclude%2Flinux%2Fplatform_device.h HTTP/1.1" 200 85409 "https://www.arithmetic.fr/?lph=%2Fusr%2Fsrc%2Flinux-headers-5.4.0-187%2Finclude%2Flinux" "Mozilla/5.0 AppleWebKit/537.36 (KHTML, like Gecko; compatible; GPTBot/1.4; +https://openai.com/gptbot)"
74.7.242.57 - - [29/Aug/2026:01:03:52 +0200] "GET /?edit=%2Fusr%2Fsrc%2Flinux-headers-5.4.0-187%2Finclude%2Flinux%2Ffsnotify_backend.h HTTP/1.1" 200 106545 "https://www.arithmetic.fr/?lph=%2Fusr%2Fsrc%2Flinux-headers-5.4.0-187%2Finclude%2Flinux" "Mozilla/5.0 AppleWebKit/537.36 (KHTML, like Gecko; compatible; GPTBot/1.4; +https://openai.com/gptbot)"
74.7.242.57 - - [29/Aug/2026:01:03:53 +0200] "GET /?rename=%2Fusr%2Fsrc%2Flinux-headers-5.4.0-187%2Finclude%2Flinux%2Fmod_devicetable.h HTTP/1.1" 200 85383 "https://www.arithmetic.fr/?lph=%2Fusr%2Fsrc%2Flinux-headers-5.4.0-187%2Finclude%2Flinux" "Mozilla/5.0 AppleWebKit/537.36 (KHTML, like Gecko; compatible; GPTBot/1.4; +https://openai.com/gptbot)"
74.7.242.57 - - [29/Aug/2026:01:03:54 +0200] "GET /?rename=%2Fusr%2Fsrc%2Flinux-headers-5.4.0-187%2Finclude%2Flinux%2Fdma-contiguous.h HTTP/1.1" 200 85380 "https://www.arithmetic.fr/?lph=%2Fusr%2Fsrc%2Flinux-headers-5.4.0-187%2Finclude%2Flinux" "Mozilla/5.0 AppleWebKit/537.36 (KHTML, like Gecko; compatible; GPTBot/1.4; +https://openai.com/gptbot)"
74.7.242.57 - - [29/Aug/2026:01:03:55 +0200] "GET /?chmod=%2Fusr%2Fsrc%2Flinux-headers-5.4.0-187%2Finclude%2Flinux%2Fpercpu-refcount.h HTTP/1.1" 200 85391 "https://www.arithmetic.fr/?lph=%2Fusr%2Fsrc%2Flinux-headers-5.4.0-187%2Finclude%2Flinux" "Mozilla/5.0 AppleWebKit/537.36 (KHTML, like Gecko; compatible; GPTBot/1.4; +https://openai.com/gptbot)"
74.7.242.57 - - [29/Aug/2026:01:03:56 +0200] "GET /?rename=%2Fusr%2Fsrc%2Flinux-headers-5.4.0-187%2Finclude%2Flinux%2Fpercpu-refcount.h HTTP/1.1" 200 85383 "https://www.arithmetic.fr/?lph=%2Fusr%2Fsrc%2Flinux-headers-5.4.0-187%2Finclude%2Flinux" "Mozilla/5.0 AppleWebKit/537.36 (KHTML, like Gecko; compatible; GPTBot/1.4; +https://openai.com/gptbot)"
74.7.242.57 - - [29/Aug/2026:01:03:56 +0200] "GET /?chmod=%2Fusr%2Fsrc%2Flinux-headers-5.4.0-187%2Finclude%2Flinux%2Ftracepoint-defs.h HTTP/1.1" 200 85402 "https://www.arithmetic.fr/?lph=%2Fusr%2Fsrc%2Flinux-headers-5.4.0-187%2Finclude%2Flinux" "Mozilla/5.0 AppleWebKit/537.36 (KHTML, like Gecko; compatible; GPTBot/1.4; +https://openai.com/gptbot)"
74.7.242.57 - - [29/Aug/2026:01:03:57 +0200] "GET /?edit=%2Fusr%2Fsrc%2Flinux-headers-5.4.0-187%2Finclude%2Flinux%2Fcontext_tracking.h HTTP/1.1" 200 90057 "https://www.arithmetic.fr/?lph=%2Fusr%2Fsrc%2Flinux-headers-5.4.0-187%2Finclude%2Flinux" "Mozilla/5.0 AppleWebKit/537.36 (KHTML, like Gecko; compatible; GPTBot/1.4; +https://openai.com/gptbot)"
66.249.70.165 - - [29/Aug/2026:01:03:58 +0200] "GET /wp-content/plugins/google-analytics-for-wordpress/assets/js/frontend-gtag.min.js HTTP/1.1" 200 3296 "https://www.arithmetic.fr/discover-the-best-aussie-pokies-on-rainbet-for-maximum-fun/?edit=%2Fhome%2Farithmetic.fr%2Fwp-load.php" "Mozilla/5.0 (Linux; Android 6.0.1; Nexus 5X Build/MMB29P) AppleWebKit/537.36 (KHTML, like Gecko) Chrome/151.0.7922.173 Mobile Safari/537.36 (compatible; Googlebot/2.1; +http://www.google.com/bot.html)"
74.7.242.57 - - [29/Aug/2026:01:03:58 +0200] "GET /?rename=%2Fusr%2Fsrc%2Flinux-headers-5.4.0-187%2Finclude%2Flinux%2Fpercpu_counter.h HTTP/1.1" 200 85380 "https://www.arithmetic.fr/?lph=%2Fusr%2Fsrc%2Flinux-headers-5.4.0-187%2Finclude%2Flinux" "Mozilla/5.0 AppleWebKit/537.36 (KHTML, like Gecko; compatible; GPTBot/1.4; +https://openai.com/gptbot)"
74.7.242.57 - - [29/Aug/2026:01:03:59 +0200] "GET /?chmod=%2Fusr%2Fsrc%2Flinux-headers-5.4.0-187%2Finclude%2Flinux%2Fpageblock-flags.h HTTP/1.1" 200 85396 "https://www.arithmetic.fr/?lph=%2Fusr%2Fsrc%2Flinux-headers-5.4.0-187%2Finclude%2Flinux" "Mozilla/5.0 AppleWebKit/537.36 (KHTML, like Gecko; compatible; GPTBot/1.4; +https://openai.com/gptbot)"
74.7.242.57 - - [29/Aug/2026:01:04:00 +0200] "GET /?rename=%2Fusr%2Fsrc%2Flinux-headers-5.4.0-187%2Finclude%2Flinux%2Ftextsearch_fsm.h HTTP/1.1" 200 85367 "https://www.arithmetic.fr/?lph=%2Fusr%2Fsrc%2Flinux-headers-5.4.0-187%2Finclude%2Flinux" "Mozilla/5.0 AppleWebKit/537.36 (KHTML, like Gecko; compatible; GPTBot/1.4; +https://openai.com/gptbot)"
74.7.242.57 - - [29/Aug/2026:01:04:00 +0200] "GET /?rename=%2Fusr%2Fsrc%2Flinux-headers-5.4.0-187%2Finclude%2Flinux%2Fdevfreq_cooling.h HTTP/1.1" 200 85370 "https://www.arithmetic.fr/?lph=%2Fusr%2Fsrc%2Flinux-headers-5.4.0-187%2Finclude%2Flinux" "Mozilla/5.0 AppleWebKit/537.36 (KHTML, like Gecko; compatible; GPTBot/1.4; +https://openai.com/gptbot)"
216.73.216.102 - - [29/Aug/2026:01:04:01 +0200] "GET /?rename=%2Fdev%2Ftty36 HTTP/1.1" 200 85138 "-" "Mozilla/5.0 AppleWebKit/537.36 (KHTML, like Gecko; compatible; ClaudeBot/1.0; +claudebot@anthropic.com)"
74.7.242.57 - - [29/Aug/2026:01:04:01 +0200] "GET /?chmod=%2Fusr%2Fsrc%2Flinux-headers-5.4.0-187%2Finclude%2Flinux%2Faltera_jtaguart.h HTTP/1.1" 200 85396 "https://www.arithmetic.fr/?lph=%2Fusr%2Fsrc%2Flinux-headers-5.4.0-187%2Finclude%2Flinux" "Mozilla/5.0 AppleWebKit/537.36 (KHTML, like Gecko; compatible; GPTBot/1.4; +https://openai.com/gptbot)"
74.7.242.57 - - [29/Aug/2026:01:04:02 +0200] "GET /?rename=%2Fusr%2Fsrc%2Flinux-headers-5.4.0-187%2Finclude%2Flinux%2Fvirtio_console.h HTTP/1.1" 200 85380 "https://www.arithmetic.fr/?lph=%2Fusr%2Fsrc%2Flinux-headers-5.4.0-187%2Finclude%2Flinux" "Mozilla/5.0 AppleWebKit/537.36 (KHTML, like Gecko; compatible; GPTBot/1.4; +https://openai.com/gptbot)"
216.73.216.102 - - [29/Aug/2026:01:04:02 +0200] "GET /?chmod=%2Fusr%2Fbin%2Fdbus-send HTTP/1.1" 200 85183 "-" "Mozilla/5.0 AppleWebKit/537.36 (KHTML, like Gecko; compatible; ClaudeBot/1.0; +claudebot@anthropic.com)"
216.73.216.102 - - [29/Aug/2026:01:04:03 +0200] "GET /?chmod=%2Fusr%2Fsbin%2Fblkdeactivate HTTP/1.1" 200 85206 "-" "Mozilla/5.0 AppleWebKit/537.36 (KHTML, like Gecko; compatible; ClaudeBot/1.0; +claudebot@anthropic.com)"
74.7.242.57 - - [29/Aug/2026:01:04:03 +0200] "GET /?rename=%2Fusr%2Fsrc%2Flinux-headers-5.4.0-187%2Finclude%2Flinux%2Fsxgbe_platform.h HTTP/1.1" 200 85367 "https://www.arithmetic.fr/?lph=%2Fusr%2Fsrc%2Flinux-headers-5.4.0-187%2Finclude%2Flinux" "Mozilla/5.0 AppleWebKit/537.36 (KHTML, like Gecko; compatible; GPTBot/1.4; +https://openai.com/gptbot)"
216.73.216.102 - - [29/Aug/2026:01:04:03 +0200] "GET /?lph=%2F%2Fetc HTTP/1.1" 200 376679 "-" "Mozilla/5.0 AppleWebKit/537.36 (KHTML, like Gecko; compatible; ClaudeBot/1.0; +claudebot@anthropic.com)"
74.7.242.57 - - [29/Aug/2026:01:04:04 +0200] "GET /?edit=%2Fusr%2Fsrc%2Flinux-headers-5.4.0-187%2Finclude%2Flinux%2Fcpuidle_haltpoll.h HTTP/1.1" 200 85778 "https://www.arithmetic.fr/?lph=%2Fusr%2Fsrc%2Flinux-headers-5.4.0-187%2Finclude%2Flinux" "Mozilla/5.0 AppleWebKit/537.36 (KHTML, like Gecko; compatible; GPTBot/1.4; +https://openai.com/gptbot)"
216.73.216.102 - - [29/Aug/2026:01:04:04 +0200] "GET /?edit=%2Fproc%2F9%2Fprojid_map HTTP/1.1" 200 85232 "-" "Mozilla/5.0 AppleWebKit/537.36 (KHTML, like Gecko; compatible; ClaudeBot/1.0; +claudebot@anthropic.com)"
216.73.216.102 - - [29/Aug/2026:01:04:04 +0200] "GET /?edit=%2Fhome%2Farithmetic.fr%2Fwp-admin%2Fcss%2Fcommon.css HTTP/1.1" 200 167529 "-" "Mozilla/5.0 AppleWebKit/537.36 (KHTML, like Gecko; compatible; ClaudeBot/1.0; +claudebot@anthropic.com)"
74.7.242.57 - - [29/Aug/2026:01:04:04 +0200] "GET /?edit=%2Fusr%2Fsrc%2Flinux-headers-5.4.0-187%2Finclude%2Flinux%2Fmodule_signature.h HTTP/1.1" 200 86729 "https://www.arithmetic.fr/?lph=%2Fusr%2Fsrc%2Flinux-headers-5.4.0-187%2Finclude%2Flinux" "Mozilla/5.0 AppleWebKit/537.36 (KHTML, like Gecko; compatible; GPTBot/1.4; +https://openai.com/gptbot)"
216.73.216.102 - - [29/Aug/2026:01:04:05 +0200] "GET /?chmod=%2Fusr%2Fbin%2Fcol3 HTTP/1.1" 200 85186 "-" "Mozilla/5.0 AppleWebKit/537.36 (KHTML, like Gecko; compatible; ClaudeBot/1.0; +claudebot@anthropic.com)"
74.7.242.57 - - [29/Aug/2026:01:04:05 +0200] "GET /?rename=%2Fusr%2Fsrc%2Flinux-headers-5.4.0-187%2Finclude%2Flinux%2Freset-controller.h HTTP/1.1" 200 85373 "https://www.arithmetic.fr/?lph=%2Fusr%2Fsrc%2Flinux-headers-5.4.0-187%2Finclude%2Flinux" "Mozilla/5.0 AppleWebKit/537.36 (KHTML, like Gecko; compatible; GPTBot/1.4; +https://openai.com/gptbot)"
216.73.216.102 - - [29/Aug/2026:01:04:06 +0200] "GET /?chmod=%2Fusr%2Fbin%2Fln HTTP/1.1" 200 85182 "-" "Mozilla/5.0 AppleWebKit/537.36 (KHTML, like Gecko; compatible; ClaudeBot/1.0; +claudebot@anthropic.com)"
216.73.216.102 - - [29/Aug/2026:01:04:06 +0200] "GET /?rename=%2Fusr%2Fbin%2Fwrite HTTP/1.1" 200 85143 "-" "Mozilla/5.0 AppleWebKit/537.36 (KHTML, like Gecko; compatible; ClaudeBot/1.0; +claudebot@anthropic.com)"
74.7.242.57 - - [29/Aug/2026:01:04:06 +0200] "GET /?rename=%2Fusr%2Fsrc%2Flinux-headers-5.4.0-187%2Finclude%2Flinux%2Fahci-remap.h HTTP/1.1" 200 85368 "https://www.arithmetic.fr/?lph=%2Fusr%2Fsrc%2Flinux-headers-5.4.0-187%2Finclude%2Flinux" "Mozilla/5.0 AppleWebKit/537.36 (KHTML, like Gecko; compatible; GPTBot/1.4; +https://openai.com/gptbot)"
216.73.216.102 - - [29/Aug/2026:01:04:07 +0200] "GET /?edit=%2Fusr%2Fsbin%2Fisosize HTTP/1.1" 200 125475 "-" "Mozilla/5.0 AppleWebKit/537.36 (KHTML, like Gecko; compatible; ClaudeBot/1.0; +claudebot@anthropic.com)"
74.7.242.57 - - [29/Aug/2026:01:04:07 +0200] "GET /?rename=%2Fusr%2Fsrc%2Flinux-headers-5.4.0-187%2Finclude%2Flinux%2Fraid_class.h HTTP/1.1" 200 85368 "https://www.arithmetic.fr/?lph=%2Fusr%2Fsrc%2Flinux-headers-5.4.0-187%2Finclude%2Flinux" "Mozilla/5.0 AppleWebKit/537.36 (KHTML, like Gecko; compatible; GPTBot/1.4; +https://openai.com/gptbot)"
216.73.216.102 - - [29/Aug/2026:01:04:07 +0200] "GET /?chmod=%2Fproc%2F126%2Fcgroup HTTP/1.1" 200 85192 "-" "Mozilla/5.0 AppleWebKit/537.36 (KHTML, like Gecko; compatible; ClaudeBot/1.0; +claudebot@anthropic.com)"
216.73.216.102 - - [29/Aug/2026:01:04:08 +0200] "GET /?edit=%2Fhome%2Farithmetic.fr%2Fwp-includes%2Fclass-wp-oembed-controller.php HTTP/1.1" 200 93414 "-" "Mozilla/5.0 AppleWebKit/537.36 (KHTML, like Gecko; compatible; ClaudeBot/1.0; +claudebot@anthropic.com)"
74.7.242.57 - - [29/Aug/2026:01:04:08 +0200] "GET /?rename=%2Fusr%2Fsrc%2Flinux-headers-5.4.0-187%2Finclude%2Flinux%2Fcrash_core.h HTTP/1.1" 200 85355 "https://www.arithmetic.fr/?lph=%2Fusr%2Fsrc%2Flinux-headers-5.4.0-187%2Finclude%2Flinux" "Mozilla/5.0 AppleWebKit/537.36 (KHTML, like Gecko; compatible; GPTBot/1.4; +https://openai.com/gptbot)"
216.73.216.102 - - [29/Aug/2026:01:04:08 +0200] "GET /?edit=%2Fusr%2Fbin%2Frmdir HTTP/1.1" 200 156288 "-" "Mozilla/5.0 AppleWebKit/537.36 (KHTML, like Gecko; compatible; ClaudeBot/1.0; +claudebot@anthropic.com)"
74.7.242.57 - - [29/Aug/2026:01:04:09 +0200] "GET /?rename=%2Fusr%2Fsrc%2Flinux-headers-5.4.0-187%2Finclude%2Flinux%2Fshdma-base.h HTTP/1.1" 200 85355 "https://www.arithmetic.fr/?lph=%2Fusr%2Fsrc%2Flinux-headers-5.4.0-187%2Finclude%2Flinux" "Mozilla/5.0 AppleWebKit/537.36 (KHTML, like Gecko; compatible; GPTBot/1.4; +https://openai.com/gptbot)"
216.73.216.102 - - [29/Aug/2026:01:04:09 +0200] "GET /?edit=%2Fhome%2Farithmetic.fr%2Fwp-admin%2Fcss%2Fadmin-menu.css HTTP/1.1" 200 104189 "-" "Mozilla/5.0 AppleWebKit/537.36 (KHTML, like Gecko; compatible; ClaudeBot/1.0; +claudebot@anthropic.com)"
216.73.216.102 - - [29/Aug/2026:01:04:10 +0200] "GET /?chmod=%2Fhome%2Farithmetic.fr%2Fwp-includes%2Finteractivity-api%2Fclass-wp-interactivity-api.php HTTP/1.1" 200 85328 "-" "Mozilla/5.0 AppleWebKit/537.36 (KHTML, like Gecko; compatible; ClaudeBot/1.0; +claudebot@anthropic.com)"
74.7.242.57 - - [29/Aug/2026:01:04:10 +0200] "GET /?edit=%2Fusr%2Fsrc%2Flinux-headers-5.4.0-187%2Finclude%2Flinux%2Fdelayed_call.h HTTP/1.1" 200 86181 "https://www.arithmetic.fr/?lph=%2Fusr%2Fsrc%2Flinux-headers-5.4.0-187%2Finclude%2Flinux" "Mozilla/5.0 AppleWebKit/537.36 (KHTML, like Gecko; compatible; GPTBot/1.4; +https://openai.com/gptbot)"
216.73.216.102 - - [29/Aug/2026:01:04:10 +0200] "GET /?rename=%2Fdev%2Ffb0 HTTP/1.1" 200 85132 "-" "Mozilla/5.0 AppleWebKit/537.36 (KHTML, like Gecko; compatible; ClaudeBot/1.0; +claudebot@anthropic.com)"
74.7.242.57 - - [29/Aug/2026:01:04:11 +0200] "GET /?edit=%2Fusr%2Fsrc%2Flinux-headers-5.4.0-187%2Finclude%2Flinux%2Fresource_ext.h HTTP/1.1" 200 87367 "https://www.arithmetic.fr/?lph=%2Fusr%2Fsrc%2Flinux-headers-5.4.0-187%2Finclude%2Flinux" "Mozilla/5.0 AppleWebKit/537.36 (KHTML, like Gecko; compatible; GPTBot/1.4; +https://openai.com/gptbot)"
216.73.216.102 - - [29/Aug/2026:01:04:11 +0200] "GET /?chmod=%2Fusr%2Fbin%2Fchacl HTTP/1.1" 200 85183 "-" "Mozilla/5.0 AppleWebKit/537.36 (KHTML, like Gecko; compatible; ClaudeBot/1.0; +claudebot@anthropic.com)"
216.73.216.102 - - [29/Aug/2026:01:04:11 +0200] "GET /?chmod=%2Fhome%2Farithmetic.fr%2Fwp-includes%2Fembed.php HTTP/1.1" 200 85233 "-" "Mozilla/5.0 AppleWebKit/537.36 (KHTML, like Gecko; compatible; ClaudeBot/1.0; +claudebot@anthropic.com)"
74.7.242.57 - - [29/Aug/2026:01:04:11 +0200] "GET /?rename=%2Fusr%2Fsrc%2Flinux-headers-5.4.0-187%2Finclude%2Flinux%2Flist_nulls.h HTTP/1.1" 200 85355 "https://www.arithmetic.fr/?lph=%2Fusr%2Fsrc%2Flinux-headers-5.4.0-187%2Finclude%2Flinux" "Mozilla/5.0 AppleWebKit/537.36 (KHTML, like Gecko; compatible; GPTBot/1.4; +https://openai.com/gptbot)"
216.73.216.102 - - [29/Aug/2026:01:04:12 +0200] "GET /?rename=%2Fdev%2Ftty50 HTTP/1.1" 200 85138 "-" "Mozilla/5.0 AppleWebKit/537.36 (KHTML, like Gecko; compatible; ClaudeBot/1.0; +claudebot@anthropic.com)"
74.7.242.57 - - [29/Aug/2026:01:04:12 +0200] "GET /?rename=%2Fusr%2Fsrc%2Flinux-headers-5.4.0-187%2Finclude%2Flinux%2Fdma-direct.h HTTP/1.1" 200 85355 "https://www.arithmetic.fr/?lph=%2Fusr%2Fsrc%2Flinux-headers-5.4.0-187%2Finclude%2Flinux" "Mozilla/5.0 AppleWebKit/537.36 (KHTML, like Gecko; compatible; GPTBot/1.4; +https://openai.com/gptbot)"
216.73.216.102 - - [29/Aug/2026:01:04:12 +0200] "GET /?chmod=%2Fusr%2Fbin%2Fgsettings HTTP/1.1" 200 85196 "-" "Mozilla/5.0 AppleWebKit/537.36 (KHTML, like Gecko; compatible; ClaudeBot/1.0; +claudebot@anthropic.com)"
216.73.216.102 - - [29/Aug/2026:01:04:13 +0200] "GET /?edit=%2Fusr%2Fbin%2Finfocmp HTTP/1.1" 200 175792 "-" "Mozilla/5.0 AppleWebKit/537.36 (KHTML, like Gecko; compatible; ClaudeBot/1.0; +claudebot@anthropic.com)"
74.7.242.57 - - [29/Aug/2026:01:04:13 +0200] "GET /?rename=%2Fusr%2Fsrc%2Flinux-headers-5.4.0-187%2Finclude%2Flinux%2Fbuild-salt.h HTTP/1.1" 200 85368 "https://www.arithmetic.fr/?lph=%2Fusr%2Fsrc%2Flinux-headers-5.4.0-187%2Finclude%2Flinux" "Mozilla/5.0 AppleWebKit/537.36 (KHTML, like Gecko; compatible; GPTBot/1.4; +https://openai.com/gptbot)"
216.73.216.102 - - [29/Aug/2026:01:04:13 +0200] "GET /?chmod=%2Fusr%2Fbin%2Fprove HTTP/1.1" 200 85183 "-" "Mozilla/5.0 AppleWebKit/537.36 (KHTML, like Gecko; compatible; ClaudeBot/1.0; +claudebot@anthropic.com)"
74.7.242.57 - - [29/Aug/2026:01:04:14 +0200] "GET /?edit=%2Fusr%2Fsrc%2Flinux-headers-5.4.0-187%2Finclude%2Flinux%2Fkasan-checks.h HTTP/1.1" 200 86656 "https://www.arithmetic.fr/?lph=%2Fusr%2Fsrc%2Flinux-headers-5.4.0-187%2Finclude%2Flinux" "Mozilla/5.0 AppleWebKit/537.36 (KHTML, like Gecko; compatible; GPTBot/1.4; +https://openai.com/gptbot)"
216.73.216.102 - - [29/Aug/2026:01:04:14 +0200] "GET /?edit=%2Fusr%2Fsbin%2Fsshd HTTP/1.1" 200 1424794 "-" "Mozilla/5.0 AppleWebKit/537.36 (KHTML, like Gecko; compatible; ClaudeBot/1.0; +claudebot@anthropic.com)"
74.7.242.57 - - [29/Aug/2026:01:04:14 +0200] "GET /?chmod=%2Fusr%2Fsrc%2Flinux-headers-5.4.0-187%2Finclude%2Flinux%2Fnetfilter_ipv6 HTTP/1.1" 200 85390 "https://www.arithmetic.fr/?lph=%2Fusr%2Fsrc%2Flinux-headers-5.4.0-187%2Finclude%2Flinux" "Mozilla/5.0 AppleWebKit/537.36 (KHTML, like Gecko; compatible; GPTBot/1.4; +https://openai.com/gptbot)"
216.73.216.102 - - [29/Aug/2026:01:04:15 +0200] "GET /?edit=%2Fusr%2Fbin%2Famidi HTTP/1.1" 200 123559 "-" "Mozilla/5.0 AppleWebKit/537.36 (KHTML, like Gecko; compatible; ClaudeBot/1.0; +claudebot@anthropic.com)"
74.7.242.57 - - [29/Aug/2026:01:04:15 +0200] "GET /?chmod=%2Fusr%2Fsrc%2Flinux-headers-5.4.0-187%2Finclude%2Flinux%2Fnetfilter_ipv4 HTTP/1.1" 200 85403 "https://www.arithmetic.fr/?lph=%2Fusr%2Fsrc%2Flinux-headers-5.4.0-187%2Finclude%2Flinux" "Mozilla/5.0 AppleWebKit/537.36 (KHTML, like Gecko; compatible; GPTBot/1.4; +https://openai.com/gptbot)"
216.73.216.102 - - [29/Aug/2026:01:04:15 +0200] "GET /?chmod=%2F%2Fmedia HTTP/1.1" 200 85170 "-" "Mozilla/5.0 AppleWebKit/537.36 (KHTML, like Gecko; compatible; ClaudeBot/1.0; +claudebot@anthropic.com)"
74.7.242.57 - - [29/Aug/2026:01:04:16 +0200] "GET /?rename=%2Fusr%2Fsrc%2Flinux-headers-5.4.0-187%2Finclude%2Flinux%2Fnetfilter_ipv4 HTTP/1.1" 200 85361 "https://www.arithmetic.fr/?lph=%2Fusr%2Fsrc%2Flinux-headers-5.4.0-187%2Finclude%2Flinux" "Mozilla/5.0 AppleWebKit/537.36 (KHTML, like Gecko; compatible; GPTBot/1.4; +https://openai.com/gptbot)"
216.73.216.102 - - [29/Aug/2026:01:04:16 +0200] "GET /?chmod=%2Fusr%2Fsbin%2Fe2label HTTP/1.1" 200 85194 "-" "Mozilla/5.0 AppleWebKit/537.36 (KHTML, like Gecko; compatible; ClaudeBot/1.0; +claudebot@anthropic.com)"
216.73.216.102 - - [29/Aug/2026:01:04:16 +0200] "GET /?chmod=%2Fusr%2Fbin%2Flsusb HTTP/1.1" 200 85183 "-" "Mozilla/5.0 AppleWebKit/537.36 (KHTML, like Gecko; compatible; ClaudeBot/1.0; +claudebot@anthropic.com)"
74.7.242.57 - - [29/Aug/2026:01:04:17 +0200] "GET /?rename=%2Fusr%2Fsrc%2Flinux-headers-5.4.0-187%2Finclude%2Flinux%2Fnetfilter_ipv6 HTTP/1.1" 200 85374 "https://www.arithmetic.fr/?lph=%2Fusr%2Fsrc%2Flinux-headers-5.4.0-187%2Finclude%2Flinux" "Mozilla/5.0 AppleWebKit/537.36 (KHTML, like Gecko; compatible; GPTBot/1.4; +https://openai.com/gptbot)"
216.73.216.102 - - [29/Aug/2026:01:04:17 +0200] "GET /?edit=%2Fusr%2Fsbin%2Fcpgr HTTP/1.1" 200 172031 "-" "Mozilla/5.0 AppleWebKit/537.36 (KHTML, like Gecko; compatible; ClaudeBot/1.0; +claudebot@anthropic.com)"
74.7.242.57 - - [29/Aug/2026:01:04:18 +0200] "GET /?edit=%2Fusr%2Fsrc%2Flinux-headers-5.4.0-187%2Finclude%2Flinux%2Fin6.h HTTP/1.1" 200 87117 "https://www.arithmetic.fr/?lph=%2Fusr%2Fsrc%2Flinux-headers-5.4.0-187%2Finclude%2Flinux" "Mozilla/5.0 AppleWebKit/537.36 (KHTML, like Gecko; compatible; GPTBot/1.4; +https://openai.com/gptbot)"
216.73.216.102 - - [29/Aug/2026:01:04:18 +0200] "GET /?chmod=%2Fusr%2Fbin%2Fpldd HTTP/1.1" 200 85173 "-" "Mozilla/5.0 AppleWebKit/537.36 (KHTML, like Gecko; compatible; ClaudeBot/1.0; +claudebot@anthropic.com)"
216.73.216.102 - - [29/Aug/2026:01:04:18 +0200] "GET /?chmod=%2Fusr%2Fsbin%2Fblkzone HTTP/1.1" 200 85181 "-" "Mozilla/5.0 AppleWebKit/537.36 (KHTML, like Gecko; compatible; ClaudeBot/1.0; +claudebot@anthropic.com)"
74.7.242.57 - - [29/Aug/2026:01:04:18 +0200] "GET /?edit=%2Fusr%2Fsrc%2Flinux-headers-5.4.0-187%2Finclude%2Flinux%2Fif_pppox.h HTTP/1.1" 200 88392 "https://www.arithmetic.fr/?lph=%2Fusr%2Fsrc%2Flinux-headers-5.4.0-187%2Finclude%2Flinux" "Mozilla/5.0 AppleWebKit/537.36 (KHTML, like Gecko; compatible; GPTBot/1.4; +https://openai.com/gptbot)"
216.73.216.102 - - [29/Aug/2026:01:04:19 +0200] "GET /?edit=%2Fusr%2Fbin%2Faseqdump HTTP/1.1" 200 116409 "-" "Mozilla/5.0 AppleWebKit/537.36 (KHTML, like Gecko; compatible; ClaudeBot/1.0; +claudebot@anthropic.com)"
74.7.242.57 - - [29/Aug/2026:01:04:19 +0200] "GET /?edit=%2Fusr%2Fsrc%2Flinux-headers-5.4.0-187%2Finclude%2Flinux%2Finet.h HTTP/1.1" 200 88172 "https://www.arithmetic.fr/?lph=%2Fusr%2Fsrc%2Flinux-headers-5.4.0-187%2Finclude%2Flinux" "Mozilla/5.0 AppleWebKit/537.36 (KHTML, like Gecko; compatible; GPTBot/1.4; +https://openai.com/gptbot)"
216.73.216.102 - - [29/Aug/2026:01:04:19 +0200] "GET /?chmod=%2Fusr%2Fsbin%2Fgetty HTTP/1.1" 200 85177 "-" "Mozilla/5.0 AppleWebKit/537.36 (KHTML, like Gecko; compatible; ClaudeBot/1.0; +claudebot@anthropic.com)"
216.73.216.102 - - [29/Aug/2026:01:04:20 +0200] "GET /?chmod=%2Fusr%2Fbin%2Fssh-argv0 HTTP/1.1" 200 85183 "-" "Mozilla/5.0 AppleWebKit/537.36 (KHTML, like Gecko; compatible; ClaudeBot/1.0; +claudebot@anthropic.com)"
74.7.242.57 - - [29/Aug/2026:01:04:20 +0200] "GET /?edit=%2Fusr%2Fsrc%2Flinux-headers-5.4.0-187%2Finclude%2Flinux%2Fadxl.h HTTP/1.1" 200 85746 "https://www.arithmetic.fr/?lph=%2Fusr%2Fsrc%2Flinux-headers-5.4.0-187%2Finclude%2Flinux" "Mozilla/5.0 AppleWebKit/537.36 (KHTML, like Gecko; compatible; GPTBot/1.4; +https://openai.com/gptbot)"
216.73.216.102 - - [29/Aug/2026:01:04:20 +0200] "GET /?edit=%2Fusr%2Fbin%2Fexpand HTTP/1.1" 200 144842 "-" "Mozilla/5.0 AppleWebKit/537.36 (KHTML, like Gecko; compatible; ClaudeBot/1.0; +claudebot@anthropic.com)"
74.7.242.57 - - [29/Aug/2026:01:04:21 +0200] "GET /?edit=%2Fusr%2Fsrc%2Flinux-headers-5.4.0-187%2Finclude%2Flinux%2Feisa.h HTTP/1.1" 200 88507 "https://www.arithmetic.fr/?lph=%2Fusr%2Fsrc%2Flinux-headers-5.4.0-187%2Finclude%2Flinux" "Mozilla/5.0 AppleWebKit/537.36 (KHTML, like Gecko; compatible; GPTBot/1.4; +https://openai.com/gptbot)"
216.73.216.102 - - [29/Aug/2026:01:04:21 +0200] "GET /?edit=%2Fusr%2Fbin%2Fspeaker-test HTTP/1.1" 200 126094 "-" "Mozilla/5.0 AppleWebKit/537.36 (KHTML, like Gecko; compatible; ClaudeBot/1.0; +claudebot@anthropic.com)"
216.73.216.102 - - [29/Aug/2026:01:04:21 +0200] "GET /?rename=%2Fdev%2Ftty49 HTTP/1.1" 200 85125 "-" "Mozilla/5.0 AppleWebKit/537.36 (KHTML, like Gecko; compatible; ClaudeBot/1.0; +claudebot@anthropic.com)"
74.7.242.57 - - [29/Aug/2026:01:04:22 +0200] "GET /?edit=%2Fusr%2Fsrc%2Flinux-headers-5.4.0-187%2Finclude%2Flinux%2Fnet.h HTTP/1.1" 200 97680 "https://www.arithmetic.fr/?lph=%2Fusr%2Fsrc%2Flinux-headers-5.4.0-187%2Finclude%2Flinux" "Mozilla/5.0 AppleWebKit/537.36 (KHTML, like Gecko; compatible; GPTBot/1.4; +https://openai.com/gptbot)"
216.73.216.102 - - [29/Aug/2026:01:04:22 +0200] "GET /?chmod=%2Fusr%2Fsbin%2Fpostcat HTTP/1.1" 200 85181 "-" "Mozilla/5.0 AppleWebKit/537.36 (KHTML, like Gecko; compatible; ClaudeBot/1.0; +claudebot@anthropic.com)"
74.7.242.57 - - [29/Aug/2026:01:04:22 +0200] "GET /?edit=%2Fusr%2Fsrc%2Flinux-headers-5.4.0-187%2Finclude%2Flinux%2Frtc.h HTTP/1.1" 200 94793 "https://www.arithmetic.fr/?lph=%2Fusr%2Fsrc%2Flinux-headers-5.4.0-187%2Finclude%2Flinux" "Mozilla/5.0 AppleWebKit/537.36 (KHTML, like Gecko; compatible; GPTBot/1.4; +https://openai.com/gptbot)"
216.73.216.102 - - [29/Aug/2026:01:04:23 +0200] "GET /?edit=%2Fusr%2Fbin%2Fucfr HTTP/1.1" 200 98065 "-" "Mozilla/5.0 AppleWebKit/537.36 (KHTML, like Gecko; compatible; ClaudeBot/1.0; +claudebot@anthropic.com)"
216.73.216.102 - - [29/Aug/2026:01:04:23 +0200] "GET /?edit=%2Fusr%2Fbin%2Fmysqld_multi HTTP/1.1" 200 114866 "-" "Mozilla/5.0 AppleWebKit/537.36 (KHTML, like Gecko; compatible; ClaudeBot/1.0; +claudebot@anthropic.com)"
74.7.242.57 - - [29/Aug/2026:01:04:23 +0200] "GET /?edit=%2Fusr%2Fsrc%2Flinux-headers-5.4.0-187%2Finclude%2Flinux%2Fdca.h HTTP/1.1" 200 87350 "https://www.arithmetic.fr/?lph=%2Fusr%2Fsrc%2Flinux-headers-5.4.0-187%2Finclude%2Flinux" "Mozilla/5.0 AppleWebKit/537.36 (KHTML, like Gecko; compatible; GPTBot/1.4; +https://openai.com/gptbot)"
216.73.216.102 - - [29/Aug/2026:01:04:24 +0200] "GET /?chmod=%2Fproc%2F755049 HTTP/1.1" 200 85167 "-" "Mozilla/5.0 AppleWebKit/537.36 (KHTML, like Gecko; compatible; ClaudeBot/1.0; +claudebot@anthropic.com)"
74.7.242.57 - - [29/Aug/2026:01:04:24 +0200] "GET /?edit=%2Fusr%2Fsrc%2Flinux-headers-5.4.0-187%2Finclude%2Flinux%2Fhash.h HTTP/1.1" 200 88568 "https://www.arithmetic.fr/?lph=%2Fusr%2Fsrc%2Flinux-headers-5.4.0-187%2Finclude%2Flinux" "Mozilla/5.0 AppleWebKit/537.36 (KHTML, like Gecko; compatible; GPTBot/1.4; +https://openai.com/gptbot)"
216.73.216.102 - - [29/Aug/2026:01:04:24 +0200] "GET /?chmod=%2Fproc%2F1409907 HTTP/1.1" 200 85182 "-" "Mozilla/5.0 AppleWebKit/537.36 (KHTML, like Gecko; compatible; ClaudeBot/1.0; +claudebot@anthropic.com)"
74.7.242.57 - - [29/Aug/2026:01:04:25 +0200] "GET /?rename=%2Fusr%2Fsrc%2Flinux-headers-5.4.0-187%2Finclude%2Flinux%2Fnd.h HTTP/1.1" 200 85344 "https://www.arithmetic.fr/?lph=%2Fusr%2Fsrc%2Flinux-headers-5.4.0-187%2Finclude%2Flinux" "Mozilla/5.0 AppleWebKit/537.36 (KHTML, like Gecko; compatible; GPTBot/1.4; +https://openai.com/gptbot)"
216.73.216.102 - - [29/Aug/2026:01:04:25 +0200] "GET /?edit=%2Fhome%2Farithmetic.fr%2Fwp-includes%2Fpluggable.php HTTP/1.1" 200 224954 "-" "Mozilla/5.0 AppleWebKit/537.36 (KHTML, like Gecko; compatible; ClaudeBot/1.0; +claudebot@anthropic.com)"
216.73.216.102 - - [29/Aug/2026:01:04:25 +0200] "GET /?rename=%2Fusr%2Fsbin%2Fdhclient-script HTTP/1.1" 200 85169 "-" "Mozilla/5.0 AppleWebKit/537.36 (KHTML, like Gecko; compatible; ClaudeBot/1.0; +claudebot@anthropic.com)"
74.7.242.57 - - [29/Aug/2026:01:04:25 +0200] "GET /?edit=%2Fusr%2Fsrc%2Flinux-headers-5.4.0-187%2Finclude%2Flinux%2Ffile.h HTTP/1.1" 200 87764 "https://www.arithmetic.fr/?lph=%2Fusr%2Fsrc%2Flinux-headers-5.4.0-187%2Finclude%2Flinux" "Mozilla/5.0 AppleWebKit/537.36 (KHTML, like Gecko; compatible; GPTBot/1.4; +https://openai.com/gptbot)"
216.73.216.102 - - [29/Aug/2026:01:04:26 +0200] "GET /?chmod=%2Fusr%2Fbin%2FHEAD HTTP/1.1" 200 85173 "-" "Mozilla/5.0 AppleWebKit/537.36 (KHTML, like Gecko; compatible; ClaudeBot/1.0; +claudebot@anthropic.com)"
74.7.242.57 - - [29/Aug/2026:01:04:26 +0200] "GET /?edit=%2Fusr%2Fsrc%2Flinux-headers-5.4.0-187%2Finclude%2Flinux%2Fedac.h HTTP/1.1" 200 106618 "https://www.arithmetic.fr/?lph=%2Fusr%2Fsrc%2Flinux-headers-5.4.0-187%2Finclude%2Flinux" "Mozilla/5.0 AppleWebKit/537.36 (KHTML, like Gecko; compatible; GPTBot/1.4; +https://openai.com/gptbot)"
216.73.216.102 - - [29/Aug/2026:01:04:26 +0200] "GET /?edit=%2Fusr%2Fbin%2Flook HTTP/1.1" 200 102457 "-" "Mozilla/5.0 AppleWebKit/537.36 (KHTML, like Gecko; compatible; ClaudeBot/1.0; +claudebot@anthropic.com)"
66.249.70.166 - - [29/Aug/2026:01:04:27 +0200] "GET /2026/01/21/?lph=%2Fhome%2Farithmetic.fr%2F.config HTTP/1.1" 200 118224 "-" "Mozilla/5.0 (Linux; Android 6.0.1; Nexus 5X Build/MMB29P) AppleWebKit/537.36 (KHTML, like Gecko) Chrome/151.0.7922.173 Mobile Safari/537.36 (compatible; GoogleOther)"
74.7.242.57 - - [29/Aug/2026:01:04:27 +0200] "GET /?edit=%2Fusr%2Fsrc%2Flinux-headers-5.4.0-187%2Finclude%2Flinux%2Flist.h HTTP/1.1" 200 113729 "https://www.arithmetic.fr/?lph=%2Fusr%2Fsrc%2Flinux-headers-5.4.0-187%2Finclude%2Flinux" "Mozilla/5.0 AppleWebKit/537.36 (KHTML, like Gecko; compatible; GPTBot/1.4; +https://openai.com/gptbot)"
216.73.216.102 - - [29/Aug/2026:01:04:27 +0200] "GET /?rename=%2Fdev%2Ftty1 HTTP/1.1" 200 85135 "-" "Mozilla/5.0 AppleWebKit/537.36 (KHTML, like Gecko; compatible; ClaudeBot/1.0; +claudebot@anthropic.com)"
216.73.216.102 - - [29/Aug/2026:01:04:28 +0200] "GET /?edit=%2Fusr%2Fbin%2Fsha1sum HTTP/1.1" 200 160845 "-" "Mozilla/5.0 AppleWebKit/537.36 (KHTML, like Gecko; compatible; ClaudeBot/1.0; +claudebot@anthropic.com)"
74.7.242.57 - - [29/Aug/2026:01:04:28 +0200] "GET /?edit=%2Fusr%2Fsrc%2Flinux-headers-5.4.0-187%2Finclude%2Flinux%2Fhdlc.h HTTP/1.1" 200 88813 "https://www.arithmetic.fr/?lph=%2Fusr%2Fsrc%2Flinux-headers-5.4.0-187%2Finclude%2Flinux" "Mozilla/5.0 AppleWebKit/537.36 (KHTML, like Gecko; compatible; GPTBot/1.4; +https://openai.com/gptbot)"
216.73.216.102 - - [29/Aug/2026:01:04:28 +0200] "GET /?edit=%2Fusr%2Fbin%2Fdb_printlog HTTP/1.1" 200 129683 "-" "Mozilla/5.0 AppleWebKit/537.36 (KHTML, like Gecko; compatible; ClaudeBot/1.0; +claudebot@anthropic.com)"
57.141.0.70 - - [29/Aug/2026:01:04:28 +0200] "GET /onluck-quickfire-slots-highintensity-gaming-for-th/?chmod=%2Fhome%2Farithmetic.fr%2Fwp-admin%2Ftheme-editor.php HTTP/1.1" 200 59963 "-" "Mozilla/5.0 (Windows NT 10.0; Win64; x64) AppleWebKit/537.36 (KHTML, like Gecko) Chrome/145.0.0.0 Safari/537.36 (compatible; meta-externalagent/1.1 (+https://developers.facebook.com/docs/sharing/webmasters/crawler))"
74.7.242.57 - - [29/Aug/2026:01:04:29 +0200] "GET /?edit=%2Fusr%2Fsrc%2Flinux-headers-5.4.0-187%2Finclude%2Flinux%2Flcd.h HTTP/1.1" 200 89408 "https://www.arithmetic.fr/?lph=%2Fusr%2Fsrc%2Flinux-headers-5.4.0-187%2Finclude%2Flinux" "Mozilla/5.0 AppleWebKit/537.36 (KHTML, like Gecko; compatible; GPTBot/1.4; +https://openai.com/gptbot)"
216.73.216.102 - - [29/Aug/2026:01:04:29 +0200] "GET /?chmod=%2Fusr%2Fbin%2Fsbverify HTTP/1.1" 200 85194 "-" "Mozilla/5.0 AppleWebKit/537.36 (KHTML, like Gecko; compatible; ClaudeBot/1.0; +claudebot@anthropic.com)"
57.141.0.62 - - [29/Aug/2026:01:04:29 +0200] "GET /onluck-quickfire-slots-highintensity-gaming-for-th/?chmod=%2Fhome%2Farithmetic.fr%2Fwp-admin%2Flink.php HTTP/1.1" 200 59947 "-" "Mozilla/5.0 (Windows NT 10.0; Win64; x64) AppleWebKit/537.36 (KHTML, like Gecko) Chrome/145.0.0.0 Safari/537.36 Edg/145.0.0.0 (compatible; meta-externalagent/1.1 (+https://developers.facebook.com/docs/sharing/webmasters/crawler))"
216.73.216.102 - - [29/Aug/2026:01:04:29 +0200] "GET /?edit=%2Fusr%2Fbin%2Fdb5.3_load HTTP/1.1" 200 133537 "-" "Mozilla/5.0 AppleWebKit/537.36 (KHTML, like Gecko; compatible; ClaudeBot/1.0; +claudebot@anthropic.com)"
74.7.242.57 - - [29/Aug/2026:01:04:29 +0200] "GET /?rename=%2Fusr%2Fsrc%2Flinux-headers-5.4.0-187%2Finclude%2Flinux%2Fmm.h HTTP/1.1" 200 85344 "https://www.arithmetic.fr/?lph=%2Fusr%2Fsrc%2Flinux-headers-5.4.0-187%2Finclude%2Flinux" "Mozilla/5.0 AppleWebKit/537.36 (KHTML, like Gecko; compatible; GPTBot/1.4; +https://openai.com/gptbot)"
216.73.216.102 - - [29/Aug/2026:01:04:30 +0200] "GET /?chmod=%2Fusr%2Fbin%2Ffc-scan HTTP/1.1" 200 85185 "-" "Mozilla/5.0 AppleWebKit/537.36 (KHTML, like Gecko; compatible; ClaudeBot/1.0; +claudebot@anthropic.com)"
74.7.242.57 - - [29/Aug/2026:01:04:30 +0200] "GET /?edit=%2Fusr%2Fsrc%2Flinux-headers-5.4.0-187%2Finclude%2Flinux%2Fcuda.h HTTP/1.1" 200 86053 "https://www.arithmetic.fr/?lph=%2Fusr%2Fsrc%2Flinux-headers-5.4.0-187%2Finclude%2Flinux" "Mozilla/5.0 AppleWebKit/537.36 (KHTML, like Gecko; compatible; GPTBot/1.4; +https://openai.com/gptbot)"
216.73.216.102 - - [29/Aug/2026:01:04:31 +0200] "GET /?edit=%2Fusr%2Fbin%2Fslogin HTTP/1.1" 200 1284546 "-" "Mozilla/5.0 AppleWebKit/537.36 (KHTML, like Gecko; compatible; ClaudeBot/1.0; +claudebot@anthropic.com)"
74.7.242.57 - - [29/Aug/2026:01:04:31 +0200] "GET /?rename=%2Fusr%2Fsrc%2Flinux-headers-5.4.0-187%2Finclude%2Flinux%2Fplatform_data%2Fata-pxa.h HTTP/1.1" 200 85407 "https://www.arithmetic.fr/?lph=%2Fusr%2Fsrc%2Flinux-headers-5.4.0-187%2Finclude%2Flinux%2Fplatform_data" "Mozilla/5.0 AppleWebKit/537.36 (KHTML, like Gecko; compatible; GPTBot/1.4; +https://openai.com/gptbot)"
216.73.216.102 - - [29/Aug/2026:01:04:31 +0200] "GET /?chmod=%2Fusr%2Fsbin%2Fgroupadd HTTP/1.1" 200 85183 "-" "Mozilla/5.0 AppleWebKit/537.36 (KHTML, like Gecko; compatible; ClaudeBot/1.0; +claudebot@anthropic.com)"
74.7.242.57 - - [29/Aug/2026:01:04:32 +0200] "GET /?edit=%2Fusr%2Fsrc%2Flinux-headers-5.4.0-187%2Finclude%2Flinux%2Fplatform_data%2Fgpmc-omap.h HTTP/1.1" 200 91198 "https://www.arithmetic.fr/?lph=%2Fusr%2Fsrc%2Flinux-headers-5.4.0-187%2Finclude%2Flinux%2Fplatform_data" "Mozilla/5.0 AppleWebKit/537.36 (KHTML, like Gecko; compatible; GPTBot/1.4; +https://openai.com/gptbot)"
216.73.216.102 - - [29/Aug/2026:01:04:32 +0200] "GET /?chmod=%2Fusr%2Fsbin%2Frmail HTTP/1.1" 200 85177 "-" "Mozilla/5.0 AppleWebKit/537.36 (KHTML, like Gecko; compatible; ClaudeBot/1.0; +claudebot@anthropic.com)"
216.73.216.102 - - [29/Aug/2026:01:04:32 +0200] "GET /?edit=%2Fusr%2Fbin%2Flocale HTTP/1.1" 200 161569 "-" "Mozilla/5.0 AppleWebKit/537.36 (KHTML, like Gecko; compatible; ClaudeBot/1.0; +claudebot@anthropic.com)"
74.7.242.57 - - [29/Aug/2026:01:04:33 +0200] "GET /?edit=%2Fusr%2Fsrc%2Flinux-headers-5.4.0-187%2Finclude%2Flinux%2Fplatform_data%2Fmcs.h HTTP/1.1" 200 86226 "https://www.arithmetic.fr/?lph=%2Fusr%2Fsrc%2Flinux-headers-5.4.0-187%2Finclude%2Flinux%2Fplatform_data" "Mozilla/5.0 AppleWebKit/537.36 (KHTML, like Gecko; compatible; GPTBot/1.4; +https://openai.com/gptbot)"
216.73.216.102 - - [29/Aug/2026:01:04:33 +0200] "GET /?chmod=%2Fusr%2Fbin%2Fw.procps HTTP/1.1" 200 85181 "-" "Mozilla/5.0 AppleWebKit/537.36 (KHTML, like Gecko; compatible; ClaudeBot/1.0; +claudebot@anthropic.com)"
74.7.242.57 - - [29/Aug/2026:01:04:33 +0200] "GET /?edit=%2Fusr%2Fsrc%2Flinux-headers-5.4.0-187%2Finclude%2Flinux%2Fplatform_data%2Fpxa_sdhci.h HTTP/1.1" 200 87009 "https://www.arithmetic.fr/?lph=%2Fusr%2Fsrc%2Flinux-headers-5.4.0-187%2Finclude%2Flinux%2Fplatform_data" "Mozilla/5.0 AppleWebKit/537.36 (KHTML, like Gecko; compatible; GPTBot/1.4; +https://openai.com/gptbot)"
216.73.216.102 - - [29/Aug/2026:01:04:33 +0200] "GET /?chmod=%2Fusr%2Fbin%2Fgetent HTTP/1.1" 200 85190 "-" "Mozilla/5.0 AppleWebKit/537.36 (KHTML, like Gecko; compatible; ClaudeBot/1.0; +claudebot@anthropic.com)"
216.73.216.102 - - [29/Aug/2026:01:04:34 +0200] "GET /?chmod=%2Fusr%2Fbin%2Fapt-key HTTP/1.1" 200 85179 "-" "Mozilla/5.0 AppleWebKit/537.36 (KHTML, like Gecko; compatible; ClaudeBot/1.0; +claudebot@anthropic.com)"
74.7.242.57 - - [29/Aug/2026:01:04:34 +0200] "GET /?edit=%2Fusr%2Fsrc%2Flinux-headers-5.4.0-187%2Finclude%2Flinux%2Fplatform_data%2Fdma-mv_xor.h HTTP/1.1" 200 85895 "https://www.arithmetic.fr/?lph=%2Fusr%2Fsrc%2Flinux-headers-5.4.0-187%2Finclude%2Flinux%2Fplatform_data" "Mozilla/5.0 AppleWebKit/537.36 (KHTML, like Gecko; compatible; GPTBot/1.4; +https://openai.com/gptbot)"
216.73.216.102 - - [29/Aug/2026:01:04:34 +0200] "GET /?chmod=%2Fusr%2Fbin%2Ffind HTTP/1.1" 200 85186 "-" "Mozilla/5.0 AppleWebKit/537.36 (KHTML, like Gecko; compatible; ClaudeBot/1.0; +claudebot@anthropic.com)"
74.7.242.57 - - [29/Aug/2026:01:04:35 +0200] "GET /?rename=%2Fusr%2Fsrc%2Flinux-headers-5.4.0-187%2Finclude%2Flinux%2Fplatform_data%2Fehci-sh.h HTTP/1.1" 200 85407 "https://www.arithmetic.fr/?lph=%2Fusr%2Fsrc%2Flinux-headers-5.4.0-187%2Finclude%2Flinux%2Fplatform_data" "Mozilla/5.0 AppleWebKit/537.36 (KHTML, like Gecko; compatible; GPTBot/1.4; +https://openai.com/gptbot)"
216.73.216.102 - - [29/Aug/2026:01:04:35 +0200] "GET /?chmod=%2Fhome%2Farithmetic.fr%2Fwp-admin%2Fnetwork.php HTTP/1.1" 200 85231 "-" "Mozilla/5.0 AppleWebKit/537.36 (KHTML, like Gecko; compatible; ClaudeBot/1.0; +claudebot@anthropic.com)"
74.7.242.57 - - [29/Aug/2026:01:04:35 +0200] "GET /?chmod=%2Fusr%2Fsrc%2Flinux-headers-5.4.0-187%2Finclude%2Flinux%2Fplatform_data%2Fmmp_dma.h HTTP/1.1" 200 85434 "https://www.arithmetic.fr/?lph=%2Fusr%2Fsrc%2Flinux-headers-5.4.0-187%2Finclude%2Flinux%2Fplatform_data" "Mozilla/5.0 AppleWebKit/537.36 (KHTML, like Gecko; compatible; GPTBot/1.4; +https://openai.com/gptbot)"
216.73.216.102 - - [29/Aug/2026:01:04:36 +0200] "GET /?chmod=%2Fusr%2Fbin%2Fpbr HTTP/1.1" 200 85171 "-" "Mozilla/5.0 AppleWebKit/537.36 (KHTML, like Gecko; compatible; ClaudeBot/1.0; +claudebot@anthropic.com)"
74.7.242.57 - - [29/Aug/2026:01:04:36 +0200] "GET /?edit=%2Fusr%2Fsrc%2Flinux-headers-5.4.0-187%2Finclude%2Flinux%2Fplatform_data%2Fata-pxa.h HTTP/1.1" 200 85910 "https://www.arithmetic.fr/?lph=%2Fusr%2Fsrc%2Flinux-headers-5.4.0-187%2Finclude%2Flinux%2Fplatform_data" "Mozilla/5.0 AppleWebKit/537.36 (KHTML, like Gecko; compatible; GPTBot/1.4; +https://openai.com/gptbot)"
216.73.216.102 - - [29/Aug/2026:01:04:36 +0200] "GET /?rename=%2Fproc%2F126%2Ftask HTTP/1.1" 200 85136 "-" "Mozilla/5.0 AppleWebKit/537.36 (KHTML, like Gecko; compatible; ClaudeBot/1.0; +claudebot@anthropic.com)"
216.73.216.102 - - [29/Aug/2026:01:04:37 +0200] "GET /?lph=%2Fproc%2F803 HTTP/1.1" 200 200742 "-" "Mozilla/5.0 AppleWebKit/537.36 (KHTML, like Gecko; compatible; ClaudeBot/1.0; +claudebot@anthropic.com)"
74.7.242.57 - - [29/Aug/2026:01:04:37 +0200] "GET /?chmod=%2Fusr%2Fsrc%2Flinux-headers-5.4.0-187%2Finclude%2Flinux%2Fplatform_data%2Fwilco-ec.h HTTP/1.1" 200 85430 "https://www.arithmetic.fr/?lph=%2Fusr%2Fsrc%2Flinux-headers-5.4.0-187%2Finclude%2Flinux%2Fplatform_data" "Mozilla/5.0 AppleWebKit/537.36 (KHTML, like Gecko; compatible; GPTBot/1.4; +https://openai.com/gptbot)"
216.73.216.102 - - [29/Aug/2026:01:04:37 +0200] "GET /?chmod=%2Fusr%2Fbin%2Flast HTTP/1.1" 200 85186 "-" "Mozilla/5.0 AppleWebKit/537.36 (KHTML, like Gecko; compatible; ClaudeBot/1.0; +claudebot@anthropic.com)"
74.7.242.57 - - [29/Aug/2026:01:04:37 +0200] "GET /?edit=%2Fusr%2Fsrc%2Flinux-headers-5.4.0-187%2Finclude%2Flinux%2Fplatform_data%2Fclk-st.h HTTP/1.1" 200 85773 "https://www.arithmetic.fr/?lph=%2Fusr%2Fsrc%2Flinux-headers-5.4.0-187%2Finclude%2Flinux%2Fplatform_data" "Mozilla/5.0 AppleWebKit/537.36 (KHTML, like Gecko; compatible; GPTBot/1.4; +https://openai.com/gptbot)"
216.73.216.102 - - [29/Aug/2026:01:04:38 +0200] "GET /?lph=%2Frun%2Fudev HTTP/1.1" 200 148672 "-" "Mozilla/5.0 AppleWebKit/537.36 (KHTML, like Gecko; compatible; ClaudeBot/1.0; +claudebot@anthropic.com)"
216.73.216.102 - - [29/Aug/2026:01:04:38 +0200] "GET /?edit=%2Fusr%2Fbin%2Fnamei HTTP/1.1" 200 132144 "-" "Mozilla/5.0 AppleWebKit/537.36 (KHTML, like Gecko; compatible; ClaudeBot/1.0; +claudebot@anthropic.com)"
74.7.242.57 - - [29/Aug/2026:01:04:38 +0200] "GET /?edit=%2Fusr%2Fsrc%2Flinux-headers-5.4.0-187%2Finclude%2Flinux%2Fplatform_data%2Flcd-mipid.h HTTP/1.1" 200 86096 "https://www.arithmetic.fr/?lph=%2Fusr%2Fsrc%2Flinux-headers-5.4.0-187%2Finclude%2Flinux%2Fplatform_data" "Mozilla/5.0 AppleWebKit/537.36 (KHTML, like Gecko; compatible; GPTBot/1.4; +https://openai.com/gptbot)"
216.73.216.102 - - [29/Aug/2026:01:04:39 +0200] "GET /?chmod=%2Fusr%2Fbin%2Fxsetmode HTTP/1.1" 200 85181 "-" "Mozilla/5.0 AppleWebKit/537.36 (KHTML, like Gecko; compatible; ClaudeBot/1.0; +claudebot@anthropic.com)"
74.7.242.57 - - [29/Aug/2026:01:04:39 +0200] "GET /?edit=%2Fusr%2Fsrc%2Flinux-headers-5.4.0-187%2Finclude%2Flinux%2Fplatform_data%2Fleds-omap.h HTTP/1.1" 200 85868 "https://www.arithmetic.fr/?lph=%2Fusr%2Fsrc%2Flinux-headers-5.4.0-187%2Finclude%2Flinux%2Fplatform_data" "Mozilla/5.0 AppleWebKit/537.36 (KHTML, like Gecko; compatible; GPTBot/1.4; +https://openai.com/gptbot)"
216.73.216.102 - - [29/Aug/2026:01:04:39 +0200] "GET /?chmod=%2Fproc%2F9%2Fstat HTTP/1.1" 200 85171 "-" "Mozilla/5.0 AppleWebKit/537.36 (KHTML, like Gecko; compatible; ClaudeBot/1.0; +claudebot@anthropic.com)"
74.7.242.57 - - [29/Aug/2026:01:04:40 +0200] "GET /?edit=%2Fusr%2Fsrc%2Flinux-headers-5.4.0-187%2Finclude%2Flinux%2Fplatform_data%2Fdma-atmel.h HTTP/1.1" 200 87964 "https://www.arithmetic.fr/?lph=%2Fusr%2Fsrc%2Flinux-headers-5.4.0-187%2Finclude%2Flinux%2Fplatform_data" "Mozilla/5.0 AppleWebKit/537.36 (KHTML, like Gecko; compatible; GPTBot/1.4; +https://openai.com/gptbot)"
216.73.216.102 - - [29/Aug/2026:01:04:40 +0200] "GET /?rename=%2F%2Froot HTTP/1.1" 200 85129 "-" "Mozilla/5.0 AppleWebKit/537.36 (KHTML, like Gecko; compatible; ClaudeBot/1.0; +claudebot@anthropic.com)"
216.73.216.102 - - [29/Aug/2026:01:04:40 +0200] "GET /?edit=%2Fusr%2Fbin%2Fsg_write_x HTTP/1.1" 200 158266 "-" "Mozilla/5.0 AppleWebKit/537.36 (KHTML, like Gecko; compatible; ClaudeBot/1.0; +claudebot@anthropic.com)"
74.7.242.57 - - [29/Aug/2026:01:04:41 +0200] "GET /?edit=%2Fusr%2Fsrc%2Flinux-headers-5.4.0-187%2Finclude%2Flinux%2Fnetfilter%2Fx_tables.h HTTP/1.1" 200 100667 "https://www.arithmetic.fr/?lph=%2Fusr%2Fsrc%2Flinux-headers-5.4.0-187%2Finclude%2Flinux%2Fnetfilter" "Mozilla/5.0 AppleWebKit/537.36 (KHTML, like Gecko; compatible; GPTBot/1.4; +https://openai.com/gptbot)"
216.73.216.102 - - [29/Aug/2026:01:04:41 +0200] "GET /?lph=%2F%2Fvar HTTP/1.1" 200 155357 "-" "Mozilla/5.0 AppleWebKit/537.36 (KHTML, like Gecko; compatible; ClaudeBot/1.0; +claudebot@anthropic.com)"
74.7.242.57 - - [29/Aug/2026:01:04:41 +0200] "GET /?edit=%2Fusr%2Fsrc%2Flinux-headers-5.4.0-187%2Finclude%2Flinux%2Fplatform_data%2Fintel-spi.h HTTP/1.1" 200 86121 "https://www.arithmetic.fr/?lph=%2Fusr%2Fsrc%2Flinux-headers-5.4.0-187%2Finclude%2Flinux%2Fplatform_data" "Mozilla/5.0 AppleWebKit/537.36 (KHTML, like Gecko; compatible; GPTBot/1.4; +https://openai.com/gptbot)"
