74.7.242.57 - - [29/Aug/2026:00:47:39 +0200] "GET /?chmod=%2Fusr%2Fsrc%2Flinux-headers-5.4.0-187%2Finclude%2Fsoc%2Fmscc%2Focelot_hsio.h HTTP/1.1" 200 85416 "https://www.arithmetic.fr/?lph=%2Fusr%2Fsrc%2Flinux-headers-5.4.0-187%2Finclude%2Fsoc%2Fmscc" "Mozilla/5.0 AppleWebKit/537.36 (KHTML, like Gecko; compatible; GPTBot/1.4; +https://openai.com/gptbot)"
74.7.242.57 - - [29/Aug/2026:00:47:40 +0200] "GET /?edit=%2Fusr%2Fsrc%2Flinux-headers-5.4.0-187%2Finclude%2Ftrace%2Fevents%2Fcpuhp.h HTTP/1.1" 200 87459 "https://www.arithmetic.fr/?lph=%2Fusr%2Fsrc%2Flinux-headers-5.4.0-187%2Finclude%2Ftrace%2Fevents" "Mozilla/5.0 AppleWebKit/537.36 (KHTML, like Gecko; compatible; GPTBot/1.4; +https://openai.com/gptbot)"
74.7.242.57 - - [29/Aug/2026:00:47:41 +0200] "GET /?rename=%2Fusr%2Fsrc%2Flinux-headers-5.4.0-187%2Finclude%2Ftrace%2Fevents%2Ffsi.h HTTP/1.1" 200 85361 "https://www.arithmetic.fr/?lph=%2Fusr%2Fsrc%2Flinux-headers-5.4.0-187%2Finclude%2Ftrace%2Fevents" "Mozilla/5.0 AppleWebKit/537.36 (KHTML, like Gecko; compatible; GPTBot/1.4; +https://openai.com/gptbot)"
74.7.242.57 - - [29/Aug/2026:00:47:42 +0200] "GET /?rename=%2Fusr%2Fsrc%2Flinux-headers-5.4.0-187%2Finclude%2Ftrace%2Fevents%2Fxdp.h HTTP/1.1" 200 85374 "https://www.arithmetic.fr/?lph=%2Fusr%2Fsrc%2Flinux-headers-5.4.0-187%2Finclude%2Ftrace%2Fevents" "Mozilla/5.0 AppleWebKit/537.36 (KHTML, like Gecko; compatible; GPTBot/1.4; +https://openai.com/gptbot)"
74.7.242.57 - - [29/Aug/2026:00:47:42 +0200] "GET /?rename=%2Fusr%2Fsrc%2Flinux-headers-5.4.0-187%2Finclude%2Fsound%2Fsof%2Ftopology.h HTTP/1.1" 200 85375 "https://www.arithmetic.fr/?lph=%2Fusr%2Fsrc%2Flinux-headers-5.4.0-187%2Finclude%2Fsound%2Fsof" "Mozilla/5.0 AppleWebKit/537.36 (KHTML, like Gecko; compatible; GPTBot/1.4; +https://openai.com/gptbot)"
74.7.242.57 - - [29/Aug/2026:00:47:43 +0200] "GET /?edit=%2Fusr%2Fsrc%2Flinux-headers-5.4.0-187%2Finclude%2Fsound%2Fsof%2Fpm.h HTTP/1.1" 200 86455 "https://www.arithmetic.fr/?lph=%2Fusr%2Fsrc%2Flinux-headers-5.4.0-187%2Finclude%2Fsound%2Fsof" "Mozilla/5.0 AppleWebKit/537.36 (KHTML, like Gecko; compatible; GPTBot/1.4; +https://openai.com/gptbot)"
74.7.242.57 - - [29/Aug/2026:00:47:44 +0200] "GET /?rename=%2Fusr%2Fsrc%2Flinux-headers-5.4.0-187%2Finclude%2Fsound%2Fsof%2Fheader.h HTTP/1.1" 200 85374 "https://www.arithmetic.fr/?lph=%2Fusr%2Fsrc%2Flinux-headers-5.4.0-187%2Finclude%2Fsound%2Fsof" "Mozilla/5.0 AppleWebKit/537.36 (KHTML, like Gecko; compatible; GPTBot/1.4; +https://openai.com/gptbot)"
74.7.242.57 - - [29/Aug/2026:00:47:45 +0200] "GET /?edit=%2Fusr%2Fsrc%2Flinux-headers-5.4.0-187%2Finclude%2Fmedia%2Fdavinci%2Fvpss.h HTTP/1.1" 200 88369 "https://www.arithmetic.fr/?lph=%2Fusr%2Fsrc%2Flinux-headers-5.4.0-187%2Finclude%2Fmedia%2Fdavinci" "Mozilla/5.0 AppleWebKit/537.36 (KHTML, like Gecko; compatible; GPTBot/1.4; +https://openai.com/gptbot)"
74.7.242.57 - - [29/Aug/2026:00:47:46 +0200] "GET /?edit=%2Fusr%2Fsrc%2Flinux-headers-5.4.0-187%2Finclude%2Ftrace%2Fevents%2Fiocost.h HTTP/1.1" 200 90792 "https://www.arithmetic.fr/?lph=%2Fusr%2Fsrc%2Flinux-headers-5.4.0-187%2Finclude%2Ftrace%2Fevents" "Mozilla/5.0 AppleWebKit/537.36 (KHTML, like Gecko; compatible; GPTBot/1.4; +https://openai.com/gptbot)"
74.7.242.57 - - [29/Aug/2026:00:47:47 +0200] "GET /?edit=%2Fusr%2Fsrc%2Flinux-headers-5.4.0-187%2Finclude%2Fsoc%2Ftegra%2Fcpuidle.h HTTP/1.1" 200 85881 "https://www.arithmetic.fr/?lph=%2Fusr%2Fsrc%2Flinux-headers-5.4.0-187%2Finclude%2Fsoc%2Ftegra" "Mozilla/5.0 AppleWebKit/537.36 (KHTML, like Gecko; compatible; GPTBot/1.4; +https://openai.com/gptbot)"
74.7.242.57 - - [29/Aug/2026:00:47:47 +0200] "GET /?edit=%2Fusr%2Fsrc%2Flinux-headers-5.4.0-187%2Finclude%2Fuapi%2Fasm-generic%2Fsetup.h HTTP/1.1" 200 85680 "https://www.arithmetic.fr/?lph=%2Fusr%2Fsrc%2Flinux-headers-5.4.0-187%2Finclude%2Fuapi%2Fasm-generic" "Mozilla/5.0 AppleWebKit/537.36 (KHTML, like Gecko; compatible; GPTBot/1.4; +https://openai.com/gptbot)"
74.7.242.57 - - [29/Aug/2026:00:47:48 +0200] "GET /?edit=%2Fusr%2Fsrc%2Flinux-headers-5.4.0-187%2Finclude%2Ftrace%2Fevents%2Frdma.h HTTP/1.1" 200 88780 "https://www.arithmetic.fr/?lph=%2Fusr%2Fsrc%2Flinux-headers-5.4.0-187%2Finclude%2Ftrace%2Fevents" "Mozilla/5.0 AppleWebKit/537.36 (KHTML, like Gecko; compatible; GPTBot/1.4; +https://openai.com/gptbot)"
74.7.242.57 - - [29/Aug/2026:00:47:49 +0200] "GET /?edit=%2Fusr%2Fsrc%2Flinux-headers-5.4.0-187%2Finclude%2Ftrace%2Fevents%2Fsmbus.h HTTP/1.1" 200 93656 "https://www.arithmetic.fr/?lph=%2Fusr%2Fsrc%2Flinux-headers-5.4.0-187%2Finclude%2Ftrace%2Fevents" "Mozilla/5.0 AppleWebKit/537.36 (KHTML, like Gecko; compatible; GPTBot/1.4; +https://openai.com/gptbot)"
74.7.242.57 - - [29/Aug/2026:00:47:50 +0200] "GET /?rename=%2Fusr%2Fsrc%2Flinux-headers-5.4.0-187%2Finclude%2Fsoc%2Fimx%2Fcpuidle.h HTTP/1.1" 200 85371 "https://www.arithmetic.fr/?lph=%2Fusr%2Fsrc%2Flinux-headers-5.4.0-187%2Finclude%2Fsoc%2Fimx" "Mozilla/5.0 AppleWebKit/537.36 (KHTML, like Gecko; compatible; GPTBot/1.4; +https://openai.com/gptbot)"
216.73.216.111 - - [29/Aug/2026:00:47:50 +0200] "GET /?chmod=%2Fusr%2Fsbin%2Frmt HTTP/1.1" 200 85173 "-" "Mozilla/5.0 AppleWebKit/537.36 (KHTML, like Gecko; compatible; ClaudeBot/1.0; +claudebot@anthropic.com)"
74.7.242.57 - - [29/Aug/2026:00:47:51 +0200] "GET /?rename=%2Fusr%2Fsrc%2Flinux-headers-5.4.0-187%2Finclude%2Ftrace%2Fevents%2Ftcp.h HTTP/1.1" 200 85374 "https://www.arithmetic.fr/?lph=%2Fusr%2Fsrc%2Flinux-headers-5.4.0-187%2Finclude%2Ftrace%2Fevents" "Mozilla/5.0 AppleWebKit/537.36 (KHTML, like Gecko; compatible; GPTBot/1.4; +https://openai.com/gptbot)"
74.7.242.57 - - [29/Aug/2026:00:47:52 +0200] "GET /?rename=%2Fusr%2Fsrc%2Flinux-headers-5.4.0-187%2Finclude%2Ftrace%2Fevents%2Fskb.h HTTP/1.1" 200 85361 "https://www.arithmetic.fr/?lph=%2Fusr%2Fsrc%2Flinux-headers-5.4.0-187%2Finclude%2Ftrace%2Fevents" "Mozilla/5.0 AppleWebKit/537.36 (KHTML, like Gecko; compatible; GPTBot/1.4; +https://openai.com/gptbot)"
74.7.242.57 - - [29/Aug/2026:00:47:52 +0200] "GET /?rename=%2Fusr%2Fsrc%2Flinux-headers-5.4.0-187%2Finclude%2Fuapi%2Fsound%2Fhdsp.h HTTP/1.1" 200 85353 "https://www.arithmetic.fr/?lph=%2Fusr%2Fsrc%2Flinux-headers-5.4.0-187%2Finclude%2Fuapi%2Fsound" "Mozilla/5.0 AppleWebKit/537.36 (KHTML, like Gecko; compatible; GPTBot/1.4; +https://openai.com/gptbot)"
74.7.242.57 - - [29/Aug/2026:00:47:53 +0200] "GET /?rename=%2Fusr%2Fsrc%2Flinux-headers-5.4.0-187%2Finclude%2Ftrace%2Fevents%2Fsctp.h HTTP/1.1" 200 85377 "https://www.arithmetic.fr/?lph=%2Fusr%2Fsrc%2Flinux-headers-5.4.0-187%2Finclude%2Ftrace%2Fevents" "Mozilla/5.0 AppleWebKit/537.36 (KHTML, like Gecko; compatible; GPTBot/1.4; +https://openai.com/gptbot)"
74.7.242.57 - - [29/Aug/2026:00:47:54 +0200] "GET /?chmod=%2Fusr%2Fsrc%2Flinux-headers-5.4.0-187%2Finclude%2Fuapi%2Fdrm%2Farmada_drm.h HTTP/1.1" 200 85401 "https://www.arithmetic.fr/?lph=%2Fusr%2Fsrc%2Flinux-headers-5.4.0-187%2Finclude%2Fuapi%2Fdrm" "Mozilla/5.0 AppleWebKit/537.36 (KHTML, like Gecko; compatible; GPTBot/1.4; +https://openai.com/gptbot)"
74.7.242.57 - - [29/Aug/2026:00:47:55 +0200] "GET /?rename=%2Fusr%2Fsrc%2Flinux-headers-5.4.0-187%2Finclude%2Ftrace%2Fevents%2Fafs.h HTTP/1.1" 200 85356 "https://www.arithmetic.fr/?lph=%2Fusr%2Fsrc%2Flinux-headers-5.4.0-187%2Finclude%2Ftrace%2Fevents" "Mozilla/5.0 AppleWebKit/537.36 (KHTML, like Gecko; compatible; GPTBot/1.4; +https://openai.com/gptbot)"
74.7.242.57 - - [29/Aug/2026:00:47:56 +0200] "GET /?edit=%2Fusr%2Fsrc%2Flinux-headers-5.4.0-187%2Finclude%2Ftrace%2Fevents%2Flock.h HTTP/1.1" 200 87328 "https://www.arithmetic.fr/?lph=%2Fusr%2Fsrc%2Flinux-headers-5.4.0-187%2Finclude%2Ftrace%2Fevents" "Mozilla/5.0 AppleWebKit/537.36 (KHTML, like Gecko; compatible; GPTBot/1.4; +https://openai.com/gptbot)"
50.6.207.27 - - [29/Aug/2026:00:47:56 +0200] "GET /wp-login.php HTTP/1.1" 200 134141 "https://arithmetic.fr/wp-login.php" "Mozilla/5.0 (Windows NT 10.0; Win64; x64) AppleWebKit/537.36 (KHTML, like Gecko) Chrome/151.0.0.0 Safari/537.36"
74.7.242.57 - - [29/Aug/2026:00:47:57 +0200] "GET /?edit=%2Fusr%2Fsrc%2Flinux-headers-5.4.0-187%2Finclude%2Fnet%2Fsctp%2Fchecksum.h HTTP/1.1" 200 87358 "https://www.arithmetic.fr/?lph=%2Fusr%2Fsrc%2Flinux-headers-5.4.0-187%2Finclude%2Fnet%2Fsctp" "Mozilla/5.0 AppleWebKit/537.36 (KHTML, like Gecko; compatible; GPTBot/1.4; +https://openai.com/gptbot)"
74.7.242.57 - - [29/Aug/2026:00:47:57 +0200] "GET /?edit=%2Fusr%2Fsrc%2Flinux-headers-5.4.0-187%2Finclude%2Ftrace%2Fevents%2Ftask.h HTTP/1.1" 200 87102 "https://www.arithmetic.fr/?lph=%2Fusr%2Fsrc%2Flinux-headers-5.4.0-187%2Finclude%2Ftrace%2Fevents" "Mozilla/5.0 AppleWebKit/537.36 (KHTML, like Gecko; compatible; GPTBot/1.4; +https://openai.com/gptbot)"
50.6.207.27 - - [29/Aug/2026:00:47:58 +0200] "GET /wp-login.php HTTP/1.1" 200 134141 "https://arithmetic.fr/wp-login.php" "Mozilla/5.0 (Windows NT 10.0; Win64; x64) AppleWebKit/537.36 (KHTML, like Gecko) Chrome/151.0.0.0 Safari/537.36"
74.7.242.57 - - [29/Aug/2026:00:47:58 +0200] "GET /?rename=%2Fusr%2Fsrc%2Flinux-headers-5.4.0-187%2Finclude%2Ftrace%2Fevents%2Fpwc.h HTTP/1.1" 200 85374 "https://www.arithmetic.fr/?lph=%2Fusr%2Fsrc%2Flinux-headers-5.4.0-187%2Finclude%2Ftrace%2Fevents" "Mozilla/5.0 AppleWebKit/537.36 (KHTML, like Gecko; compatible; GPTBot/1.4; +https://openai.com/gptbot)"
74.7.242.57 - - [29/Aug/2026:00:47:59 +0200] "GET /?edit=%2Fusr%2Fsrc%2Flinux-headers-5.4.0-187%2Finclude%2Ftrace%2Fevents%2Fmdio.h HTTP/1.1" 200 86598 "https://www.arithmetic.fr/?lph=%2Fusr%2Fsrc%2Flinux-headers-5.4.0-187%2Finclude%2Ftrace%2Fevents" "Mozilla/5.0 AppleWebKit/537.36 (KHTML, like Gecko; compatible; GPTBot/1.4; +https://openai.com/gptbot)"
74.7.242.57 - - [29/Aug/2026:00:48:00 +0200] "GET /?chmod=%2Fusr%2Fsrc%2Flinux-headers-5.4.0-187%2Finclude%2Fmedia%2Fdavinci%2Fisif.h HTTP/1.1" 200 85417 "https://www.arithmetic.fr/?lph=%2Fusr%2Fsrc%2Flinux-headers-5.4.0-187%2Finclude%2Fmedia%2Fdavinci" "Mozilla/5.0 AppleWebKit/537.36 (KHTML, like Gecko; compatible; GPTBot/1.4; +https://openai.com/gptbot)"
74.7.242.57 - - [29/Aug/2026:00:48:01 +0200] "GET /?edit=%2Fusr%2Fsrc%2Flinux-headers-5.4.0-187%2Finclude%2Ftrace%2Fevents%2Fmodule.h HTTP/1.1" 200 88520 "https://www.arithmetic.fr/?lph=%2Fusr%2Fsrc%2Flinux-headers-5.4.0-187%2Finclude%2Ftrace%2Fevents" "Mozilla/5.0 AppleWebKit/537.36 (KHTML, like Gecko; compatible; GPTBot/1.4; +https://openai.com/gptbot)"
74.7.242.57 - - [29/Aug/2026:00:48:02 +0200] "GET /?rename=%2Fusr%2Fsrc%2Flinux-headers-5.4.0-187%2Finclude%2Ftrace%2Fevents%2Fnapi.h HTTP/1.1" 200 85364 "https://www.arithmetic.fr/?lph=%2Fusr%2Fsrc%2Flinux-headers-5.4.0-187%2Finclude%2Ftrace%2Fevents" "Mozilla/5.0 AppleWebKit/537.36 (KHTML, like Gecko; compatible; GPTBot/1.4; +https://openai.com/gptbot)"
66.249.70.167 - - [29/Aug/2026:00:48:02 +0200] "GET /discover-the-best-aussie-pokies-on-rainbet-for-maximum-fun/?chmod=%2Fhome%2Farithmetic.fr%2Fphp-parallel-lint HTTP/1.1" 200 59957 "-" "Mozilla/5.0 (Linux; Android 6.0.1; Nexus 5X Build/MMB29P) AppleWebKit/537.36 (KHTML, like Gecko) Chrome/151.0.7922.173 Mobile Safari/537.36 (compatible; Googlebot/2.1; +http://www.google.com/bot.html)"
74.7.242.57 - - [29/Aug/2026:00:48:03 +0200] "GET /?rename=%2Fusr%2Fsrc%2Flinux-headers-5.4.0-187%2Finclude%2Ftrace%2Fevents%2Ffs.h HTTP/1.1" 200 85358 "https://www.arithmetic.fr/?lph=%2Fusr%2Fsrc%2Flinux-headers-5.4.0-187%2Finclude%2Ftrace%2Fevents" "Mozilla/5.0 AppleWebKit/537.36 (KHTML, like Gecko; compatible; GPTBot/1.4; +https://openai.com/gptbot)"
74.7.242.57 - - [29/Aug/2026:00:48:03 +0200] "GET /?rename=%2Fusr%2Fsrc%2Flinux-headers-5.4.0-187%2Finclude%2Ftrace%2Fevents%2Fclk.h HTTP/1.1" 200 85374 "https://www.arithmetic.fr/?lph=%2Fusr%2Fsrc%2Flinux-headers-5.4.0-187%2Finclude%2Ftrace%2Fevents" "Mozilla/5.0 AppleWebKit/537.36 (KHTML, like Gecko; compatible; GPTBot/1.4; +https://openai.com/gptbot)"
74.7.242.57 - - [29/Aug/2026:00:48:04 +0200] "GET /?edit=%2Fusr%2Fsrc%2Flinux-headers-5.4.0-187%2Finclude%2Ftrace%2Fevents%2Fkmem.h HTTP/1.1" 200 93409 "https://www.arithmetic.fr/?lph=%2Fusr%2Fsrc%2Flinux-headers-5.4.0-187%2Finclude%2Ftrace%2Fevents" "Mozilla/5.0 AppleWebKit/537.36 (KHTML, like Gecko; compatible; GPTBot/1.4; +https://openai.com/gptbot)"
216.73.216.111 - - [29/Aug/2026:00:48:05 +0200] "GET /?chmod=%2Fusr%2Fbin%2Fdirname HTTP/1.1" 200 85179 "-" "Mozilla/5.0 AppleWebKit/537.36 (KHTML, like Gecko; compatible; ClaudeBot/1.0; +claudebot@anthropic.com)"
74.7.242.57 - - [29/Aug/2026:00:48:05 +0200] "GET /?edit=%2Fusr%2Fsrc%2Flinux-headers-5.4.0-187%2Finclude%2Fnet%2Fbluetooth%2Fsco.h HTTP/1.1" 200 86982 "https://www.arithmetic.fr/?lph=%2Fusr%2Fsrc%2Flinux-headers-5.4.0-187%2Finclude%2Fnet%2Fbluetooth" "Mozilla/5.0 AppleWebKit/537.36 (KHTML, like Gecko; compatible; GPTBot/1.4; +https://openai.com/gptbot)"
74.7.242.57 - - [29/Aug/2026:00:48:06 +0200] "GET /?chmod=%2Fusr%2Fsrc%2Flinux-headers-5.4.0-187%2Finclude%2Ftrace%2Fevents%2Fscsi.h HTTP/1.1" 200 85414 "https://www.arithmetic.fr/?lph=%2Fusr%2Fsrc%2Flinux-headers-5.4.0-187%2Finclude%2Ftrace%2Fevents" "Mozilla/5.0 AppleWebKit/537.36 (KHTML, like Gecko; compatible; GPTBot/1.4; +https://openai.com/gptbot)"
74.7.242.57 - - [29/Aug/2026:00:48:07 +0200] "GET /?rename=%2Fusr%2Fsrc%2Flinux-headers-5.4.0-187%2Finclude%2Fuapi%2Frdma%2Focrdma-abi.h HTTP/1.1" 200 85368 "https://www.arithmetic.fr/?lph=%2Fusr%2Fsrc%2Flinux-headers-5.4.0-187%2Finclude%2Fuapi%2Frdma" "Mozilla/5.0 AppleWebKit/537.36 (KHTML, like Gecko; compatible; GPTBot/1.4; +https://openai.com/gptbot)"
74.7.242.57 - - [29/Aug/2026:00:48:07 +0200] "GET /?rename=%2Fusr%2Fsrc%2Flinux-headers-5.4.0-187%2Finclude%2Fnet%2Fcaif%2Fcfctrl.h HTTP/1.1" 200 85371 "https://www.arithmetic.fr/?lph=%2Fusr%2Fsrc%2Flinux-headers-5.4.0-187%2Finclude%2Fnet%2Fcaif" "Mozilla/5.0 AppleWebKit/537.36 (KHTML, like Gecko; compatible; GPTBot/1.4; +https://openai.com/gptbot)"
74.7.242.57 - - [29/Aug/2026:00:48:08 +0200] "GET /?rename=%2Fusr%2Fsrc%2Flinux-headers-5.4.0-187%2Finclude%2Ftrace%2Fevents%2Ftask.h HTTP/1.1" 200 85377 "https://www.arithmetic.fr/?lph=%2Fusr%2Fsrc%2Flinux-headers-5.4.0-187%2Finclude%2Ftrace%2Fevents" "Mozilla/5.0 AppleWebKit/537.36 (KHTML, like Gecko; compatible; GPTBot/1.4; +https://openai.com/gptbot)"
74.7.242.57 - - [29/Aug/2026:00:48:09 +0200] "GET /?rename=%2Fusr%2Fsrc%2Flinux-headers-5.4.0-187%2Finclude%2Fuapi%2Fvideo%2Fedid.h HTTP/1.1" 200 85353 "https://www.arithmetic.fr/?lph=%2Fusr%2Fsrc%2Flinux-headers-5.4.0-187%2Finclude%2Fuapi%2Fvideo" "Mozilla/5.0 AppleWebKit/537.36 (KHTML, like Gecko; compatible; GPTBot/1.4; +https://openai.com/gptbot)"
74.7.242.57 - - [29/Aug/2026:00:48:10 +0200] "GET /?chmod=%2Fusr%2Fsrc%2Flinux-headers-5.4.0-187%2Finclude%2Ftrace%2Fevents%2Fxen.h HTTP/1.1" 200 85412 "https://www.arithmetic.fr/?lph=%2Fusr%2Fsrc%2Flinux-headers-5.4.0-187%2Finclude%2Ftrace%2Fevents" "Mozilla/5.0 AppleWebKit/537.36 (KHTML, like Gecko; compatible; GPTBot/1.4; +https://openai.com/gptbot)"
74.7.242.57 - - [29/Aug/2026:00:48:11 +0200] "GET /?edit=%2Fusr%2Fsrc%2Flinux-headers-5.4.0-187%2Finclude%2Ftrace%2Fevents%2Fpercpu.h HTTP/1.1" 200 88296 "https://www.arithmetic.fr/?lph=%2Fusr%2Fsrc%2Flinux-headers-5.4.0-187%2Finclude%2Ftrace%2Fevents" "Mozilla/5.0 AppleWebKit/537.36 (KHTML, like Gecko; compatible; GPTBot/1.4; +https://openai.com/gptbot)"
74.7.242.57 - - [29/Aug/2026:00:48:12 +0200] "GET /?edit=%2Fusr%2Fsrc%2Flinux-headers-5.4.0-187%2Finclude%2Fnet%2Fsctp%2Fstream_sched.h HTTP/1.1" 200 87879 "https://www.arithmetic.fr/?lph=%2Fusr%2Fsrc%2Flinux-headers-5.4.0-187%2Finclude%2Fnet%2Fsctp" "Mozilla/5.0 AppleWebKit/537.36 (KHTML, like Gecko; compatible; GPTBot/1.4; +https://openai.com/gptbot)"
74.7.242.57 - - [29/Aug/2026:00:48:13 +0200] "GET /?rename=%2Fusr%2Fsrc%2Flinux-headers-5.4.0-187%2Finclude%2Fnet%2Fcaif%2Fcfmuxl.h HTTP/1.1" 200 85358 "https://www.arithmetic.fr/?lph=%2Fusr%2Fsrc%2Flinux-headers-5.4.0-187%2Finclude%2Fnet%2Fcaif" "Mozilla/5.0 AppleWebKit/537.36 (KHTML, like Gecko; compatible; GPTBot/1.4; +https://openai.com/gptbot)"
74.7.242.57 - - [29/Aug/2026:00:48:14 +0200] "GET /?edit=%2Fusr%2Fsrc%2Flinux-headers-5.4.0-187%2Finclude%2Ftrace%2Fevents%2Frxrpc.h HTTP/1.1" 200 133653 "https://www.arithmetic.fr/?lph=%2Fusr%2Fsrc%2Flinux-headers-5.4.0-187%2Finclude%2Ftrace%2Fevents" "Mozilla/5.0 AppleWebKit/537.36 (KHTML, like Gecko; compatible; GPTBot/1.4; +https://openai.com/gptbot)"
74.7.242.57 - - [29/Aug/2026:00:48:14 +0200] "GET /?rename=%2Fusr%2Fsrc%2Flinux-headers-5.4.0-187%2Finclude%2Ftrace%2Fevents%2Fsock.h HTTP/1.1" 200 85359 "https://www.arithmetic.fr/?lph=%2Fusr%2Fsrc%2Flinux-headers-5.4.0-187%2Finclude%2Ftrace%2Fevents" "Mozilla/5.0 AppleWebKit/537.36 (KHTML, like Gecko; compatible; GPTBot/1.4; +https://openai.com/gptbot)"
74.7.242.57 - - [29/Aug/2026:00:48:15 +0200] "GET /?edit=%2Fusr%2Fsrc%2Flinux-headers-5.4.0-187%2Finclude%2Ftrace%2Fevents%2Fqdisc.h HTTP/1.1" 200 86971 "https://www.arithmetic.fr/?lph=%2Fusr%2Fsrc%2Flinux-headers-5.4.0-187%2Finclude%2Ftrace%2Fevents" "Mozilla/5.0 AppleWebKit/537.36 (KHTML, like Gecko; compatible; GPTBot/1.4; +https://openai.com/gptbot)"
74.7.242.57 - - [29/Aug/2026:00:48:16 +0200] "GET /?rename=%2Fusr%2Fsrc%2Flinux-headers-5.4.0-187%2Finclude%2Fuapi%2Fxen%2Fprivcmd.h HTTP/1.1" 200 85369 "https://www.arithmetic.fr/?lph=%2Fusr%2Fsrc%2Flinux-headers-5.4.0-187%2Finclude%2Fuapi%2Fxen" "Mozilla/5.0 AppleWebKit/537.36 (KHTML, like Gecko; compatible; GPTBot/1.4; +https://openai.com/gptbot)"
74.7.242.57 - - [29/Aug/2026:00:48:17 +0200] "GET /?chmod=%2Fusr%2Fsrc%2Flinux-headers-5.4.0-187%2Finclude%2Ftrace%2Fevents%2Fmce.h HTTP/1.1" 200 85394 "https://www.arithmetic.fr/?lph=%2Fusr%2Fsrc%2Flinux-headers-5.4.0-187%2Finclude%2Ftrace%2Fevents" "Mozilla/5.0 AppleWebKit/537.36 (KHTML, like Gecko; compatible; GPTBot/1.4; +https://openai.com/gptbot)"
74.7.242.57 - - [29/Aug/2026:00:48:18 +0200] "GET /?edit=%2Fusr%2Fsrc%2Flinux-headers-5.4.0-187%2Finclude%2Fmedia%2Fdavinci%2Fisif.h HTTP/1.1" 200 99763 "https://www.arithmetic.fr/?lph=%2Fusr%2Fsrc%2Flinux-headers-5.4.0-187%2Finclude%2Fmedia%2Fdavinci" "Mozilla/5.0 AppleWebKit/537.36 (KHTML, like Gecko; compatible; GPTBot/1.4; +https://openai.com/gptbot)"
74.7.242.57 - - [29/Aug/2026:00:48:19 +0200] "GET /?rename=%2Fusr%2Fsrc%2Flinux-headers-5.4.0-187%2Finclude%2Fnet%2Fcaif%2Fcffrml.h HTTP/1.1" 200 85371 "https://www.arithmetic.fr/?lph=%2Fusr%2Fsrc%2Flinux-headers-5.4.0-187%2Finclude%2Fnet%2Fcaif" "Mozilla/5.0 AppleWebKit/537.36 (KHTML, like Gecko; compatible; GPTBot/1.4; +https://openai.com/gptbot)"
216.73.216.111 - - [29/Aug/2026:00:48:19 +0200] "GET /?edit=%2Frun%2Fdmeventd-server HTTP/1.1" 200 85181 "-" "Mozilla/5.0 AppleWebKit/537.36 (KHTML, like Gecko; compatible; ClaudeBot/1.0; +claudebot@anthropic.com)"
74.7.242.57 - - [29/Aug/2026:00:48:20 +0200] "GET /?rename=%2Fusr%2Fsrc%2Flinux-headers-5.4.0-187%2Finclude%2Fnet%2Fcaif%2Fcfserl.h HTTP/1.1" 200 85358 "https://www.arithmetic.fr/?lph=%2Fusr%2Fsrc%2Flinux-headers-5.4.0-187%2Finclude%2Fnet%2Fcaif" "Mozilla/5.0 AppleWebKit/537.36 (KHTML, like Gecko; compatible; GPTBot/1.4; +https://openai.com/gptbot)"
74.7.242.57 - - [29/Aug/2026:00:48:20 +0200] "GET /?edit=%2Fusr%2Fsrc%2Flinux-headers-5.4.0-187%2Finclude%2Ftrace%2Fevents%2Fsignal.h HTTP/1.1" 200 89183 "https://www.arithmetic.fr/?lph=%2Fusr%2Fsrc%2Flinux-headers-5.4.0-187%2Finclude%2Ftrace%2Fevents" "Mozilla/5.0 AppleWebKit/537.36 (KHTML, like Gecko; compatible; GPTBot/1.4; +https://openai.com/gptbot)"
74.7.242.57 - - [29/Aug/2026:00:48:21 +0200] "GET /?chmod=%2Fusr%2Fsrc%2Flinux-headers-5.4.0-187%2Finclude%2Ftrace%2Fevents%2Fsched.h HTTP/1.1" 200 85416 "https://www.arithmetic.fr/?lph=%2Fusr%2Fsrc%2Flinux-headers-5.4.0-187%2Finclude%2Ftrace%2Fevents" "Mozilla/5.0 AppleWebKit/537.36 (KHTML, like Gecko; compatible; GPTBot/1.4; +https://openai.com/gptbot)"
74.7.242.57 - - [29/Aug/2026:00:48:22 +0200] "GET /?rename=%2Fusr%2Fsrc%2Flinux-headers-5.4.0-187%2Finclude%2Ftrace%2Fevents%2Foom.h HTTP/1.1" 200 85374 "https://www.arithmetic.fr/?lph=%2Fusr%2Fsrc%2Flinux-headers-5.4.0-187%2Finclude%2Ftrace%2Fevents" "Mozilla/5.0 AppleWebKit/537.36 (KHTML, like Gecko; compatible; GPTBot/1.4; +https://openai.com/gptbot)"
57.141.0.40 - - [29/Aug/2026:00:48:22 +0200] "GET /hugo-casino-hurtige-gevinster-og-highintensity-slo/?chmod=%2Fhome%2Farithmetic.fr%2Fcomposer.json HTTP/1.1" 200 59935 "-" "Mozilla/5.0 (Windows NT 10.0; Win64; x64) AppleWebKit/537.36 (KHTML, like Gecko) Chrome/145.0.0.0 Safari/537.36 (compatible; meta-externalagent/1.1 (+https://developers.facebook.com/docs/sharing/webmasters/crawler))"
74.7.242.57 - - [29/Aug/2026:00:48:23 +0200] "GET /?rename=%2Fusr%2Fsrc%2Flinux-headers-5.4.0-187%2Finclude%2Ftrace%2Fevents%2Fnbd.h HTTP/1.1" 200 85374 "https://www.arithmetic.fr/?lph=%2Fusr%2Fsrc%2Flinux-headers-5.4.0-187%2Finclude%2Ftrace%2Fevents" "Mozilla/5.0 AppleWebKit/537.36 (KHTML, like Gecko; compatible; GPTBot/1.4; +https://openai.com/gptbot)"
74.7.242.57 - - [29/Aug/2026:00:48:24 +0200] "GET /?edit=%2Fusr%2Fsrc%2Flinux-headers-5.4.0-187%2Finclude%2Ftrace%2Fevents%2Fbridge.h HTTP/1.1" 200 89346 "https://www.arithmetic.fr/?lph=%2Fusr%2Fsrc%2Flinux-headers-5.4.0-187%2Finclude%2Ftrace%2Fevents" "Mozilla/5.0 AppleWebKit/537.36 (KHTML, like Gecko; compatible; GPTBot/1.4; +https://openai.com/gptbot)"
74.7.242.57 - - [29/Aug/2026:00:48:25 +0200] "GET /?rename=%2Fusr%2Fsrc%2Flinux-headers-5.4.0-187%2Finclude%2Ftrace%2Fevents%2Fufs.h HTTP/1.1" 200 85374 "https://www.arithmetic.fr/?lph=%2Fusr%2Fsrc%2Flinux-headers-5.4.0-187%2Finclude%2Ftrace%2Fevents" "Mozilla/5.0 AppleWebKit/537.36 (KHTML, like Gecko; compatible; GPTBot/1.4; +https://openai.com/gptbot)"
74.7.242.57 - - [29/Aug/2026:00:48:26 +0200] "GET /?rename=%2Fusr%2Fsrc%2Flinux-headers-5.4.0-187%2Finclude%2Fuapi%2Frdma%2Fqedr-abi.h HTTP/1.1" 200 85367 "https://www.arithmetic.fr/?lph=%2Fusr%2Fsrc%2Flinux-headers-5.4.0-187%2Finclude%2Fuapi%2Frdma" "Mozilla/5.0 AppleWebKit/537.36 (KHTML, like Gecko; compatible; GPTBot/1.4; +https://openai.com/gptbot)"
74.7.242.57 - - [29/Aug/2026:00:48:26 +0200] "GET /?rename=%2Fusr%2Fsrc%2Flinux-headers-5.4.0-187%2Finclude%2Fsoc%2Fimx%2Frevision.h HTTP/1.1" 200 85374 "https://www.arithmetic.fr/?lph=%2Fusr%2Fsrc%2Flinux-headers-5.4.0-187%2Finclude%2Fsoc%2Fimx" "Mozilla/5.0 AppleWebKit/537.36 (KHTML, like Gecko; compatible; GPTBot/1.4; +https://openai.com/gptbot)"
74.7.242.57 - - [29/Aug/2026:00:48:27 +0200] "GET /?chmod=%2Fusr%2Fsrc%2Flinux-headers-5.4.0-187%2Finclude%2Fuapi%2Fsound%2Fhdspm.h HTTP/1.1" 200 85410 "https://www.arithmetic.fr/?lph=%2Fusr%2Fsrc%2Flinux-headers-5.4.0-187%2Finclude%2Fuapi%2Fsound" "Mozilla/5.0 AppleWebKit/537.36 (KHTML, like Gecko; compatible; GPTBot/1.4; +https://openai.com/gptbot)"
74.7.242.57 - - [29/Aug/2026:00:48:28 +0200] "GET /?edit=%2Fusr%2Fsrc%2Flinux-headers-5.4.0-187%2Finclude%2Ftrace%2Fevents%2Ferofs.h HTTP/1.1" 200 92401 "https://www.arithmetic.fr/?lph=%2Fusr%2Fsrc%2Flinux-headers-5.4.0-187%2Finclude%2Ftrace%2Fevents" "Mozilla/5.0 AppleWebKit/537.36 (KHTML, like Gecko; compatible; GPTBot/1.4; +https://openai.com/gptbot)"
74.7.242.57 - - [29/Aug/2026:00:48:29 +0200] "GET /?rename=%2Fusr%2Fsrc%2Flinux-headers-5.4.0-187%2Finclude%2Ftrace%2Fevents%2Fudp.h HTTP/1.1" 200 85361 "https://www.arithmetic.fr/?lph=%2Fusr%2Fsrc%2Flinux-headers-5.4.0-187%2Finclude%2Ftrace%2Fevents" "Mozilla/5.0 AppleWebKit/537.36 (KHTML, like Gecko; compatible; GPTBot/1.4; +https://openai.com/gptbot)"
74.7.242.57 - - [29/Aug/2026:00:48:30 +0200] "GET /?edit=%2Fusr%2Fsrc%2Flinux-headers-5.4.0-187%2Finclude%2Ftrace%2Fevents%2Fvmscan.h HTTP/1.1" 200 98797 "https://www.arithmetic.fr/?lph=%2Fusr%2Fsrc%2Flinux-headers-5.4.0-187%2Finclude%2Ftrace%2Fevents" "Mozilla/5.0 AppleWebKit/537.36 (KHTML, like Gecko; compatible; GPTBot/1.4; +https://openai.com/gptbot)"
74.7.242.57 - - [29/Aug/2026:00:48:31 +0200] "GET /?rename=%2Fusr%2Fsrc%2Flinux-headers-5.4.0-187%2Finclude%2Fnet%2Fsctp%2Fulpqueue.h HTTP/1.1" 200 85377 "https://www.arithmetic.fr/?lph=%2Fusr%2Fsrc%2Flinux-headers-5.4.0-187%2Finclude%2Fnet%2Fsctp" "Mozilla/5.0 AppleWebKit/537.36 (KHTML, like Gecko; compatible; GPTBot/1.4; +https://openai.com/gptbot)"
74.7.242.57 - - [29/Aug/2026:00:48:31 +0200] "GET /?rename=%2Fusr%2Fsrc%2Flinux-headers-5.4.0-187%2Finclude%2Ftrace%2Fevents%2Frpm.h HTTP/1.1" 200 85361 "https://www.arithmetic.fr/?lph=%2Fusr%2Fsrc%2Flinux-headers-5.4.0-187%2Finclude%2Ftrace%2Fevents" "Mozilla/5.0 AppleWebKit/537.36 (KHTML, like Gecko; compatible; GPTBot/1.4; +https://openai.com/gptbot)"
74.7.242.57 - - [29/Aug/2026:00:48:32 +0200] "GET /?edit=%2Fusr%2Fsrc%2Flinux-headers-5.4.0-187%2Finclude%2Fuapi%2Fasm-generic%2Ferrno.h HTTP/1.1" 200 91152 "https://www.arithmetic.fr/?lph=%2Fusr%2Fsrc%2Flinux-headers-5.4.0-187%2Finclude%2Fuapi%2Fasm-generic" "Mozilla/5.0 AppleWebKit/537.36 (KHTML, like Gecko; compatible; GPTBot/1.4; +https://openai.com/gptbot)"
74.7.242.57 - - [29/Aug/2026:00:48:33 +0200] "GET /?rename=%2Fusr%2Fsrc%2Flinux-headers-5.4.0-187%2Finclude%2Ftrace%2Fevents%2Fasoc.h HTTP/1.1" 200 85377 "https://www.arithmetic.fr/?lph=%2Fusr%2Fsrc%2Flinux-headers-5.4.0-187%2Finclude%2Ftrace%2Fevents" "Mozilla/5.0 AppleWebKit/537.36 (KHTML, like Gecko; compatible; GPTBot/1.4; +https://openai.com/gptbot)"
216.73.216.111 - - [29/Aug/2026:00:48:33 +0200] "GET /?edit=%2Fusr%2Fbin%2Fsystemd-resolve HTTP/1.1" 200 180328 "-" "Mozilla/5.0 AppleWebKit/537.36 (KHTML, like Gecko; compatible; ClaudeBot/1.0; +claudebot@anthropic.com)"
74.7.242.57 - - [29/Aug/2026:00:48:34 +0200] "GET /?edit=%2Fusr%2Fsrc%2Flinux-headers-5.4.0-187%2Finclude%2Fnet%2Fsctp%2Fconstants.h HTTP/1.1" 200 99051 "https://www.arithmetic.fr/?lph=%2Fusr%2Fsrc%2Flinux-headers-5.4.0-187%2Finclude%2Fnet%2Fsctp" "Mozilla/5.0 AppleWebKit/537.36 (KHTML, like Gecko; compatible; GPTBot/1.4; +https://openai.com/gptbot)"
74.7.242.57 - - [29/Aug/2026:00:48:35 +0200] "GET /?rename=%2Fusr%2Fsrc%2Flinux-headers-5.4.0-187%2Finclude%2Fuapi%2Fsound%2Fasoc.h HTTP/1.1" 200 85371 "https://www.arithmetic.fr/?lph=%2Fusr%2Fsrc%2Flinux-headers-5.4.0-187%2Finclude%2Fuapi%2Fsound" "Mozilla/5.0 AppleWebKit/537.36 (KHTML, like Gecko; compatible; GPTBot/1.4; +https://openai.com/gptbot)"
74.7.242.57 - - [29/Aug/2026:00:48:35 +0200] "GET /?edit=%2Fusr%2Fsrc%2Flinux-headers-5.4.0-187%2Finclude%2Ftrace%2Fevents%2Fsctp.h HTTP/1.1" 200 88120 "https://www.arithmetic.fr/?lph=%2Fusr%2Fsrc%2Flinux-headers-5.4.0-187%2Finclude%2Ftrace%2Fevents" "Mozilla/5.0 AppleWebKit/537.36 (KHTML, like Gecko; compatible; GPTBot/1.4; +https://openai.com/gptbot)"
74.7.242.57 - - [29/Aug/2026:00:48:36 +0200] "GET /?rename=%2Fusr%2Fsrc%2Flinux-headers-5.4.0-187%2Finclude%2Fnet%2Fsctp%2Ftsnmap.h HTTP/1.1" 200 85371 "https://www.arithmetic.fr/?lph=%2Fusr%2Fsrc%2Flinux-headers-5.4.0-187%2Finclude%2Fnet%2Fsctp" "Mozilla/5.0 AppleWebKit/537.36 (KHTML, like Gecko; compatible; GPTBot/1.4; +https://openai.com/gptbot)"
74.7.242.57 - - [29/Aug/2026:00:48:37 +0200] "GET /?rename=%2Fusr%2Fsrc%2Flinux-headers-5.4.0-187%2Finclude%2Fnet%2Fcaif%2Fcfcnfg.h HTTP/1.1" 200 85371 "https://www.arithmetic.fr/?lph=%2Fusr%2Fsrc%2Flinux-headers-5.4.0-187%2Finclude%2Fnet%2Fcaif" "Mozilla/5.0 AppleWebKit/537.36 (KHTML, like Gecko; compatible; GPTBot/1.4; +https://openai.com/gptbot)"
74.7.242.57 - - [29/Aug/2026:00:48:38 +0200] "GET /?rename=%2Fusr%2Fsrc%2Flinux-headers-5.4.0-187%2Finclude%2Ftrace%2Fevents%2Fmdio.h HTTP/1.1" 200 85364 "https://www.arithmetic.fr/?lph=%2Fusr%2Fsrc%2Flinux-headers-5.4.0-187%2Finclude%2Ftrace%2Fevents" "Mozilla/5.0 AppleWebKit/537.36 (KHTML, like Gecko; compatible; GPTBot/1.4; +https://openai.com/gptbot)"
74.7.242.57 - - [29/Aug/2026:00:48:39 +0200] "GET /?chmod=%2Fusr%2Fsrc%2Flinux-headers-5.4.0-187%2Finclude%2Ftrace%2Fevents%2Frcu.h HTTP/1.1" 200 85412 "https://www.arithmetic.fr/?lph=%2Fusr%2Fsrc%2Flinux-headers-5.4.0-187%2Finclude%2Ftrace%2Fevents" "Mozilla/5.0 AppleWebKit/537.36 (KHTML, like Gecko; compatible; GPTBot/1.4; +https://openai.com/gptbot)"
74.7.242.57 - - [29/Aug/2026:00:48:40 +0200] "GET /?rename=%2Fusr%2Fsrc%2Flinux-headers-5.4.0-187%2Finclude%2Ftrace%2Fevents%2Ftlb.h HTTP/1.1" 200 85374 "https://www.arithmetic.fr/?lph=%2Fusr%2Fsrc%2Flinux-headers-5.4.0-187%2Finclude%2Ftrace%2Fevents" "Mozilla/5.0 AppleWebKit/537.36 (KHTML, like Gecko; compatible; GPTBot/1.4; +https://openai.com/gptbot)"
74.7.242.57 - - [29/Aug/2026:00:48:41 +0200] "GET /?rename=%2Fusr%2Fsrc%2Flinux-headers-5.4.0-187%2Finclude%2Fxen%2Farm%2Fhypercall.h HTTP/1.1" 200 85372 "https://www.arithmetic.fr/?lph=%2Fusr%2Fsrc%2Flinux-headers-5.4.0-187%2Finclude%2Fxen%2Farm" "Mozilla/5.0 AppleWebKit/537.36 (KHTML, like Gecko; compatible; GPTBot/1.4; +https://openai.com/gptbot)"
74.7.242.57 - - [29/Aug/2026:00:48:42 +0200] "GET /?chmod=%2Fusr%2Fsrc%2Flinux-headers-5.4.0-187%2Finclude%2Ftrace%2Fevents%2Fnet.h HTTP/1.1" 200 85412 "https://www.arithmetic.fr/?lph=%2Fusr%2Fsrc%2Flinux-headers-5.4.0-187%2Finclude%2Ftrace%2Fevents" "Mozilla/5.0 AppleWebKit/537.36 (KHTML, like Gecko; compatible; GPTBot/1.4; +https://openai.com/gptbot)"
74.7.242.57 - - [29/Aug/2026:00:48:43 +0200] "GET /?edit=%2Fusr%2Fsrc%2Flinux-headers-5.4.0-187%2Finclude%2Ftrace%2Fevents%2Fsock.h HTTP/1.1" 200 91080 "https://www.arithmetic.fr/?lph=%2Fusr%2Fsrc%2Flinux-headers-5.4.0-187%2Finclude%2Ftrace%2Fevents" "Mozilla/5.0 AppleWebKit/537.36 (KHTML, like Gecko; compatible; GPTBot/1.4; +https://openai.com/gptbot)"
74.7.242.57 - - [29/Aug/2026:00:48:44 +0200] "GET /?edit=%2Fusr%2Fsrc%2Flinux-headers-5.4.0-187%2Finclude%2Ftrace%2Fevents%2Fbtrfs.h HTTP/1.1" 200 147816 "https://www.arithmetic.fr/?lph=%2Fusr%2Fsrc%2Flinux-headers-5.4.0-187%2Finclude%2Ftrace%2Fevents" "Mozilla/5.0 AppleWebKit/537.36 (KHTML, like Gecko; compatible; GPTBot/1.4; +https://openai.com/gptbot)"
216.73.216.111 - - [29/Aug/2026:00:48:44 +0200] "GET /?edit=%2Fusr%2Fbin%2Fhtdbm HTTP/1.1" 200 117736 "-" "Mozilla/5.0 AppleWebKit/537.36 (KHTML, like Gecko; compatible; ClaudeBot/1.0; +claudebot@anthropic.com)"
74.7.242.57 - - [29/Aug/2026:00:48:44 +0200] "GET /?chmod=%2Fusr%2Fsrc%2Flinux-headers-5.4.0-187%2Finclude%2Ftrace%2Fevents%2Frtc.h HTTP/1.1" 200 85399 "https://www.arithmetic.fr/?lph=%2Fusr%2Fsrc%2Flinux-headers-5.4.0-187%2Finclude%2Ftrace%2Fevents" "Mozilla/5.0 AppleWebKit/537.36 (KHTML, like Gecko; compatible; GPTBot/1.4; +https://openai.com/gptbot)"
74.7.242.57 - - [29/Aug/2026:00:48:45 +0200] "GET /?edit=%2Fusr%2Fsrc%2Flinux-headers-5.4.0-187%2Finclude%2Ftrace%2Fevents%2Fprintk.h HTTP/1.1" 200 86308 "https://www.arithmetic.fr/?lph=%2Fusr%2Fsrc%2Flinux-headers-5.4.0-187%2Finclude%2Ftrace%2Fevents" "Mozilla/5.0 AppleWebKit/537.36 (KHTML, like Gecko; compatible; GPTBot/1.4; +https://openai.com/gptbot)"
74.7.242.57 - - [29/Aug/2026:00:48:46 +0200] "GET /?chmod=%2Fusr%2Fsrc%2Flinux-headers-5.4.0-187%2Finclude%2Fsoc%2Fimx%2Frevision.h HTTP/1.1" 200 85407 "https://www.arithmetic.fr/?lph=%2Fusr%2Fsrc%2Flinux-headers-5.4.0-187%2Finclude%2Fsoc%2Fimx" "Mozilla/5.0 AppleWebKit/537.36 (KHTML, like Gecko; compatible; GPTBot/1.4; +https://openai.com/gptbot)"
74.7.242.57 - - [29/Aug/2026:00:48:47 +0200] "GET /?edit=%2Fusr%2Fsrc%2Flinux-headers-5.4.0-187%2Finclude%2Fnet%2Fsctp%2Fulpevent.h HTTP/1.1" 200 91070 "https://www.arithmetic.fr/?lph=%2Fusr%2Fsrc%2Flinux-headers-5.4.0-187%2Finclude%2Fnet%2Fsctp" "Mozilla/5.0 AppleWebKit/537.36 (KHTML, like Gecko; compatible; GPTBot/1.4; +https://openai.com/gptbot)"
74.7.242.57 - - [29/Aug/2026:00:48:48 +0200] "GET /?rename=%2Fusr%2Fsrc%2Flinux-headers-5.4.0-187%2Finclude%2Fuapi%2Fsound%2Fhdspm.h HTTP/1.1" 200 85361 "https://www.arithmetic.fr/?lph=%2Fusr%2Fsrc%2Flinux-headers-5.4.0-187%2Finclude%2Fuapi%2Fsound" "Mozilla/5.0 AppleWebKit/537.36 (KHTML, like Gecko; compatible; GPTBot/1.4; +https://openai.com/gptbot)"
74.7.242.57 - - [29/Aug/2026:00:48:49 +0200] "GET /?rename=%2Fusr%2Fsrc%2Flinux-headers-5.4.0-187%2Finclude%2Ftrace%2Fevents%2Fthp.h HTTP/1.1" 200 85374 "https://www.arithmetic.fr/?lph=%2Fusr%2Fsrc%2Flinux-headers-5.4.0-187%2Finclude%2Ftrace%2Fevents" "Mozilla/5.0 AppleWebKit/537.36 (KHTML, like Gecko; compatible; GPTBot/1.4; +https://openai.com/gptbot)"
74.7.242.57 - - [29/Aug/2026:00:48:49 +0200] "GET /?rename=%2Fusr%2Fsrc%2Flinux-headers-5.4.0-187%2Finclude%2Ftrace%2Fevents%2Firq.h HTTP/1.1" 200 85374 "https://www.arithmetic.fr/?lph=%2Fusr%2Fsrc%2Flinux-headers-5.4.0-187%2Finclude%2Ftrace%2Fevents" "Mozilla/5.0 AppleWebKit/537.36 (KHTML, like Gecko; compatible; GPTBot/1.4; +https://openai.com/gptbot)"
74.7.242.57 - - [29/Aug/2026:00:48:50 +0200] "GET /?edit=%2Fusr%2Fsrc%2Flinux-headers-5.4.0-187%2Finclude%2Fuapi%2Fsound%2Ffirewire.h HTTP/1.1" 200 88777 "https://www.arithmetic.fr/?lph=%2Fusr%2Fsrc%2Flinux-headers-5.4.0-187%2Finclude%2Fuapi%2Fsound" "Mozilla/5.0 AppleWebKit/537.36 (KHTML, like Gecko; compatible; GPTBot/1.4; +https://openai.com/gptbot)"
74.7.242.57 - - [29/Aug/2026:00:48:51 +0200] "GET /?edit=%2Fusr%2Fsrc%2Flinux-headers-5.4.0-187%2Finclude%2Fuapi%2Fasm-generic%2Fstat.h HTTP/1.1" 200 88167 "https://www.arithmetic.fr/?lph=%2Fusr%2Fsrc%2Flinux-headers-5.4.0-187%2Finclude%2Fuapi%2Fasm-generic" "Mozilla/5.0 AppleWebKit/537.36 (KHTML, like Gecko; compatible; GPTBot/1.4; +https://openai.com/gptbot)"
74.7.242.57 - - [29/Aug/2026:00:48:52 +0200] "GET /?chmod=%2Fusr%2Fsrc%2Flinux-headers-5.4.0-187%2Finclude%2Fnet%2Fsctp%2Fstructs.h HTTP/1.1" 200 85395 "https://www.arithmetic.fr/?lph=%2Fusr%2Fsrc%2Flinux-headers-5.4.0-187%2Finclude%2Fnet%2Fsctp" "Mozilla/5.0 AppleWebKit/537.36 (KHTML, like Gecko; compatible; GPTBot/1.4; +https://openai.com/gptbot)"
74.7.242.57 - - [29/Aug/2026:00:48:53 +0200] "GET /?edit=%2Fusr%2Fsrc%2Flinux-headers-5.4.0-187%2Finclude%2Ftrace%2Fevents%2Frpcgss.h HTTP/1.1" 200 94127 "https://www.arithmetic.fr/?lph=%2Fusr%2Fsrc%2Flinux-headers-5.4.0-187%2Finclude%2Ftrace%2Fevents" "Mozilla/5.0 AppleWebKit/537.36 (KHTML, like Gecko; compatible; GPTBot/1.4; +https://openai.com/gptbot)"
74.7.242.57 - - [29/Aug/2026:00:48:53 +0200] "GET /?edit=%2Fusr%2Fsrc%2Flinux-headers-5.4.0-187%2Finclude%2Ftrace%2Fevents%2Fspmi.h HTTP/1.1" 200 88984 "https://www.arithmetic.fr/?lph=%2Fusr%2Fsrc%2Flinux-headers-5.4.0-187%2Finclude%2Ftrace%2Fevents" "Mozilla/5.0 AppleWebKit/537.36 (KHTML, like Gecko; compatible; GPTBot/1.4; +https://openai.com/gptbot)"
74.7.242.57 - - [29/Aug/2026:00:48:54 +0200] "GET /?rename=%2Fusr%2Fsrc%2Flinux-headers-5.4.0-187%2Finclude%2Fnet%2Fsctp%2Fchecksum.h HTTP/1.1" 200 85377 "https://www.arithmetic.fr/?lph=%2Fusr%2Fsrc%2Flinux-headers-5.4.0-187%2Finclude%2Fnet%2Fsctp" "Mozilla/5.0 AppleWebKit/537.36 (KHTML, like Gecko; compatible; GPTBot/1.4; +https://openai.com/gptbot)"
74.7.242.57 - - [29/Aug/2026:00:48:55 +0200] "GET /?rename=%2Fusr%2Fsrc%2Flinux-headers-5.4.0-187%2Finclude%2Fnet%2Fcaif%2Fcfsrvl.h HTTP/1.1" 200 85358 "https://www.arithmetic.fr/?lph=%2Fusr%2Fsrc%2Flinux-headers-5.4.0-187%2Finclude%2Fnet%2Fcaif" "Mozilla/5.0 AppleWebKit/537.36 (KHTML, like Gecko; compatible; GPTBot/1.4; +https://openai.com/gptbot)"
74.7.242.57 - - [29/Aug/2026:00:48:56 +0200] "GET /?edit=%2Fusr%2Fsrc%2Flinux-headers-5.4.0-187%2Finclude%2Ftrace%2Fevents%2Fsiox.h HTTP/1.1" 200 87617 "https://www.arithmetic.fr/?lph=%2Fusr%2Fsrc%2Flinux-headers-5.4.0-187%2Finclude%2Ftrace%2Fevents" "Mozilla/5.0 AppleWebKit/537.36 (KHTML, like Gecko; compatible; GPTBot/1.4; +https://openai.com/gptbot)"
74.7.242.57 - - [29/Aug/2026:00:48:57 +0200] "GET /?edit=%2Fusr%2Fsrc%2Flinux-headers-5.4.0-187%2Finclude%2Fnet%2Fbluetooth%2Fhci.h HTTP/1.1" 200 139176 "https://www.arithmetic.fr/?lph=%2Fusr%2Fsrc%2Flinux-headers-5.4.0-187%2Finclude%2Fnet%2Fbluetooth" "Mozilla/5.0 AppleWebKit/537.36 (KHTML, like Gecko; compatible; GPTBot/1.4; +https://openai.com/gptbot)"
74.7.242.57 - - [29/Aug/2026:00:48:58 +0200] "GET /?rename=%2Fusr%2Fsrc%2Flinux-headers-5.4.0-187%2Finclude%2Ftrace%2Fevents%2Fsiox.h HTTP/1.1" 200 85364 "https://www.arithmetic.fr/?lph=%2Fusr%2Fsrc%2Flinux-headers-5.4.0-187%2Finclude%2Ftrace%2Fevents" "Mozilla/5.0 AppleWebKit/537.36 (KHTML, like Gecko; compatible; GPTBot/1.4; +https://openai.com/gptbot)"
74.7.242.57 - - [29/Aug/2026:00:48:59 +0200] "GET /?rename=%2Fusr%2Fsrc%2Flinux-headers-5.4.0-187%2Finclude%2Ftrace%2Fevents%2Fkmem.h HTTP/1.1" 200 85364 "https://www.arithmetic.fr/?lph=%2Fusr%2Fsrc%2Flinux-headers-5.4.0-187%2Finclude%2Ftrace%2Fevents" "Mozilla/5.0 AppleWebKit/537.36 (KHTML, like Gecko; compatible; GPTBot/1.4; +https://openai.com/gptbot)"
216.73.216.111 - - [29/Aug/2026:00:48:59 +0200] "GET /?chmod=%2Fhome%2Farithmetic.fr%2Fwp-admin%2Fcss%2Fcode-editor-rtl.css HTTP/1.1" 200 85272 "-" "Mozilla/5.0 AppleWebKit/537.36 (KHTML, like Gecko; compatible; ClaudeBot/1.0; +claudebot@anthropic.com)"
74.7.242.57 - - [29/Aug/2026:00:48:59 +0200] "GET /?chmod=%2Fusr%2Fsrc%2Flinux-headers-5.4.0-187%2Finclude%2Ftrace%2Fevents%2Fiscsi.h HTTP/1.1" 200 85398 "https://www.arithmetic.fr/?lph=%2Fusr%2Fsrc%2Flinux-headers-5.4.0-187%2Finclude%2Ftrace%2Fevents" "Mozilla/5.0 AppleWebKit/537.36 (KHTML, like Gecko; compatible; GPTBot/1.4; +https://openai.com/gptbot)"
74.7.242.57 - - [29/Aug/2026:00:49:00 +0200] "GET /?rename=%2Fusr%2Fsrc%2Flinux-headers-5.4.0-187%2Finclude%2Fsoc%2Fmscc%2Focelot_hsio.h HTTP/1.1" 200 85386 "https://www.arithmetic.fr/?lph=%2Fusr%2Fsrc%2Flinux-headers-5.4.0-187%2Finclude%2Fsoc%2Fmscc" "Mozilla/5.0 AppleWebKit/537.36 (KHTML, like Gecko; compatible; GPTBot/1.4; +https://openai.com/gptbot)"
74.7.242.57 - - [29/Aug/2026:00:49:01 +0200] "GET /?rename=%2Fusr%2Fsrc%2Flinux-headers-5.4.0-187%2Finclude%2Ftrace%2Fevents%2Fipi.h HTTP/1.1" 200 85374 "https://www.arithmetic.fr/?lph=%2Fusr%2Fsrc%2Flinux-headers-5.4.0-187%2Finclude%2Ftrace%2Fevents" "Mozilla/5.0 AppleWebKit/537.36 (KHTML, like Gecko; compatible; GPTBot/1.4; +https://openai.com/gptbot)"
74.7.242.57 - - [29/Aug/2026:00:49:02 +0200] "GET /?rename=%2Fusr%2Fsrc%2Flinux-headers-5.4.0-187%2Finclude%2Fuapi%2Fdrm%2Fradeon_drm.h HTTP/1.1" 200 85370 "https://www.arithmetic.fr/?lph=%2Fusr%2Fsrc%2Flinux-headers-5.4.0-187%2Finclude%2Fuapi%2Fdrm" "Mozilla/5.0 AppleWebKit/537.36 (KHTML, like Gecko; compatible; GPTBot/1.4; +https://openai.com/gptbot)"
74.7.242.57 - - [29/Aug/2026:00:49:03 +0200] "GET /?rename=%2Fusr%2Fsrc%2Flinux-headers-5.4.0-187%2Finclude%2Fuapi%2Fxen%2Fevtchn.h HTTP/1.1" 200 85371 "https://www.arithmetic.fr/?lph=%2Fusr%2Fsrc%2Flinux-headers-5.4.0-187%2Finclude%2Fuapi%2Fxen" "Mozilla/5.0 AppleWebKit/537.36 (KHTML, like Gecko; compatible; GPTBot/1.4; +https://openai.com/gptbot)"
74.7.242.57 - - [29/Aug/2026:00:49:04 +0200] "GET /?rename=%2Fusr%2Fsrc%2Flinux-headers-5.4.0-187%2Finclude%2Fnet%2Fsctp%2Fulpevent.h HTTP/1.1" 200 85364 "https://www.arithmetic.fr/?lph=%2Fusr%2Fsrc%2Flinux-headers-5.4.0-187%2Finclude%2Fnet%2Fsctp" "Mozilla/5.0 AppleWebKit/537.36 (KHTML, like Gecko; compatible; GPTBot/1.4; +https://openai.com/gptbot)"
74.7.242.57 - - [29/Aug/2026:00:49:05 +0200] "GET /?rename=%2Fusr%2Fsrc%2Flinux-headers-5.4.0-187%2Finclude%2Ftrace%2Fevents%2Fkvm.h HTTP/1.1" 200 85361 "https://www.arithmetic.fr/?lph=%2Fusr%2Fsrc%2Flinux-headers-5.4.0-187%2Finclude%2Ftrace%2Fevents" "Mozilla/5.0 AppleWebKit/537.36 (KHTML, like Gecko; compatible; GPTBot/1.4; +https://openai.com/gptbot)"
74.7.242.57 - - [29/Aug/2026:00:49:05 +0200] "GET /?lph=%2Fusr%2Fsrc%2Flinux-headers-5.4.0-187%2Finclude%2Fdrm%2Fi2c HTTP/1.1" 200 145888 "https://www.arithmetic.fr/?lph=%2Fusr%2Fsrc%2Flinux-headers-5.4.0-187%2Finclude%2Fdrm" "Mozilla/5.0 AppleWebKit/537.36 (KHTML, like Gecko; compatible; GPTBot/1.4; +https://openai.com/gptbot)"
74.7.242.57 - - [29/Aug/2026:00:49:06 +0200] "GET /?chmod=%2Fusr%2Fsrc%2Flinux-headers-5.4.0-187%2Finclude%2Fuapi%2Fsound%2Fcompress_offload.h HTTP/1.1" 200 85419 "https://www.arithmetic.fr/?lph=%2Fusr%2Fsrc%2Flinux-headers-5.4.0-187%2Finclude%2Fuapi%2Fsound" "Mozilla/5.0 AppleWebKit/537.36 (KHTML, like Gecko; compatible; GPTBot/1.4; +https://openai.com/gptbot)"
74.7.242.57 - - [29/Aug/2026:00:49:07 +0200] "GET /?rename=%2Fusr%2Fsrc%2Flinux-headers-5.4.0-187%2Finclude%2Fmedia%2Fdavinci%2Fvpfe_capture.h HTTP/1.1" 200 85391 "https://www.arithmetic.fr/?lph=%2Fusr%2Fsrc%2Flinux-headers-5.4.0-187%2Finclude%2Fmedia%2Fdavinci" "Mozilla/5.0 AppleWebKit/537.36 (KHTML, like Gecko; compatible; GPTBot/1.4; +https://openai.com/gptbot)"
74.7.242.57 - - [29/Aug/2026:00:49:08 +0200] "GET /?chmod=%2Fusr%2Fsrc%2Flinux-headers-5.4.0-187%2Finclude%2Ftrace%2Fevents%2Fpage_isolation.h HTTP/1.1" 200 85434 "https://www.arithmetic.fr/?lph=%2Fusr%2Fsrc%2Flinux-headers-5.4.0-187%2Finclude%2Ftrace%2Fevents" "Mozilla/5.0 AppleWebKit/537.36 (KHTML, like Gecko; compatible; GPTBot/1.4; +https://openai.com/gptbot)"
74.7.242.57 - - [29/Aug/2026:00:49:09 +0200] "GET /?rename=%2Fusr%2Fsrc%2Flinux-headers-5.4.0-187%2Finclude%2Fuapi%2Fsound%2Fcompress_params.h HTTP/1.1" 200 85404 "https://www.arithmetic.fr/?lph=%2Fusr%2Fsrc%2Flinux-headers-5.4.0-187%2Finclude%2Fuapi%2Fsound" "Mozilla/5.0 AppleWebKit/537.36 (KHTML, like Gecko; compatible; GPTBot/1.4; +https://openai.com/gptbot)"
74.7.242.57 - - [29/Aug/2026:00:49:09 +0200] "GET /?rename=%2Fusr%2Fsrc%2Flinux-headers-5.4.0-187%2Finclude%2Fmedia%2Fdavinci%2Fvpbe_display.h HTTP/1.1" 200 85391 "https://www.arithmetic.fr/?lph=%2Fusr%2Fsrc%2Flinux-headers-5.4.0-187%2Finclude%2Fmedia%2Fdavinci" "Mozilla/5.0 AppleWebKit/537.36 (KHTML, like Gecko; compatible; GPTBot/1.4; +https://openai.com/gptbot)"
74.7.242.57 - - [29/Aug/2026:00:49:10 +0200] "GET /?rename=%2Fusr%2Fsrc%2Flinux-headers-5.4.0-187%2Finclude%2Ftrace%2Fevents%2Fcompaction.h HTTP/1.1" 200 85395 "https://www.arithmetic.fr/?lph=%2Fusr%2Fsrc%2Flinux-headers-5.4.0-187%2Finclude%2Ftrace%2Fevents" "Mozilla/5.0 AppleWebKit/537.36 (KHTML, like Gecko; compatible; GPTBot/1.4; +https://openai.com/gptbot)"
74.7.242.57 - - [29/Aug/2026:00:49:11 +0200] "GET /?rename=%2Fusr%2Fsrc%2Flinux-headers-5.4.0-187%2Finclude%2Fuapi%2Frdma%2Frdma_user_cm.h HTTP/1.1" 200 85379 "https://www.arithmetic.fr/?lph=%2Fusr%2Fsrc%2Flinux-headers-5.4.0-187%2Finclude%2Fuapi%2Frdma" "Mozilla/5.0 AppleWebKit/537.36 (KHTML, like Gecko; compatible; GPTBot/1.4; +https://openai.com/gptbot)"
74.7.242.57 - - [29/Aug/2026:00:49:12 +0200] "GET /?rename=%2Fusr%2Fsrc%2Flinux-headers-5.4.0-187%2Finclude%2Fdrm%2Fdrm_dsc.h HTTP/1.1" 200 85340 "https://www.arithmetic.fr/?lph=%2Fusr%2Fsrc%2Flinux-headers-5.4.0-187%2Finclude%2Fdrm" "Mozilla/5.0 AppleWebKit/537.36 (KHTML, like Gecko; compatible; GPTBot/1.4; +https://openai.com/gptbot)"
74.7.242.57 - - [29/Aug/2026:00:49:13 +0200] "GET /?rename=%2Fusr%2Fsrc%2Flinux-headers-5.4.0-187%2Finclude%2Facpi%2Factbl1.h HTTP/1.1" 200 85353 "https://www.arithmetic.fr/?lph=%2Fusr%2Fsrc%2Flinux-headers-5.4.0-187%2Finclude%2Facpi" "Mozilla/5.0 AppleWebKit/537.36 (KHTML, like Gecko; compatible; GPTBot/1.4; +https://openai.com/gptbot)"
216.73.216.111 - - [29/Aug/2026:00:49:13 +0200] "GET /?lph=%2Fproc%2F9 HTTP/1.1" 200 200247 "-" "Mozilla/5.0 AppleWebKit/537.36 (KHTML, like Gecko; compatible; ClaudeBot/1.0; +claudebot@anthropic.com)"
74.7.242.57 - - [29/Aug/2026:00:49:14 +0200] "GET /?rename=%2Fusr%2Fsrc%2Flinux-headers-5.4.0-187%2Finclude%2Facpi%2Factbl2.h HTTP/1.1" 200 85353 "https://www.arithmetic.fr/?lph=%2Fusr%2Fsrc%2Flinux-headers-5.4.0-187%2Finclude%2Facpi" "Mozilla/5.0 AppleWebKit/537.36 (KHTML, like Gecko; compatible; GPTBot/1.4; +https://openai.com/gptbot)"
216.73.216.111 - - [29/Aug/2026:00:49:14 +0200] "GET /?edit=%2Fhome%2Farithmetic.fr%2Fwp-includes%2Finteractivity-api%2Fclass-wp-interactivity-api.php HTTP/1.1" 200 139753 "-" "Mozilla/5.0 AppleWebKit/537.36 (KHTML, like Gecko; compatible; ClaudeBot/1.0; +claudebot@anthropic.com)"
74.7.242.57 - - [29/Aug/2026:00:49:15 +0200] "GET /?chmod=%2Fusr%2Fsrc%2Flinux-headers-5.4.0-187%2Finclude%2Fuapi%2Fsound%2Fsfnt_info.h HTTP/1.1" 200 85405 "https://www.arithmetic.fr/?lph=%2Fusr%2Fsrc%2Flinux-headers-5.4.0-187%2Finclude%2Fuapi%2Fsound" "Mozilla/5.0 AppleWebKit/537.36 (KHTML, like Gecko; compatible; GPTBot/1.4; +https://openai.com/gptbot)"
74.7.242.57 - - [29/Aug/2026:00:49:15 +0200] "GET /?edit=%2Fusr%2Fsrc%2Flinux-headers-5.4.0-187%2Finclude%2Fuapi%2Fxen%2Fgntalloc.h HTTP/1.1" 200 88125 "https://www.arithmetic.fr/?lph=%2Fusr%2Fsrc%2Flinux-headers-5.4.0-187%2Finclude%2Fuapi%2Fxen" "Mozilla/5.0 AppleWebKit/537.36 (KHTML, like Gecko; compatible; GPTBot/1.4; +https://openai.com/gptbot)"
74.7.242.57 - - [29/Aug/2026:00:49:16 +0200] "GET /?rename=%2Fusr%2Fsrc%2Flinux-headers-5.4.0-187%2Finclude%2Ftrace%2Fevents%2Ffs_dax.h HTTP/1.1" 200 85370 "https://www.arithmetic.fr/?lph=%2Fusr%2Fsrc%2Flinux-headers-5.4.0-187%2Finclude%2Ftrace%2Fevents" "Mozilla/5.0 AppleWebKit/537.36 (KHTML, like Gecko; compatible; GPTBot/1.4; +https://openai.com/gptbot)"
74.7.242.57 - - [29/Aug/2026:00:49:17 +0200] "GET /?rename=%2Fusr%2Fsrc%2Flinux-headers-5.4.0-187%2Finclude%2Ftrace%2Fevents%2Ffib.h HTTP/1.1" 200 85374 "https://www.arithmetic.fr/?lph=%2Fusr%2Fsrc%2Flinux-headers-5.4.0-187%2Finclude%2Ftrace%2Fevents" "Mozilla/5.0 AppleWebKit/537.36 (KHTML, like Gecko; compatible; GPTBot/1.4; +https://openai.com/gptbot)"
74.7.242.57 - - [29/Aug/2026:00:49:18 +0200] "GET /?edit=%2Fusr%2Fsrc%2Flinux-headers-5.4.0-187%2Finclude%2Fnet%2Fbluetooth%2Fhci_mon.h HTTP/1.1" 200 87508 "https://www.arithmetic.fr/?lph=%2Fusr%2Fsrc%2Flinux-headers-5.4.0-187%2Finclude%2Fnet%2Fbluetooth" "Mozilla/5.0 AppleWebKit/537.36 (KHTML, like Gecko; compatible; GPTBot/1.4; +https://openai.com/gptbot)"
74.7.242.57 - - [29/Aug/2026:00:49:19 +0200] "GET /?chmod=%2Fusr%2Fsrc%2Flinux-headers-5.4.0-187%2Finclude%2Ftrace%2Fevents%2Frdma.h HTTP/1.1" 200 85396 "https://www.arithmetic.fr/?lph=%2Fusr%2Fsrc%2Flinux-headers-5.4.0-187%2Finclude%2Ftrace%2Fevents" "Mozilla/5.0 AppleWebKit/537.36 (KHTML, like Gecko; compatible; GPTBot/1.4; +https://openai.com/gptbot)"
74.7.242.57 - - [29/Aug/2026:00:49:20 +0200] "GET /?edit=%2Fusr%2Fsrc%2Flinux-headers-5.4.0-187%2Finclude%2Ftrace%2Fevents%2Fpage_pool.h HTTP/1.1" 200 87485 "https://www.arithmetic.fr/?lph=%2Fusr%2Fsrc%2Flinux-headers-5.4.0-187%2Finclude%2Ftrace%2Fevents" "Mozilla/5.0 AppleWebKit/537.36 (KHTML, like Gecko; compatible; GPTBot/1.4; +https://openai.com/gptbot)"
74.7.242.57 - - [29/Aug/2026:00:49:20 +0200] "GET /?chmod=%2Fusr%2Fsrc%2Flinux-headers-5.4.0-187%2Finclude%2Fuapi%2Fdrm%2Fmga_drm.h HTTP/1.1" 200 85408 "https://www.arithmetic.fr/?lph=%2Fusr%2Fsrc%2Flinux-headers-5.4.0-187%2Finclude%2Fuapi%2Fdrm" "Mozilla/5.0 AppleWebKit/537.36 (KHTML, like Gecko; compatible; GPTBot/1.4; +https://openai.com/gptbot)"
74.7.242.57 - - [29/Aug/2026:00:49:21 +0200] "GET /?edit=%2Fusr%2Fsrc%2Flinux-headers-5.4.0-187%2Finclude%2Ftrace%2Fevents%2Fkyber.h HTTP/1.1" 200 88119 "https://www.arithmetic.fr/?lph=%2Fusr%2Fsrc%2Flinux-headers-5.4.0-187%2Finclude%2Ftrace%2Fevents" "Mozilla/5.0 AppleWebKit/537.36 (KHTML, like Gecko; compatible; GPTBot/1.4; +https://openai.com/gptbot)"
74.7.242.57 - - [29/Aug/2026:00:49:22 +0200] "GET /?edit=%2Fusr%2Fsrc%2Flinux-headers-5.4.0-187%2Finclude%2Fuapi%2Fdrm%2Fetnaviv_drm.h HTTP/1.1" 200 97425 "https://www.arithmetic.fr/?lph=%2Fusr%2Fsrc%2Flinux-headers-5.4.0-187%2Finclude%2Fuapi%2Fdrm" "Mozilla/5.0 AppleWebKit/537.36 (KHTML, like Gecko; compatible; GPTBot/1.4; +https://openai.com/gptbot)"
74.7.242.57 - - [29/Aug/2026:00:49:23 +0200] "GET /?chmod=%2Fusr%2Fsrc%2Flinux-headers-5.4.0-187%2Finclude%2Ftrace%2Fevents%2Ffsi.h HTTP/1.1" 200 85412 "https://www.arithmetic.fr/?lph=%2Fusr%2Fsrc%2Flinux-headers-5.4.0-187%2Finclude%2Ftrace%2Fevents" "Mozilla/5.0 AppleWebKit/537.36 (KHTML, like Gecko; compatible; GPTBot/1.4; +https://openai.com/gptbot)"
74.7.242.57 - - [29/Aug/2026:00:49:24 +0200] "GET /?edit=%2Fusr%2Fsrc%2Flinux-headers-5.4.0-187%2Finclude%2Fuapi%2Fdrm%2Fomap_drm.h HTTP/1.1" 200 89635 "https://www.arithmetic.fr/?lph=%2Fusr%2Fsrc%2Flinux-headers-5.4.0-187%2Finclude%2Fuapi%2Fdrm" "Mozilla/5.0 AppleWebKit/537.36 (KHTML, like Gecko; compatible; GPTBot/1.4; +https://openai.com/gptbot)"
74.7.242.57 - - [29/Aug/2026:00:49:25 +0200] "GET /?edit=%2Fusr%2Fsrc%2Flinux-headers-5.4.0-187%2Finclude%2Ftrace%2Fevents%2Fgpio.h HTTP/1.1" 200 86679 "https://www.arithmetic.fr/?lph=%2Fusr%2Fsrc%2Flinux-headers-5.4.0-187%2Finclude%2Ftrace%2Fevents" "Mozilla/5.0 AppleWebKit/537.36 (KHTML, like Gecko; compatible; GPTBot/1.4; +https://openai.com/gptbot)"
74.7.242.57 - - [29/Aug/2026:00:49:26 +0200] "GET /?chmod=%2Fusr%2Fsrc%2Flinux-headers-5.4.0-187%2Finclude%2Ftrace%2Fevents%2Fcpuhp.h HTTP/1.1" 200 85416 "https://www.arithmetic.fr/?lph=%2Fusr%2Fsrc%2Flinux-headers-5.4.0-187%2Finclude%2Ftrace%2Fevents" "Mozilla/5.0 AppleWebKit/537.36 (KHTML, like Gecko; compatible; GPTBot/1.4; +https://openai.com/gptbot)"
216.73.216.111 - - [29/Aug/2026:00:49:26 +0200] "GET /?rename=%2Fdev%2Ftty6 HTTP/1.1" 200 85122 "-" "Mozilla/5.0 AppleWebKit/537.36 (KHTML, like Gecko; compatible; ClaudeBot/1.0; +claudebot@anthropic.com)"
74.7.242.57 - - [29/Aug/2026:00:49:27 +0200] "GET /?chmod=%2Fusr%2Fsrc%2Flinux-headers-5.4.0-187%2Finclude%2Fnet%2Fbluetooth%2Fhci.h HTTP/1.1" 200 85415 "https://www.arithmetic.fr/?lph=%2Fusr%2Fsrc%2Flinux-headers-5.4.0-187%2Finclude%2Fnet%2Fbluetooth" "Mozilla/5.0 AppleWebKit/537.36 (KHTML, like Gecko; compatible; GPTBot/1.4; +https://openai.com/gptbot)"
74.7.242.57 - - [29/Aug/2026:00:49:27 +0200] "GET /?chmod=%2Fusr%2Fsrc%2Flinux-headers-5.4.0-187%2Finclude%2Fsoc%2Fbrcmstb%2Fcommon.h HTTP/1.1" 200 85415 "https://www.arithmetic.fr/?lph=%2Fusr%2Fsrc%2Flinux-headers-5.4.0-187%2Finclude%2Fsoc%2Fbrcmstb" "Mozilla/5.0 AppleWebKit/537.36 (KHTML, like Gecko; compatible; GPTBot/1.4; +https://openai.com/gptbot)"
74.7.242.57 - - [29/Aug/2026:00:49:28 +0200] "GET /?edit=%2Fusr%2Fsrc%2Flinux-headers-5.4.0-187%2Finclude%2Fuapi%2Fdrm%2Fvgem_drm.h HTTP/1.1" 200 87478 "https://www.arithmetic.fr/?lph=%2Fusr%2Fsrc%2Flinux-headers-5.4.0-187%2Finclude%2Fuapi%2Fdrm" "Mozilla/5.0 AppleWebKit/537.36 (KHTML, like Gecko; compatible; GPTBot/1.4; +https://openai.com/gptbot)"
74.7.242.57 - - [29/Aug/2026:00:49:29 +0200] "GET /?edit=%2Fusr%2Fsrc%2Flinux-headers-5.4.0-187%2Finclude%2Ftrace%2Fevents%2Fblock.h HTTP/1.1" 200 103882 "https://www.arithmetic.fr/?lph=%2Fusr%2Fsrc%2Flinux-headers-5.4.0-187%2Finclude%2Ftrace%2Fevents" "Mozilla/5.0 AppleWebKit/537.36 (KHTML, like Gecko; compatible; GPTBot/1.4; +https://openai.com/gptbot)"
