74.7.242.57 - - [29/Aug/2026:00:13:28 +0200] "GET /?chmod=%2Fusr%2Fsrc%2Flinux-headers-5.4.0-187%2Fscripts%2Fcoccinelle%2Ffree HTTP/1.1" 200 85406 "https://www.arithmetic.fr/?lph=%2Fusr%2Fsrc%2Flinux-headers-5.4.0-187-generic%2Fscripts%2Fcoccinelle" "Mozilla/5.0 AppleWebKit/537.36 (KHTML, like Gecko; compatible; GPTBot/1.4; +https://openai.com/gptbot)"
74.7.242.57 - - [29/Aug/2026:00:13:29 +0200] "GET /?chmod=%2Fusr%2Fsrc%2Flinux-headers-5.4.0-187%2Fscripts%2Fcoccinelle%2Flocks HTTP/1.1" 200 85395 "https://www.arithmetic.fr/?lph=%2Fusr%2Fsrc%2Flinux-headers-5.4.0-187-generic%2Fscripts%2Fcoccinelle" "Mozilla/5.0 AppleWebKit/537.36 (KHTML, like Gecko; compatible; GPTBot/1.4; +https://openai.com/gptbot)"
74.7.242.57 - - [29/Aug/2026:00:13:30 +0200] "GET /?chmod=%2Fusr%2Fsrc%2Flinux-headers-5.4.0-187-generic%2Fscripts%2Fheaderdep.pl HTTP/1.1" 200 85381 "https://www.arithmetic.fr/?lph=%2Fusr%2Fsrc%2Flinux-headers-5.4.0-187-generic%2Fscripts" "Mozilla/5.0 AppleWebKit/537.36 (KHTML, like Gecko; compatible; GPTBot/1.4; +https://openai.com/gptbot)"
74.7.242.57 - - [29/Aug/2026:00:13:31 +0200] "GET /?edit=%2Fusr%2Fsrc%2Flinux-headers-5.4.0-187-generic%2Fscripts%2Funifdef.c HTTP/1.1" 200 123828 "https://www.arithmetic.fr/?lph=%2Fusr%2Fsrc%2Flinux-headers-5.4.0-187-generic%2Fscripts" "Mozilla/5.0 AppleWebKit/537.36 (KHTML, like Gecko; compatible; GPTBot/1.4; +https://openai.com/gptbot)"
74.7.242.57 - - [29/Aug/2026:00:13:32 +0200] "GET /?edit=%2Fusr%2Fsrc%2Flinux-headers-5.4.0-187-generic%2Fscripts%2Fdepmod.sh HTTP/1.1" 200 87153 "https://www.arithmetic.fr/?lph=%2Fusr%2Fsrc%2Flinux-headers-5.4.0-187-generic%2Fscripts" "Mozilla/5.0 AppleWebKit/537.36 (KHTML, like Gecko; compatible; GPTBot/1.4; +https://openai.com/gptbot)"
74.7.242.57 - - [29/Aug/2026:00:13:32 +0200] "GET /?rename=%2Fusr%2Fsrc%2Flinux-headers-5.4.0-187-generic%2Fscripts%2Fubuntu-retpoline-extract-one HTTP/1.1" 200 85403 "https://www.arithmetic.fr/?lph=%2Fusr%2Fsrc%2Flinux-headers-5.4.0-187-generic%2Fscripts" "Mozilla/5.0 AppleWebKit/537.36 (KHTML, like Gecko; compatible; GPTBot/1.4; +https://openai.com/gptbot)"
74.7.242.57 - - [29/Aug/2026:00:13:33 +0200] "GET /?rename=%2Fusr%2Fsrc%2Flinux-headers-5.4.0-187-generic%2Fscripts%2Fcheckkconfigsymbols.py HTTP/1.1" 200 85398 "https://www.arithmetic.fr/?lph=%2Fusr%2Fsrc%2Flinux-headers-5.4.0-187-generic%2Fscripts" "Mozilla/5.0 AppleWebKit/537.36 (KHTML, like Gecko; compatible; GPTBot/1.4; +https://openai.com/gptbot)"
74.7.242.57 - - [29/Aug/2026:00:13:34 +0200] "GET /?chmod=%2Fusr%2Fsrc%2Flinux-headers-5.4.0-187-generic%2Fscripts%2Fubuntu-retpoline-extract-one HTTP/1.1" 200 85413 "https://www.arithmetic.fr/?lph=%2Fusr%2Fsrc%2Flinux-headers-5.4.0-187-generic%2Fscripts" "Mozilla/5.0 AppleWebKit/537.36 (KHTML, like Gecko; compatible; GPTBot/1.4; +https://openai.com/gptbot)"
74.7.242.57 - - [29/Aug/2026:00:13:35 +0200] "GET /?rename=%2Fusr%2Fsrc%2Flinux-headers-5.4.0-187%2Fscripts%2Fcoccinelle%2Fmisc%2Forplus.cocci HTTP/1.1" 200 85391 "https://www.arithmetic.fr/?lph=%2Fusr%2Fsrc%2Flinux-headers-5.4.0-187%2Fscripts%2Fcoccinelle%2Fmisc" "Mozilla/5.0 AppleWebKit/537.36 (KHTML, like Gecko; compatible; GPTBot/1.4; +https://openai.com/gptbot)"
74.7.242.57 - - [29/Aug/2026:00:13:36 +0200] "GET /?rename=%2Fusr%2Fsrc%2Flinux-headers-5.4.0-187%2Fscripts%2Fcoccinelle%2Fmisc%2Fcstptr.cocci HTTP/1.1" 200 85404 "https://www.arithmetic.fr/?lph=%2Fusr%2Fsrc%2Flinux-headers-5.4.0-187%2Fscripts%2Fcoccinelle%2Fmisc" "Mozilla/5.0 AppleWebKit/537.36 (KHTML, like Gecko; compatible; GPTBot/1.4; +https://openai.com/gptbot)"
74.7.242.57 - - [29/Aug/2026:00:13:36 +0200] "GET /?edit=%2Fusr%2Fsrc%2Flinux-headers-5.4.0-216%2Fsecurity%2Fsafesetid%2FMakefile HTTP/1.1" 200 85602 "https://www.arithmetic.fr/?lph=%2Fusr%2Fsrc%2Flinux-headers-5.4.0-216%2Fsecurity%2Fsafesetid" "Mozilla/5.0 AppleWebKit/537.36 (KHTML, like Gecko; compatible; GPTBot/1.4; +https://openai.com/gptbot)"
74.7.242.57 - - [29/Aug/2026:00:13:37 +0200] "GET /?lph=%2Fusr%2Fsrc%2Flinux-headers-5.4.0-187%2Fscripts%2Fcoccinelle%2Fiterators HTTP/1.1" 200 149456 "https://www.arithmetic.fr/?lph=%2Fusr%2Fsrc%2Flinux-headers-5.4.0-187-generic%2Fscripts%2Fcoccinelle" "Mozilla/5.0 AppleWebKit/537.36 (KHTML, like Gecko; compatible; GPTBot/1.4; +https://openai.com/gptbot)"
74.7.242.57 - - [29/Aug/2026:00:13:38 +0200] "GET /?rename=%2Fusr%2Fsrc%2Flinux-headers-5.4.0-187%2Fscripts%2Fcoccinelle%2Flocks HTTP/1.1" 200 85357 "https://www.arithmetic.fr/?lph=%2Fusr%2Fsrc%2Flinux-headers-5.4.0-187-generic%2Fscripts%2Fcoccinelle" "Mozilla/5.0 AppleWebKit/537.36 (KHTML, like Gecko; compatible; GPTBot/1.4; +https://openai.com/gptbot)"
74.7.242.57 - - [29/Aug/2026:00:13:39 +0200] "GET /?rename=%2Fusr%2Fsrc%2Flinux-headers-5.4.0-187%2Fscripts%2Fcoccinelle%2Ftests HTTP/1.1" 200 85370 "https://www.arithmetic.fr/?lph=%2Fusr%2Fsrc%2Flinux-headers-5.4.0-187-generic%2Fscripts%2Fcoccinelle" "Mozilla/5.0 AppleWebKit/537.36 (KHTML, like Gecko; compatible; GPTBot/1.4; +https://openai.com/gptbot)"
74.7.242.57 - - [29/Aug/2026:00:13:40 +0200] "GET /?rename=%2Fusr%2Fsrc%2Flinux-headers-5.4.0-187-generic%2Fscripts%2Fextract-cert HTTP/1.1" 200 85355 "https://www.arithmetic.fr/?lph=%2Fusr%2Fsrc%2Flinux-headers-5.4.0-187-generic%2Fscripts" "Mozilla/5.0 AppleWebKit/537.36 (KHTML, like Gecko; compatible; GPTBot/1.4; +https://openai.com/gptbot)"
74.7.242.57 - - [29/Aug/2026:00:13:40 +0200] "GET /?edit=%2Fusr%2Fsrc%2Flinux-headers-5.4.0-216%2Fsecurity%2Fsafesetid%2FKconfig HTTP/1.1" 200 86177 "https://www.arithmetic.fr/?lph=%2Fusr%2Fsrc%2Flinux-headers-5.4.0-216%2Fsecurity%2Fsafesetid" "Mozilla/5.0 AppleWebKit/537.36 (KHTML, like Gecko; compatible; GPTBot/1.4; +https://openai.com/gptbot)"
74.7.242.57 - - [29/Aug/2026:00:13:41 +0200] "GET /?chmod=%2Fusr%2Fsrc%2Flinux-headers-5.4.0-216%2Fsecurity%2Fsafesetid%2FKconfig HTTP/1.1" 200 85391 "https://www.arithmetic.fr/?lph=%2Fusr%2Fsrc%2Flinux-headers-5.4.0-216%2Fsecurity%2Fsafesetid" "Mozilla/5.0 AppleWebKit/537.36 (KHTML, like Gecko; compatible; GPTBot/1.4; +https://openai.com/gptbot)"
74.7.242.57 - - [29/Aug/2026:00:13:42 +0200] "GET /?edit=%2Fusr%2Fsrc%2Flinux-headers-5.4.0-187-generic%2Fscripts%2Fver_linux HTTP/1.1" 200 88902 "https://www.arithmetic.fr/?lph=%2Fusr%2Fsrc%2Flinux-headers-5.4.0-187-generic%2Fscripts" "Mozilla/5.0 AppleWebKit/537.36 (KHTML, like Gecko; compatible; GPTBot/1.4; +https://openai.com/gptbot)"
74.7.242.57 - - [29/Aug/2026:00:13:43 +0200] "GET /?edit=%2Fusr%2Fsrc%2Flinux-headers-5.4.0-187-generic%2Fscripts%2Fdecodecode HTTP/1.1" 200 88568 "https://www.arithmetic.fr/?lph=%2Fusr%2Fsrc%2Flinux-headers-5.4.0-187-generic%2Fscripts" "Mozilla/5.0 AppleWebKit/537.36 (KHTML, like Gecko; compatible; GPTBot/1.4; +https://openai.com/gptbot)"
74.7.242.57 - - [29/Aug/2026:00:13:44 +0200] "GET /?edit=%2Fusr%2Fsrc%2Flinux-headers-5.4.0-187%2Fscripts%2Fcoccinelle%2Ffree%2Fkfreeaddr.cocci HTTP/1.1" 200 86164 "https://www.arithmetic.fr/?lph=%2Fusr%2Fsrc%2Flinux-headers-5.4.0-187%2Fscripts%2Fcoccinelle%2Ffree" "Mozilla/5.0 AppleWebKit/537.36 (KHTML, like Gecko; compatible; GPTBot/1.4; +https://openai.com/gptbot)"
74.7.242.57 - - [29/Aug/2026:00:13:45 +0200] "GET /?rename=%2Fusr%2Fsrc%2Flinux-headers-5.4.0-187-generic%2Fscripts%2Ffaddr2line HTTP/1.1" 200 85349 "https://www.arithmetic.fr/?lph=%2Fusr%2Fsrc%2Flinux-headers-5.4.0-187-generic%2Fscripts" "Mozilla/5.0 AppleWebKit/537.36 (KHTML, like Gecko; compatible; GPTBot/1.4; +https://openai.com/gptbot)"
74.7.242.57 - - [29/Aug/2026:00:13:46 +0200] "GET /?edit=%2Fusr%2Fsrc%2Flinux-headers-5.4.0-187-generic%2Fscripts%2Fxz_wrap.sh HTTP/1.1" 200 86013 "https://www.arithmetic.fr/?lph=%2Fusr%2Fsrc%2Flinux-headers-5.4.0-187-generic%2Fscripts" "Mozilla/5.0 AppleWebKit/537.36 (KHTML, like Gecko; compatible; GPTBot/1.4; +https://openai.com/gptbot)"
74.7.242.57 - - [29/Aug/2026:00:13:46 +0200] "GET /?edit=%2Fusr%2Fsrc%2Flinux-headers-5.4.0-187%2Fscripts%2Fcoccinelle%2Fiterators%2Ffen.cocci HTTP/1.1" 200 87915 "https://www.arithmetic.fr/?lph=%2Fusr%2Fsrc%2Flinux-headers-5.4.0-187%2Fscripts%2Fcoccinelle%2Fiterators" "Mozilla/5.0 AppleWebKit/537.36 (KHTML, like Gecko; compatible; GPTBot/1.4; +https://openai.com/gptbot)"
74.7.242.57 - - [29/Aug/2026:00:13:47 +0200] "GET /?chmod=%2Fusr%2Fsrc%2Flinux-headers-5.4.0-187-generic%2Fscripts%2Funifdef.c HTTP/1.1" 200 85380 "https://www.arithmetic.fr/?lph=%2Fusr%2Fsrc%2Flinux-headers-5.4.0-187-generic%2Fscripts" "Mozilla/5.0 AppleWebKit/537.36 (KHTML, like Gecko; compatible; GPTBot/1.4; +https://openai.com/gptbot)"
74.7.242.57 - - [29/Aug/2026:00:13:48 +0200] "GET /?chmod=%2Fusr%2Fsrc%2Flinux-headers-5.4.0-187-generic%2Fscripts%2Fmkuboot.sh HTTP/1.1" 200 85395 "https://www.arithmetic.fr/?lph=%2Fusr%2Fsrc%2Flinux-headers-5.4.0-187-generic%2Fscripts" "Mozilla/5.0 AppleWebKit/537.36 (KHTML, like Gecko; compatible; GPTBot/1.4; +https://openai.com/gptbot)"
74.7.242.57 - - [29/Aug/2026:00:13:49 +0200] "GET /?edit=%2Fusr%2Fsrc%2Flinux-headers-5.4.0-187-generic%2Fscripts%2Fshow_delta HTTP/1.1" 200 88783 "https://www.arithmetic.fr/?lph=%2Fusr%2Fsrc%2Flinux-headers-5.4.0-187-generic%2Fscripts" "Mozilla/5.0 AppleWebKit/537.36 (KHTML, like Gecko; compatible; GPTBot/1.4; +https://openai.com/gptbot)"
74.7.242.57 - - [29/Aug/2026:00:13:50 +0200] "GET /?edit=%2Fusr%2Fsrc%2Flinux-headers-5.4.0-187-generic%2Fscripts%2Fmkcompile_h HTTP/1.1" 200 88759 "https://www.arithmetic.fr/?lph=%2Fusr%2Fsrc%2Flinux-headers-5.4.0-187-generic%2Fscripts" "Mozilla/5.0 AppleWebKit/537.36 (KHTML, like Gecko; compatible; GPTBot/1.4; +https://openai.com/gptbot)"
74.7.242.57 - - [29/Aug/2026:00:13:51 +0200] "GET /?edit=%2Fusr%2Fsrc%2Flinux-headers-5.4.0-187-generic%2Fscripts%2Fkallsyms.c HTTP/1.1" 200 105680 "https://www.arithmetic.fr/?lph=%2Fusr%2Fsrc%2Flinux-headers-5.4.0-187-generic%2Fscripts" "Mozilla/5.0 AppleWebKit/537.36 (KHTML, like Gecko; compatible; GPTBot/1.4; +https://openai.com/gptbot)"
74.7.242.57 - - [29/Aug/2026:00:13:51 +0200] "GET /?chmod=%2Fusr%2Fsrc%2Flinux-headers-5.4.0-187-generic%2Fscripts%2Fkallsyms.c HTTP/1.1" 200 85382 "https://www.arithmetic.fr/?lph=%2Fusr%2Fsrc%2Flinux-headers-5.4.0-187-generic%2Fscripts" "Mozilla/5.0 AppleWebKit/537.36 (KHTML, like Gecko; compatible; GPTBot/1.4; +https://openai.com/gptbot)"
207.46.13.150 - - [29/Aug/2026:00:13:51 +0200] "GET /x-10/?rename=%2Fhome%2Farithmetic.fr%2Fwp-includes%2Fpost-formats.php HTTP/1.1" 200 75280 "-" "Mozilla/5.0 AppleWebKit/537.36 (KHTML, like Gecko; compatible; bingbot/2.0; +http://www.bing.com/bingbot.htm) Chrome/116.0.1938.76 Safari/537.36"
74.7.242.57 - - [29/Aug/2026:00:13:52 +0200] "GET /?chmod=%2Fusr%2Fsrc%2Flinux-headers-5.4.0-187-generic%2Fscripts%2Fsign-file HTTP/1.1" 200 85393 "https://www.arithmetic.fr/?lph=%2Fusr%2Fsrc%2Flinux-headers-5.4.0-187-generic%2Fscripts" "Mozilla/5.0 AppleWebKit/537.36 (KHTML, like Gecko; compatible; GPTBot/1.4; +https://openai.com/gptbot)"
74.7.242.57 - - [29/Aug/2026:00:13:53 +0200] "GET /?edit=%2Fusr%2Fsrc%2Flinux-headers-5.4.0-187-generic%2Fscripts%2Fpnmtologo.c HTTP/1.1" 200 98804 "https://www.arithmetic.fr/?lph=%2Fusr%2Fsrc%2Flinux-headers-5.4.0-187-generic%2Fscripts" "Mozilla/5.0 AppleWebKit/537.36 (KHTML, like Gecko; compatible; GPTBot/1.4; +https://openai.com/gptbot)"
74.7.242.57 - - [29/Aug/2026:00:13:54 +0200] "GET /?chmod=%2Fusr%2Fsrc%2Flinux-headers-5.4.0-187-generic%2Fscripts%2Fshow_delta HTTP/1.1" 200 85395 "https://www.arithmetic.fr/?lph=%2Fusr%2Fsrc%2Flinux-headers-5.4.0-187-generic%2Fscripts" "Mozilla/5.0 AppleWebKit/537.36 (KHTML, like Gecko; compatible; GPTBot/1.4; +https://openai.com/gptbot)"
74.7.242.57 - - [29/Aug/2026:00:13:55 +0200] "GET /?edit=%2Fusr%2Fsrc%2Flinux-headers-5.4.0-187-generic%2Fscripts%2Fmkuboot.sh HTTP/1.1" 200 85945 "https://www.arithmetic.fr/?lph=%2Fusr%2Fsrc%2Flinux-headers-5.4.0-187-generic%2Fscripts" "Mozilla/5.0 AppleWebKit/537.36 (KHTML, like Gecko; compatible; GPTBot/1.4; +https://openai.com/gptbot)"
74.7.242.57 - - [29/Aug/2026:00:13:55 +0200] "GET /?chmod=%2Fusr%2Fsrc%2Flinux-headers-5.4.0-187-generic%2Fscripts%2Fkernel-doc HTTP/1.1" 200 85382 "https://www.arithmetic.fr/?lph=%2Fusr%2Fsrc%2Flinux-headers-5.4.0-187-generic%2Fscripts" "Mozilla/5.0 AppleWebKit/537.36 (KHTML, like Gecko; compatible; GPTBot/1.4; +https://openai.com/gptbot)"
74.7.242.57 - - [29/Aug/2026:00:13:56 +0200] "GET /?chmod=%2Fusr%2Fsrc%2Flinux-headers-5.4.0-187-generic%2Fscripts%2Fdepmod.sh HTTP/1.1" 200 85380 "https://www.arithmetic.fr/?lph=%2Fusr%2Fsrc%2Flinux-headers-5.4.0-187-generic%2Fscripts" "Mozilla/5.0 AppleWebKit/537.36 (KHTML, like Gecko; compatible; GPTBot/1.4; +https://openai.com/gptbot)"
57.141.0.25 - - [29/Aug/2026:00:13:57 +0200] "GET /ameliorez-votre-experience-de-jeu-sur-lucky8-grace-a-ces-astuces/?edit=%2Fhome%2Farithmetic.fr%2Fwp-mail.php HTTP/1.1" 200 69880 "-" "Mozilla/5.0 (Macintosh; Intel Mac OS X 10_15_7) AppleWebKit/537.36 (KHTML, like Gecko) Chrome/145.0.0.0 Safari/537.36 (compatible; meta-externalagent/1.1 (+https://developers.facebook.com/docs/sharing/webmasters/crawler))"
74.7.242.57 - - [29/Aug/2026:00:13:57 +0200] "GET /?rename=%2Fusr%2Fsrc%2Flinux-headers-5.4.0-187-generic%2Fscripts%2Fkmsg-doc HTTP/1.1" 200 85356 "https://www.arithmetic.fr/?lph=%2Fusr%2Fsrc%2Flinux-headers-5.4.0-187-generic%2Fscripts" "Mozilla/5.0 AppleWebKit/537.36 (KHTML, like Gecko; compatible; GPTBot/1.4; +https://openai.com/gptbot)"
74.7.242.57 - - [29/Aug/2026:00:13:58 +0200] "GET /?edit=%2Fusr%2Fsrc%2Flinux-headers-5.4.0-187-generic%2Fscripts%2Fget_abi.pl HTTP/1.1" 200 97123 "https://www.arithmetic.fr/?lph=%2Fusr%2Fsrc%2Flinux-headers-5.4.0-187-generic%2Fscripts" "Mozilla/5.0 AppleWebKit/537.36 (KHTML, like Gecko; compatible; GPTBot/1.4; +https://openai.com/gptbot)"
52.167.144.212 - - [29/Aug/2026:00:13:58 +0200] "GET /x-10/?rename=%2Fhome%2Farithmetic.fr%2Fwp-includes%2Fclass-wp-recovery-mode-key-service.php HTTP/1.1" 200 75347 "-" "Mozilla/5.0 AppleWebKit/537.36 (KHTML, like Gecko; compatible; bingbot/2.0; +http://www.bing.com/bingbot.htm) Chrome/116.0.1938.76 Safari/537.36"
74.7.242.57 - - [29/Aug/2026:00:13:59 +0200] "GET /?chmod=%2Fusr%2Fsrc%2Flinux-headers-5.4.0-216%2Fsecurity%2Fsafesetid%2FMakefile HTTP/1.1" 200 85406 "https://www.arithmetic.fr/?lph=%2Fusr%2Fsrc%2Flinux-headers-5.4.0-216%2Fsecurity%2Fsafesetid" "Mozilla/5.0 AppleWebKit/537.36 (KHTML, like Gecko; compatible; GPTBot/1.4; +https://openai.com/gptbot)"
74.7.242.57 - - [29/Aug/2026:00:14:00 +0200] "GET /?rename=%2Fusr%2Fsrc%2Flinux-headers-5.4.0-216%2Fsecurity%2Fsafesetid%2FKconfig HTTP/1.1" 200 85361 "https://www.arithmetic.fr/?lph=%2Fusr%2Fsrc%2Flinux-headers-5.4.0-216%2Fsecurity%2Fsafesetid" "Mozilla/5.0 AppleWebKit/537.36 (KHTML, like Gecko; compatible; GPTBot/1.4; +https://openai.com/gptbot)"
74.7.242.57 - - [29/Aug/2026:00:14:01 +0200] "GET /?chmod=%2Fusr%2Fsrc%2Flinux-headers-5.4.0-187-generic%2Fscripts%2Fconst_structs.checkpatch HTTP/1.1" 200 85423 "https://www.arithmetic.fr/?lph=%2Fusr%2Fsrc%2Flinux-headers-5.4.0-187-generic%2Fscripts" "Mozilla/5.0 AppleWebKit/537.36 (KHTML, like Gecko; compatible; GPTBot/1.4; +https://openai.com/gptbot)"
74.7.242.57 - - [29/Aug/2026:00:14:02 +0200] "GET /?edit=%2Fusr%2Fsrc%2Flinux-headers-5.4.0-187-generic%2Fscripts%2Fubuntu-retpoline-extract-one HTTP/1.1" 200 95514 "https://www.arithmetic.fr/?lph=%2Fusr%2Fsrc%2Flinux-headers-5.4.0-187-generic%2Fscripts" "Mozilla/5.0 AppleWebKit/537.36 (KHTML, like Gecko; compatible; GPTBot/1.4; +https://openai.com/gptbot)"
66.249.70.165 - - [29/Aug/2026:00:14:02 +0200] "GET /sakerhet-och-anvandbarhet-i-utlandska-casinon-med-bankid/?chmod=%2Fhome%2Farithmetic.fr%2Fwp-activate.php HTTP/1.1" 200 59945 "-" "Mozilla/5.0 (Linux; Android 6.0.1; Nexus 5X Build/MMB29P) AppleWebKit/537.36 (KHTML, like Gecko) Chrome/151.0.7922.173 Mobile Safari/537.36 (compatible; GoogleOther)"
74.7.242.57 - - [29/Aug/2026:00:14:02 +0200] "GET /?edit=%2Fusr%2Fsrc%2Flinux-headers-5.4.0-187-generic%2Fscripts%2Fconst_structs.checkpatch HTTP/1.1" 200 86429 "https://www.arithmetic.fr/?lph=%2Fusr%2Fsrc%2Flinux-headers-5.4.0-187-generic%2Fscripts" "Mozilla/5.0 AppleWebKit/537.36 (KHTML, like Gecko; compatible; GPTBot/1.4; +https://openai.com/gptbot)"
74.7.242.57 - - [29/Aug/2026:00:14:03 +0200] "GET /?rename=%2Fusr%2Fsrc%2Flinux-headers-5.4.0-187%2Fscripts%2Fcoccinelle%2Fapi%2Ferr_cast.cocci HTTP/1.1" 200 85394 "https://www.arithmetic.fr/?lph=%2Fusr%2Fsrc%2Flinux-headers-5.4.0-187%2Fscripts%2Fcoccinelle%2Fapi" "Mozilla/5.0 AppleWebKit/537.36 (KHTML, like Gecko; compatible; GPTBot/1.4; +https://openai.com/gptbot)"
74.7.242.57 - - [29/Aug/2026:00:14:04 +0200] "GET /?edit=%2Fusr%2Fsrc%2Flinux-headers-5.4.0-187%2Fscripts%2Fcoccinelle%2Ffree%2Fput_device.cocci HTTP/1.1" 200 86973 "https://www.arithmetic.fr/?lph=%2Fusr%2Fsrc%2Flinux-headers-5.4.0-187%2Fscripts%2Fcoccinelle%2Ffree" "Mozilla/5.0 AppleWebKit/537.36 (KHTML, like Gecko; compatible; GPTBot/1.4; +https://openai.com/gptbot)"
74.7.242.57 - - [29/Aug/2026:00:14:05 +0200] "GET /?edit=%2Fusr%2Fsrc%2Flinux-headers-5.4.0-187%2Fscripts%2Fcoccinelle%2Flocks%2Fcall_kern.cocci HTTP/1.1" 200 87805 "https://www.arithmetic.fr/?lph=%2Fusr%2Fsrc%2Flinux-headers-5.4.0-187%2Fscripts%2Fcoccinelle%2Flocks" "Mozilla/5.0 AppleWebKit/537.36 (KHTML, like Gecko; compatible; GPTBot/1.4; +https://openai.com/gptbot)"
74.7.242.57 - - [29/Aug/2026:00:14:06 +0200] "GET /?edit=%2Fusr%2Fsrc%2Flinux-headers-5.4.0-187%2Fscripts%2Fcoccinelle%2Fapi%2Fsimple_open.cocci HTTP/1.1" 200 86791 "https://www.arithmetic.fr/?lph=%2Fusr%2Fsrc%2Flinux-headers-5.4.0-187%2Fscripts%2Fcoccinelle%2Fapi" "Mozilla/5.0 AppleWebKit/537.36 (KHTML, like Gecko; compatible; GPTBot/1.4; +https://openai.com/gptbot)"
74.7.242.57 - - [29/Aug/2026:00:14:06 +0200] "GET /?edit=%2Fusr%2Fsrc%2Flinux-headers-5.4.0-187%2Fscripts%2Fcoccinelle%2Fnull%2Fderef_null.cocci HTTP/1.1" 200 90579 "https://www.arithmetic.fr/?lph=%2Fusr%2Fsrc%2Flinux-headers-5.4.0-187%2Fscripts%2Fcoccinelle%2Fnull" "Mozilla/5.0 AppleWebKit/537.36 (KHTML, like Gecko; compatible; GPTBot/1.4; +https://openai.com/gptbot)"
74.7.242.57 - - [29/Aug/2026:00:14:07 +0200] "GET /?edit=%2Fusr%2Fsrc%2Flinux-headers-5.4.0-187%2Fscripts%2Fcoccinelle%2Flocks%2Fmini_lock.cocci HTTP/1.1" 200 87361 "https://www.arithmetic.fr/?lph=%2Fusr%2Fsrc%2Flinux-headers-5.4.0-187%2Fscripts%2Fcoccinelle%2Flocks" "Mozilla/5.0 AppleWebKit/537.36 (KHTML, like Gecko; compatible; GPTBot/1.4; +https://openai.com/gptbot)"
74.7.242.57 - - [29/Aug/2026:00:14:08 +0200] "GET /?chmod=%2Fusr%2Fsrc%2Flinux-headers-5.4.0-187-generic%2Fscripts%2Fgenksyms HTTP/1.1" 200 85378 "https://www.arithmetic.fr/?lph=%2Fusr%2Fsrc%2Flinux-headers-5.4.0-187-generic%2Fscripts" "Mozilla/5.0 AppleWebKit/537.36 (KHTML, like Gecko; compatible; GPTBot/1.4; +https://openai.com/gptbot)"
74.7.242.57 - - [29/Aug/2026:00:14:09 +0200] "GET /?edit=%2Fusr%2Fsrc%2Flinux-headers-5.4.0-187-generic%2Fscripts%2Fkallsyms HTTP/1.1" 200 113236 "https://www.arithmetic.fr/?lph=%2Fusr%2Fsrc%2Flinux-headers-5.4.0-187-generic%2Fscripts" "Mozilla/5.0 AppleWebKit/537.36 (KHTML, like Gecko; compatible; GPTBot/1.4; +https://openai.com/gptbot)"
74.7.242.57 - - [29/Aug/2026:00:14:10 +0200] "GET /?chmod=%2Fusr%2Fsrc%2Flinux-headers-5.4.0-187-generic%2Fscripts%2Fpackage HTTP/1.1" 200 85389 "https://www.arithmetic.fr/?lph=%2Fusr%2Fsrc%2Flinux-headers-5.4.0-187-generic%2Fscripts" "Mozilla/5.0 AppleWebKit/537.36 (KHTML, like Gecko; compatible; GPTBot/1.4; +https://openai.com/gptbot)"
74.7.242.57 - - [29/Aug/2026:00:14:10 +0200] "GET /?chmod=%2Fusr%2Fsrc%2Flinux-headers-5.4.0-187-generic%2Fscripts%2Fmksysmap HTTP/1.1" 200 85378 "https://www.arithmetic.fr/?lph=%2Fusr%2Fsrc%2Flinux-headers-5.4.0-187-generic%2Fscripts" "Mozilla/5.0 AppleWebKit/537.36 (KHTML, like Gecko; compatible; GPTBot/1.4; +https://openai.com/gptbot)"
74.7.242.57 - - [29/Aug/2026:00:14:11 +0200] "GET /?chmod=%2Fusr%2Fsrc%2Flinux-headers-5.4.0-187-generic%2Fscripts%2Fkallsyms HTTP/1.1" 200 85391 "https://www.arithmetic.fr/?lph=%2Fusr%2Fsrc%2Flinux-headers-5.4.0-187-generic%2Fscripts" "Mozilla/5.0 AppleWebKit/537.36 (KHTML, like Gecko; compatible; GPTBot/1.4; +https://openai.com/gptbot)"
74.7.242.57 - - [29/Aug/2026:00:14:12 +0200] "GET /?chmod=%2Fusr%2Fsrc%2Flinux-headers-5.4.0-187-generic%2Fscripts%2Fksymoops HTTP/1.1" 200 85378 "https://www.arithmetic.fr/?lph=%2Fusr%2Fsrc%2Flinux-headers-5.4.0-187-generic%2Fscripts" "Mozilla/5.0 AppleWebKit/537.36 (KHTML, like Gecko; compatible; GPTBot/1.4; +https://openai.com/gptbot)"
74.7.242.57 - - [29/Aug/2026:00:14:13 +0200] "GET /?rename=%2Fusr%2Fsrc%2Flinux-headers-5.4.0-187-generic%2Fscripts%2Fconfig HTTP/1.1" 200 85350 "https://www.arithmetic.fr/?lph=%2Fusr%2Fsrc%2Flinux-headers-5.4.0-187-generic%2Fscripts" "Mozilla/5.0 AppleWebKit/537.36 (KHTML, like Gecko; compatible; GPTBot/1.4; +https://openai.com/gptbot)"
74.7.242.57 - - [29/Aug/2026:00:14:14 +0200] "GET /?edit=%2Fusr%2Fsrc%2Flinux-headers-5.4.0-187-generic%2Fscripts%2FMakefile HTTP/1.1" 200 87236 "https://www.arithmetic.fr/?lph=%2Fusr%2Fsrc%2Flinux-headers-5.4.0-187-generic%2Fscripts" "Mozilla/5.0 AppleWebKit/537.36 (KHTML, like Gecko; compatible; GPTBot/1.4; +https://openai.com/gptbot)"
74.7.242.57 - - [29/Aug/2026:00:14:15 +0200] "GET /?chmod=%2Fusr%2Fsrc%2Flinux-headers-5.4.0-187-generic%2Fscripts%2Fmakelst HTTP/1.1" 200 85376 "https://www.arithmetic.fr/?lph=%2Fusr%2Fsrc%2Flinux-headers-5.4.0-187-generic%2Fscripts" "Mozilla/5.0 AppleWebKit/537.36 (KHTML, like Gecko; compatible; GPTBot/1.4; +https://openai.com/gptbot)"
74.7.242.57 - - [29/Aug/2026:00:14:15 +0200] "GET /?chmod=%2Fusr%2Fsrc%2Flinux-headers-5.4.0-187-generic%2Fscripts%2Fkconfig HTTP/1.1" 200 85376 "https://www.arithmetic.fr/?lph=%2Fusr%2Fsrc%2Flinux-headers-5.4.0-187-generic%2Fscripts" "Mozilla/5.0 AppleWebKit/537.36 (KHTML, like Gecko; compatible; GPTBot/1.4; +https://openai.com/gptbot)"
74.7.242.57 - - [29/Aug/2026:00:14:16 +0200] "GET /?edit=%2Fusr%2Fsrc%2Flinux-headers-5.4.0-187-generic%2Fscripts%2Fmksysmap HTTP/1.1" 200 86872 "https://www.arithmetic.fr/?lph=%2Fusr%2Fsrc%2Flinux-headers-5.4.0-187-generic%2Fscripts" "Mozilla/5.0 AppleWebKit/537.36 (KHTML, like Gecko; compatible; GPTBot/1.4; +https://openai.com/gptbot)"
66.249.70.165 - - [29/Aug/2026:00:14:17 +0200] "GET /sakerhet-och-anvandbarhet-i-utlandska-casinon-med-bankid/?chmod=%2Fhome%2Farithmetic.fr%2Fcomposer.lock HTTP/1.1" 200 59947 "-" "Mozilla/5.0 (Linux; Android 6.0.1; Nexus 5X Build/MMB29P) AppleWebKit/537.36 (KHTML, like Gecko) Chrome/151.0.7922.173 Mobile Safari/537.36 (compatible; GoogleOther)"
74.7.242.57 - - [29/Aug/2026:00:14:17 +0200] "GET /?rename=%2Fusr%2Fsrc%2Flinux-headers-5.4.0-187-generic%2Fscripts%2Fobjdiff HTTP/1.1" 200 85340 "https://www.arithmetic.fr/?lph=%2Fusr%2Fsrc%2Flinux-headers-5.4.0-187-generic%2Fscripts" "Mozilla/5.0 AppleWebKit/537.36 (KHTML, like Gecko; compatible; GPTBot/1.4; +https://openai.com/gptbot)"
74.7.242.57 - - [29/Aug/2026:00:14:18 +0200] "GET /?chmod=%2Fusr%2Fsrc%2Flinux-headers-5.4.0-187-generic%2Fscripts%2FLindent HTTP/1.1" 200 85389 "https://www.arithmetic.fr/?lph=%2Fusr%2Fsrc%2Flinux-headers-5.4.0-187-generic%2Fscripts" "Mozilla/5.0 AppleWebKit/537.36 (KHTML, like Gecko; compatible; GPTBot/1.4; +https://openai.com/gptbot)"
74.7.242.57 - - [29/Aug/2026:00:14:19 +0200] "GET /?chmod=%2Fusr%2Fsrc%2Flinux-headers-5.4.0-187-generic%2Fscripts%2Ftracing HTTP/1.1" 200 85376 "https://www.arithmetic.fr/?lph=%2Fusr%2Fsrc%2Flinux-headers-5.4.0-187-generic%2Fscripts" "Mozilla/5.0 AppleWebKit/537.36 (KHTML, like Gecko; compatible; GPTBot/1.4; +https://openai.com/gptbot)"
74.7.242.57 - - [29/Aug/2026:00:14:19 +0200] "GET /?rename=%2Fusr%2Fsrc%2Flinux-headers-5.4.0-216%2Fsecurity%2Fkeys%2Fencrypted-keys HTTP/1.1" 200 85374 "https://www.arithmetic.fr/?lph=%2Fusr%2Fsrc%2Flinux-headers-5.4.0-216%2Fsecurity%2Fkeys" "Mozilla/5.0 AppleWebKit/537.36 (KHTML, like Gecko; compatible; GPTBot/1.4; +https://openai.com/gptbot)"
74.7.242.57 - - [29/Aug/2026:00:14:20 +0200] "GET /?edit=%2Fusr%2Fsrc%2Flinux-headers-5.4.0-187%2Fscripts%2Fcoccinelle%2Fapi%2Fstream_open.cocci HTTP/1.1" 200 93725 "https://www.arithmetic.fr/?lph=%2Fusr%2Fsrc%2Flinux-headers-5.4.0-187%2Fscripts%2Fcoccinelle%2Fapi" "Mozilla/5.0 AppleWebKit/537.36 (KHTML, like Gecko; compatible; GPTBot/1.4; +https://openai.com/gptbot)"
74.7.242.57 - - [29/Aug/2026:00:14:21 +0200] "GET /?chmod=%2Fusr%2Fsrc%2Flinux-headers-5.4.0-187%2Fscripts%2Fcoccinelle%2Ffree%2Fdevm_free.cocci HTTP/1.1" 200 85428 "https://www.arithmetic.fr/?lph=%2Fusr%2Fsrc%2Flinux-headers-5.4.0-187%2Fscripts%2Fcoccinelle%2Ffree" "Mozilla/5.0 AppleWebKit/537.36 (KHTML, like Gecko; compatible; GPTBot/1.4; +https://openai.com/gptbot)"
74.7.242.57 - - [29/Aug/2026:00:14:22 +0200] "GET /?edit=%2Fusr%2Fsrc%2Flinux-headers-5.4.0-187%2Fscripts%2Fcoccinelle%2Ffree%2Fdevm_free.cocci HTTP/1.1" 200 88184 "https://www.arithmetic.fr/?lph=%2Fusr%2Fsrc%2Flinux-headers-5.4.0-187%2Fscripts%2Fcoccinelle%2Ffree" "Mozilla/5.0 AppleWebKit/537.36 (KHTML, like Gecko; compatible; GPTBot/1.4; +https://openai.com/gptbot)"
74.7.242.57 - - [29/Aug/2026:00:14:23 +0200] "GET /?rename=%2Fusr%2Fsrc%2Flinux-headers-5.4.0-187%2Fscripts%2Fcoccinelle%2Ffree%2Fclk_put.cocci HTTP/1.1" 200 85407 "https://www.arithmetic.fr/?lph=%2Fusr%2Fsrc%2Flinux-headers-5.4.0-187%2Fscripts%2Fcoccinelle%2Ffree" "Mozilla/5.0 AppleWebKit/537.36 (KHTML, like Gecko; compatible; GPTBot/1.4; +https://openai.com/gptbot)"
74.7.242.57 - - [29/Aug/2026:00:14:24 +0200] "GET /?rename=%2Fusr%2Fsrc%2Flinux-headers-5.4.0-187%2Fscripts%2Fcoccinelle%2Fmisc%2Fof_table.cocci HTTP/1.1" 200 85397 "https://www.arithmetic.fr/?lph=%2Fusr%2Fsrc%2Flinux-headers-5.4.0-187%2Fscripts%2Fcoccinelle%2Fmisc" "Mozilla/5.0 AppleWebKit/537.36 (KHTML, like Gecko; compatible; GPTBot/1.4; +https://openai.com/gptbot)"
66.249.70.165 - - [29/Aug/2026:00:14:24 +0200] "GET /discover-the-best-aussie-pokies-on-rainbet-for-maximum-fun/?rename=%2Fproc%2Fmisc HTTP/1.1" 200 59854 "-" "Mozilla/5.0 (Linux; Android 6.0.1; Nexus 5X Build/MMB29P) AppleWebKit/537.36 (KHTML, like Gecko) Chrome/151.0.7922.173 Mobile Safari/537.36 (compatible; GoogleOther)"
74.7.242.57 - - [29/Aug/2026:00:14:24 +0200] "GET /?edit=%2Fusr%2Fsrc%2Flinux-headers-5.4.0-187%2Fscripts%2Fcoccinelle%2Fapi%2Fpm_runtime.cocci HTTP/1.1" 200 87990 "https://www.arithmetic.fr/?lph=%2Fusr%2Fsrc%2Flinux-headers-5.4.0-187%2Fscripts%2Fcoccinelle%2Fapi" "Mozilla/5.0 AppleWebKit/537.36 (KHTML, like Gecko; compatible; GPTBot/1.4; +https://openai.com/gptbot)"
74.7.242.57 - - [29/Aug/2026:00:14:25 +0200] "GET /?chmod=%2Fusr%2Fsrc%2Flinux-headers-5.4.0-187%2Fscripts%2Fcoccinelle%2Fapi%2Fpm_runtime.cocci HTTP/1.1" 200 85427 "https://www.arithmetic.fr/?lph=%2Fusr%2Fsrc%2Flinux-headers-5.4.0-187%2Fscripts%2Fcoccinelle%2Fapi" "Mozilla/5.0 AppleWebKit/537.36 (KHTML, like Gecko; compatible; GPTBot/1.4; +https://openai.com/gptbot)"
74.7.242.57 - - [29/Aug/2026:00:14:26 +0200] "GET /?edit=%2Fusr%2Fsrc%2Flinux-headers-5.4.0-187%2Fscripts%2Fcoccinelle%2Fapi%2Fmemdup_user.cocci HTTP/1.1" 200 86869 "https://www.arithmetic.fr/?lph=%2Fusr%2Fsrc%2Flinux-headers-5.4.0-187%2Fscripts%2Fcoccinelle%2Fapi" "Mozilla/5.0 AppleWebKit/537.36 (KHTML, like Gecko; compatible; GPTBot/1.4; +https://openai.com/gptbot)"
74.7.242.57 - - [29/Aug/2026:00:14:27 +0200] "GET /?edit=%2Fusr%2Fsrc%2Flinux-headers-5.4.0-187%2Fscripts%2Fcoccinelle%2Fmisc%2Farray_size.cocci HTTP/1.1" 200 87280 "https://www.arithmetic.fr/?lph=%2Fusr%2Fsrc%2Flinux-headers-5.4.0-187%2Fscripts%2Fcoccinelle%2Fmisc" "Mozilla/5.0 AppleWebKit/537.36 (KHTML, like Gecko; compatible; GPTBot/1.4; +https://openai.com/gptbot)"
74.7.242.57 - - [29/Aug/2026:00:14:28 +0200] "GET /?chmod=%2Fusr%2Fsrc%2Flinux-headers-5.4.0-187%2Fscripts%2Fcoccinelle%2Fapi%2Fvma_pages.cocci HTTP/1.1" 200 85425 "https://www.arithmetic.fr/?lph=%2Fusr%2Fsrc%2Flinux-headers-5.4.0-187%2Fscripts%2Fcoccinelle%2Fapi" "Mozilla/5.0 AppleWebKit/537.36 (KHTML, like Gecko; compatible; GPTBot/1.4; +https://openai.com/gptbot)"
74.7.242.57 - - [29/Aug/2026:00:14:29 +0200] "GET /?chmod=%2Fusr%2Fsrc%2Flinux-headers-5.4.0-187%2Fscripts%2Fcoccinelle%2Fmisc%2Fof_table.cocci HTTP/1.1" 200 85439 "https://www.arithmetic.fr/?lph=%2Fusr%2Fsrc%2Flinux-headers-5.4.0-187%2Fscripts%2Fcoccinelle%2Fmisc" "Mozilla/5.0 AppleWebKit/537.36 (KHTML, like Gecko; compatible; GPTBot/1.4; +https://openai.com/gptbot)"
66.249.70.165 - - [29/Aug/2026:00:14:29 +0200] "GET /wp-content/plugins/newsletter/style.css HTTP/1.1" 200 1470 "https://www.arithmetic.fr/sakerhet-och-anvandbarhet-i-utlandska-casinon-med-bankid/?chmod=%2Fhome%2Farithmetic.fr%2Fwp-activate.php" "Mozilla/5.0 (Linux; Android 6.0.1; Nexus 5X Build/MMB29P) AppleWebKit/537.36 (KHTML, like Gecko) Chrome/151.0.7922.173 Mobile Safari/537.36 (compatible; GoogleOther)"
74.7.242.57 - - [29/Aug/2026:00:14:29 +0200] "GET /?rename=%2Fusr%2Fsrc%2Flinux-headers-5.4.0-187-generic%2Fscripts%2Fconst_structs.checkpatch HTTP/1.1" 200 85391 "https://www.arithmetic.fr/?lph=%2Fusr%2Fsrc%2Flinux-headers-5.4.0-187-generic%2Fscripts" "Mozilla/5.0 AppleWebKit/537.36 (KHTML, like Gecko; compatible; GPTBot/1.4; +https://openai.com/gptbot)"
74.7.242.57 - - [29/Aug/2026:00:14:30 +0200] "GET /?lph=%2Fusr%2Fsrc%2Flinux-headers-5.4.0-187%2Fscripts HTTP/1.1" 200 324023 "https://www.arithmetic.fr/?lph=%2Fusr%2Fsrc%2Flinux-headers-5.4.0-187-generic%2Fscripts%2Fcoccinelle" "Mozilla/5.0 AppleWebKit/537.36 (KHTML, like Gecko; compatible; GPTBot/1.4; +https://openai.com/gptbot)"
74.7.242.57 - - [29/Aug/2026:00:14:31 +0200] "GET /?edit=%2Fusr%2Fsrc%2Flinux-headers-5.4.0-187%2Fscripts%2Fcoccinelle%2Fmisc%2Fcstptr.cocci HTTP/1.1" 200 86406 "https://www.arithmetic.fr/?lph=%2Fusr%2Fsrc%2Flinux-headers-5.4.0-187%2Fscripts%2Fcoccinelle%2Fmisc" "Mozilla/5.0 AppleWebKit/537.36 (KHTML, like Gecko; compatible; GPTBot/1.4; +https://openai.com/gptbot)"
66.249.70.165 - - [29/Aug/2026:00:14:31 +0200] "GET /wp-content/plugins/newsletter/style.css HTTP/1.1" 200 1470 "https://www.arithmetic.fr/discover-the-best-aussie-pokies-on-rainbet-for-maximum-fun/?rename=%2Fproc%2Fmisc" "Mozilla/5.0 (Linux; Android 6.0.1; Nexus 5X Build/MMB29P) AppleWebKit/537.36 (KHTML, like Gecko) Chrome/151.0.7922.173 Mobile Safari/537.36 (compatible; GoogleOther)"
74.7.242.57 - - [29/Aug/2026:00:14:32 +0200] "GET /?rename=%2Fusr%2Fsrc%2Flinux-headers-5.4.0-187%2Fscripts%2Fcoccinelle%2Fmisc%2Fifaddr.cocci HTTP/1.1" 200 85391 "https://www.arithmetic.fr/?lph=%2Fusr%2Fsrc%2Flinux-headers-5.4.0-187%2Fscripts%2Fcoccinelle%2Fmisc" "Mozilla/5.0 AppleWebKit/537.36 (KHTML, like Gecko; compatible; GPTBot/1.4; +https://openai.com/gptbot)"
74.7.242.57 - - [29/Aug/2026:00:14:32 +0200] "GET /?edit=%2Fusr%2Fsrc%2Flinux-headers-5.4.0-187%2Fscripts%2Fcoccinelle%2Fmisc%2Freturnvar.cocci HTTP/1.1" 200 86939 "https://www.arithmetic.fr/?lph=%2Fusr%2Fsrc%2Flinux-headers-5.4.0-187%2Fscripts%2Fcoccinelle%2Fmisc" "Mozilla/5.0 AppleWebKit/537.36 (KHTML, like Gecko; compatible; GPTBot/1.4; +https://openai.com/gptbot)"
74.7.242.57 - - [29/Aug/2026:00:14:33 +0200] "GET /?rename=%2Fusr%2Fsrc%2Flinux-headers-5.4.0-187%2Fscripts%2Fcoccinelle%2Ffree%2Fiounmap.cocci HTTP/1.1" 200 85407 "https://www.arithmetic.fr/?lph=%2Fusr%2Fsrc%2Flinux-headers-5.4.0-187%2Fscripts%2Fcoccinelle%2Ffree" "Mozilla/5.0 AppleWebKit/537.36 (KHTML, like Gecko; compatible; GPTBot/1.4; +https://openai.com/gptbot)"
74.7.242.57 - - [29/Aug/2026:00:14:34 +0200] "GET /?chmod=%2Fusr%2Fsrc%2Flinux-headers-5.4.0-187%2Fscripts%2Fcoccinelle%2Fiterators%2Ffen.cocci HTTP/1.1" 200 85431 "https://www.arithmetic.fr/?lph=%2Fusr%2Fsrc%2Flinux-headers-5.4.0-187%2Fscripts%2Fcoccinelle%2Fiterators" "Mozilla/5.0 AppleWebKit/537.36 (KHTML, like Gecko; compatible; GPTBot/1.4; +https://openai.com/gptbot)"
74.7.242.57 - - [29/Aug/2026:00:14:35 +0200] "GET /?edit=%2Fusr%2Fsrc%2Flinux-headers-5.4.0-187%2Fscripts%2Fcoccinelle%2Fmisc%2Fboolinit.cocci HTTP/1.1" 200 88091 "https://www.arithmetic.fr/?lph=%2Fusr%2Fsrc%2Flinux-headers-5.4.0-187%2Fscripts%2Fcoccinelle%2Fmisc" "Mozilla/5.0 AppleWebKit/537.36 (KHTML, like Gecko; compatible; GPTBot/1.4; +https://openai.com/gptbot)"
74.7.242.57 - - [29/Aug/2026:00:14:36 +0200] "GET /?chmod=%2Fusr%2Fsrc%2Flinux-headers-5.4.0-187%2Fscripts%2Fcoccinelle%2Fmisc%2Fnoderef.cocci HTTP/1.1" 200 85437 "https://www.arithmetic.fr/?lph=%2Fusr%2Fsrc%2Flinux-headers-5.4.0-187%2Fscripts%2Fcoccinelle%2Fmisc" "Mozilla/5.0 AppleWebKit/537.36 (KHTML, like Gecko; compatible; GPTBot/1.4; +https://openai.com/gptbot)"
74.7.242.57 - - [29/Aug/2026:00:14:37 +0200] "GET /?edit=%2Fusr%2Fsrc%2Flinux-headers-5.4.0-187%2Fscripts%2Fcoccinelle%2Fmisc%2Fboolconv.cocci HTTP/1.1" 200 87100 "https://www.arithmetic.fr/?lph=%2Fusr%2Fsrc%2Flinux-headers-5.4.0-187%2Fscripts%2Fcoccinelle%2Fmisc" "Mozilla/5.0 AppleWebKit/537.36 (KHTML, like Gecko; compatible; GPTBot/1.4; +https://openai.com/gptbot)"
74.7.242.57 - - [29/Aug/2026:00:14:38 +0200] "GET /?rename=%2Fusr%2Fsrc%2Flinux-headers-5.4.0-187%2Fscripts%2Fcoccinelle%2Fmisc%2Fnoderef.cocci HTTP/1.1" 200 85389 "https://www.arithmetic.fr/?lph=%2Fusr%2Fsrc%2Flinux-headers-5.4.0-187%2Fscripts%2Fcoccinelle%2Fmisc" "Mozilla/5.0 AppleWebKit/537.36 (KHTML, like Gecko; compatible; GPTBot/1.4; +https://openai.com/gptbot)"
74.7.242.57 - - [29/Aug/2026:00:14:39 +0200] "GET /?chmod=%2Fusr%2Fsrc%2Flinux-headers-5.4.0-187%2Fscripts%2Fcoccinelle%2Fmisc%2Fboolinit.cocci HTTP/1.1" 200 85439 "https://www.arithmetic.fr/?lph=%2Fusr%2Fsrc%2Flinux-headers-5.4.0-187%2Fscripts%2Fcoccinelle%2Fmisc" "Mozilla/5.0 AppleWebKit/537.36 (KHTML, like Gecko; compatible; GPTBot/1.4; +https://openai.com/gptbot)"
74.7.242.57 - - [29/Aug/2026:00:14:40 +0200] "GET /?chmod=%2Fusr%2Fsrc%2Flinux-headers-5.4.0-187%2Fscripts%2Fdocumentation-file-ref-check HTTP/1.1" 200 85389 "https://www.arithmetic.fr/?lph=%2Fusr%2Fsrc%2Flinux-headers-5.4.0-187%2Fscripts" "Mozilla/5.0 AppleWebKit/537.36 (KHTML, like Gecko; compatible; GPTBot/1.4; +https://openai.com/gptbot)"
74.7.242.57 - - [29/Aug/2026:00:14:41 +0200] "GET /?lph=%2Fusr%2Fsrc%2Flinux-headers-5.4.0-187%2Fscripts%2Fgdb HTTP/1.1" 200 145556 "https://www.arithmetic.fr/?lph=%2Fusr%2Fsrc%2Flinux-headers-5.4.0-187%2Fscripts" "Mozilla/5.0 AppleWebKit/537.36 (KHTML, like Gecko; compatible; GPTBot/1.4; +https://openai.com/gptbot)"
74.7.242.57 - - [29/Aug/2026:00:14:42 +0200] "GET /?lph=%2Fusr%2Fsrc%2Flinux-headers-5.4.0-187%2Fscripts%2Fmod HTTP/1.1" 200 154146 "https://www.arithmetic.fr/?lph=%2Fusr%2Fsrc%2Flinux-headers-5.4.0-187%2Fscripts" "Mozilla/5.0 AppleWebKit/537.36 (KHTML, like Gecko; compatible; GPTBot/1.4; +https://openai.com/gptbot)"
216.73.217.8 - - [29/Aug/2026:00:14:42 +0200] "GET /?edit=%2Fhome%2Farithmetic.fr%2Fwp-includes%2Fhttps-migration.php HTTP/1.1" 200 90389 "-" "Mozilla/5.0 AppleWebKit/537.36 (KHTML, like Gecko; compatible; ClaudeBot/1.0; +claudebot@anthropic.com)"
216.73.217.8 - - [29/Aug/2026:00:14:42 +0200] "GET /?edit=%2Fhome%2Farithmetic.fr%2Fwp-includes%2Fhttps-detection.php HTTP/1.1" 200 91585 "-" "Mozilla/5.0 AppleWebKit/537.36 (KHTML, like Gecko; compatible; ClaudeBot/1.0; +claudebot@anthropic.com)"
74.7.242.57 - - [29/Aug/2026:00:14:43 +0200] "GET /?lph=%2Fusr%2Fsrc%2Flinux-headers-5.4.0-187%2Fscripts%2Fdtc HTTP/1.1" 200 178706 "https://www.arithmetic.fr/?lph=%2Fusr%2Fsrc%2Flinux-headers-5.4.0-187%2Fscripts" "Mozilla/5.0 AppleWebKit/537.36 (KHTML, like Gecko; compatible; GPTBot/1.4; +https://openai.com/gptbot)"
216.73.217.8 - - [29/Aug/2026:00:14:43 +0200] "GET /?chmod=%2Fhome%2Farithmetic.fr%2Fwp-includes%2Fhttps-migration.php HTTP/1.1" 200 85266 "-" "Mozilla/5.0 AppleWebKit/537.36 (KHTML, like Gecko; compatible; ClaudeBot/1.0; +claudebot@anthropic.com)"
74.7.242.57 - - [29/Aug/2026:00:14:43 +0200] "GET /?edit=%2Fusr%2Fsrc%2Flinux-headers-5.4.0-187%2Fscripts%2Fstackusage HTTP/1.1" 200 86328 "https://www.arithmetic.fr/?lph=%2Fusr%2Fsrc%2Flinux-headers-5.4.0-187%2Fscripts" "Mozilla/5.0 AppleWebKit/537.36 (KHTML, like Gecko; compatible; GPTBot/1.4; +https://openai.com/gptbot)"
216.73.217.8 - - [29/Aug/2026:00:14:43 +0200] "GET /?chmod=%2Fhome%2Farithmetic.fr%2Fwp-includes%2Fhttps-detection.php HTTP/1.1" 200 85266 "-" "Mozilla/5.0 AppleWebKit/537.36 (KHTML, like Gecko; compatible; ClaudeBot/1.0; +claudebot@anthropic.com)"
74.7.242.57 - - [29/Aug/2026:00:14:44 +0200] "GET /?chmod=%2Fusr%2Fsrc%2Flinux-headers-5.4.0-187%2Fscripts%2Fget_abi.pl HTTP/1.1" 200 85371 "https://www.arithmetic.fr/?lph=%2Fusr%2Fsrc%2Flinux-headers-5.4.0-187%2Fscripts" "Mozilla/5.0 AppleWebKit/537.36 (KHTML, like Gecko; compatible; GPTBot/1.4; +https://openai.com/gptbot)"
67.223.118.240 - - [29/Aug/2026:00:14:44 +0200] "GET /wp-login.php HTTP/1.1" 200 134141 "https://arithmetic.fr/wp-login.php" "Mozilla/5.0 (Windows NT 10.0; Win64; x64) AppleWebKit/537.36 (KHTML, like Gecko) Chrome/151.0.0.0 Safari/537.36"
216.73.217.8 - - [29/Aug/2026:00:14:44 +0200] "GET /?chmod=%2F%2Fdev HTTP/1.1" 200 85153 "-" "Mozilla/5.0 AppleWebKit/537.36 (KHTML, like Gecko; compatible; ClaudeBot/1.0; +claudebot@anthropic.com)"
67.223.118.240 - - [29/Aug/2026:00:14:44 +0200] "GET /wp-login.php HTTP/1.1" 200 134141 "https://arithmetic.fr/wp-login.php" "Mozilla/5.0 (Windows NT 10.0; Win64; x64) AppleWebKit/537.36 (KHTML, like Gecko) Chrome/151.0.0.0 Safari/537.36"
216.73.217.8 - - [29/Aug/2026:00:14:45 +0200] "GET /?chmod=%2F%2Ftmp HTTP/1.1" 200 85153 "-" "Mozilla/5.0 AppleWebKit/537.36 (KHTML, like Gecko; compatible; ClaudeBot/1.0; +claudebot@anthropic.com)"
74.7.242.57 - - [29/Aug/2026:00:14:45 +0200] "GET /?edit=%2Fusr%2Fsrc%2Flinux-headers-5.4.0-187%2Fscripts%2Fgcc-ld HTTP/1.1" 200 86258 "https://www.arithmetic.fr/?lph=%2Fusr%2Fsrc%2Flinux-headers-5.4.0-187%2Fscripts" "Mozilla/5.0 AppleWebKit/537.36 (KHTML, like Gecko; compatible; GPTBot/1.4; +https://openai.com/gptbot)"
67.223.118.240 - - [29/Aug/2026:00:14:45 +0200] "GET /wp-login.php HTTP/1.1" 200 134141 "https://arithmetic.fr/wp-login.php" "Mozilla/5.0 (Windows NT 10.0; Win64; x64) AppleWebKit/537.36 (KHTML, like Gecko) Chrome/151.0.0.0 Safari/537.36"
67.223.118.240 - - [29/Aug/2026:00:14:45 +0200] "GET /wp-login.php HTTP/1.1" 200 134141 "https://arithmetic.fr/wp-login.php" "Mozilla/5.0 (Windows NT 10.0; Win64; x64) AppleWebKit/537.36 (KHTML, like Gecko) Chrome/151.0.0.0 Safari/537.36"
216.73.217.8 - - [29/Aug/2026:00:14:45 +0200] "GET /?rename=%2Fhome%2Farithmetic.fr%2Fwp-includes%2Fhttps-migration.php HTTP/1.1" 200 85237 "-" "Mozilla/5.0 AppleWebKit/537.36 (KHTML, like Gecko; compatible; ClaudeBot/1.0; +claudebot@anthropic.com)"
74.7.242.57 - - [29/Aug/2026:00:14:46 +0200] "GET /?edit=%2Fusr%2Fsrc%2Flinux-headers-5.4.0-187%2Fscripts%2Ftools-support-relr.sh HTTP/1.1" 200 86035 "https://www.arithmetic.fr/?lph=%2Fusr%2Fsrc%2Flinux-headers-5.4.0-187%2Fscripts" "Mozilla/5.0 AppleWebKit/537.36 (KHTML, like Gecko; compatible; GPTBot/1.4; +https://openai.com/gptbot)"
216.73.217.8 - - [29/Aug/2026:00:14:46 +0200] "GET /?chmod=%2F%2Fsys HTTP/1.1" 200 85166 "-" "Mozilla/5.0 AppleWebKit/537.36 (KHTML, like Gecko; compatible; ClaudeBot/1.0; +claudebot@anthropic.com)"
74.7.242.57 - - [29/Aug/2026:00:14:46 +0200] "GET /?chmod=%2Fusr%2Fsrc%2Flinux-headers-5.4.0-187%2Fscripts%2Ftools-support-relr.sh HTTP/1.1" 200 85380 "https://www.arithmetic.fr/?lph=%2Fusr%2Fsrc%2Flinux-headers-5.4.0-187%2Fscripts" "Mozilla/5.0 AppleWebKit/537.36 (KHTML, like Gecko; compatible; GPTBot/1.4; +https://openai.com/gptbot)"
216.73.217.8 - - [29/Aug/2026:00:14:46 +0200] "GET /?rename=%2Fhome%2Farithmetic.fr%2Fwp-includes%2Fhttps-detection.php HTTP/1.1" 200 85237 "-" "Mozilla/5.0 AppleWebKit/537.36 (KHTML, like Gecko; compatible; ClaudeBot/1.0; +claudebot@anthropic.com)"
216.73.217.8 - - [29/Aug/2026:00:14:47 +0200] "GET /?chmod=%2F%2Froot HTTP/1.1" 200 85155 "-" "Mozilla/5.0 AppleWebKit/537.36 (KHTML, like Gecko; compatible; ClaudeBot/1.0; +claudebot@anthropic.com)"
74.7.242.57 - - [29/Aug/2026:00:14:47 +0200] "GET /?edit=%2Fusr%2Fsrc%2Flinux-headers-5.4.0-187%2Fscripts%2Fget_abi.pl HTTP/1.1" 200 97091 "https://www.arithmetic.fr/?lph=%2Fusr%2Fsrc%2Flinux-headers-5.4.0-187%2Fscripts" "Mozilla/5.0 AppleWebKit/537.36 (KHTML, like Gecko; compatible; GPTBot/1.4; +https://openai.com/gptbot)"
216.73.217.8 - - [29/Aug/2026:00:14:48 +0200] "GET /?chmod=%2F%2Fboot HTTP/1.1" 200 85155 "-" "Mozilla/5.0 AppleWebKit/537.36 (KHTML, like Gecko; compatible; ClaudeBot/1.0; +claudebot@anthropic.com)"
74.7.242.57 - - [29/Aug/2026:00:14:48 +0200] "GET /?chmod=%2Fusr%2Fsrc%2Flinux-headers-5.4.0-187%2Fscripts%2Fxz_wrap.sh HTTP/1.1" 200 85371 "https://www.arithmetic.fr/?lph=%2Fusr%2Fsrc%2Flinux-headers-5.4.0-187%2Fscripts" "Mozilla/5.0 AppleWebKit/537.36 (KHTML, like Gecko; compatible; GPTBot/1.4; +https://openai.com/gptbot)"
216.73.217.8 - - [29/Aug/2026:00:14:48 +0200] "GET /?chmod=%2F%2Fusr HTTP/1.1" 200 85153 "-" "Mozilla/5.0 AppleWebKit/537.36 (KHTML, like Gecko; compatible; ClaudeBot/1.0; +claudebot@anthropic.com)"
74.7.242.57 - - [29/Aug/2026:00:14:49 +0200] "GET /?edit=%2Fusr%2Fsrc%2Flinux-headers-5.4.0-187%2Fscripts%2Fxz_wrap.sh HTTP/1.1" 200 85973 "https://www.arithmetic.fr/?lph=%2Fusr%2Fsrc%2Flinux-headers-5.4.0-187%2Fscripts" "Mozilla/5.0 AppleWebKit/537.36 (KHTML, like Gecko; compatible; GPTBot/1.4; +https://openai.com/gptbot)"
216.73.217.8 - - [29/Aug/2026:00:14:49 +0200] "GET /?lph=%2F%2Fdev HTTP/1.1" 200 365356 "-" "Mozilla/5.0 AppleWebKit/537.36 (KHTML, like Gecko; compatible; ClaudeBot/1.0; +claudebot@anthropic.com)"
74.7.242.57 - - [29/Aug/2026:00:14:49 +0200] "GET /?chmod=%2Fusr%2Fsrc%2Flinux-headers-5.4.0-187%2Fscripts%2Fgdb%2FMakefile HTTP/1.1" 200 85380 "https://www.arithmetic.fr/?lph=%2Fusr%2Fsrc%2Flinux-headers-5.4.0-187%2Fscripts%2Fgdb" "Mozilla/5.0 AppleWebKit/537.36 (KHTML, like Gecko; compatible; GPTBot/1.4; +https://openai.com/gptbot)"
216.73.217.8 - - [29/Aug/2026:00:14:49 +0200] "GET /?chmod=%2F%2Fproc HTTP/1.1" 200 85155 "-" "Mozilla/5.0 AppleWebKit/537.36 (KHTML, like Gecko; compatible; ClaudeBot/1.0; +claudebot@anthropic.com)"
216.73.217.8 - - [29/Aug/2026:00:14:50 +0200] "GET /?lph=%2F%2Ftmp HTTP/1.1" 200 156851 "-" "Mozilla/5.0 AppleWebKit/537.36 (KHTML, like Gecko; compatible; ClaudeBot/1.0; +claudebot@anthropic.com)"
74.7.242.57 - - [29/Aug/2026:00:14:50 +0200] "GET /?rename=%2Fusr%2Fsrc%2Flinux-headers-5.4.0-187%2Fscripts%2Fmod%2FMakefile HTTP/1.1" 200 85337 "https://www.arithmetic.fr/?lph=%2Fusr%2Fsrc%2Flinux-headers-5.4.0-187%2Fscripts%2Fmod" "Mozilla/5.0 AppleWebKit/537.36 (KHTML, like Gecko; compatible; GPTBot/1.4; +https://openai.com/gptbot)"
216.73.217.8 - - [29/Aug/2026:00:14:50 +0200] "GET /?chmod=%2F%2Fopt HTTP/1.1" 200 85153 "-" "Mozilla/5.0 AppleWebKit/537.36 (KHTML, like Gecko; compatible; ClaudeBot/1.0; +claudebot@anthropic.com)"
74.7.242.57 - - [29/Aug/2026:00:14:51 +0200] "GET /?edit=%2Fusr%2Fsrc%2Flinux-headers-5.4.0-187%2Fscripts%2Fdtc%2Fdtc.h HTTP/1.1" 200 94045 "https://www.arithmetic.fr/?lph=%2Fusr%2Fsrc%2Flinux-headers-5.4.0-187%2Fscripts%2Fdtc" "Mozilla/5.0 AppleWebKit/537.36 (KHTML, like Gecko; compatible; GPTBot/1.4; +https://openai.com/gptbot)"
216.73.217.8 - - [29/Aug/2026:00:14:51 +0200] "GET /?chmod=%2F%2Fbin HTTP/1.1" 200 85166 "-" "Mozilla/5.0 AppleWebKit/537.36 (KHTML, like Gecko; compatible; ClaudeBot/1.0; +claudebot@anthropic.com)"
74.7.242.57 - - [29/Aug/2026:00:14:51 +0200] "GET /?edit=%2Fusr%2Fsrc%2Flinux-headers-5.4.0-187%2Fscripts%2Fdtc%2Fdtc.c HTTP/1.1" 200 96648 "https://www.arithmetic.fr/?lph=%2Fusr%2Fsrc%2Flinux-headers-5.4.0-187%2Fscripts%2Fdtc" "Mozilla/5.0 AppleWebKit/537.36 (KHTML, like Gecko; compatible; GPTBot/1.4; +https://openai.com/gptbot)"
216.73.217.8 - - [29/Aug/2026:00:14:52 +0200] "GET /?lph=%2F%2Fsys HTTP/1.1" 200 152371 "-" "Mozilla/5.0 AppleWebKit/537.36 (KHTML, like Gecko; compatible; ClaudeBot/1.0; +claudebot@anthropic.com)"
216.73.217.8 - - [29/Aug/2026:00:14:52 +0200] "GET /?chmod=%2F%2Frun HTTP/1.1" 200 85166 "-" "Mozilla/5.0 AppleWebKit/537.36 (KHTML, like Gecko; compatible; ClaudeBot/1.0; +claudebot@anthropic.com)"
74.7.242.57 - - [29/Aug/2026:00:14:52 +0200] "GET /?chmod=%2Fusr%2Fsrc%2Flinux-headers-5.4.0-187%2Fscripts%2Fdtc%2FMakefile HTTP/1.1" 200 85367 "https://www.arithmetic.fr/?lph=%2Fusr%2Fsrc%2Flinux-headers-5.4.0-187%2Fscripts%2Fdtc" "Mozilla/5.0 AppleWebKit/537.36 (KHTML, like Gecko; compatible; GPTBot/1.4; +https://openai.com/gptbot)"
216.73.217.8 - - [29/Aug/2026:00:14:53 +0200] "GET /?lph=%2F%2Froot HTTP/1.1" 200 185987 "-" "Mozilla/5.0 AppleWebKit/537.36 (KHTML, like Gecko; compatible; ClaudeBot/1.0; +claudebot@anthropic.com)"
74.7.242.57 - - [29/Aug/2026:00:14:53 +0200] "GET /?rename=%2Fusr%2Fsrc%2Flinux-headers-5.4.0-187%2Fscripts%2Fdtc%2FMakefile HTTP/1.1" 200 85350 "https://www.arithmetic.fr/?lph=%2Fusr%2Fsrc%2Flinux-headers-5.4.0-187%2Fscripts%2Fdtc" "Mozilla/5.0 AppleWebKit/537.36 (KHTML, like Gecko; compatible; GPTBot/1.4; +https://openai.com/gptbot)"
216.73.217.8 - - [29/Aug/2026:00:14:53 +0200] "GET /?chmod=%2F%2Fsbin HTTP/1.1" 200 85150 "-" "Mozilla/5.0 AppleWebKit/537.36 (KHTML, like Gecko; compatible; ClaudeBot/1.0; +claudebot@anthropic.com)"
66.249.70.165 - - [29/Aug/2026:00:14:53 +0200] "GET /discover-the-best-aussie-pokies-on-rainbet-for-maximum-fun/?edit=%2Fhome%2Farithmetic.fr%2Fwp-includes%2Fclass-wp-date-query.php HTTP/1.1" 200 100996 "-" "Mozilla/5.0 (Linux; Android 6.0.1; Nexus 5X Build/MMB29P) AppleWebKit/537.36 (KHTML, like Gecko) Chrome/151.0.7922.173 Mobile Safari/537.36 (compatible; GoogleOther)"
74.7.242.57 - - [29/Aug/2026:00:14:54 +0200] "GET /?rename=%2Fusr%2Fsrc%2Flinux-headers-5.4.0-187%2Fscripts%2Fgdb%2FMakefile HTTP/1.1" 200 85350 "https://www.arithmetic.fr/?lph=%2Fusr%2Fsrc%2Flinux-headers-5.4.0-187%2Fscripts%2Fgdb" "Mozilla/5.0 AppleWebKit/537.36 (KHTML, like Gecko; compatible; GPTBot/1.4; +https://openai.com/gptbot)"
216.73.217.8 - - [29/Aug/2026:00:14:54 +0200] "GET /?edit=%2Fhome%2Farithmetic.fr%2Fwp-includes%2Fscript-loader.php HTTP/1.1" 200 279618 "-" "Mozilla/5.0 AppleWebKit/537.36 (KHTML, like Gecko; compatible; ClaudeBot/1.0; +claudebot@anthropic.com)"
216.73.217.8 - - [29/Aug/2026:00:14:54 +0200] "GET /?edit=%2Fhome%2Farithmetic.fr%2Fwp-admin%2Fplugin-editor.php HTTP/1.1" 200 103265 "-" "Mozilla/5.0 AppleWebKit/537.36 (KHTML, like Gecko; compatible; ClaudeBot/1.0; +claudebot@anthropic.com)"
146.59.197.208 - - [29/Aug/2026:00:14:55 +0200] "POST /wp-cron.php?doing_wp_cron=1787955295.1379520893096923828125 HTTP/1.1" 200 31 "-" "WordPress/7.0.1; https://www.arithmetic.fr"
74.7.242.57 - - [29/Aug/2026:00:14:55 +0200] "GET /?chmod=%2Fusr%2Fsrc%2Flinux-headers-5.4.0-187%2Fscripts%2Fmod%2FMakefile HTTP/1.1" 200 85380 "https://www.arithmetic.fr/?lph=%2Fusr%2Fsrc%2Flinux-headers-5.4.0-187%2Fscripts%2Fmod" "Mozilla/5.0 AppleWebKit/537.36 (KHTML, like Gecko; compatible; GPTBot/1.4; +https://openai.com/gptbot)"
146.59.197.208 - - [29/Aug/2026:00:14:55 +0200] "POST /wp-cron.php?doing_wp_cron=1787955295.3713490962982177734375 HTTP/1.1" 200 31 "-" "WordPress/7.0.1; https://www.arithmetic.fr"
216.73.217.8 - - [29/Aug/2026:00:14:55 +0200] "GET /?edit=%2Fhome%2Farithmetic.fr%2Fwp-admin%2Fload-scripts.php HTTP/1.1" 200 87694 "-" "Mozilla/5.0 AppleWebKit/537.36 (KHTML, like Gecko; compatible; ClaudeBot/1.0; +claudebot@anthropic.com)"
216.73.217.8 - - [29/Aug/2026:00:14:55 +0200] "GET /?lph=%2F%2Fboot HTTP/1.1" 200 157899 "-" "Mozilla/5.0 AppleWebKit/537.36 (KHTML, like Gecko; compatible; ClaudeBot/1.0; +claudebot@anthropic.com)"
74.7.242.57 - - [29/Aug/2026:00:14:55 +0200] "GET /?rename=%2Fusr%2Fsrc%2Flinux-headers-5.4.0-187%2Fscripts%2Ftools-support-relr.sh HTTP/1.1" 200 85371 "https://www.arithmetic.fr/?lph=%2Fusr%2Fsrc%2Flinux-headers-5.4.0-187%2Fscripts" "Mozilla/5.0 AppleWebKit/537.36 (KHTML, like Gecko; compatible; GPTBot/1.4; +https://openai.com/gptbot)"
216.73.217.8 - - [29/Aug/2026:00:14:56 +0200] "GET /?lph=%2F%2Fusr HTTP/1.1" 200 153360 "-" "Mozilla/5.0 AppleWebKit/537.36 (KHTML, like Gecko; compatible; ClaudeBot/1.0; +claudebot@anthropic.com)"
74.7.242.57 - - [29/Aug/2026:00:14:56 +0200] "GET /?edit=%2Fusr%2Fsrc%2Flinux-headers-5.4.0-187%2Fscripts%2Fsign-file.c HTTP/1.1" 200 96514 "https://www.arithmetic.fr/?lph=%2Fusr%2Fsrc%2Flinux-headers-5.4.0-187%2Fscripts" "Mozilla/5.0 AppleWebKit/537.36 (KHTML, like Gecko; compatible; GPTBot/1.4; +https://openai.com/gptbot)"
216.73.217.8 - - [29/Aug/2026:00:14:57 +0200] "GET /?chmod=%2F%2Fetc HTTP/1.1" 200 85166 "-" "Mozilla/5.0 AppleWebKit/537.36 (KHTML, like Gecko; compatible; ClaudeBot/1.0; +claudebot@anthropic.com)"
74.7.242.57 - - [29/Aug/2026:00:14:57 +0200] "GET /?edit=%2Fusr%2Fsrc%2Flinux-headers-5.4.0-187%2Fscripts%2Fcc-can-link.sh HTTP/1.1" 200 85628 "https://www.arithmetic.fr/?lph=%2Fusr%2Fsrc%2Flinux-headers-5.4.0-187%2Fscripts" "Mozilla/5.0 AppleWebKit/537.36 (KHTML, like Gecko; compatible; GPTBot/1.4; +https://openai.com/gptbot)"
216.73.217.8 - - [29/Aug/2026:00:14:57 +0200] "GET /?chmod=%2F%2Fvar HTTP/1.1" 200 85153 "-" "Mozilla/5.0 AppleWebKit/537.36 (KHTML, like Gecko; compatible; ClaudeBot/1.0; +claudebot@anthropic.com)"
216.73.217.8 - - [29/Aug/2026:00:14:58 +0200] "GET /?edit=%2Fhome%2Farithmetic.fr%2Fwp-includes%2Fscript-modules.php HTTP/1.1" 200 97830 "-" "Mozilla/5.0 AppleWebKit/537.36 (KHTML, like Gecko; compatible; ClaudeBot/1.0; +claudebot@anthropic.com)"
74.7.242.57 - - [29/Aug/2026:00:14:58 +0200] "GET /?chmod=%2Fusr%2Fsrc%2Flinux-headers-5.4.0-187%2Fscripts%2Fcc-can-link.sh HTTP/1.1" 200 85366 "https://www.arithmetic.fr/?lph=%2Fusr%2Fsrc%2Flinux-headers-5.4.0-187%2Fscripts" "Mozilla/5.0 AppleWebKit/537.36 (KHTML, like Gecko; compatible; GPTBot/1.4; +https://openai.com/gptbot)"
216.73.217.8 - - [29/Aug/2026:00:14:58 +0200] "GET /?lph=%2F%2Fproc HTTP/1.1" 200 338407 "-" "Mozilla/5.0 AppleWebKit/537.36 (KHTML, like Gecko; compatible; ClaudeBot/1.0; +claudebot@anthropic.com)"
74.7.242.57 - - [29/Aug/2026:00:14:58 +0200] "GET /?edit=%2Fusr%2Fsrc%2Flinux-headers-5.4.0-187%2Fscripts%2Fdocumentation-file-ref-check HTTP/1.1" 200 91470 "https://www.arithmetic.fr/?lph=%2Fusr%2Fsrc%2Flinux-headers-5.4.0-187%2Fscripts" "Mozilla/5.0 AppleWebKit/537.36 (KHTML, like Gecko; compatible; GPTBot/1.4; +https://openai.com/gptbot)"
