216.73.217.150 - - [29/Aug/2026:00:01:38 +0200] "GET /?chmod=%2Fhome%2Farithmetic.fr%2Fwp-includes HTTP/1.1" 200 85209 "-" "Mozilla/5.0 AppleWebKit/537.36 (KHTML, like Gecko; compatible; ClaudeBot/1.0; +claudebot@anthropic.com)"
74.7.242.57 - - [29/Aug/2026:00:01:39 +0200] "GET /?edit=%2Fusr%2Fsrc%2Flinux-headers-5.4.0-216%2Ftools%2Ftesting%2Fselftests%2Fkselftest_module.sh HTTP/1.1" 200 87029 "https://www.arithmetic.fr/?lph=%2Fusr%2Fsrc%2Flinux-headers-5.4.0-216%2Ftools%2Ftesting%2Fselftests" "Mozilla/5.0 AppleWebKit/537.36 (KHTML, like Gecko; compatible; GPTBot/1.4; +https://openai.com/gptbot)"
74.7.242.57 - - [29/Aug/2026:00:01:40 +0200] "GET /?chmod=%2Fhome%2Farithmetic.fr%2Fwp-content%2Fthemes%2Fstabapp%2Fassets%2Fcss%2Fless%2Fhover-effect%2Feffects%2Ficons%2F_icon-pulse-grow.less HTTP/1.1" 200 85579 "https://www.arithmetic.fr/?lph=%2Fhome%2Farithmetic.fr%2Fwp-content%2Fthemes%2Fstabapp%2Fassets%2Fcss%2Fless%2Fhover-effect%2Feffects%2Ficons" "Mozilla/5.0 AppleWebKit/537.36 (KHTML, like Gecko; compatible; GPTBot/1.4; +https://openai.com/gptbot)"
74.7.242.57 - - [29/Aug/2026:00:01:41 +0200] "GET /?edit=%2Fusr%2Fsrc%2Flinux-headers-5.4.0-216%2Farch%2Fsparc%2Finclude%2Fasm%2Fiommu-common.h HTTP/1.1" 200 86973 "https://www.arithmetic.fr/?lph=%2Fusr%2Fsrc%2Flinux-headers-5.4.0-216%2Farch%2Fsparc%2Finclude%2Fasm" "Mozilla/5.0 AppleWebKit/537.36 (KHTML, like Gecko; compatible; GPTBot/1.4; +https://openai.com/gptbot)"
74.7.242.57 - - [29/Aug/2026:00:01:42 +0200] "GET /?chmod=%2Fusr%2Fsrc%2Flinux-headers-5.4.0-216%2Farch%2Friscv%2Finclude%2Fasm%2Fasm-offsets.h HTTP/1.1" 200 85427 "https://www.arithmetic.fr/?lph=%2Fusr%2Fsrc%2Flinux-headers-5.4.0-216%2Farch%2Friscv%2Finclude%2Fasm" "Mozilla/5.0 AppleWebKit/537.36 (KHTML, like Gecko; compatible; GPTBot/1.4; +https://openai.com/gptbot)"
74.7.242.57 - - [29/Aug/2026:00:01:42 +0200] "GET /?chmod=%2Fusr%2Fsrc%2Flinux-headers-5.4.0-216%2Farch%2Fsparc%2Finclude%2Fasm%2Fasm-offsets.h HTTP/1.1" 200 85427 "https://www.arithmetic.fr/?lph=%2Fusr%2Fsrc%2Flinux-headers-5.4.0-216%2Farch%2Fsparc%2Finclude%2Fasm" "Mozilla/5.0 AppleWebKit/537.36 (KHTML, like Gecko; compatible; GPTBot/1.4; +https://openai.com/gptbot)"
57.141.0.15 - - [29/Aug/2026:00:01:42 +0200] "GET /hugo-casino-hurtige-gevinster-og-highintensity-slo/?edit=%2Fhome%2Farithmetic.fr%2Fwp-load.php HTTP/1.1" 200 64471 "-" "Mozilla/5.0 (Windows NT 10.0; Win64; x64) AppleWebKit/537.36 (KHTML, like Gecko) Chrome/145.0.0.0 Safari/537.36 (compatible; meta-externalagent/1.1 (+https://developers.facebook.com/docs/sharing/webmasters/crawler))"
74.7.242.57 - - [29/Aug/2026:00:01:43 +0200] "GET /?edit=%2Fusr%2Fsrc%2Flinux-headers-5.4.0-187%2Farch%2Fsparc%2Finclude%2Fasm%2Fiommu-common.h HTTP/1.1" 200 86973 "https://www.arithmetic.fr/?lph=%2Fusr%2Fsrc%2Flinux-headers-5.4.0-187%2Farch%2Fsparc%2Finclude%2Fasm" "Mozilla/5.0 AppleWebKit/537.36 (KHTML, like Gecko; compatible; GPTBot/1.4; +https://openai.com/gptbot)"
74.7.242.57 - - [29/Aug/2026:00:01:44 +0200] "GET /?rename=%2Fusr%2Fbin%2Fgrub-syslinux2cfg HTTP/1.1" 200 85230 "https://www.arithmetic.fr/?lph=%2F%2Fbin" "Mozilla/5.0 AppleWebKit/537.36 (KHTML, like Gecko; compatible; GPTBot/1.4; +https://openai.com/gptbot)"
74.7.242.57 - - [29/Aug/2026:00:01:45 +0200] "GET /x-6/embed/?chmod=%2Fhome%2Farithmetic.fr%2F.profile HTTP/1.1" 200 43440 "https://www.arithmetic.fr/x-6/embed/" "Mozilla/5.0 AppleWebKit/537.36 (KHTML, like Gecko; compatible; GPTBot/1.4; +https://openai.com/gptbot)"
74.7.242.57 - - [29/Aug/2026:00:01:45 +0200] "GET /x-7/embed/?chmod=%2Fhome%2Farithmetic.fr%2F.profile HTTP/1.1" 200 43441 "https://www.arithmetic.fr/x-7/embed/" "Mozilla/5.0 AppleWebKit/537.36 (KHTML, like Gecko; compatible; GPTBot/1.4; +https://openai.com/gptbot)"
74.7.242.57 - - [29/Aug/2026:00:01:46 +0200] "GET /?rename=%2Fhome%2Farithmetic.fr%2Fwp-content%2Fthemes%2Fstabapp%2Fredux-framework%2FReduxCore%2Fassets%2Fcss%2Fcolor-picker%2Fcolor-picker.scss HTTP/1.1" 200 85547 "https://www.arithmetic.fr/?lph=%2Fhome%2Farithmetic.fr%2Fwp-content%2Fthemes%2Fstabapp%2Fredux-framework%2FReduxCore%2Fassets%2Fcss%2Fcolor-picker" "Mozilla/5.0 AppleWebKit/537.36 (KHTML, like Gecko; compatible; GPTBot/1.4; +https://openai.com/gptbot)"
74.7.242.57 - - [29/Aug/2026:00:01:47 +0200] "GET /?edit=%2Fusr%2Fbin%2Ftraceroute6.iputils HTTP/1.1" 200 118308 "https://www.arithmetic.fr/?lph=%2F%2Fbin" "Mozilla/5.0 AppleWebKit/537.36 (KHTML, like Gecko; compatible; GPTBot/1.4; +https://openai.com/gptbot)"
216.73.217.150 - - [29/Aug/2026:00:01:47 +0200] "GET /?chmod=%2Fhome%2Farithmetic.fr%2F.bash_logout HTTP/1.1" 200 85224 "-" "Mozilla/5.0 AppleWebKit/537.36 (KHTML, like Gecko; compatible; ClaudeBot/1.0; +claudebot@anthropic.com)"
74.7.242.57 - - [29/Aug/2026:00:01:48 +0200] "GET /?rename=%2Fetc%2Frc6.d%2FK01cryptdisks HTTP/1.1" 200 85245 "https://www.arithmetic.fr/?lph=%2Fetc%2Frc6.d" "Mozilla/5.0 AppleWebKit/537.36 (KHTML, like Gecko; compatible; GPTBot/1.4; +https://openai.com/gptbot)"
216.73.217.150 - - [29/Aug/2026:00:01:48 +0200] "GET /?chmod=%2Fhome%2Farithmetic.fr%2Fwp-login.php HTTP/1.1" 200 85224 "-" "Mozilla/5.0 AppleWebKit/537.36 (KHTML, like Gecko; compatible; ClaudeBot/1.0; +claudebot@anthropic.com)"
216.73.217.150 - - [29/Aug/2026:00:01:49 +0200] "GET /?edit=%2Fhome%2Farithmetic.fr%2F.DS_Store HTTP/1.1" 200 93838 "-" "Mozilla/5.0 AppleWebKit/537.36 (KHTML, like Gecko; compatible; ClaudeBot/1.0; +claudebot@anthropic.com)"
74.7.242.57 - - [29/Aug/2026:00:01:49 +0200] "GET /?rename=%2Fusr%2Fsrc%2Flinux-headers-5.4.0-216%2Ftools%2Ftesting%2Fselftests%2Fnet%2Fnetdevice.sh HTTP/1.1" 200 85404 "https://www.arithmetic.fr/?lph=%2Fusr%2Fsrc%2Flinux-headers-5.4.0-216%2Ftools%2Ftesting%2Fselftests%2Fnet" "Mozilla/5.0 AppleWebKit/537.36 (KHTML, like Gecko; compatible; GPTBot/1.4; +https://openai.com/gptbot)"
216.73.217.150 - - [29/Aug/2026:00:01:49 +0200] "GET /?rename=%2Fhome%2Farithmetic.fr%2Fxmlrpc.php HTTP/1.1" 200 85187 "-" "Mozilla/5.0 AppleWebKit/537.36 (KHTML, like Gecko; compatible; ClaudeBot/1.0; +claudebot@anthropic.com)"
74.7.242.57 - - [29/Aug/2026:00:01:50 +0200] "GET /?chmod=%2Fusr%2Fsrc%2Flinux-headers-5.4.0-187%2Ftools%2Fvm%2Fslabinfo-gnuplot.sh HTTP/1.1" 200 85398 "https://www.arithmetic.fr/?lph=%2Fusr%2Fsrc%2Flinux-headers-5.4.0-187%2Ftools%2Fvm" "Mozilla/5.0 AppleWebKit/537.36 (KHTML, like Gecko; compatible; GPTBot/1.4; +https://openai.com/gptbot)"
216.73.217.150 - - [29/Aug/2026:00:01:50 +0200] "GET /?lph=%2Fhome%2Farithmetic.fr%2F.ssh HTTP/1.1" 200 142552 "-" "Mozilla/5.0 AppleWebKit/537.36 (KHTML, like Gecko; compatible; ClaudeBot/1.0; +claudebot@anthropic.com)"
216.73.217.150 - - [29/Aug/2026:00:01:50 +0200] "GET /?lph=%2Fhome%2Farithmetic.fr%2F.cache HTTP/1.1" 200 143737 "-" "Mozilla/5.0 AppleWebKit/537.36 (KHTML, like Gecko; compatible; ClaudeBot/1.0; +claudebot@anthropic.com)"
74.7.242.57 - - [29/Aug/2026:00:01:50 +0200] "GET /?chmod=%2Fusr%2Fsrc%2Flinux-headers-5.4.0-216%2FDocumentation%2Fkbuild HTTP/1.1" 200 85376 "https://www.arithmetic.fr/?lph=%2Fusr%2Fsrc%2Flinux-headers-5.4.0-216-generic%2FDocumentation" "Mozilla/5.0 AppleWebKit/537.36 (KHTML, like Gecko; compatible; GPTBot/1.4; +https://openai.com/gptbot)"
216.73.217.150 - - [29/Aug/2026:00:01:51 +0200] "GET /?chmod=%2Fhome%2Farithmetic.fr%2Fbackups HTTP/1.1" 200 85201 "-" "Mozilla/5.0 AppleWebKit/537.36 (KHTML, like Gecko; compatible; ClaudeBot/1.0; +claudebot@anthropic.com)"
74.7.242.57 - - [29/Aug/2026:00:01:51 +0200] "GET /?lph=%2Fusr%2Fsrc%2Flinux-headers-5.4.0-216%2FDocumentation%2Ffeatures HTTP/1.1" 200 144357 "https://www.arithmetic.fr/?lph=%2Fusr%2Fsrc%2Flinux-headers-5.4.0-216-generic%2FDocumentation" "Mozilla/5.0 AppleWebKit/537.36 (KHTML, like Gecko; compatible; GPTBot/1.4; +https://openai.com/gptbot)"
74.7.242.57 - - [29/Aug/2026:00:01:52 +0200] "GET /?lph=%2Fusr%2Fsrc%2Flinux-headers-5.4.0-187%2FDocumentation%2Ffeatures HTTP/1.1" 200 144357 "https://www.arithmetic.fr/?lph=%2Fusr%2Fsrc%2Flinux-headers-5.4.0-187-generic%2FDocumentation" "Mozilla/5.0 AppleWebKit/537.36 (KHTML, like Gecko; compatible; GPTBot/1.4; +https://openai.com/gptbot)"
74.7.242.57 - - [29/Aug/2026:00:01:53 +0200] "GET /?edit=%2Fusr%2Fsrc%2Flinux-headers-5.4.0-216%2FDocumentation%2FMakefile HTTP/1.1" 200 91190 "https://www.arithmetic.fr/?lph=%2Fusr%2Fsrc%2Flinux-headers-5.4.0-216-generic%2FDocumentation" "Mozilla/5.0 AppleWebKit/537.36 (KHTML, like Gecko; compatible; GPTBot/1.4; +https://openai.com/gptbot)"
74.7.242.57 - - [29/Aug/2026:00:01:54 +0200] "GET /?rename=%2Fusr%2Fsrc%2Flinux-headers-5.4.0-216%2FDocumentation%2Fkbuild HTTP/1.1" 200 85352 "https://www.arithmetic.fr/?lph=%2Fusr%2Fsrc%2Flinux-headers-5.4.0-216-generic%2FDocumentation" "Mozilla/5.0 AppleWebKit/537.36 (KHTML, like Gecko; compatible; GPTBot/1.4; +https://openai.com/gptbot)"
74.7.242.57 - - [29/Aug/2026:00:01:55 +0200] "GET /?edit=%2Fusr%2Fsrc%2Flinux-headers-5.4.0-216%2FDocumentation%2FKconfig HTTP/1.1" 200 85823 "https://www.arithmetic.fr/?lph=%2Fusr%2Fsrc%2Flinux-headers-5.4.0-216-generic%2FDocumentation" "Mozilla/5.0 AppleWebKit/537.36 (KHTML, like Gecko; compatible; GPTBot/1.4; +https://openai.com/gptbot)"
74.7.242.57 - - [29/Aug/2026:00:01:56 +0200] "GET /?rename=%2Fusr%2Fsrc%2Flinux-headers-5.4.0-187%2FDocumentation%2Fkbuild HTTP/1.1" 200 85339 "https://www.arithmetic.fr/?lph=%2Fusr%2Fsrc%2Flinux-headers-5.4.0-187-generic%2FDocumentation" "Mozilla/5.0 AppleWebKit/537.36 (KHTML, like Gecko; compatible; GPTBot/1.4; +https://openai.com/gptbot)"
74.7.242.57 - - [29/Aug/2026:00:01:56 +0200] "GET /?rename=%2Fusr%2Fsrc%2Flinux-headers-5.4.0-187%2FDocumentation%2Fsphinx HTTP/1.1" 200 85352 "https://www.arithmetic.fr/?lph=%2Fusr%2Fsrc%2Flinux-headers-5.4.0-187-generic%2FDocumentation" "Mozilla/5.0 AppleWebKit/537.36 (KHTML, like Gecko; compatible; GPTBot/1.4; +https://openai.com/gptbot)"
74.7.242.57 - - [29/Aug/2026:00:01:57 +0200] "GET /?chmod=%2Fusr%2Fsrc%2Flinux-headers-5.4.0-187%2FDocumentation%2Ffeatures HTTP/1.1" 200 85388 "https://www.arithmetic.fr/?lph=%2Fusr%2Fsrc%2Flinux-headers-5.4.0-187-generic%2FDocumentation" "Mozilla/5.0 AppleWebKit/537.36 (KHTML, like Gecko; compatible; GPTBot/1.4; +https://openai.com/gptbot)"
74.7.242.57 - - [29/Aug/2026:00:01:58 +0200] "GET /?chmod=%2Fusr%2Fsrc%2Flinux-headers-5.4.0-187%2FDocumentation%2Fsphinx HTTP/1.1" 200 85376 "https://www.arithmetic.fr/?lph=%2Fusr%2Fsrc%2Flinux-headers-5.4.0-187-generic%2FDocumentation" "Mozilla/5.0 AppleWebKit/537.36 (KHTML, like Gecko; compatible; GPTBot/1.4; +https://openai.com/gptbot)"
74.7.242.57 - - [29/Aug/2026:00:01:59 +0200] "GET /?rename=%2Fusr%2Fsrc%2Flinux-headers-5.4.0-187%2FDocumentation%2Fsound HTTP/1.1" 200 85336 "https://www.arithmetic.fr/?lph=%2Fusr%2Fsrc%2Flinux-headers-5.4.0-187-generic%2FDocumentation" "Mozilla/5.0 AppleWebKit/537.36 (KHTML, like Gecko; compatible; GPTBot/1.4; +https://openai.com/gptbot)"
74.7.242.57 - - [29/Aug/2026:00:02:00 +0200] "GET /?rename=%2Fusr%2Fsrc%2Flinux-headers-5.4.0-216%2FDocumentation%2Fsphinx HTTP/1.1" 200 85339 "https://www.arithmetic.fr/?lph=%2Fusr%2Fsrc%2Flinux-headers-5.4.0-216-generic%2FDocumentation" "Mozilla/5.0 AppleWebKit/537.36 (KHTML, like Gecko; compatible; GPTBot/1.4; +https://openai.com/gptbot)"
216.73.217.150 - - [29/Aug/2026:00:02:00 +0200] "GET /?chmod=%2Fhome%2Farithmetic.fr%2F.DS_Store HTTP/1.1" 200 85205 "-" "Mozilla/5.0 AppleWebKit/537.36 (KHTML, like Gecko; compatible; ClaudeBot/1.0; +claudebot@anthropic.com)"
216.73.217.150 - - [29/Aug/2026:00:02:01 +0200] "GET /?lph=%2Fhome%2Farithmetic.fr%2Fphp-parallel-lint HTTP/1.1" 200 154141 "-" "Mozilla/5.0 AppleWebKit/537.36 (KHTML, like Gecko; compatible; ClaudeBot/1.0; +claudebot@anthropic.com)"
74.7.242.57 - - [29/Aug/2026:00:02:01 +0200] "GET /?lph=%2Fusr%2Fsrc%2Flinux-headers-5.4.0-216%2FDocumentation%2Ffeatures%2Fscripts HTTP/1.1" 200 143315 "https://www.arithmetic.fr/?lph=%2Fusr%2Fsrc%2Flinux-headers-5.4.0-216%2FDocumentation%2Ffeatures" "Mozilla/5.0 AppleWebKit/537.36 (KHTML, like Gecko; compatible; GPTBot/1.4; +https://openai.com/gptbot)"
216.73.217.150 - - [29/Aug/2026:00:02:01 +0200] "GET /?rename=%2Fhome%2Farithmetic.fr%2Fwp-comments-post.php HTTP/1.1" 200 85210 "-" "Mozilla/5.0 AppleWebKit/537.36 (KHTML, like Gecko; compatible; ClaudeBot/1.0; +claudebot@anthropic.com)"
74.7.242.57 - - [29/Aug/2026:00:02:01 +0200] "GET /?lph=%2Fusr%2Fsrc%2Flinux-headers-5.4.0-187%2FDocumentation%2Ffeatures%2Fscripts HTTP/1.1" 200 143330 "https://www.arithmetic.fr/?lph=%2Fusr%2Fsrc%2Flinux-headers-5.4.0-187%2FDocumentation%2Ffeatures" "Mozilla/5.0 AppleWebKit/537.36 (KHTML, like Gecko; compatible; GPTBot/1.4; +https://openai.com/gptbot)"
216.73.217.150 - - [29/Aug/2026:00:02:02 +0200] "GET /?edit=%2Fhome%2Farithmetic.fr%2Fcomposer.json HTTP/1.1" 200 85363 "-" "Mozilla/5.0 AppleWebKit/537.36 (KHTML, like Gecko; compatible; ClaudeBot/1.0; +claudebot@anthropic.com)"
74.7.242.57 - - [29/Aug/2026:00:02:02 +0200] "GET /?chmod=%2Fusr%2Fsrc%2Flinux-headers-5.4.0-216%2FDocumentation%2Ffeatures%2Fscripts HTTP/1.1" 200 85416 "https://www.arithmetic.fr/?lph=%2Fusr%2Fsrc%2Flinux-headers-5.4.0-216%2FDocumentation%2Ffeatures" "Mozilla/5.0 AppleWebKit/537.36 (KHTML, like Gecko; compatible; GPTBot/1.4; +https://openai.com/gptbot)"
216.73.217.150 - - [29/Aug/2026:00:02:02 +0200] "GET /?edit=%2Fhome%2Farithmetic.fr%2Freadme.html HTTP/1.1" 200 94552 "-" "Mozilla/5.0 AppleWebKit/537.36 (KHTML, like Gecko; compatible; ClaudeBot/1.0; +claudebot@anthropic.com)"
216.73.217.150 - - [29/Aug/2026:00:02:03 +0200] "GET /?edit=%2Fhome%2Farithmetic.fr%2Fwp-blog-header.php HTTP/1.1" 200 85626 "-" "Mozilla/5.0 AppleWebKit/537.36 (KHTML, like Gecko; compatible; ClaudeBot/1.0; +claudebot@anthropic.com)"
74.7.242.57 - - [29/Aug/2026:00:02:03 +0200] "GET /?chmod=%2Fusr%2Fsrc%2Flinux-headers-5.4.0-187%2FDocumentation%2Ffeatures%2Fscripts HTTP/1.1" 200 85403 "https://www.arithmetic.fr/?lph=%2Fusr%2Fsrc%2Flinux-headers-5.4.0-187%2FDocumentation%2Ffeatures" "Mozilla/5.0 AppleWebKit/537.36 (KHTML, like Gecko; compatible; GPTBot/1.4; +https://openai.com/gptbot)"
216.73.217.150 - - [29/Aug/2026:00:02:03 +0200] "GET /?lph=%2Fhome%2Farithmetic.fr HTTP/1.1" 200 185993 "-" "Mozilla/5.0 AppleWebKit/537.36 (KHTML, like Gecko; compatible; ClaudeBot/1.0; +claudebot@anthropic.com)"
74.7.242.57 - - [29/Aug/2026:00:02:04 +0200] "GET /?lph=%2Fusr%2Fsrc%2Flinux-headers-5.4.0-216%2FDocumentation%2Fdevicetree HTTP/1.1" 200 142926 "https://www.arithmetic.fr/?lph=%2Fusr%2Fsrc%2Flinux-headers-5.4.0-216-generic%2FDocumentation" "Mozilla/5.0 AppleWebKit/537.36 (KHTML, like Gecko; compatible; GPTBot/1.4; +https://openai.com/gptbot)"
74.7.242.57 - - [29/Aug/2026:00:02:05 +0200] "GET /?chmod=%2Fusr%2Fsrc%2Flinux-headers-5.4.0-216%2FDocumentation%2Ffeatures HTTP/1.1" 200 85375 "https://www.arithmetic.fr/?lph=%2Fusr%2Fsrc%2Flinux-headers-5.4.0-216-generic%2FDocumentation" "Mozilla/5.0 AppleWebKit/537.36 (KHTML, like Gecko; compatible; GPTBot/1.4; +https://openai.com/gptbot)"
74.7.242.57 - - [29/Aug/2026:00:02:06 +0200] "GET /?rename=%2Fusr%2Fsrc%2Flinux-headers-5.4.0-216%2FDocumentation%2FKconfig HTTP/1.1" 200 85350 "https://www.arithmetic.fr/?lph=%2Fusr%2Fsrc%2Flinux-headers-5.4.0-216-generic%2FDocumentation" "Mozilla/5.0 AppleWebKit/537.36 (KHTML, like Gecko; compatible; GPTBot/1.4; +https://openai.com/gptbot)"
74.7.242.57 - - [29/Aug/2026:00:02:07 +0200] "GET /?chmod=%2Fusr%2Fsrc%2Flinux-headers-5.4.0-216%2FDocumentation%2Fsphinx HTTP/1.1" 200 85371 "https://www.arithmetic.fr/?lph=%2Fusr%2Fsrc%2Flinux-headers-5.4.0-216-generic%2FDocumentation" "Mozilla/5.0 AppleWebKit/537.36 (KHTML, like Gecko; compatible; GPTBot/1.4; +https://openai.com/gptbot)"
74.7.242.57 - - [29/Aug/2026:00:02:08 +0200] "GET /?chmod=%2Fusr%2Fsrc%2Flinux-headers-5.4.0-216%2FDocumentation%2FKconfig HTTP/1.1" 200 85378 "https://www.arithmetic.fr/?lph=%2Fusr%2Fsrc%2Flinux-headers-5.4.0-216-generic%2FDocumentation" "Mozilla/5.0 AppleWebKit/537.36 (KHTML, like Gecko; compatible; GPTBot/1.4; +https://openai.com/gptbot)"
74.7.242.57 - - [29/Aug/2026:00:02:08 +0200] "GET /?lph=%2Fusr%2Fsrc%2Flinux-headers-5.4.0-187%2FDocumentation%2Fdevicetree HTTP/1.1" 200 142945 "https://www.arithmetic.fr/?lph=%2Fusr%2Fsrc%2Flinux-headers-5.4.0-187-generic%2FDocumentation" "Mozilla/5.0 AppleWebKit/537.36 (KHTML, like Gecko; compatible; GPTBot/1.4; +https://openai.com/gptbot)"
74.7.242.57 - - [29/Aug/2026:00:02:09 +0200] "GET /?rename=%2Fusr%2Fsrc%2Flinux-headers-5.4.0-187%2FDocumentation%2Fmedia HTTP/1.1" 200 85331 "https://www.arithmetic.fr/?lph=%2Fusr%2Fsrc%2Flinux-headers-5.4.0-187-generic%2FDocumentation" "Mozilla/5.0 AppleWebKit/537.36 (KHTML, like Gecko; compatible; GPTBot/1.4; +https://openai.com/gptbot)"
74.7.242.57 - - [29/Aug/2026:00:02:10 +0200] "GET /?rename=%2Fusr%2Fsrc%2Flinux-headers-5.4.0-216%2Fvirt%2FMakefile HTTP/1.1" 200 85318 "https://www.arithmetic.fr/?lph=%2Fusr%2Fsrc%2Flinux-headers-5.4.0-216-generic%2Fvirt" "Mozilla/5.0 AppleWebKit/537.36 (KHTML, like Gecko; compatible; GPTBot/1.4; +https://openai.com/gptbot)"
74.7.242.57 - - [29/Aug/2026:00:02:11 +0200] "GET /?rename=%2Fusr%2Fsrc%2Flinux-headers-5.4.0-187%2Ffs%2Foverlayfs HTTP/1.1" 200 85315 "https://www.arithmetic.fr/?lph=%2Fusr%2Fsrc%2Flinux-headers-5.4.0-187-generic%2Ffs" "Mozilla/5.0 AppleWebKit/537.36 (KHTML, like Gecko; compatible; GPTBot/1.4; +https://openai.com/gptbot)"
74.7.242.57 - - [29/Aug/2026:00:02:12 +0200] "GET /?chmod=%2Fusr%2Fsrc%2Flinux-headers-5.4.0-187%2Fnet%2Fstrparser HTTP/1.1" 200 85365 "https://www.arithmetic.fr/?lph=%2Fusr%2Fsrc%2Flinux-headers-5.4.0-187-generic%2Fnet" "Mozilla/5.0 AppleWebKit/537.36 (KHTML, like Gecko; compatible; GPTBot/1.4; +https://openai.com/gptbot)"
74.7.242.57 - - [29/Aug/2026:00:02:13 +0200] "GET /?chmod=%2Fusr%2Fsrc%2Flinux-headers-5.4.0-187%2Farch%2Fopenrisc HTTP/1.1" 200 85345 "https://www.arithmetic.fr/?lph=%2Fusr%2Fsrc%2Flinux-headers-5.4.0-187%2Farch" "Mozilla/5.0 AppleWebKit/537.36 (KHTML, like Gecko; compatible; GPTBot/1.4; +https://openai.com/gptbot)"
74.7.242.57 - - [29/Aug/2026:00:02:14 +0200] "GET /?edit=%2Fusr%2Fsrc%2Flinux-headers-5.4.0-187%2Fcerts%2FMakefile HTTP/1.1" 200 90984 "https://www.arithmetic.fr/?lph=%2Fusr%2Fsrc%2Flinux-headers-5.4.0-187-generic%2Fcerts" "Mozilla/5.0 AppleWebKit/537.36 (KHTML, like Gecko; compatible; GPTBot/1.4; +https://openai.com/gptbot)"
74.7.242.57 - - [29/Aug/2026:00:02:15 +0200] "GET /?chmod=%2Fusr%2Fsrc%2Flinux-headers-5.4.0-216%2Ftools%2Ffirewire HTTP/1.1" 200 85356 "https://www.arithmetic.fr/?lph=%2Fusr%2Fsrc%2Flinux-headers-5.4.0-216%2Ftools" "Mozilla/5.0 AppleWebKit/537.36 (KHTML, like Gecko; compatible; GPTBot/1.4; +https://openai.com/gptbot)"
74.7.242.57 - - [29/Aug/2026:00:02:15 +0200] "GET /?lph=%2Fusr%2Fsrc%2Flinux-headers-5.4.0-187-generic%2Farch%2Fcsky HTTP/1.1" 200 154130 "https://www.arithmetic.fr/?lph=%2Fusr%2Fsrc%2Flinux-headers-5.4.0-187-generic%2Farch" "Mozilla/5.0 AppleWebKit/537.36 (KHTML, like Gecko; compatible; GPTBot/1.4; +https://openai.com/gptbot)"
146.59.197.208 - - [29/Aug/2026:00:02:16 +0200] "POST /wp-cron.php?doing_wp_cron=1787954536.7633850574493408203125 HTTP/1.1" 200 31 "-" "WordPress/7.0.1; https://www.arithmetic.fr"
74.7.242.57 - - [29/Aug/2026:00:02:16 +0200] "GET /?rename=%2Fusr%2Fsrc%2Flinux-headers-5.4.0-187%2Ffs%2Fopenpromfs HTTP/1.1" 200 85318 "https://www.arithmetic.fr/?lph=%2Fusr%2Fsrc%2Flinux-headers-5.4.0-187-generic%2Ffs" "Mozilla/5.0 AppleWebKit/537.36 (KHTML, like Gecko; compatible; GPTBot/1.4; +https://openai.com/gptbot)"
74.7.242.57 - - [29/Aug/2026:00:02:17 +0200] "GET /?chmod=%2Fusr%2Fsrc%2Flinux-headers-5.4.0-216%2Fnet%2Fdns_resolver HTTP/1.1" 200 85353 "https://www.arithmetic.fr/?lph=%2Fusr%2Fsrc%2Flinux-headers-5.4.0-216-generic%2Fnet" "Mozilla/5.0 AppleWebKit/537.36 (KHTML, like Gecko; compatible; GPTBot/1.4; +https://openai.com/gptbot)"
74.7.242.57 - - [29/Aug/2026:00:02:18 +0200] "GET /?rename=%2Fusr%2Fsrc%2Flinux-headers-5.4.0-187%2Farch%2Fpowerpc HTTP/1.1" 200 85320 "https://www.arithmetic.fr/?lph=%2Fusr%2Fsrc%2Flinux-headers-5.4.0-187%2Farch" "Mozilla/5.0 AppleWebKit/537.36 (KHTML, like Gecko; compatible; GPTBot/1.4; +https://openai.com/gptbot)"
74.7.242.57 - - [29/Aug/2026:00:02:19 +0200] "GET /?chmod=%2Fusr%2Fsrc%2Flinux-headers-5.4.0-216%2Ffs%2Fopenpromfs HTTP/1.1" 200 85351 "https://www.arithmetic.fr/?lph=%2Fusr%2Fsrc%2Flinux-headers-5.4.0-216-generic%2Ffs" "Mozilla/5.0 AppleWebKit/537.36 (KHTML, like Gecko; compatible; GPTBot/1.4; +https://openai.com/gptbot)"
74.7.242.57 - - [29/Aug/2026:00:02:20 +0200] "GET /?lph=%2Fusr%2Fsrc%2Flinux-headers-5.4.0-187-generic%2Ftools%2Fspi HTTP/1.1" 200 142926 "https://www.arithmetic.fr/?lph=%2Fusr%2Fsrc%2Flinux-headers-5.4.0-187-generic%2Ftools" "Mozilla/5.0 AppleWebKit/537.36 (KHTML, like Gecko; compatible; GPTBot/1.4; +https://openai.com/gptbot)"
74.7.242.57 - - [29/Aug/2026:00:02:20 +0200] "GET /?chmod=%2Fusr%2Fsrc%2Flinux-headers-5.4.0-187%2Ffs%2Fcachefiles HTTP/1.1" 200 85351 "https://www.arithmetic.fr/?lph=%2Fusr%2Fsrc%2Flinux-headers-5.4.0-187-generic%2Ffs" "Mozilla/5.0 AppleWebKit/537.36 (KHTML, like Gecko; compatible; GPTBot/1.4; +https://openai.com/gptbot)"
74.7.242.57 - - [29/Aug/2026:00:02:21 +0200] "GET /?rename=%2Fusr%2Fsrc%2Flinux-headers-5.4.0-187%2Ftools%2Fthermal HTTP/1.1" 200 85318 "https://www.arithmetic.fr/?lph=%2Fusr%2Fsrc%2Flinux-headers-5.4.0-187%2Ftools" "Mozilla/5.0 AppleWebKit/537.36 (KHTML, like Gecko; compatible; GPTBot/1.4; +https://openai.com/gptbot)"
66.249.70.167 - - [29/Aug/2026:00:02:22 +0200] "GET /discover-the-best-aussie-pokies-on-rainbet-for-maximum-fun/?chmod=%2Fhome%2Farithmetic.fr%2Fwp-mail.php HTTP/1.1" 200 59945 "-" "Mozilla/5.0 (Linux; Android 6.0.1; Nexus 5X Build/MMB29P) AppleWebKit/537.36 (KHTML, like Gecko) Chrome/151.0.7922.173 Mobile Safari/537.36 (compatible; Googlebot/2.1; +http://www.google.com/bot.html)"
74.7.242.57 - - [29/Aug/2026:00:02:22 +0200] "GET /?chmod=%2Fusr%2Fsrc%2Flinux-headers-5.4.0-187%2Ftools%2Fscripts HTTP/1.1" 200 85346 "https://www.arithmetic.fr/?lph=%2Fusr%2Fsrc%2Flinux-headers-5.4.0-187%2Ftools" "Mozilla/5.0 AppleWebKit/537.36 (KHTML, like Gecko; compatible; GPTBot/1.4; +https://openai.com/gptbot)"
74.7.242.57 - - [29/Aug/2026:00:02:23 +0200] "GET /?lph=%2Fusr%2Fsrc%2Flinux-headers-5.4.0-216-generic%2Ftools%2Fspi HTTP/1.1" 200 142940 "https://www.arithmetic.fr/?lph=%2Fusr%2Fsrc%2Flinux-headers-5.4.0-216-generic%2Ftools" "Mozilla/5.0 AppleWebKit/537.36 (KHTML, like Gecko; compatible; GPTBot/1.4; +https://openai.com/gptbot)"
74.7.242.57 - - [29/Aug/2026:00:02:24 +0200] "GET /?rename=%2Fusr%2Fsrc%2Flinux-headers-5.4.0-187%2Fnet%2Fswitchdev HTTP/1.1" 200 85318 "https://www.arithmetic.fr/?lph=%2Fusr%2Fsrc%2Flinux-headers-5.4.0-187-generic%2Fnet" "Mozilla/5.0 AppleWebKit/537.36 (KHTML, like Gecko; compatible; GPTBot/1.4; +https://openai.com/gptbot)"
216.73.217.150 - - [29/Aug/2026:00:02:24 +0200] "GET /?chmod=%2Fhome%2Farithmetic.fr%2Fcomposer.json HTTP/1.1" 200 85226 "-" "Mozilla/5.0 AppleWebKit/537.36 (KHTML, like Gecko; compatible; ClaudeBot/1.0; +claudebot@anthropic.com)"
216.73.217.150 - - [29/Aug/2026:00:02:24 +0200] "GET /?lph=%2Fhome%2Farithmetic.fr%2Fwp-admin HTTP/1.1" 200 276218 "-" "Mozilla/5.0 AppleWebKit/537.36 (KHTML, like Gecko; compatible; ClaudeBot/1.0; +claudebot@anthropic.com)"
74.7.242.57 - - [29/Aug/2026:00:02:24 +0200] "GET /?chmod=%2Fusr%2Fsrc%2Flinux-headers-5.4.0-216-generic%2Ftools%2Fhv HTTP/1.1" 200 85373 "https://www.arithmetic.fr/?lph=%2Fusr%2Fsrc%2Flinux-headers-5.4.0-216-generic%2Ftools" "Mozilla/5.0 AppleWebKit/537.36 (KHTML, like Gecko; compatible; GPTBot/1.4; +https://openai.com/gptbot)"
216.73.217.150 - - [29/Aug/2026:00:02:25 +0200] "GET /?edit=%2Fhome%2Farithmetic.fr%2F.htaccess HTTP/1.1" 200 85732 "-" "Mozilla/5.0 AppleWebKit/537.36 (KHTML, like Gecko; compatible; ClaudeBot/1.0; +claudebot@anthropic.com)"
74.7.242.57 - - [29/Aug/2026:00:02:25 +0200] "GET /?rename=%2Fusr%2Fsrc%2Flinux-headers-5.4.0-216%2Ftools%2Flaptop HTTP/1.1" 200 85320 "https://www.arithmetic.fr/?lph=%2Fusr%2Fsrc%2Flinux-headers-5.4.0-216%2Ftools" "Mozilla/5.0 AppleWebKit/537.36 (KHTML, like Gecko; compatible; GPTBot/1.4; +https://openai.com/gptbot)"
216.73.217.150 - - [29/Aug/2026:00:02:25 +0200] "GET /?chmod=%2Fhome%2Farithmetic.fr%2Freadme.html HTTP/1.1" 200 85209 "-" "Mozilla/5.0 AppleWebKit/537.36 (KHTML, like Gecko; compatible; ClaudeBot/1.0; +claudebot@anthropic.com)"
216.73.217.150 - - [29/Aug/2026:00:02:26 +0200] "GET /?chmod=%2Fhome%2Farithmetic.fr%2Fwp-blog-header.php HTTP/1.1" 200 85218 "-" "Mozilla/5.0 AppleWebKit/537.36 (KHTML, like Gecko; compatible; ClaudeBot/1.0; +claudebot@anthropic.com)"
74.7.242.57 - - [29/Aug/2026:00:02:26 +0200] "GET /?rename=%2Fusr%2Fsrc%2Flinux-headers-5.4.0-187%2Ftools%2Ftesting HTTP/1.1" 200 85305 "https://www.arithmetic.fr/?lph=%2Fusr%2Fsrc%2Flinux-headers-5.4.0-187%2Ftools" "Mozilla/5.0 AppleWebKit/537.36 (KHTML, like Gecko; compatible; GPTBot/1.4; +https://openai.com/gptbot)"
216.73.217.150 - - [29/Aug/2026:00:02:26 +0200] "GET /?edit=%2Fhome%2Farithmetic.fr%2Fwp-signup.php HTTP/1.1" 200 126940 "-" "Mozilla/5.0 AppleWebKit/537.36 (KHTML, like Gecko; compatible; ClaudeBot/1.0; +claudebot@anthropic.com)"
74.7.242.57 - - [29/Aug/2026:00:02:27 +0200] "GET /?rename=%2Fusr%2Fsrc%2Flinux-headers-5.4.0-187%2Ftools%2Fvirtio HTTP/1.1" 200 85307 "https://www.arithmetic.fr/?lph=%2Fusr%2Fsrc%2Flinux-headers-5.4.0-187%2Ftools" "Mozilla/5.0 AppleWebKit/537.36 (KHTML, like Gecko; compatible; GPTBot/1.4; +https://openai.com/gptbot)"
216.73.217.150 - - [29/Aug/2026:00:02:27 +0200] "GET /?edit=%2Fhome%2Farithmetic.fr%2Fcomposer.lock HTTP/1.1" 200 91386 "-" "Mozilla/5.0 AppleWebKit/537.36 (KHTML, like Gecko; compatible; ClaudeBot/1.0; +claudebot@anthropic.com)"
74.7.242.57 - - [29/Aug/2026:00:02:28 +0200] "GET /?rename=%2Fusr%2Fsrc%2Flinux-headers-5.4.0-187%2Fsound%2Fpcmcia HTTP/1.1" 200 85328 "https://www.arithmetic.fr/?lph=%2Fusr%2Fsrc%2Flinux-headers-5.4.0-187-generic%2Fsound" "Mozilla/5.0 AppleWebKit/537.36 (KHTML, like Gecko; compatible; GPTBot/1.4; +https://openai.com/gptbot)"
74.7.242.57 - - [29/Aug/2026:00:02:29 +0200] "GET /?rename=%2Fusr%2Fsrc%2Flinux-headers-5.4.0-216%2Fipc%2FMakefile HTTP/1.1" 200 85315 "https://www.arithmetic.fr/?lph=%2Fusr%2Fsrc%2Flinux-headers-5.4.0-216-generic%2Fipc" "Mozilla/5.0 AppleWebKit/537.36 (KHTML, like Gecko; compatible; GPTBot/1.4; +https://openai.com/gptbot)"
74.7.242.57 - - [29/Aug/2026:00:02:29 +0200] "GET /?rename=%2Fusr%2Fsrc%2Flinux-headers-5.4.0-187%2Fnet%2FMakefile HTTP/1.1" 200 85328 "https://www.arithmetic.fr/?lph=%2Fusr%2Fsrc%2Flinux-headers-5.4.0-187-generic%2Fnet" "Mozilla/5.0 AppleWebKit/537.36 (KHTML, like Gecko; compatible; GPTBot/1.4; +https://openai.com/gptbot)"
74.7.242.57 - - [29/Aug/2026:00:02:30 +0200] "GET /?lph=%2Fusr%2Fsrc%2Flinux-headers-5.4.0-216-generic%2Ftools%2Fpci HTTP/1.1" 200 144309 "https://www.arithmetic.fr/?lph=%2Fusr%2Fsrc%2Flinux-headers-5.4.0-216-generic%2Ftools" "Mozilla/5.0 AppleWebKit/537.36 (KHTML, like Gecko; compatible; GPTBot/1.4; +https://openai.com/gptbot)"
57.141.0.2 - - [29/Aug/2026:00:02:31 +0200] "GET /scommesse-non-aams-vantaggi-e-svantaggi-rispetto-a-adm-analisi-profonda/?lph=%2Fhome%2Farithmetic.fr%2Fwp-content HTTP/1.1" 200 129202 "-" "Mozilla/5.0 (X11; Linux x86_64) AppleWebKit/537.36 (KHTML, like Gecko) Chrome/145.0.0.0 Safari/537.36 (compatible; meta-externalagent/1.1 (+https://developers.facebook.com/docs/sharing/webmasters/crawler))"
74.7.242.57 - - [29/Aug/2026:00:02:31 +0200] "GET /?rename=%2Fusr%2Fsrc%2Flinux-headers-5.4.0-216%2Fnet%2Fbpfilter HTTP/1.1" 200 85328 "https://www.arithmetic.fr/?lph=%2Fusr%2Fsrc%2Flinux-headers-5.4.0-216-generic%2Fnet" "Mozilla/5.0 AppleWebKit/537.36 (KHTML, like Gecko; compatible; GPTBot/1.4; +https://openai.com/gptbot)"
74.7.242.57 - - [29/Aug/2026:00:02:32 +0200] "GET /?rename=%2Fusr%2Fsrc%2Flinux-headers-5.4.0-216%2Fcerts%2FKconfig HTTP/1.1" 200 85313 "https://www.arithmetic.fr/?lph=%2Fusr%2Fsrc%2Flinux-headers-5.4.0-216-generic%2Fcerts" "Mozilla/5.0 AppleWebKit/537.36 (KHTML, like Gecko; compatible; GPTBot/1.4; +https://openai.com/gptbot)"
66.249.70.165 - - [29/Aug/2026:00:02:33 +0200] "GET /discover-the-best-aussie-pokies-on-rainbet-for-maximum-fun/?rename=%2Fhome%2Farithmetic.fr%2Fwp-includes%2Fclass-wp-ajax-response.php HTTP/1.1" 200 59986 "-" "Mozilla/5.0 (Linux; Android 6.0.1; Nexus 5X Build/MMB29P) AppleWebKit/537.36 (KHTML, like Gecko) Chrome/151.0.7922.173 Mobile Safari/537.36 (compatible; GoogleOther)"
74.7.242.57 - - [29/Aug/2026:00:02:33 +0200] "GET /?rename=%2Fusr%2Fsrc%2Flinux-headers-5.4.0-216%2Ftools%2Fpcmcia HTTP/1.1" 200 85307 "https://www.arithmetic.fr/?lph=%2Fusr%2Fsrc%2Flinux-headers-5.4.0-216%2Ftools" "Mozilla/5.0 AppleWebKit/537.36 (KHTML, like Gecko; compatible; GPTBot/1.4; +https://openai.com/gptbot)"
74.7.242.57 - - [29/Aug/2026:00:02:34 +0200] "GET /?lph=%2Fusr%2Fsrc%2Flinux-headers-5.4.0-216-generic%2Ftools%2Fgpio HTTP/1.1" 200 142950 "https://www.arithmetic.fr/?lph=%2Fusr%2Fsrc%2Flinux-headers-5.4.0-216-generic%2Ftools" "Mozilla/5.0 AppleWebKit/537.36 (KHTML, like Gecko; compatible; GPTBot/1.4; +https://openai.com/gptbot)"
74.7.242.57 - - [29/Aug/2026:00:02:34 +0200] "GET /?lph=%2Fusr%2Fsrc%2Flinux-headers-5.4.0-187-generic%2Farch%2Fmips HTTP/1.1" 200 209473 "https://www.arithmetic.fr/?lph=%2Fusr%2Fsrc%2Flinux-headers-5.4.0-187-generic%2Farch" "Mozilla/5.0 AppleWebKit/537.36 (KHTML, like Gecko; compatible; GPTBot/1.4; +https://openai.com/gptbot)"
74.7.242.57 - - [29/Aug/2026:00:02:35 +0200] "GET /?rename=%2Fusr%2Fsrc%2Flinux-headers-5.4.0-216%2Ftools%2Fobjtool HTTP/1.1" 200 85318 "https://www.arithmetic.fr/?lph=%2Fusr%2Fsrc%2Flinux-headers-5.4.0-216%2Ftools" "Mozilla/5.0 AppleWebKit/537.36 (KHTML, like Gecko; compatible; GPTBot/1.4; +https://openai.com/gptbot)"
216.73.217.150 - - [29/Aug/2026:00:02:35 +0200] "GET /?rename=%2Fhome%2Farithmetic.fr%2Fwp-load.php HTTP/1.1" 200 85177 "-" "Mozilla/5.0 AppleWebKit/537.36 (KHTML, like Gecko; compatible; ClaudeBot/1.0; +claudebot@anthropic.com)"
216.73.217.150 - - [29/Aug/2026:00:02:36 +0200] "GET /?chmod=%2Fhome%2Farithmetic.fr%2Fwp-content HTTP/1.1" 200 85202 "-" "Mozilla/5.0 AppleWebKit/537.36 (KHTML, like Gecko; compatible; ClaudeBot/1.0; +claudebot@anthropic.com)"
74.7.242.57 - - [29/Aug/2026:00:02:36 +0200] "GET /?rename=%2Fusr%2Fsrc%2Flinux-headers-5.4.0-216%2Finit%2FKconfig HTTP/1.1" 200 85315 "https://www.arithmetic.fr/?lph=%2Fusr%2Fsrc%2Flinux-headers-5.4.0-216-generic%2Finit" "Mozilla/5.0 AppleWebKit/537.36 (KHTML, like Gecko; compatible; GPTBot/1.4; +https://openai.com/gptbot)"
66.249.70.166 - - [29/Aug/2026:00:02:36 +0200] "GET /wp-content/plugins/newsletter/style.css HTTP/1.1" 200 1470 "https://www.arithmetic.fr/discover-the-best-aussie-pokies-on-rainbet-for-maximum-fun/?rename=%2Fhome%2Farithmetic.fr%2Fwp-includes%2Fclass-wp-ajax-response.php" "Mozilla/5.0 (Linux; Android 6.0.1; Nexus 5X Build/MMB29P) AppleWebKit/537.36 (KHTML, like Gecko) Chrome/151.0.7922.173 Mobile Safari/537.36 (compatible; GoogleOther)"
216.73.217.150 - - [29/Aug/2026:00:02:37 +0200] "GET /?rename=%2Fhome%2Farithmetic.fr%2F.wp-cli HTTP/1.1" 200 85165 "-" "Mozilla/5.0 AppleWebKit/537.36 (KHTML, like Gecko; compatible; ClaudeBot/1.0; +claudebot@anthropic.com)"
57.141.0.37 - - [29/Aug/2026:00:02:37 +0200] "GET /hugo-casino-hurtige-gevinster-og-highintensity-slo/?edit=%2Fhome%2Farithmetic.fr%2Flicense.txt HTTP/1.1" 200 80074 "-" "Mozilla/5.0 (Windows NT 10.0; Win64; x64) AppleWebKit/537.36 (KHTML, like Gecko) Chrome/145.0.0.0 Safari/537.36 (compatible; meta-externalagent/1.1 (+https://developers.facebook.com/docs/sharing/webmasters/crawler))"
74.7.242.57 - - [29/Aug/2026:00:02:37 +0200] "GET /?rename=%2Fusr%2Fsrc%2Flinux-headers-5.4.0-216%2Farch%2FKconfig HTTP/1.1" 200 85320 "https://www.arithmetic.fr/?lph=%2Fusr%2Fsrc%2Flinux-headers-5.4.0-216%2Farch" "Mozilla/5.0 AppleWebKit/537.36 (KHTML, like Gecko; compatible; GPTBot/1.4; +https://openai.com/gptbot)"
216.73.217.150 - - [29/Aug/2026:00:02:37 +0200] "GET /?lph=%2Fhome%2Farithmetic.fr%2Fwp-includes HTTP/1.1" 200 533433 "-" "Mozilla/5.0 AppleWebKit/537.36 (KHTML, like Gecko; compatible; ClaudeBot/1.0; +claudebot@anthropic.com)"
74.7.242.57 - - [29/Aug/2026:00:02:38 +0200] "GET /?rename=%2Fusr%2Fsrc%2Flinux-headers-5.4.0-187%2Finit%2FMakefile HTTP/1.1" 200 85331 "https://www.arithmetic.fr/?lph=%2Fusr%2Fsrc%2Flinux-headers-5.4.0-187-generic%2Finit" "Mozilla/5.0 AppleWebKit/537.36 (KHTML, like Gecko; compatible; GPTBot/1.4; +https://openai.com/gptbot)"
216.73.217.150 - - [29/Aug/2026:00:02:38 +0200] "GET /?edit=%2Fhome%2Farithmetic.fr%2Fwp-links-opml.php HTTP/1.1" 200 88292 "-" "Mozilla/5.0 AppleWebKit/537.36 (KHTML, like Gecko; compatible; ClaudeBot/1.0; +claudebot@anthropic.com)"
216.73.217.150 - - [29/Aug/2026:00:02:39 +0200] "GET /?rename=%2Fhome%2Farithmetic.fr%2Fwp-config-sample.php HTTP/1.1" 200 85217 "-" "Mozilla/5.0 AppleWebKit/537.36 (KHTML, like Gecko; compatible; ClaudeBot/1.0; +claudebot@anthropic.com)"
74.7.242.57 - - [29/Aug/2026:00:02:39 +0200] "GET /?chmod=%2Fusr%2Fsrc%2Flinux-headers-5.4.0-187%2Fsound%2Ffirewire HTTP/1.1" 200 85351 "https://www.arithmetic.fr/?lph=%2Fusr%2Fsrc%2Flinux-headers-5.4.0-187-generic%2Fsound" "Mozilla/5.0 AppleWebKit/537.36 (KHTML, like Gecko; compatible; GPTBot/1.4; +https://openai.com/gptbot)"
216.73.217.150 - - [29/Aug/2026:00:02:39 +0200] "GET /?chmod=%2Fhome%2Farithmetic.fr%2F.htaccess HTTP/1.1" 200 85218 "-" "Mozilla/5.0 AppleWebKit/537.36 (KHTML, like Gecko; compatible; ClaudeBot/1.0; +claudebot@anthropic.com)"
74.7.242.57 - - [29/Aug/2026:00:02:40 +0200] "GET /?rename=%2Fusr%2Fsrc%2Flinux-headers-5.4.0-187%2Fnet%2Fbpfilter HTTP/1.1" 200 85310 "https://www.arithmetic.fr/?lph=%2Fusr%2Fsrc%2Flinux-headers-5.4.0-187-generic%2Fnet" "Mozilla/5.0 AppleWebKit/537.36 (KHTML, like Gecko; compatible; GPTBot/1.4; +https://openai.com/gptbot)"
74.7.242.57 - - [29/Aug/2026:00:02:41 +0200] "GET /?rename=%2Fusr%2Fsrc%2Flinux-headers-5.4.0-187%2Ftools%2Fscripts HTTP/1.1" 200 85305 "https://www.arithmetic.fr/?lph=%2Fusr%2Fsrc%2Flinux-headers-5.4.0-187%2Ftools" "Mozilla/5.0 AppleWebKit/537.36 (KHTML, like Gecko; compatible; GPTBot/1.4; +https://openai.com/gptbot)"
216.73.217.150 - - [29/Aug/2026:00:02:41 +0200] "GET /?chmod=%2Fhome%2Farithmetic.fr%2Fwp-signup.php HTTP/1.1" 200 85213 "-" "Mozilla/5.0 AppleWebKit/537.36 (KHTML, like Gecko; compatible; ClaudeBot/1.0; +claudebot@anthropic.com)"
74.7.242.57 - - [29/Aug/2026:00:02:41 +0200] "GET /?lph=%2Fusr%2Fsrc%2Flinux-headers-5.4.0-216%2Ftools%2Fmemory-model HTTP/1.1" 200 142885 "https://www.arithmetic.fr/?lph=%2Fusr%2Fsrc%2Flinux-headers-5.4.0-216-generic%2Ftools%2Fmemory-model" "Mozilla/5.0 AppleWebKit/537.36 (KHTML, like Gecko; compatible; GPTBot/1.4; +https://openai.com/gptbot)"
216.73.217.150 - - [29/Aug/2026:00:02:42 +0200] "GET /?rename=%2Fhome%2Farithmetic.fr%2Fwp-activate.php HTTP/1.1" 200 85202 "-" "Mozilla/5.0 AppleWebKit/537.36 (KHTML, like Gecko; compatible; ClaudeBot/1.0; +claudebot@anthropic.com)"
74.7.242.57 - - [29/Aug/2026:00:02:42 +0200] "GET /?edit=%2Fusr%2Fsrc%2Flinux-headers-5.4.0-216%2Ftools%2FMakefile HTTP/1.1" 200 91969 "https://www.arithmetic.fr/?lph=%2Fusr%2Fsrc%2Flinux-headers-5.4.0-216%2Ftools" "Mozilla/5.0 AppleWebKit/537.36 (KHTML, like Gecko; compatible; GPTBot/1.4; +https://openai.com/gptbot)"
216.73.217.150 - - [29/Aug/2026:00:02:42 +0200] "GET /?chmod=%2Fhome%2Farithmetic.fr%2Fcomposer.lock HTTP/1.1" 200 85213 "-" "Mozilla/5.0 AppleWebKit/537.36 (KHTML, like Gecko; compatible; ClaudeBot/1.0; +claudebot@anthropic.com)"
216.73.217.150 - - [29/Aug/2026:00:02:43 +0200] "GET /?chmod=%2Fhome%2Farithmetic.fr%2F.local HTTP/1.1" 200 85212 "-" "Mozilla/5.0 AppleWebKit/537.36 (KHTML, like Gecko; compatible; ClaudeBot/1.0; +claudebot@anthropic.com)"
74.7.242.57 - - [29/Aug/2026:00:02:43 +0200] "GET /?rename=%2Fusr%2Fsrc%2Flinux-headers-5.4.0-216%2Ffs%2Fhugetlbfs HTTP/1.1" 200 85328 "https://www.arithmetic.fr/?lph=%2Fusr%2Fsrc%2Flinux-headers-5.4.0-216-generic%2Ffs" "Mozilla/5.0 AppleWebKit/537.36 (KHTML, like Gecko; compatible; GPTBot/1.4; +https://openai.com/gptbot)"
216.73.217.150 - - [29/Aug/2026:00:02:43 +0200] "GET /?edit=%2Fhome%2Farithmetic.fr%2F.profile HTTP/1.1" 200 86111 "-" "Mozilla/5.0 AppleWebKit/537.36 (KHTML, like Gecko; compatible; ClaudeBot/1.0; +claudebot@anthropic.com)"
74.7.242.57 - - [29/Aug/2026:00:02:44 +0200] "GET /?lph=%2Fusr%2Fsrc%2Flinux-headers-5.4.0-187-generic%2Ftools%2Fleds HTTP/1.1" 200 144407 "https://www.arithmetic.fr/?lph=%2Fusr%2Fsrc%2Flinux-headers-5.4.0-187-generic%2Ftools" "Mozilla/5.0 AppleWebKit/537.36 (KHTML, like Gecko; compatible; GPTBot/1.4; +https://openai.com/gptbot)"
216.73.217.150 - - [29/Aug/2026:00:02:44 +0200] "GET /?chmod=%2Fhome%2Farithmetic.fr%2Fwp-links-opml.php HTTP/1.1" 200 85234 "-" "Mozilla/5.0 AppleWebKit/537.36 (KHTML, like Gecko; compatible; ClaudeBot/1.0; +claudebot@anthropic.com)"
74.7.242.57 - - [29/Aug/2026:00:02:45 +0200] "GET /?rename=%2Fusr%2Fsrc%2Flinux-headers-5.4.0-216%2Fsound%2FKconfig HTTP/1.1" 200 85313 "https://www.arithmetic.fr/?lph=%2Fusr%2Fsrc%2Flinux-headers-5.4.0-216-generic%2Fsound" "Mozilla/5.0 AppleWebKit/537.36 (KHTML, like Gecko; compatible; GPTBot/1.4; +https://openai.com/gptbot)"
216.73.217.150 - - [29/Aug/2026:00:02:45 +0200] "GET /?lph=%2Fhome%2Farithmetic.fr%2Fbackups HTTP/1.1" 200 142758 "-" "Mozilla/5.0 AppleWebKit/537.36 (KHTML, like Gecko; compatible; ClaudeBot/1.0; +claudebot@anthropic.com)"
74.7.242.57 - - [29/Aug/2026:00:02:46 +0200] "GET /?rename=%2Fusr%2Fsrc%2Flinux-headers-5.4.0-187%2Fnet%2Fappletalk HTTP/1.1" 200 85331 "https://www.arithmetic.fr/?lph=%2Fusr%2Fsrc%2Flinux-headers-5.4.0-187-generic%2Fnet" "Mozilla/5.0 AppleWebKit/537.36 (KHTML, like Gecko; compatible; GPTBot/1.4; +https://openai.com/gptbot)"
66.249.70.165 - - [29/Aug/2026:00:02:46 +0200] "GET /sakerhet-och-anvandbarhet-i-utlandska-casinon-med-bankid/?chmod=%2Fhome%2Farithmetic.fr%2Fwp-mail.php HTTP/1.1" 200 59943 "-" "Mozilla/5.0 (Linux; Android 6.0.1; Nexus 5X Build/MMB29P) AppleWebKit/537.36 (KHTML, like Gecko) Chrome/151.0.7922.173 Mobile Safari/537.36 (compatible; GoogleOther)"
74.7.242.57 - - [29/Aug/2026:00:02:46 +0200] "GET /?rename=%2Fusr%2Fsrc%2Flinux-headers-5.4.0-187%2Fnet%2Fbluetooth HTTP/1.1" 200 85318 "https://www.arithmetic.fr/?lph=%2Fusr%2Fsrc%2Flinux-headers-5.4.0-187-generic%2Fnet" "Mozilla/5.0 AppleWebKit/537.36 (KHTML, like Gecko; compatible; GPTBot/1.4; +https://openai.com/gptbot)"
74.7.242.57 - - [29/Aug/2026:00:02:47 +0200] "GET /?edit=%2Fusr%2Fsrc%2Flinux-headers-5.4.0-216%2Fsound%2FMakefile HTTP/1.1" 200 85948 "https://www.arithmetic.fr/?lph=%2Fusr%2Fsrc%2Flinux-headers-5.4.0-216-generic%2Fsound" "Mozilla/5.0 AppleWebKit/537.36 (KHTML, like Gecko; compatible; GPTBot/1.4; +https://openai.com/gptbot)"
74.7.242.57 - - [29/Aug/2026:00:02:48 +0200] "GET /?lph=%2Fusr%2Fsrc%2Flinux-headers-5.4.0-216%2Ftools%2Faccounting HTTP/1.1" 200 142985 "https://www.arithmetic.fr/?lph=%2Fusr%2Fsrc%2Flinux-headers-5.4.0-216%2Ftools" "Mozilla/5.0 AppleWebKit/537.36 (KHTML, like Gecko; compatible; GPTBot/1.4; +https://openai.com/gptbot)"
66.249.70.165 - - [29/Aug/2026:00:02:48 +0200] "GET /wp-content/plugins/newsletter/style.css HTTP/1.1" 200 1470 "https://www.arithmetic.fr/sakerhet-och-anvandbarhet-i-utlandska-casinon-med-bankid/?chmod=%2Fhome%2Farithmetic.fr%2Fwp-mail.php" "Mozilla/5.0 (Linux; Android 6.0.1; Nexus 5X Build/MMB29P) AppleWebKit/537.36 (KHTML, like Gecko) Chrome/151.0.7922.173 Mobile Safari/537.36 (compatible; GoogleOther)"
74.7.242.57 - - [29/Aug/2026:00:02:49 +0200] "GET /?rename=%2Fusr%2Fsrc%2Flinux-headers-5.4.0-216%2Ftools%2Fio_uring HTTP/1.1" 200 85313 "https://www.arithmetic.fr/?lph=%2Fusr%2Fsrc%2Flinux-headers-5.4.0-216%2Ftools" "Mozilla/5.0 AppleWebKit/537.36 (KHTML, like Gecko; compatible; GPTBot/1.4; +https://openai.com/gptbot)"
74.7.242.57 - - [29/Aug/2026:00:02:50 +0200] "GET /?chmod=%2Fusr%2Fsrc%2Flinux-headers-5.4.0-187-generic%2Farch%2Fum HTTP/1.1" 200 85352 "https://www.arithmetic.fr/?lph=%2Fusr%2Fsrc%2Flinux-headers-5.4.0-187-generic%2Farch" "Mozilla/5.0 AppleWebKit/537.36 (KHTML, like Gecko; compatible; GPTBot/1.4; +https://openai.com/gptbot)"
216.73.217.150 - - [29/Aug/2026:00:02:50 +0200] "GET /?chmod=%2Fhome%2Farithmetic.fr%2F.profile HTTP/1.1" 200 85203 "-" "Mozilla/5.0 AppleWebKit/537.36 (KHTML, like Gecko; compatible; ClaudeBot/1.0; +claudebot@anthropic.com)"
74.7.242.57 - - [29/Aug/2026:00:02:51 +0200] "GET /?lph=%2Fusr%2Fsrc%2Flinux-headers-5.4.0-187-generic%2Ftools%2Fiio HTTP/1.1" 200 142941 "https://www.arithmetic.fr/?lph=%2Fusr%2Fsrc%2Flinux-headers-5.4.0-187-generic%2Ftools" "Mozilla/5.0 AppleWebKit/537.36 (KHTML, like Gecko; compatible; GPTBot/1.4; +https://openai.com/gptbot)"
216.73.217.150 - - [29/Aug/2026:00:02:51 +0200] "GET /?chmod=%2Fhome%2Farithmetic.fr%2F.config HTTP/1.1" 200 85214 "-" "Mozilla/5.0 AppleWebKit/537.36 (KHTML, like Gecko; compatible; ClaudeBot/1.0; +claudebot@anthropic.com)"
74.7.242.57 - - [29/Aug/2026:00:02:51 +0200] "GET /?lph=%2Fusr%2Fsrc%2Flinux-headers-5.4.0-216-generic%2Ftools%2Fnfsd HTTP/1.1" 200 142977 "https://www.arithmetic.fr/?lph=%2Fusr%2Fsrc%2Flinux-headers-5.4.0-216-generic%2Ftools" "Mozilla/5.0 AppleWebKit/537.36 (KHTML, like Gecko; compatible; GPTBot/1.4; +https://openai.com/gptbot)"
216.73.217.150 - - [29/Aug/2026:00:02:52 +0200] "GET /?rename=%2Fhome%2Farithmetic.fr%2Fwp-settings.php HTTP/1.1" 200 85202 "-" "Mozilla/5.0 AppleWebKit/537.36 (KHTML, like Gecko; compatible; ClaudeBot/1.0; +claudebot@anthropic.com)"
74.7.242.57 - - [29/Aug/2026:00:02:52 +0200] "GET /?lph=%2Fusr%2Fsrc%2Flinux-headers-5.4.0-216-generic%2Ftools%2Fhv HTTP/1.1" 200 147213 "https://www.arithmetic.fr/?lph=%2Fusr%2Fsrc%2Flinux-headers-5.4.0-216-generic%2Ftools" "Mozilla/5.0 AppleWebKit/537.36 (KHTML, like Gecko; compatible; GPTBot/1.4; +https://openai.com/gptbot)"
216.73.217.150 - - [29/Aug/2026:00:02:52 +0200] "GET /?rename=%2Fhome%2Farithmetic.fr%2Fwp-trackback.php HTTP/1.1" 200 85205 "-" "Mozilla/5.0 AppleWebKit/537.36 (KHTML, like Gecko; compatible; ClaudeBot/1.0; +claudebot@anthropic.com)"
216.73.217.150 - - [29/Aug/2026:00:02:53 +0200] "GET /?rename=%2Fhome%2Farithmetic.fr%2F.bashrc HTTP/1.1" 200 85165 "-" "Mozilla/5.0 AppleWebKit/537.36 (KHTML, like Gecko; compatible; ClaudeBot/1.0; +claudebot@anthropic.com)"
74.7.242.57 - - [29/Aug/2026:00:02:53 +0200] "GET /?chmod=%2Fusr%2Fsrc%2Flinux-headers-5.4.0-216%2Fnet%2Fswitchdev HTTP/1.1" 200 85352 "https://www.arithmetic.fr/?lph=%2Fusr%2Fsrc%2Flinux-headers-5.4.0-216-generic%2Fnet" "Mozilla/5.0 AppleWebKit/537.36 (KHTML, like Gecko; compatible; GPTBot/1.4; +https://openai.com/gptbot)"
216.73.217.150 - - [29/Aug/2026:00:02:53 +0200] "GET /?rename=%2Fhome%2Farithmetic.fr%2Fphp-parallel-lint HTTP/1.1" 200 85203 "-" "Mozilla/5.0 AppleWebKit/537.36 (KHTML, like Gecko; compatible; ClaudeBot/1.0; +claudebot@anthropic.com)"
74.7.242.57 - - [29/Aug/2026:00:02:54 +0200] "GET /?lph=%2Fusr%2Fsrc%2Flinux-headers-5.4.0-216-generic%2Ftools%2Ftime HTTP/1.1" 200 142969 "https://www.arithmetic.fr/?lph=%2Fusr%2Fsrc%2Flinux-headers-5.4.0-216-generic%2Ftools" "Mozilla/5.0 AppleWebKit/537.36 (KHTML, like Gecko; compatible; GPTBot/1.4; +https://openai.com/gptbot)"
216.73.217.150 - - [29/Aug/2026:00:02:54 +0200] "GET /?rename=%2Fhome%2Farithmetic.fr%2F.ssh HTTP/1.1" 200 85169 "-" "Mozilla/5.0 AppleWebKit/537.36 (KHTML, like Gecko; compatible; ClaudeBot/1.0; +claudebot@anthropic.com)"
74.7.242.57 - - [29/Aug/2026:00:02:55 +0200] "GET /?chmod=%2Fusr%2Fsrc%2Flinux-headers-5.4.0-216%2Fnet%2Fbluetooth HTTP/1.1" 200 85347 "https://www.arithmetic.fr/?lph=%2Fusr%2Fsrc%2Flinux-headers-5.4.0-216-generic%2Fnet" "Mozilla/5.0 AppleWebKit/537.36 (KHTML, like Gecko; compatible; GPTBot/1.4; +https://openai.com/gptbot)"
74.7.242.57 - - [29/Aug/2026:00:02:55 +0200] "GET /?rename=%2Fusr%2Fsrc%2Flinux-headers-5.4.0-187%2Fnet%2Fbatman-adv HTTP/1.1" 200 85334 "https://www.arithmetic.fr/?lph=%2Fusr%2Fsrc%2Flinux-headers-5.4.0-187-generic%2Fnet" "Mozilla/5.0 AppleWebKit/537.36 (KHTML, like Gecko; compatible; GPTBot/1.4; +https://openai.com/gptbot)"
74.7.242.57 - - [29/Aug/2026:00:02:56 +0200] "GET /?rename=%2Fusr%2Fsrc%2Flinux-headers-5.4.0-216%2Ftools%2Fcgroup HTTP/1.1" 200 85320 "https://www.arithmetic.fr/?lph=%2Fusr%2Fsrc%2Flinux-headers-5.4.0-216%2Ftools" "Mozilla/5.0 AppleWebKit/537.36 (KHTML, like Gecko; compatible; GPTBot/1.4; +https://openai.com/gptbot)"
66.249.70.166 - - [29/Aug/2026:00:02:57 +0200] "GET /discover-the-best-aussie-pokies-on-rainbet-for-maximum-fun/?rename=%2Fdev%2Ftty3 HTTP/1.1" 200 59858 "-" "Mozilla/5.0 (Linux; Android 6.0.1; Nexus 5X Build/MMB29P) AppleWebKit/537.36 (KHTML, like Gecko) Chrome/151.0.7922.173 Mobile Safari/537.36 (compatible; GoogleOther)"
74.7.242.57 - - [29/Aug/2026:00:02:57 +0200] "GET /?lph=%2Fusr%2Fsrc%2Flinux-headers-5.4.0-216-generic%2Ftools%2Fperf HTTP/1.1" 200 160037 "https://www.arithmetic.fr/?lph=%2Fusr%2Fsrc%2Flinux-headers-5.4.0-216-generic%2Ftools" "Mozilla/5.0 AppleWebKit/537.36 (KHTML, like Gecko; compatible; GPTBot/1.4; +https://openai.com/gptbot)"
74.7.242.57 - - [29/Aug/2026:00:02:58 +0200] "GET /?chmod=%2Fusr%2Fsrc%2Flinux-headers-5.4.0-187%2Fubuntu%2Finclude HTTP/1.1" 200 85357 "https://www.arithmetic.fr/?lph=%2Fusr%2Fsrc%2Flinux-headers-5.4.0-187-generic%2Fubuntu" "Mozilla/5.0 AppleWebKit/537.36 (KHTML, like Gecko; compatible; GPTBot/1.4; +https://openai.com/gptbot)"
52.167.144.139 - - [29/Aug/2026:00:02:58 +0200] "GET /x-10/?rename=%2Fhome%2Farithmetic.fr%2Fwp-includes%2Fclass-wp-object-cache.php HTTP/1.1" 200 75308 "-" "Mozilla/5.0 AppleWebKit/537.36 (KHTML, like Gecko; compatible; bingbot/2.0; +http://www.bing.com/bingbot.htm) Chrome/116.0.1938.76 Safari/537.36"
74.7.242.57 - - [29/Aug/2026:00:02:59 +0200] "GET /?chmod=%2Fusr%2Fsrc%2Flinux-headers-5.4.0-216%2Ftools%2Fobjtool HTTP/1.1" 200 85346 "https://www.arithmetic.fr/?lph=%2Fusr%2Fsrc%2Flinux-headers-5.4.0-216%2Ftools" "Mozilla/5.0 AppleWebKit/537.36 (KHTML, like Gecko; compatible; GPTBot/1.4; +https://openai.com/gptbot)"
52.167.144.139 - - [29/Aug/2026:00:02:59 +0200] "GET /x-10/?rename=%2Fhome%2Farithmetic.fr%2Fwp-settings.php HTTP/1.1" 200 75249 "-" "Mozilla/5.0 AppleWebKit/537.36 (KHTML, like Gecko; compatible; bingbot/2.0; +http://www.bing.com/bingbot.htm) Chrome/116.0.1938.76 Safari/537.36"
74.7.242.57 - - [29/Aug/2026:00:02:59 +0200] "GET /?chmod=%2Fusr%2Fsrc%2Flinux-headers-5.4.0-187%2Ftools%2Fthermal HTTP/1.1" 200 85341 "https://www.arithmetic.fr/?lph=%2Fusr%2Fsrc%2Flinux-headers-5.4.0-187%2Ftools" "Mozilla/5.0 AppleWebKit/537.36 (KHTML, like Gecko; compatible; GPTBot/1.4; +https://openai.com/gptbot)"
74.7.242.57 - - [29/Aug/2026:00:03:00 +0200] "GET /?rename=%2Fusr%2Fsrc%2Flinux-headers-5.4.0-187%2Ffs%2Fnfs_common HTTP/1.1" 200 85331 "https://www.arithmetic.fr/?lph=%2Fusr%2Fsrc%2Flinux-headers-5.4.0-187-generic%2Ffs" "Mozilla/5.0 AppleWebKit/537.36 (KHTML, like Gecko; compatible; GPTBot/1.4; +https://openai.com/gptbot)"
74.7.242.57 - - [29/Aug/2026:00:03:01 +0200] "GET /?lph=%2Fusr%2Fsrc%2Flinux-headers-5.4.0-187%2Fnet%2Fdns_resolver HTTP/1.1" 200 144367 "https://www.arithmetic.fr/?lph=%2Fusr%2Fsrc%2Flinux-headers-5.4.0-187-generic%2Fnet" "Mozilla/5.0 AppleWebKit/537.36 (KHTML, like Gecko; compatible; GPTBot/1.4; +https://openai.com/gptbot)"
74.7.242.57 - - [29/Aug/2026:00:03:02 +0200] "GET /?lph=%2Fusr%2Fsrc%2Flinux-headers-5.4.0-216%2Farch%2Fmicroblaze HTTP/1.1" 200 155861 "https://www.arithmetic.fr/?lph=%2Fusr%2Fsrc%2Flinux-headers-5.4.0-216%2Farch" "Mozilla/5.0 AppleWebKit/537.36 (KHTML, like Gecko; compatible; GPTBot/1.4; +https://openai.com/gptbot)"
207.46.13.107 - - [29/Aug/2026:00:03:02 +0200] "GET /x-10/?edit=%2Fhome%2Farithmetic.fr%2Fwp-links-opml.php HTTP/1.1" 200 78346 "-" "Mozilla/5.0 AppleWebKit/537.36 (KHTML, like Gecko; compatible; bingbot/2.0; +http://www.bing.com/bingbot.htm) Chrome/116.0.1938.76 Safari/537.36"
74.7.242.57 - - [29/Aug/2026:00:03:03 +0200] "GET /?chmod=%2Fhome%2Farithmetic.fr%2Fwp-content%2Fthemes%2Fstabapp%2Fredux-framework%2FReduxCore%2Fassets%2Fjs%2Fvendor%2Fjquery.serializeForm.js HTTP/1.1" 200 85577 "https://www.arithmetic.fr/?lph=%2Fhome%2Farithmetic.fr%2Fwp-content%2Fthemes%2Fstabapp%2Fredux-framework%2FReduxCore%2Fassets%2Fjs%2Fvendor" "Mozilla/5.0 AppleWebKit/537.36 (KHTML, like Gecko; compatible; GPTBot/1.4; +https://openai.com/gptbot)"
74.7.242.57 - - [29/Aug/2026:00:03:04 +0200] "GET /?lph=%2Fusr%2Fsrc%2Flinux-headers-5.4.0-216%2FDocumentation%2Farm64 HTTP/1.1" 200 143080 "https://www.arithmetic.fr/?lph=%2Fusr%2Fsrc%2Flinux-headers-5.4.0-216-generic%2FDocumentation" "Mozilla/5.0 AppleWebKit/537.36 (KHTML, like Gecko; compatible; GPTBot/1.4; +https://openai.com/gptbot)"
74.7.242.57 - - [29/Aug/2026:00:03:05 +0200] "GET /?rename=%2Fusr%2Fsrc%2Flinux-headers-5.4.0-216%2Fnet%2Fstrparser HTTP/1.1" 200 85331 "https://www.arithmetic.fr/?lph=%2Fusr%2Fsrc%2Flinux-headers-5.4.0-216-generic%2Fnet" "Mozilla/5.0 AppleWebKit/537.36 (KHTML, like Gecko; compatible; GPTBot/1.4; +https://openai.com/gptbot)"
74.7.242.57 - - [29/Aug/2026:00:03:05 +0200] "GET /?lph=%2Fusr%2Fsrc%2Flinux-headers-5.4.0-216%2Farch%2Farm%2Fmach-pxa%2Finclude HTTP/1.1" 200 143083 "https://www.arithmetic.fr/?lph=%2Fusr%2Fsrc%2Flinux-headers-5.4.0-216%2Farch%2Farm%2Fmach-pxa" "Mozilla/5.0 AppleWebKit/537.36 (KHTML, like Gecko; compatible; GPTBot/1.4; +https://openai.com/gptbot)"
74.7.242.57 - - [29/Aug/2026:00:03:06 +0200] "GET /?lph=%2Fusr%2Fsrc%2Flinux-headers-5.4.0-216%2Farch%2Farm%2Fmach-rpc%2Finclude HTTP/1.1" 200 143084 "https://www.arithmetic.fr/?lph=%2Fusr%2Fsrc%2Flinux-headers-5.4.0-216%2Farch%2Farm%2Fmach-rpc" "Mozilla/5.0 AppleWebKit/537.36 (KHTML, like Gecko; compatible; GPTBot/1.4; +https://openai.com/gptbot)"
74.7.242.57 - - [29/Aug/2026:00:03:07 +0200] "GET /?lph=%2Fusr%2Fsrc%2Flinux-headers-5.4.0-216%2Farch%2Farm%2Fmach-imx%2Fdevices HTTP/1.1" 200 144730 "https://www.arithmetic.fr/?lph=%2Fusr%2Fsrc%2Flinux-headers-5.4.0-216%2Farch%2Farm%2Fmach-imx" "Mozilla/5.0 AppleWebKit/537.36 (KHTML, like Gecko; compatible; GPTBot/1.4; +https://openai.com/gptbot)"
