216.73.216.102 - - [29/Aug/2026:01:06:37 +0200] "GET /?edit=%2Fusr%2Fbin%2Fpasswd HTTP/1.1" 200 180756 "-" "Mozilla/5.0 AppleWebKit/537.36 (KHTML, like Gecko; compatible; ClaudeBot/1.0; +claudebot@anthropic.com)"
74.7.242.57 - - [29/Aug/2026:01:06:38 +0200] "GET /?edit=%2Fusr%2Fsrc%2Flinux-headers-5.4.0-187%2Finclude%2Flinux%2Fnode.h HTTP/1.1" 200 90294 "https://www.arithmetic.fr/?lph=%2Fusr%2Fsrc%2Flinux-headers-5.4.0-187%2Finclude%2Flinux" "Mozilla/5.0 AppleWebKit/537.36 (KHTML, like Gecko; compatible; GPTBot/1.4; +https://openai.com/gptbot)"
216.73.216.102 - - [29/Aug/2026:01:06:38 +0200] "GET /?edit=%2Fdev%2Fvport2p1 HTTP/1.1" 200 85167 "-" "Mozilla/5.0 AppleWebKit/537.36 (KHTML, like Gecko; compatible; ClaudeBot/1.0; +claudebot@anthropic.com)"
216.73.216.102 - - [29/Aug/2026:01:06:39 +0200] "GET /?edit=%2Fusr%2Fbin%2Fpkmon HTTP/1.1" 200 112312 "-" "Mozilla/5.0 AppleWebKit/537.36 (KHTML, like Gecko; compatible; ClaudeBot/1.0; +claudebot@anthropic.com)"
74.7.242.57 - - [29/Aug/2026:01:06:39 +0200] "GET /?edit=%2Fusr%2Fsrc%2Flinux-headers-5.4.0-187%2Finclude%2Flinux%2Ffscache-cache.h HTTP/1.1" 200 104760 "https://www.arithmetic.fr/?lph=%2Fusr%2Fsrc%2Flinux-headers-5.4.0-187%2Finclude%2Flinux" "Mozilla/5.0 AppleWebKit/537.36 (KHTML, like Gecko; compatible; GPTBot/1.4; +https://openai.com/gptbot)"
216.73.216.102 - - [29/Aug/2026:01:06:39 +0200] "GET /?chmod=%2Fusr%2Fsbin%2Flvdisplay HTTP/1.1" 200 85185 "-" "Mozilla/5.0 AppleWebKit/537.36 (KHTML, like Gecko; compatible; ClaudeBot/1.0; +claudebot@anthropic.com)"
74.7.242.57 - - [29/Aug/2026:01:06:40 +0200] "GET /?rename=%2Fusr%2Fsrc%2Flinux-headers-5.4.0-187%2Finclude%2Flinux%2Fdns_resolver.h HTTP/1.1" 200 85361 "https://www.arithmetic.fr/?lph=%2Fusr%2Fsrc%2Flinux-headers-5.4.0-187%2Finclude%2Flinux" "Mozilla/5.0 AppleWebKit/537.36 (KHTML, like Gecko; compatible; GPTBot/1.4; +https://openai.com/gptbot)"
216.73.216.102 - - [29/Aug/2026:01:06:40 +0200] "GET /?edit=%2Fusr%2Fbin%2Fsg_modes HTTP/1.1" 200 143375 "-" "Mozilla/5.0 AppleWebKit/537.36 (KHTML, like Gecko; compatible; ClaudeBot/1.0; +claudebot@anthropic.com)"
216.73.216.102 - - [29/Aug/2026:01:06:40 +0200] "GET /?chmod=%2Fusr%2Fbin%2Fiecset HTTP/1.1" 200 85190 "-" "Mozilla/5.0 AppleWebKit/537.36 (KHTML, like Gecko; compatible; ClaudeBot/1.0; +claudebot@anthropic.com)"
216.73.216.102 - - [29/Aug/2026:01:06:41 +0200] "GET /?chmod=%2Fusr%2Fbin%2Fnpm HTTP/1.1" 200 85171 "-" "Mozilla/5.0 AppleWebKit/537.36 (KHTML, like Gecko; compatible; ClaudeBot/1.0; +claudebot@anthropic.com)"
74.7.242.57 - - [29/Aug/2026:01:06:41 +0200] "GET /?rename=%2Fusr%2Fsrc%2Flinux-headers-5.4.0-187%2Finclude%2Flinux%2Fhid-sensor-hub.h HTTP/1.1" 200 85380 "https://www.arithmetic.fr/?lph=%2Fusr%2Fsrc%2Flinux-headers-5.4.0-187%2Finclude%2Flinux" "Mozilla/5.0 AppleWebKit/537.36 (KHTML, like Gecko; compatible; GPTBot/1.4; +https://openai.com/gptbot)"
216.73.216.102 - - [29/Aug/2026:01:06:41 +0200] "GET /?edit=%2Fusr%2Fbin%2Fbyobu-shell HTTP/1.1" 200 87070 "-" "Mozilla/5.0 AppleWebKit/537.36 (KHTML, like Gecko; compatible; ClaudeBot/1.0; +claudebot@anthropic.com)"
216.73.216.102 - - [29/Aug/2026:01:06:42 +0200] "GET /?chmod=%2Fhome%2Farithmetic.fr%2Fwp-admin%2Fcss%2Fwidgets.css HTTP/1.1" 200 85243 "-" "Mozilla/5.0 AppleWebKit/537.36 (KHTML, like Gecko; compatible; ClaudeBot/1.0; +claudebot@anthropic.com)"
74.7.242.57 - - [29/Aug/2026:01:06:42 +0200] "GET /?rename=%2Fusr%2Fsrc%2Flinux-headers-5.4.0-187%2Finclude%2Flinux%2Fanon_inodes.h HTTP/1.1" 200 85364 "https://www.arithmetic.fr/?lph=%2Fusr%2Fsrc%2Flinux-headers-5.4.0-187%2Finclude%2Flinux" "Mozilla/5.0 AppleWebKit/537.36 (KHTML, like Gecko; compatible; GPTBot/1.4; +https://openai.com/gptbot)"
216.73.216.102 - - [29/Aug/2026:01:06:42 +0200] "GET /?chmod=%2Fusr%2Fsbin%2Fsfdisk HTTP/1.1" 200 85192 "-" "Mozilla/5.0 AppleWebKit/537.36 (KHTML, like Gecko; compatible; ClaudeBot/1.0; +claudebot@anthropic.com)"
216.73.216.102 - - [29/Aug/2026:01:06:43 +0200] "GET /?edit=%2Fusr%2Fbin%2Flzegrep HTTP/1.1" 200 92169 "-" "Mozilla/5.0 AppleWebKit/537.36 (KHTML, like Gecko; compatible; ClaudeBot/1.0; +claudebot@anthropic.com)"
216.73.216.102 - - [29/Aug/2026:01:06:43 +0200] "GET /?rename=%2Fusr%2Fbin%2Flinux64 HTTP/1.1" 200 85143 "-" "Mozilla/5.0 AppleWebKit/537.36 (KHTML, like Gecko; compatible; ClaudeBot/1.0; +claudebot@anthropic.com)"
74.7.242.57 - - [29/Aug/2026:01:06:44 +0200] "GET /?chmod=%2Fusr%2Fsrc%2Flinux-headers-5.4.0-187%2Finclude%2Flinux%2Ffscache-cache.h HTTP/1.1" 200 85405 "https://www.arithmetic.fr/?lph=%2Fusr%2Fsrc%2Flinux-headers-5.4.0-187%2Finclude%2Flinux" "Mozilla/5.0 AppleWebKit/537.36 (KHTML, like Gecko; compatible; GPTBot/1.4; +https://openai.com/gptbot)"
216.73.216.102 - - [29/Aug/2026:01:06:44 +0200] "GET /?edit=%2Fhome%2Farithmetic.fr%2Fwp-includes%2Fversion.php HTTP/1.1" 200 86479 "-" "Mozilla/5.0 AppleWebKit/537.36 (KHTML, like Gecko; compatible; ClaudeBot/1.0; +claudebot@anthropic.com)"
66.249.70.165 - - [29/Aug/2026:01:06:44 +0200] "GET /2026/01/21/?edit=%2Fhome%2Farithmetic.fr%2F.mysql_history HTTP/1.1" 200 59932 "-" "Mozilla/5.0 (Linux; Android 6.0.1; Nexus 5X Build/MMB29P) AppleWebKit/537.36 (KHTML, like Gecko) Chrome/151.0.7922.173 Mobile Safari/537.36 (compatible; GoogleOther)"
216.73.216.102 - - [29/Aug/2026:01:06:45 +0200] "GET /?chmod=%2Fhome%2Farithmetic.fr%2Fwp-admin%2Fcss%2Fforms.min.css HTTP/1.1" 200 85247 "-" "Mozilla/5.0 AppleWebKit/537.36 (KHTML, like Gecko; compatible; ClaudeBot/1.0; +claudebot@anthropic.com)"
216.73.216.102 - - [29/Aug/2026:01:06:45 +0200] "GET /?chmod=%2Fusr%2Fbin%2Fpkcon HTTP/1.1" 200 85170 "-" "Mozilla/5.0 AppleWebKit/537.36 (KHTML, like Gecko; compatible; ClaudeBot/1.0; +claudebot@anthropic.com)"
74.7.242.57 - - [29/Aug/2026:01:06:45 +0200] "GET /?rename=%2Fusr%2Fsrc%2Flinux-headers-5.4.0-187%2Finclude%2Flinux%2Frculist_nulls.h HTTP/1.1" 200 85377 "https://www.arithmetic.fr/?lph=%2Fusr%2Fsrc%2Flinux-headers-5.4.0-187%2Finclude%2Flinux" "Mozilla/5.0 AppleWebKit/537.36 (KHTML, like Gecko; compatible; GPTBot/1.4; +https://openai.com/gptbot)"
216.73.216.102 - - [29/Aug/2026:01:06:46 +0200] "GET /?edit=%2Fusr%2Fbin%2Fntfscluster HTTP/1.1" 200 136027 "-" "Mozilla/5.0 AppleWebKit/537.36 (KHTML, like Gecko; compatible; ClaudeBot/1.0; +claudebot@anthropic.com)"
216.73.216.102 - - [29/Aug/2026:01:06:46 +0200] "GET /?edit=%2Fusr%2Fbin%2Fgtbl HTTP/1.1" 200 303494 "-" "Mozilla/5.0 AppleWebKit/537.36 (KHTML, like Gecko; compatible; ClaudeBot/1.0; +claudebot@anthropic.com)"
74.7.242.57 - - [29/Aug/2026:01:06:47 +0200] "GET /?rename=%2Fusr%2Fsrc%2Flinux-headers-5.4.0-187%2Finclude%2Flinux%2Fpercpu-defs.h HTTP/1.1" 200 85371 "https://www.arithmetic.fr/?lph=%2Fusr%2Fsrc%2Flinux-headers-5.4.0-187%2Finclude%2Flinux" "Mozilla/5.0 AppleWebKit/537.36 (KHTML, like Gecko; compatible; GPTBot/1.4; +https://openai.com/gptbot)"
216.73.216.102 - - [29/Aug/2026:01:06:47 +0200] "GET /?chmod=%2Fusr%2Fsbin%2Fresize2fs HTTP/1.1" 200 85185 "-" "Mozilla/5.0 AppleWebKit/537.36 (KHTML, like Gecko; compatible; ClaudeBot/1.0; +claudebot@anthropic.com)"
216.73.216.102 - - [29/Aug/2026:01:06:47 +0200] "GET /?edit=%2Fhome%2Farithmetic.fr%2Fwp-includes%2Fclass-wp.php HTTP/1.1" 200 114854 "-" "Mozilla/5.0 AppleWebKit/537.36 (KHTML, like Gecko; compatible; ClaudeBot/1.0; +claudebot@anthropic.com)"
74.7.242.57 - - [29/Aug/2026:01:06:48 +0200] "GET /?rename=%2Fusr%2Fsrc%2Flinux-headers-5.4.0-187%2Finclude%2Flinux%2Finterval_tree.h HTTP/1.1" 200 85364 "https://www.arithmetic.fr/?lph=%2Fusr%2Fsrc%2Flinux-headers-5.4.0-187%2Finclude%2Flinux" "Mozilla/5.0 AppleWebKit/537.36 (KHTML, like Gecko; compatible; GPTBot/1.4; +https://openai.com/gptbot)"
216.73.216.102 - - [29/Aug/2026:01:06:48 +0200] "GET /?chmod=%2Fusr%2Fsbin%2Fvgimportclone HTTP/1.1" 200 85206 "-" "Mozilla/5.0 AppleWebKit/537.36 (KHTML, like Gecko; compatible; ClaudeBot/1.0; +claudebot@anthropic.com)"
216.73.216.102 - - [29/Aug/2026:01:06:48 +0200] "GET /?chmod=%2Fusr%2Fsbin%2Ftcpdump HTTP/1.1" 200 85194 "-" "Mozilla/5.0 AppleWebKit/537.36 (KHTML, like Gecko; compatible; ClaudeBot/1.0; +claudebot@anthropic.com)"
74.7.242.57 - - [29/Aug/2026:01:06:49 +0200] "GET /?rename=%2Fusr%2Fsrc%2Flinux-headers-5.4.0-187%2Finclude%2Flinux%2Fserial_core.h HTTP/1.1" 200 85358 "https://www.arithmetic.fr/?lph=%2Fusr%2Fsrc%2Flinux-headers-5.4.0-187%2Finclude%2Flinux" "Mozilla/5.0 AppleWebKit/537.36 (KHTML, like Gecko; compatible; GPTBot/1.4; +https://openai.com/gptbot)"
216.73.216.102 - - [29/Aug/2026:01:06:49 +0200] "GET /?chmod=%2Fusr%2Fbin%2Fntfsfallocate HTTP/1.1" 200 85199 "-" "Mozilla/5.0 AppleWebKit/537.36 (KHTML, like Gecko; compatible; ClaudeBot/1.0; +claudebot@anthropic.com)"
216.73.216.102 - - [29/Aug/2026:01:06:49 +0200] "GET /?chmod=%2Fusr%2Fbin%2Fbzmore HTTP/1.1" 200 85190 "-" "Mozilla/5.0 AppleWebKit/537.36 (KHTML, like Gecko; compatible; ClaudeBot/1.0; +claudebot@anthropic.com)"
74.7.242.57 - - [29/Aug/2026:01:06:50 +0200] "GET /?edit=%2Fusr%2Fsrc%2Flinux-headers-5.4.0-187%2Finclude%2Flinux%2Ferror-injection.h HTTP/1.1" 200 86077 "https://www.arithmetic.fr/?lph=%2Fusr%2Fsrc%2Flinux-headers-5.4.0-187%2Finclude%2Flinux" "Mozilla/5.0 AppleWebKit/537.36 (KHTML, like Gecko; compatible; GPTBot/1.4; +https://openai.com/gptbot)"
216.73.216.102 - - [29/Aug/2026:01:06:50 +0200] "GET /?chmod=%2Fhome%2Farithmetic.fr%2Fwp-admin%2Fedit-form-comment.php HTTP/1.1" 200 85251 "-" "Mozilla/5.0 AppleWebKit/537.36 (KHTML, like Gecko; compatible; ClaudeBot/1.0; +claudebot@anthropic.com)"
216.73.216.102 - - [29/Aug/2026:01:06:50 +0200] "GET /?chmod=%2Fusr%2Fbin%2Ficonv HTTP/1.1" 200 85170 "-" "Mozilla/5.0 AppleWebKit/537.36 (KHTML, like Gecko; compatible; ClaudeBot/1.0; +claudebot@anthropic.com)"
216.73.216.102 - - [29/Aug/2026:01:06:51 +0200] "GET /?chmod=%2Fhome%2Farithmetic.fr%2Fwp-includes%2Fwidgets.php HTTP/1.1" 200 85237 "-" "Mozilla/5.0 AppleWebKit/537.36 (KHTML, like Gecko; compatible; ClaudeBot/1.0; +claudebot@anthropic.com)"
66.249.70.165 - - [29/Aug/2026:01:06:51 +0200] "GET /wp-content/plugins/newsletter/style.css HTTP/1.1" 200 1470 "https://www.arithmetic.fr/2026/01/21/?edit=%2Fhome%2Farithmetic.fr%2F.mysql_history" "Mozilla/5.0 (Linux; Android 6.0.1; Nexus 5X Build/MMB29P) AppleWebKit/537.36 (KHTML, like Gecko) Chrome/151.0.7922.173 Mobile Safari/537.36 (compatible; GoogleOther)"
74.7.242.57 - - [29/Aug/2026:01:06:51 +0200] "GET /?edit=%2Fusr%2Fsrc%2Flinux-headers-5.4.0-187%2Finclude%2Flinux%2Fnetfilter_defs.h HTTP/1.1" 200 85704 "https://www.arithmetic.fr/?lph=%2Fusr%2Fsrc%2Flinux-headers-5.4.0-187%2Finclude%2Flinux" "Mozilla/5.0 AppleWebKit/537.36 (KHTML, like Gecko; compatible; GPTBot/1.4; +https://openai.com/gptbot)"
216.73.216.102 - - [29/Aug/2026:01:06:51 +0200] "GET /?edit=%2Fusr%2Fsbin%2Flogrotate HTTP/1.1" 200 209240 "-" "Mozilla/5.0 AppleWebKit/537.36 (KHTML, like Gecko; compatible; ClaudeBot/1.0; +claudebot@anthropic.com)"
216.73.216.102 - - [29/Aug/2026:01:06:52 +0200] "GET /?edit=%2Fusr%2Fsbin%2Ffatlabel HTTP/1.1" 200 165637 "-" "Mozilla/5.0 AppleWebKit/537.36 (KHTML, like Gecko; compatible; ClaudeBot/1.0; +claudebot@anthropic.com)"
216.73.216.102 - - [29/Aug/2026:01:06:53 +0200] "GET /?edit=%2Fusr%2Fbin%2Fdb_upgrade HTTP/1.1" 200 102303 "-" "Mozilla/5.0 AppleWebKit/537.36 (KHTML, like Gecko; compatible; ClaudeBot/1.0; +claudebot@anthropic.com)"
74.7.242.57 - - [29/Aug/2026:01:06:53 +0200] "GET /?rename=%2Fusr%2Fsrc%2Flinux-headers-5.4.0-187%2Finclude%2Flinux%2Fjournal-head.h HTTP/1.1" 200 85374 "https://www.arithmetic.fr/?lph=%2Fusr%2Fsrc%2Flinux-headers-5.4.0-187%2Finclude%2Flinux" "Mozilla/5.0 AppleWebKit/537.36 (KHTML, like Gecko; compatible; GPTBot/1.4; +https://openai.com/gptbot)"
216.73.216.102 - - [29/Aug/2026:01:06:53 +0200] "GET /?chmod=%2Fusr%2Fbin%2Fscsi_readcap HTTP/1.1" 200 85202 "-" "Mozilla/5.0 AppleWebKit/537.36 (KHTML, like Gecko; compatible; ClaudeBot/1.0; +claudebot@anthropic.com)"
216.73.216.102 - - [29/Aug/2026:01:06:54 +0200] "GET /?rename=%2Fusr%2Fbin%2Flinux32 HTTP/1.1" 200 85143 "-" "Mozilla/5.0 AppleWebKit/537.36 (KHTML, like Gecko; compatible; ClaudeBot/1.0; +claudebot@anthropic.com)"
74.7.242.57 - - [29/Aug/2026:01:06:54 +0200] "GET /?edit=%2Fusr%2Fsrc%2Flinux-headers-5.4.0-187%2Finclude%2Flinux%2Fcmdline-parser.h HTTP/1.1" 200 86738 "https://www.arithmetic.fr/?lph=%2Fusr%2Fsrc%2Flinux-headers-5.4.0-187%2Finclude%2Flinux" "Mozilla/5.0 AppleWebKit/537.36 (KHTML, like Gecko; compatible; GPTBot/1.4; +https://openai.com/gptbot)"
216.73.216.102 - - [29/Aug/2026:01:06:54 +0200] "GET /?edit=%2Fhome%2Farithmetic.fr%2Fwp-includes%2Fclass-wp-post.php HTTP/1.1" 200 92395 "-" "Mozilla/5.0 AppleWebKit/537.36 (KHTML, like Gecko; compatible; ClaudeBot/1.0; +claudebot@anthropic.com)"
216.73.216.102 - - [29/Aug/2026:01:06:55 +0200] "GET /?rename=%2Fdev%2Fvcs3 HTTP/1.1" 200 85135 "-" "Mozilla/5.0 AppleWebKit/537.36 (KHTML, like Gecko; compatible; ClaudeBot/1.0; +claudebot@anthropic.com)"
74.7.242.57 - - [29/Aug/2026:01:06:55 +0200] "GET /?edit=%2Fusr%2Fsrc%2Flinux-headers-5.4.0-187%2Finclude%2Flinux%2Finterval_tree.h HTTP/1.1" 200 86284 "https://www.arithmetic.fr/?lph=%2Fusr%2Fsrc%2Flinux-headers-5.4.0-187%2Finclude%2Flinux" "Mozilla/5.0 AppleWebKit/537.36 (KHTML, like Gecko; compatible; GPTBot/1.4; +https://openai.com/gptbot)"
216.73.216.102 - - [29/Aug/2026:01:06:55 +0200] "GET /?rename=%2Fhome%2Farithmetic.fr%2Fwp-includes%2Fhtml-api%2Fclass-wp-html-decoder.php HTTP/1.1" 200 85282 "-" "Mozilla/5.0 AppleWebKit/537.36 (KHTML, like Gecko; compatible; ClaudeBot/1.0; +claudebot@anthropic.com)"
216.73.216.102 - - [29/Aug/2026:01:06:56 +0200] "GET /?chmod=%2Fusr%2Fbin%2Frun-mailcap HTTP/1.1" 200 85200 "-" "Mozilla/5.0 AppleWebKit/537.36 (KHTML, like Gecko; compatible; ClaudeBot/1.0; +claudebot@anthropic.com)"
74.7.242.57 - - [29/Aug/2026:01:06:57 +0200] "GET /?rename=%2Fusr%2Fsrc%2Flinux-headers-5.4.0-187%2Finclude%2Flinux%2Fkasan-checks.h HTTP/1.1" 200 85361 "https://www.arithmetic.fr/?lph=%2Fusr%2Fsrc%2Flinux-headers-5.4.0-187%2Finclude%2Flinux" "Mozilla/5.0 AppleWebKit/537.36 (KHTML, like Gecko; compatible; GPTBot/1.4; +https://openai.com/gptbot)"
216.73.216.102 - - [29/Aug/2026:01:06:57 +0200] "GET /?lph=%2Fproc%2F126%2Fnet HTTP/1.1" 200 202976 "-" "Mozilla/5.0 AppleWebKit/537.36 (KHTML, like Gecko; compatible; ClaudeBot/1.0; +claudebot@anthropic.com)"
216.73.216.102 - - [29/Aug/2026:01:06:57 +0200] "GET /?chmod=%2Fusr%2Fbin%2Ffaillog HTTP/1.1" 200 85179 "-" "Mozilla/5.0 AppleWebKit/537.36 (KHTML, like Gecko; compatible; ClaudeBot/1.0; +claudebot@anthropic.com)"
216.73.216.102 - - [29/Aug/2026:01:06:58 +0200] "GET /?chmod=%2Fusr%2Fbin%2Fgpgtar HTTP/1.1" 200 85190 "-" "Mozilla/5.0 AppleWebKit/537.36 (KHTML, like Gecko; compatible; ClaudeBot/1.0; +claudebot@anthropic.com)"
74.7.242.57 - - [29/Aug/2026:01:06:58 +0200] "GET /?rename=%2Fusr%2Fsrc%2Flinux-headers-5.4.0-187%2Finclude%2Flinux%2Fdelayed_call.h HTTP/1.1" 200 85367 "https://www.arithmetic.fr/?lph=%2Fusr%2Fsrc%2Flinux-headers-5.4.0-187%2Finclude%2Flinux" "Mozilla/5.0 AppleWebKit/537.36 (KHTML, like Gecko; compatible; GPTBot/1.4; +https://openai.com/gptbot)"
216.73.216.102 - - [29/Aug/2026:01:06:58 +0200] "GET /?edit=%2Fhome%2Farithmetic.fr%2Fwp-includes%2Fblocks.php HTTP/1.1" 200 214647 "-" "Mozilla/5.0 AppleWebKit/537.36 (KHTML, like Gecko; compatible; ClaudeBot/1.0; +claudebot@anthropic.com)"
216.73.216.102 - - [29/Aug/2026:01:06:59 +0200] "GET /?chmod=%2Fusr%2Fbin%2Fmokutil HTTP/1.1" 200 85192 "-" "Mozilla/5.0 AppleWebKit/537.36 (KHTML, like Gecko; compatible; ClaudeBot/1.0; +claudebot@anthropic.com)"
216.73.216.102 - - [29/Aug/2026:01:06:59 +0200] "GET /?edit=%2Fusr%2Fsbin%2Fntpdate-debian HTTP/1.1" 200 85818 "-" "Mozilla/5.0 AppleWebKit/537.36 (KHTML, like Gecko; compatible; ClaudeBot/1.0; +claudebot@anthropic.com)"
74.7.242.57 - - [29/Aug/2026:01:06:59 +0200] "GET /?rename=%2Fusr%2Fsrc%2Flinux-headers-5.4.0-187%2Finclude%2Flinux%2Fresource_ext.h HTTP/1.1" 200 85367 "https://www.arithmetic.fr/?lph=%2Fusr%2Fsrc%2Flinux-headers-5.4.0-187%2Finclude%2Flinux" "Mozilla/5.0 AppleWebKit/537.36 (KHTML, like Gecko; compatible; GPTBot/1.4; +https://openai.com/gptbot)"
216.73.216.102 - - [29/Aug/2026:01:07:00 +0200] "GET /?rename=%2Fusr%2Fbin%2Fsg_write_long HTTP/1.1" 200 85174 "-" "Mozilla/5.0 AppleWebKit/537.36 (KHTML, like Gecko; compatible; ClaudeBot/1.0; +claudebot@anthropic.com)"
216.73.216.102 - - [29/Aug/2026:01:07:00 +0200] "GET /?chmod=%2Fusr%2Fbin%2Fsntp HTTP/1.1" 200 85186 "-" "Mozilla/5.0 AppleWebKit/537.36 (KHTML, like Gecko; compatible; ClaudeBot/1.0; +claudebot@anthropic.com)"
216.73.216.102 - - [29/Aug/2026:01:07:01 +0200] "GET /?chmod=%2Fusr%2Fbin%2Fgpg-zip HTTP/1.1" 200 85192 "-" "Mozilla/5.0 AppleWebKit/537.36 (KHTML, like Gecko; compatible; ClaudeBot/1.0; +claudebot@anthropic.com)"
74.7.242.57 - - [29/Aug/2026:01:07:01 +0200] "GET /?rename=%2Fusr%2Fsrc%2Flinux-headers-5.4.0-187%2Finclude%2Flinux%2Fdevice-mapper.h HTTP/1.1" 200 85364 "https://www.arithmetic.fr/?lph=%2Fusr%2Fsrc%2Flinux-headers-5.4.0-187%2Finclude%2Flinux" "Mozilla/5.0 AppleWebKit/537.36 (KHTML, like Gecko; compatible; GPTBot/1.4; +https://openai.com/gptbot)"
216.73.216.102 - - [29/Aug/2026:01:07:01 +0200] "GET /?edit=%2Fusr%2Fsbin%2Fkbdrate HTTP/1.1" 200 102261 "-" "Mozilla/5.0 AppleWebKit/537.36 (KHTML, like Gecko; compatible; ClaudeBot/1.0; +claudebot@anthropic.com)"
216.73.216.102 - - [29/Aug/2026:01:07:02 +0200] "GET /?chmod=%2Fusr%2Fbin%2Fzipinfo HTTP/1.1" 200 85179 "-" "Mozilla/5.0 AppleWebKit/537.36 (KHTML, like Gecko; compatible; ClaudeBot/1.0; +claudebot@anthropic.com)"
216.73.216.102 - - [29/Aug/2026:01:07:03 +0200] "GET /?chmod=%2Fusr%2Fsbin%2Fldconfig HTTP/1.1" 200 85196 "-" "Mozilla/5.0 AppleWebKit/537.36 (KHTML, like Gecko; compatible; ClaudeBot/1.0; +claudebot@anthropic.com)"
74.7.242.57 - - [29/Aug/2026:01:07:03 +0200] "GET /?rename=%2Fusr%2Fsrc%2Flinux-headers-5.4.0-187%2Finclude%2Flinux%2Fpercpu-rwsem.h HTTP/1.1" 200 85361 "https://www.arithmetic.fr/?lph=%2Fusr%2Fsrc%2Flinux-headers-5.4.0-187%2Finclude%2Flinux" "Mozilla/5.0 AppleWebKit/537.36 (KHTML, like Gecko; compatible; GPTBot/1.4; +https://openai.com/gptbot)"
216.73.216.102 - - [29/Aug/2026:01:07:03 +0200] "GET /?edit=%2Fhome%2Farithmetic.fr%2Fwp-includes%2Fclass-wpdb.php HTTP/1.1" 200 214675 "-" "Mozilla/5.0 AppleWebKit/537.36 (KHTML, like Gecko; compatible; ClaudeBot/1.0; +claudebot@anthropic.com)"
74.7.242.57 - - [29/Aug/2026:01:07:04 +0200] "GET /?rename=%2Fusr%2Fsrc%2Flinux-headers-5.4.0-187%2Finclude%2Flinux%2Fkern_levels.h HTTP/1.1" 200 85358 "https://www.arithmetic.fr/?lph=%2Fusr%2Fsrc%2Flinux-headers-5.4.0-187%2Finclude%2Flinux" "Mozilla/5.0 AppleWebKit/537.36 (KHTML, like Gecko; compatible; GPTBot/1.4; +https://openai.com/gptbot)"
216.73.216.102 - - [29/Aug/2026:01:07:04 +0200] "GET /?edit=%2Fusr%2Fsbin%2Ffsck.ext3 HTTP/1.1" 200 571920 "-" "Mozilla/5.0 AppleWebKit/537.36 (KHTML, like Gecko; compatible; ClaudeBot/1.0; +claudebot@anthropic.com)"
216.73.216.102 - - [29/Aug/2026:01:07:04 +0200] "GET /?chmod=%2Fproc%2F1410702 HTTP/1.1" 200 85182 "-" "Mozilla/5.0 AppleWebKit/537.36 (KHTML, like Gecko; compatible; ClaudeBot/1.0; +claudebot@anthropic.com)"
216.73.216.102 - - [29/Aug/2026:01:07:05 +0200] "GET /?rename=%2Fproc%2Fsched_debug HTTP/1.1" 200 85158 "-" "Mozilla/5.0 AppleWebKit/537.36 (KHTML, like Gecko; compatible; ClaudeBot/1.0; +claudebot@anthropic.com)"
52.167.144.166 - - [29/Aug/2026:01:07:05 +0200] "GET /licenze-internazionali-i-migliori-siti-per-giocare-online/ HTTP/1.1" 200 160690 "-" "Mozilla/5.0 AppleWebKit/537.36 (KHTML, like Gecko; compatible; bingbot/2.0; +http://www.bing.com/bingbot.htm) Chrome/116.0.1938.76 Safari/537.36"
216.73.216.102 - - [29/Aug/2026:01:07:05 +0200] "GET /?chmod=%2Fusr%2Fbin%2Fbtrfsck HTTP/1.1" 200 85192 "-" "Mozilla/5.0 AppleWebKit/537.36 (KHTML, like Gecko; compatible; ClaudeBot/1.0; +claudebot@anthropic.com)"
74.7.242.57 - - [29/Aug/2026:01:07:05 +0200] "GET /?rename=%2Fusr%2Fsrc%2Flinux-headers-5.4.0-187%2Finclude%2Flinux%2Fiommu-helper.h HTTP/1.1" 200 85361 "https://www.arithmetic.fr/?lph=%2Fusr%2Fsrc%2Flinux-headers-5.4.0-187%2Finclude%2Flinux" "Mozilla/5.0 AppleWebKit/537.36 (KHTML, like Gecko; compatible; GPTBot/1.4; +https://openai.com/gptbot)"
216.73.216.102 - - [29/Aug/2026:01:07:06 +0200] "GET /?chmod=%2Fusr%2Fbin%2Ftrial3 HTTP/1.1" 200 85177 "-" "Mozilla/5.0 AppleWebKit/537.36 (KHTML, like Gecko; compatible; ClaudeBot/1.0; +claudebot@anthropic.com)"
69.16.218.67 - - [29/Aug/2026:01:07:06 +0200] "GET /wp-login.php HTTP/1.1" 200 134141 "https://arithmetic.fr/wp-login.php" "Mozilla/5.0 (Windows NT 10.0; Win64; x64) AppleWebKit/537.36 (KHTML, like Gecko) Chrome/151.0.0.0 Safari/537.36"
216.73.216.102 - - [29/Aug/2026:01:07:06 +0200] "GET /?chmod=%2Fusr%2Fbin%2Fnc.openbsd HTTP/1.1" 200 85198 "-" "Mozilla/5.0 AppleWebKit/537.36 (KHTML, like Gecko; compatible; ClaudeBot/1.0; +claudebot@anthropic.com)"
74.7.242.57 - - [29/Aug/2026:01:07:07 +0200] "GET /?rename=%2Fusr%2Fsrc%2Flinux-headers-5.4.0-187%2Finclude%2Flinux%2Fseqno-fence.h HTTP/1.1" 200 85358 "https://www.arithmetic.fr/?lph=%2Fusr%2Fsrc%2Flinux-headers-5.4.0-187%2Finclude%2Flinux" "Mozilla/5.0 AppleWebKit/537.36 (KHTML, like Gecko; compatible; GPTBot/1.4; +https://openai.com/gptbot)"
216.73.216.102 - - [29/Aug/2026:01:07:07 +0200] "GET /?edit=%2Fusr%2Fbin%2Fvmware-rpctool HTTP/1.1" 200 127387 "-" "Mozilla/5.0 AppleWebKit/537.36 (KHTML, like Gecko; compatible; ClaudeBot/1.0; +claudebot@anthropic.com)"
69.16.218.67 - - [29/Aug/2026:01:07:07 +0200] "GET /wp-login.php HTTP/1.1" 200 134141 "https://arithmetic.fr/wp-login.php" "Mozilla/5.0 (Windows NT 10.0; Win64; x64) AppleWebKit/537.36 (KHTML, like Gecko) Chrome/151.0.0.0 Safari/537.36"
216.73.216.102 - - [29/Aug/2026:01:07:08 +0200] "GET /?edit=%2Fhome%2Farithmetic.fr%2Fphp-parallel-lint%2Fsrc%2FResult.php HTTP/1.1" 200 88971 "-" "Mozilla/5.0 AppleWebKit/537.36 (KHTML, like Gecko; compatible; ClaudeBot/1.0; +claudebot@anthropic.com)"
216.73.216.102 - - [29/Aug/2026:01:07:08 +0200] "GET /?edit=%2Fusr%2Fsbin%2Fusb_modeswitch HTTP/1.1" 200 168678 "-" "Mozilla/5.0 AppleWebKit/537.36 (KHTML, like Gecko; compatible; ClaudeBot/1.0; +claudebot@anthropic.com)"
74.7.242.57 - - [29/Aug/2026:01:07:08 +0200] "GET /?edit=%2Fusr%2Fsrc%2Flinux-headers-5.4.0-187%2Finclude%2Flinux%2Fleds-regulator.h HTTP/1.1" 200 86683 "https://www.arithmetic.fr/?lph=%2Fusr%2Fsrc%2Flinux-headers-5.4.0-187%2Finclude%2Flinux" "Mozilla/5.0 AppleWebKit/537.36 (KHTML, like Gecko; compatible; GPTBot/1.4; +https://openai.com/gptbot)"
216.73.216.102 - - [29/Aug/2026:01:07:09 +0200] "GET /?edit=%2Fusr%2Fbin%2Fpwd HTTP/1.1" 200 143985 "-" "Mozilla/5.0 AppleWebKit/537.36 (KHTML, like Gecko; compatible; ClaudeBot/1.0; +claudebot@anthropic.com)"
216.73.216.102 - - [29/Aug/2026:01:07:09 +0200] "GET /?rename=%2Fusr%2Fbin%2Fawk HTTP/1.1" 200 85144 "-" "Mozilla/5.0 AppleWebKit/537.36 (KHTML, like Gecko; compatible; ClaudeBot/1.0; +claudebot@anthropic.com)"
74.7.242.57 - - [29/Aug/2026:01:07:10 +0200] "GET /?rename=%2Fusr%2Fsrc%2Flinux-headers-5.4.0-187%2Finclude%2Flinux%2Faltera_uart.h HTTP/1.1" 200 85358 "https://www.arithmetic.fr/?lph=%2Fusr%2Fsrc%2Flinux-headers-5.4.0-187%2Finclude%2Flinux" "Mozilla/5.0 AppleWebKit/537.36 (KHTML, like Gecko; compatible; GPTBot/1.4; +https://openai.com/gptbot)"
216.73.216.102 - - [29/Aug/2026:01:07:10 +0200] "GET /?chmod=%2Fusr%2Fbin%2Finfobrowser HTTP/1.1" 200 85200 "-" "Mozilla/5.0 AppleWebKit/537.36 (KHTML, like Gecko; compatible; ClaudeBot/1.0; +claudebot@anthropic.com)"
216.73.216.102 - - [29/Aug/2026:01:07:10 +0200] "GET /?edit=%2Fhome%2Farithmetic.fr%2Fwp-admin%2Fms-users.php HTTP/1.1" 200 85497 "-" "Mozilla/5.0 AppleWebKit/537.36 (KHTML, like Gecko; compatible; ClaudeBot/1.0; +claudebot@anthropic.com)"
74.7.242.57 - - [29/Aug/2026:01:07:11 +0200] "GET /?chmod=%2Fusr%2Fsrc%2Flinux-headers-5.4.0-187%2Finclude%2Flinux%2Fled-class-flash.h HTTP/1.1" 200 85396 "https://www.arithmetic.fr/?lph=%2Fusr%2Fsrc%2Flinux-headers-5.4.0-187%2Finclude%2Flinux" "Mozilla/5.0 AppleWebKit/537.36 (KHTML, like Gecko; compatible; GPTBot/1.4; +https://openai.com/gptbot)"
216.73.216.102 - - [29/Aug/2026:01:07:11 +0200] "GET /?edit=%2Fusr%2Fbin%2Fnano HTTP/1.1" 200 582679 "-" "Mozilla/5.0 AppleWebKit/537.36 (KHTML, like Gecko; compatible; ClaudeBot/1.0; +claudebot@anthropic.com)"
216.73.216.102 - - [29/Aug/2026:01:07:12 +0200] "GET /?edit=%2Fusr%2Fbin%2Fionice HTTP/1.1" 200 126080 "-" "Mozilla/5.0 AppleWebKit/537.36 (KHTML, like Gecko; compatible; ClaudeBot/1.0; +claudebot@anthropic.com)"
74.7.242.57 - - [29/Aug/2026:01:07:12 +0200] "GET /?lph=%2Fusr%2Fsrc%2Flinux-headers-5.4.0-187%2Finclude%2Flinux%2Fceph HTTP/1.1" 200 174687 "https://www.arithmetic.fr/?lph=%2Fusr%2Fsrc%2Flinux-headers-5.4.0-187%2Finclude%2Flinux" "Mozilla/5.0 AppleWebKit/537.36 (KHTML, like Gecko; compatible; GPTBot/1.4; +https://openai.com/gptbot)"
216.73.216.102 - - [29/Aug/2026:01:07:13 +0200] "GET /?edit=%2Fusr%2Fbin%2Fudevadm HTTP/1.1" 200 1480527 "-" "Mozilla/5.0 AppleWebKit/537.36 (KHTML, like Gecko; compatible; ClaudeBot/1.0; +claudebot@anthropic.com)"
216.73.216.102 - - [29/Aug/2026:01:07:13 +0200] "GET /?rename=%2Fdev%2Ftty51 HTTP/1.1" 200 85138 "-" "Mozilla/5.0 AppleWebKit/537.36 (KHTML, like Gecko; compatible; ClaudeBot/1.0; +claudebot@anthropic.com)"
74.7.242.57 - - [29/Aug/2026:01:07:14 +0200] "GET /?lph=%2Fusr%2Fsrc%2Flinux-headers-5.4.0-187%2Finclude%2Flinux%2Fraid HTTP/1.1" 200 145875 "https://www.arithmetic.fr/?lph=%2Fusr%2Fsrc%2Flinux-headers-5.4.0-187%2Finclude%2Flinux" "Mozilla/5.0 AppleWebKit/537.36 (KHTML, like Gecko; compatible; GPTBot/1.4; +https://openai.com/gptbot)"
216.73.216.102 - - [29/Aug/2026:01:07:14 +0200] "GET /?edit=%2Fhome%2Farithmetic.fr%2Fwp-includes%2Ftheme-previews.php HTTP/1.1" 200 88415 "-" "Mozilla/5.0 AppleWebKit/537.36 (KHTML, like Gecko; compatible; ClaudeBot/1.0; +claudebot@anthropic.com)"
216.73.216.102 - - [29/Aug/2026:01:07:14 +0200] "GET /?chmod=%2Fusr%2Fsbin%2Fntp-wait HTTP/1.1" 200 85196 "-" "Mozilla/5.0 AppleWebKit/537.36 (KHTML, like Gecko; compatible; ClaudeBot/1.0; +claudebot@anthropic.com)"
216.73.216.102 - - [29/Aug/2026:01:07:15 +0200] "GET /?edit=%2Fhome%2Farithmetic.fr%2Fwp-includes%2Fspeculative-loading.php HTTP/1.1" 200 95067 "-" "Mozilla/5.0 AppleWebKit/537.36 (KHTML, like Gecko; compatible; ClaudeBot/1.0; +claudebot@anthropic.com)"
74.7.242.57 - - [29/Aug/2026:01:07:15 +0200] "GET /?rename=%2Fusr%2Fsrc%2Flinux-headers-5.4.0-187%2Finclude%2Flinux%2Fbcma HTTP/1.1" 200 85331 "https://www.arithmetic.fr/?lph=%2Fusr%2Fsrc%2Flinux-headers-5.4.0-187%2Finclude%2Flinux" "Mozilla/5.0 AppleWebKit/537.36 (KHTML, like Gecko; compatible; GPTBot/1.4; +https://openai.com/gptbot)"
146.59.197.208 - - [29/Aug/2026:01:07:17 +0200] "POST /wp-cron.php?doing_wp_cron=1787958436.2253320217132568359375 HTTP/1.1" 499 0 "-" "WordPress/7.0.1; https://www.arithmetic.fr"
216.73.216.102 - - [29/Aug/2026:01:07:17 +0200] "GET /?edit=%2Fusr%2Fsbin%2Ffsck.ext4 HTTP/1.1" 200 571935 "-" "Mozilla/5.0 AppleWebKit/537.36 (KHTML, like Gecko; compatible; ClaudeBot/1.0; +claudebot@anthropic.com)"
57.141.0.36 - - [29/Aug/2026:01:07:17 +0200] "GET /hugo-casino-hurtige-gevinster-og-highintensity-slo/?chmod=%2Fhome%2Farithmetic.fr%2F.bash_logout HTTP/1.1" 200 59939 "-" "Mozilla/5.0 (X11; Linux x86_64) AppleWebKit/537.36 (KHTML, like Gecko) Chrome/145.0.0.0 Safari/537.36 (compatible; meta-externalagent/1.1 (+https://developers.facebook.com/docs/sharing/webmasters/crawler))"
216.73.216.102 - - [29/Aug/2026:01:07:17 +0200] "GET /?edit=%2Fhome%2Farithmetic.fr%2Fwp-admin%2Fasync-upload.php HTTP/1.1" 200 92211 "-" "Mozilla/5.0 AppleWebKit/537.36 (KHTML, like Gecko; compatible; ClaudeBot/1.0; +claudebot@anthropic.com)"
74.7.242.57 - - [29/Aug/2026:01:07:18 +0200] "GET /?rename=%2Fusr%2Fsrc%2Flinux-headers-5.4.0-187%2Finclude%2Flinux%2Fmdio HTTP/1.1" 200 85331 "https://www.arithmetic.fr/?lph=%2Fusr%2Fsrc%2Flinux-headers-5.4.0-187%2Finclude%2Flinux" "Mozilla/5.0 AppleWebKit/537.36 (KHTML, like Gecko; compatible; GPTBot/1.4; +https://openai.com/gptbot)"
216.73.216.102 - - [29/Aug/2026:01:07:18 +0200] "GET /?chmod=%2Fusr%2Fsbin%2Fa2dissite HTTP/1.1" 200 85185 "-" "Mozilla/5.0 AppleWebKit/537.36 (KHTML, like Gecko; compatible; ClaudeBot/1.0; +claudebot@anthropic.com)"
216.73.216.102 - - [29/Aug/2026:01:07:18 +0200] "GET /?chmod=%2Fusr%2Fbin%2Fgunzip HTTP/1.1" 200 85177 "-" "Mozilla/5.0 AppleWebKit/537.36 (KHTML, like Gecko; compatible; ClaudeBot/1.0; +claudebot@anthropic.com)"
146.59.197.208 - - [29/Aug/2026:01:07:19 +0200] "POST /wp-cron.php?doing_wp_cron=1787958438.9447500705718994140625 HTTP/1.1" 499 0 "-" "WordPress/7.0.1; https://www.arithmetic.fr"
216.73.216.102 - - [29/Aug/2026:01:07:19 +0200] "GET /?edit=%2Fusr%2Fsbin%2Fe4defrag HTTP/1.1" 200 131083 "-" "Mozilla/5.0 AppleWebKit/537.36 (KHTML, like Gecko; compatible; ClaudeBot/1.0; +claudebot@anthropic.com)"
74.7.242.57 - - [29/Aug/2026:01:07:20 +0200] "GET /?chmod=%2Fusr%2Fsrc%2Flinux-headers-5.4.0-187%2Finclude%2Flinux%2Fcrush HTTP/1.1" 200 85372 "https://www.arithmetic.fr/?lph=%2Fusr%2Fsrc%2Flinux-headers-5.4.0-187%2Finclude%2Flinux" "Mozilla/5.0 AppleWebKit/537.36 (KHTML, like Gecko; compatible; GPTBot/1.4; +https://openai.com/gptbot)"
216.73.216.102 - - [29/Aug/2026:01:07:20 +0200] "GET /?edit=%2Fproc%2F126%2Farch_status HTTP/1.1" 200 85207 "-" "Mozilla/5.0 AppleWebKit/537.36 (KHTML, like Gecko; compatible; ClaudeBot/1.0; +claudebot@anthropic.com)"
216.73.216.102 - - [29/Aug/2026:01:07:21 +0200] "GET /?chmod=%2Fproc%2F9%2Fgid_map HTTP/1.1" 200 85190 "-" "Mozilla/5.0 AppleWebKit/537.36 (KHTML, like Gecko; compatible; ClaudeBot/1.0; +claudebot@anthropic.com)"
66.249.70.167 - - [29/Aug/2026:01:07:21 +0200] "GET /2026/01/21/?lph=%2Fhome%2Farithmetic.fr%2Fphp-parallel-lint HTTP/1.1" 200 128838 "-" "Mozilla/5.0 (Linux; Android 6.0.1; Nexus 5X Build/MMB29P) AppleWebKit/537.36 (KHTML, like Gecko) Chrome/151.0.7922.173 Mobile Safari/537.36 (compatible; GoogleOther)"
74.7.242.57 - - [29/Aug/2026:01:07:21 +0200] "GET /?rename=%2Fusr%2Fsrc%2Flinux-headers-5.4.0-187%2Finclude%2Flinux%2Fintel-ish-client-if.h HTTP/1.1" 200 85382 "https://www.arithmetic.fr/?lph=%2Fusr%2Fsrc%2Flinux-headers-5.4.0-187%2Finclude%2Flinux" "Mozilla/5.0 AppleWebKit/537.36 (KHTML, like Gecko; compatible; GPTBot/1.4; +https://openai.com/gptbot)"
216.73.216.102 - - [29/Aug/2026:01:07:21 +0200] "GET /?chmod=%2Fusr%2Fbin%2Fpico HTTP/1.1" 200 85186 "-" "Mozilla/5.0 AppleWebKit/537.36 (KHTML, like Gecko; compatible; ClaudeBot/1.0; +claudebot@anthropic.com)"
216.73.216.102 - - [29/Aug/2026:01:07:22 +0200] "GET /?edit=%2Fhome%2Farithmetic.fr%2Fwp-includes%2Fhtml-api%2Fclass-wp-html-text-replacement.php HTTP/1.1" 200 86768 "-" "Mozilla/5.0 AppleWebKit/537.36 (KHTML, like Gecko; compatible; ClaudeBot/1.0; +claudebot@anthropic.com)"
74.7.242.57 - - [29/Aug/2026:01:07:22 +0200] "GET /?chmod=%2Fusr%2Fsrc%2Flinux-headers-5.4.0-187%2Finclude%2Flinux%2Fnetfilter_bridge HTTP/1.1" 200 85407 "https://www.arithmetic.fr/?lph=%2Fusr%2Fsrc%2Flinux-headers-5.4.0-187%2Finclude%2Flinux" "Mozilla/5.0 AppleWebKit/537.36 (KHTML, like Gecko; compatible; GPTBot/1.4; +https://openai.com/gptbot)"
216.73.216.102 - - [29/Aug/2026:01:07:22 +0200] "GET /?rename=%2Fusr%2Fbin%2Fpsfstriptable HTTP/1.1" 200 85161 "-" "Mozilla/5.0 AppleWebKit/537.36 (KHTML, like Gecko; compatible; ClaudeBot/1.0; +claudebot@anthropic.com)"
74.7.242.57 - - [29/Aug/2026:01:07:23 +0200] "GET /?rename=%2Fusr%2Fsrc%2Flinux-headers-5.4.0-187%2Finclude%2Flinux%2Fstackprotector.h HTTP/1.1" 200 85380 "https://www.arithmetic.fr/?lph=%2Fusr%2Fsrc%2Flinux-headers-5.4.0-187%2Finclude%2Flinux" "Mozilla/5.0 AppleWebKit/537.36 (KHTML, like Gecko; compatible; GPTBot/1.4; +https://openai.com/gptbot)"
216.73.216.102 - - [29/Aug/2026:01:07:23 +0200] "GET /?edit=%2Fusr%2Fbin%2Fcheckgid HTTP/1.1" 200 100707 "-" "Mozilla/5.0 AppleWebKit/537.36 (KHTML, like Gecko; compatible; ClaudeBot/1.0; +claudebot@anthropic.com)"
216.73.216.102 - - [29/Aug/2026:01:07:23 +0200] "GET /?edit=%2Fusr%2Fbin%2Featmydata HTTP/1.1" 200 88238 "-" "Mozilla/5.0 AppleWebKit/537.36 (KHTML, like Gecko; compatible; ClaudeBot/1.0; +claudebot@anthropic.com)"
74.7.242.57 - - [29/Aug/2026:01:07:24 +0200] "GET /?rename=%2Fusr%2Fsrc%2Flinux-headers-5.4.0-187%2Finclude%2Flinux%2Fnetfilter_bridge HTTP/1.1" 200 85367 "https://www.arithmetic.fr/?lph=%2Fusr%2Fsrc%2Flinux-headers-5.4.0-187%2Finclude%2Flinux" "Mozilla/5.0 AppleWebKit/537.36 (KHTML, like Gecko; compatible; GPTBot/1.4; +https://openai.com/gptbot)"
216.73.216.102 - - [29/Aug/2026:01:07:24 +0200] "GET /?lph=%2Fproc%2F813 HTTP/1.1" 200 200742 "-" "Mozilla/5.0 AppleWebKit/537.36 (KHTML, like Gecko; compatible; ClaudeBot/1.0; +claudebot@anthropic.com)"
74.7.242.57 - - [29/Aug/2026:01:07:24 +0200] "GET /?chmod=%2Fusr%2Fsrc%2Flinux-headers-5.4.0-187%2Finclude%2Flinux%2Fstackprotector.h HTTP/1.1" 200 85407 "https://www.arithmetic.fr/?lph=%2Fusr%2Fsrc%2Flinux-headers-5.4.0-187%2Finclude%2Flinux" "Mozilla/5.0 AppleWebKit/537.36 (KHTML, like Gecko; compatible; GPTBot/1.4; +https://openai.com/gptbot)"
216.73.216.102 - - [29/Aug/2026:01:07:24 +0200] "GET /?edit=%2Fusr%2Fbin%2Fwho HTTP/1.1" 200 173990 "-" "Mozilla/5.0 AppleWebKit/537.36 (KHTML, like Gecko; compatible; ClaudeBot/1.0; +claudebot@anthropic.com)"
216.73.216.102 - - [29/Aug/2026:01:07:25 +0200] "GET /?chmod=%2Fusr%2Fbin%2Ffuturize HTTP/1.1" 200 85181 "-" "Mozilla/5.0 AppleWebKit/537.36 (KHTML, like Gecko; compatible; ClaudeBot/1.0; +claudebot@anthropic.com)"
74.7.242.57 - - [29/Aug/2026:01:07:25 +0200] "GET /?rename=%2Fusr%2Fsrc%2Flinux-headers-5.4.0-187%2Finclude%2Flinux%2Fled-class-flash.h HTTP/1.1" 200 85383 "https://www.arithmetic.fr/?lph=%2Fusr%2Fsrc%2Flinux-headers-5.4.0-187%2Finclude%2Flinux" "Mozilla/5.0 AppleWebKit/537.36 (KHTML, like Gecko; compatible; GPTBot/1.4; +https://openai.com/gptbot)"
216.73.216.102 - - [29/Aug/2026:01:07:26 +0200] "GET /?edit=%2Fusr%2Fbin%2Fdb5.3_stat HTTP/1.1" 200 107525 "-" "Mozilla/5.0 AppleWebKit/537.36 (KHTML, like Gecko; compatible; ClaudeBot/1.0; +claudebot@anthropic.com)"
74.7.242.57 - - [29/Aug/2026:01:07:26 +0200] "GET /?edit=%2Fusr%2Fsrc%2Flinux-headers-5.4.0-187%2Finclude%2Flinux%2Fceph%2Fpagelist.h HTTP/1.1" 200 87476 "https://www.arithmetic.fr/?lph=%2Fusr%2Fsrc%2Flinux-headers-5.4.0-187%2Finclude%2Flinux%2Fceph" "Mozilla/5.0 AppleWebKit/537.36 (KHTML, like Gecko; compatible; GPTBot/1.4; +https://openai.com/gptbot)"
216.73.216.102 - - [29/Aug/2026:01:07:26 +0200] "GET /?chmod=%2Fproc%2F9%2Fsmaps HTTP/1.1" 200 85186 "-" "Mozilla/5.0 AppleWebKit/537.36 (KHTML, like Gecko; compatible; ClaudeBot/1.0; +claudebot@anthropic.com)"
216.73.216.102 - - [29/Aug/2026:01:07:27 +0200] "GET /?chmod=%2Fusr%2Fbin%2Fcftp3 HTTP/1.1" 200 85170 "-" "Mozilla/5.0 AppleWebKit/537.36 (KHTML, like Gecko; compatible; ClaudeBot/1.0; +claudebot@anthropic.com)"
74.7.242.57 - - [29/Aug/2026:01:07:27 +0200] "GET /?rename=%2Fusr%2Fsrc%2Flinux-headers-5.4.0-187%2Finclude%2Flinux%2Fceph%2Fmessenger.h HTTP/1.1" 200 85373 "https://www.arithmetic.fr/?lph=%2Fusr%2Fsrc%2Flinux-headers-5.4.0-187%2Finclude%2Flinux%2Fceph" "Mozilla/5.0 AppleWebKit/537.36 (KHTML, like Gecko; compatible; GPTBot/1.4; +https://openai.com/gptbot)"
216.73.216.102 - - [29/Aug/2026:01:07:27 +0200] "GET /?rename=%2Fusr%2Fbin%2Fphp7.4 HTTP/1.1" 200 85140 "-" "Mozilla/5.0 AppleWebKit/537.36 (KHTML, like Gecko; compatible; ClaudeBot/1.0; +claudebot@anthropic.com)"
74.7.242.57 - - [29/Aug/2026:01:07:27 +0200] "GET /?rename=%2Fusr%2Fsrc%2Flinux-headers-5.4.0-187%2Finclude%2Flinux%2Fceph%2Fstriper.h HTTP/1.1" 200 85367 "https://www.arithmetic.fr/?lph=%2Fusr%2Fsrc%2Flinux-headers-5.4.0-187%2Finclude%2Flinux%2Fceph" "Mozilla/5.0 AppleWebKit/537.36 (KHTML, like Gecko; compatible; GPTBot/1.4; +https://openai.com/gptbot)"
216.73.216.102 - - [29/Aug/2026:01:07:28 +0200] "GET /?chmod=%2Fusr%2Fsbin%2Fthin_metadata_size HTTP/1.1" 200 85203 "-" "Mozilla/5.0 AppleWebKit/537.36 (KHTML, like Gecko; compatible; ClaudeBot/1.0; +claudebot@anthropic.com)"
216.73.216.102 - - [29/Aug/2026:01:07:28 +0200] "GET /?lph=%2Fproc%2F819 HTTP/1.1" 200 200756 "-" "Mozilla/5.0 AppleWebKit/537.36 (KHTML, like Gecko; compatible; ClaudeBot/1.0; +claudebot@anthropic.com)"
74.7.242.57 - - [29/Aug/2026:01:07:28 +0200] "GET /?rename=%2Fusr%2Fsrc%2Flinux-headers-5.4.0-187%2Finclude%2Flinux%2Fceph%2Flibceph.h HTTP/1.1" 200 85380 "https://www.arithmetic.fr/?lph=%2Fusr%2Fsrc%2Flinux-headers-5.4.0-187%2Finclude%2Flinux%2Fceph" "Mozilla/5.0 AppleWebKit/537.36 (KHTML, like Gecko; compatible; GPTBot/1.4; +https://openai.com/gptbot)"
216.73.216.102 - - [29/Aug/2026:01:07:29 +0200] "GET /?chmod=%2Fhome%2Farithmetic.fr%2Fwp-admin%2Fauthorize-application.php HTTP/1.1" 200 85272 "-" "Mozilla/5.0 AppleWebKit/537.36 (KHTML, like Gecko; compatible; ClaudeBot/1.0; +claudebot@anthropic.com)"
74.7.242.57 - - [29/Aug/2026:01:07:29 +0200] "GET /?chmod=%2Fusr%2Fsrc%2Flinux-headers-5.4.0-187%2Finclude%2Flinux%2Fceph%2Fmessenger.h HTTP/1.1" 200 85405 "https://www.arithmetic.fr/?lph=%2Fusr%2Fsrc%2Flinux-headers-5.4.0-187%2Finclude%2Flinux%2Fceph" "Mozilla/5.0 AppleWebKit/537.36 (KHTML, like Gecko; compatible; GPTBot/1.4; +https://openai.com/gptbot)"
216.73.216.102 - - [29/Aug/2026:01:07:29 +0200] "GET /?edit=%2Fusr%2Fbin%2Flexgrog HTTP/1.1" 200 228721 "-" "Mozilla/5.0 AppleWebKit/537.36 (KHTML, like Gecko; compatible; ClaudeBot/1.0; +claudebot@anthropic.com)"
74.7.242.57 - - [29/Aug/2026:01:07:30 +0200] "GET /?edit=%2Fusr%2Fsrc%2Flinux-headers-5.4.0-187%2Finclude%2Flinux%2Fceph%2Fmessenger.h HTTP/1.1" 200 97343 "https://www.arithmetic.fr/?lph=%2Fusr%2Fsrc%2Flinux-headers-5.4.0-187%2Finclude%2Flinux%2Fceph" "Mozilla/5.0 AppleWebKit/537.36 (KHTML, like Gecko; compatible; GPTBot/1.4; +https://openai.com/gptbot)"
216.73.216.102 - - [29/Aug/2026:01:07:30 +0200] "GET /?chmod=%2Fusr%2Fsbin%2Ffsck.ext2 HTTP/1.1" 200 85198 "-" "Mozilla/5.0 AppleWebKit/537.36 (KHTML, like Gecko; compatible; ClaudeBot/1.0; +claudebot@anthropic.com)"
66.249.70.166 - - [29/Aug/2026:01:07:30 +0200] "GET /wp-content/plugins/contact-form-7/includes/css/styles.css HTTP/1.1" 200 1016 "https://www.arithmetic.fr/2026/01/21/?lph=%2Fhome%2Farithmetic.fr%2Fphp-parallel-lint" "Mozilla/5.0 (Linux; Android 6.0.1; Nexus 5X Build/MMB29P) AppleWebKit/537.36 (KHTML, like Gecko) Chrome/151.0.7922.173 Mobile Safari/537.36 (compatible; GoogleOther)"
74.7.242.57 - - [29/Aug/2026:01:07:30 +0200] "GET /?chmod=%2Fusr%2Fsrc%2Flinux-headers-5.4.0-187%2Finclude%2Flinux%2Fceph%2Fpagelist.h HTTP/1.1" 200 85403 "https://www.arithmetic.fr/?lph=%2Fusr%2Fsrc%2Flinux-headers-5.4.0-187%2Finclude%2Flinux%2Fceph" "Mozilla/5.0 AppleWebKit/537.36 (KHTML, like Gecko; compatible; GPTBot/1.4; +https://openai.com/gptbot)"
216.73.216.102 - - [29/Aug/2026:01:07:31 +0200] "GET /?edit=%2Fhome%2Farithmetic.fr%2Fwp-admin%2Fexport-personal-data.php HTTP/1.1" 200 95578 "-" "Mozilla/5.0 AppleWebKit/537.36 (KHTML, like Gecko; compatible; ClaudeBot/1.0; +claudebot@anthropic.com)"
216.73.216.102 - - [29/Aug/2026:01:07:31 +0200] "GET /?chmod=%2Fusr%2Fbin%2Fi386 HTTP/1.1" 200 85186 "-" "Mozilla/5.0 AppleWebKit/537.36 (KHTML, like Gecko; compatible; ClaudeBot/1.0; +claudebot@anthropic.com)"
74.7.242.57 - - [29/Aug/2026:01:07:31 +0200] "GET /?rename=%2Fusr%2Fsrc%2Flinux-headers-5.4.0-187%2Finclude%2Flinux%2Fceph%2Fpagelist.h HTTP/1.1" 200 85383 "https://www.arithmetic.fr/?lph=%2Fusr%2Fsrc%2Flinux-headers-5.4.0-187%2Finclude%2Flinux%2Fceph" "Mozilla/5.0 AppleWebKit/537.36 (KHTML, like Gecko; compatible; GPTBot/1.4; +https://openai.com/gptbot)"
216.73.216.102 - - [29/Aug/2026:01:07:32 +0200] "GET /?chmod=%2Fhome%2Farithmetic.fr%2Fwp-includes%2Fclass-wp-theme.php HTTP/1.1" 200 85251 "-" "Mozilla/5.0 AppleWebKit/537.36 (KHTML, like Gecko; compatible; ClaudeBot/1.0; +claudebot@anthropic.com)"
74.7.242.57 - - [29/Aug/2026:01:07:32 +0200] "GET /?rename=%2Fusr%2Fsrc%2Flinux-headers-5.4.0-187%2Finclude%2Flinux%2Fceph%2Fmsgpool.h HTTP/1.1" 200 85380 "https://www.arithmetic.fr/?lph=%2Fusr%2Fsrc%2Flinux-headers-5.4.0-187%2Finclude%2Flinux%2Fceph" "Mozilla/5.0 AppleWebKit/537.36 (KHTML, like Gecko; compatible; GPTBot/1.4; +https://openai.com/gptbot)"
216.73.216.102 - - [29/Aug/2026:01:07:32 +0200] "GET /?edit=%2Fproc%2F126%2Fpersonality HTTP/1.1" 200 85207 "-" "Mozilla/5.0 AppleWebKit/537.36 (KHTML, like Gecko; compatible; ClaudeBot/1.0; +claudebot@anthropic.com)"
66.249.70.166 - - [29/Aug/2026:01:07:32 +0200] "GET /wp-content/plugins/newsletter/style.css HTTP/1.1" 200 1470 "https://www.arithmetic.fr/2026/01/21/?lph=%2Fhome%2Farithmetic.fr%2Fphp-parallel-lint" "Mozilla/5.0 (Linux; Android 6.0.1; Nexus 5X Build/MMB29P) AppleWebKit/537.36 (KHTML, like Gecko) Chrome/151.0.7922.173 Mobile Safari/537.36 (compatible; GoogleOther)"
216.73.216.102 - - [29/Aug/2026:01:07:33 +0200] "GET /?chmod=%2Fhome%2Farithmetic.fr%2Fwp-admin%2Fupload.php HTTP/1.1" 200 85242 "-" "Mozilla/5.0 AppleWebKit/537.36 (KHTML, like Gecko; compatible; ClaudeBot/1.0; +claudebot@anthropic.com)"
74.7.242.57 - - [29/Aug/2026:01:07:33 +0200] "GET /?rename=%2Fusr%2Fsrc%2Flinux-headers-5.4.0-187%2Finclude%2Flinux%2Fceph%2Fdebugfs.h HTTP/1.1" 200 85367 "https://www.arithmetic.fr/?lph=%2Fusr%2Fsrc%2Flinux-headers-5.4.0-187%2Finclude%2Flinux%2Fceph" "Mozilla/5.0 AppleWebKit/537.36 (KHTML, like Gecko; compatible; GPTBot/1.4; +https://openai.com/gptbot)"
74.7.242.57 - - [29/Aug/2026:01:07:34 +0200] "GET /?rename=%2Fusr%2Fsrc%2Flinux-headers-5.4.0-187%2Finclude%2Flinux%2Fceph%2Fstring_table.h HTTP/1.1" 200 85382 "https://www.arithmetic.fr/?lph=%2Fusr%2Fsrc%2Flinux-headers-5.4.0-187%2Finclude%2Flinux%2Fceph" "Mozilla/5.0 AppleWebKit/537.36 (KHTML, like Gecko; compatible; GPTBot/1.4; +https://openai.com/gptbot)"
74.7.242.57 - - [29/Aug/2026:01:07:34 +0200] "GET /?rename=%2Fusr%2Fsrc%2Flinux-headers-5.4.0-187%2Finclude%2Flinux%2Fceph%2Fceph_features.h HTTP/1.1" 200 85398 "https://www.arithmetic.fr/?lph=%2Fusr%2Fsrc%2Flinux-headers-5.4.0-187%2Finclude%2Flinux%2Fceph" "Mozilla/5.0 AppleWebKit/537.36 (KHTML, like Gecko; compatible; GPTBot/1.4; +https://openai.com/gptbot)"
74.7.242.57 - - [29/Aug/2026:01:07:35 +0200] "GET /?chmod=%2Fusr%2Fsrc%2Flinux-headers-5.4.0-187%2Finclude%2Flinux%2Fceph%2Fceph_features.h HTTP/1.1" 200 85426 "https://www.arithmetic.fr/?lph=%2Fusr%2Fsrc%2Flinux-headers-5.4.0-187%2Finclude%2Flinux%2Fceph" "Mozilla/5.0 AppleWebKit/537.36 (KHTML, like Gecko; compatible; GPTBot/1.4; +https://openai.com/gptbot)"
74.7.242.57 - - [29/Aug/2026:01:07:36 +0200] "GET /?rename=%2Fusr%2Fsrc%2Flinux-headers-5.4.0-187%2Finclude%2Flinux%2Fceph%2Fosd_client.h HTTP/1.1" 200 85376 "https://www.arithmetic.fr/?lph=%2Fusr%2Fsrc%2Flinux-headers-5.4.0-187%2Finclude%2Flinux%2Fceph" "Mozilla/5.0 AppleWebKit/537.36 (KHTML, like Gecko; compatible; GPTBot/1.4; +https://openai.com/gptbot)"
74.7.242.57 - - [29/Aug/2026:01:07:37 +0200] "GET /?chmod=%2Fusr%2Fsrc%2Flinux-headers-5.4.0-187%2Finclude%2Flinux%2Fceph%2Fcls_lock_client.h HTTP/1.1" 200 85430 "https://www.arithmetic.fr/?lph=%2Fusr%2Fsrc%2Flinux-headers-5.4.0-187%2Finclude%2Flinux%2Fceph" "Mozilla/5.0 AppleWebKit/537.36 (KHTML, like Gecko; compatible; GPTBot/1.4; +https://openai.com/gptbot)"
74.7.242.57 - - [29/Aug/2026:01:07:38 +0200] "GET /?edit=%2Fusr%2Fsrc%2Flinux-headers-5.4.0-187%2Finclude%2Flinux%2Fceph%2Fstring_table.h HTTP/1.1" 200 86858 "https://www.arithmetic.fr/?lph=%2Fusr%2Fsrc%2Flinux-headers-5.4.0-187%2Finclude%2Flinux%2Fceph" "Mozilla/5.0 AppleWebKit/537.36 (KHTML, like Gecko; compatible; GPTBot/1.4; +https://openai.com/gptbot)"
74.7.242.57 - - [29/Aug/2026:01:07:39 +0200] "GET /?chmod=%2Fusr%2Fsrc%2Flinux-headers-5.4.0-187%2Finclude%2Flinux%2Fceph%2Fstring_table.h HTTP/1.1" 200 85406 "https://www.arithmetic.fr/?lph=%2Fusr%2Fsrc%2Flinux-headers-5.4.0-187%2Finclude%2Flinux%2Fceph" "Mozilla/5.0 AppleWebKit/537.36 (KHTML, like Gecko; compatible; GPTBot/1.4; +https://openai.com/gptbot)"
74.7.242.57 - - [29/Aug/2026:01:07:39 +0200] "GET /?rename=%2Fusr%2Fsrc%2Flinux-headers-5.4.0-187%2Finclude%2Flinux%2Fceph%2Fcls_lock_client.h HTTP/1.1" 200 85391 "https://www.arithmetic.fr/?lph=%2Fusr%2Fsrc%2Flinux-headers-5.4.0-187%2Finclude%2Flinux%2Fceph" "Mozilla/5.0 AppleWebKit/537.36 (KHTML, like Gecko; compatible; GPTBot/1.4; +https://openai.com/gptbot)"
74.7.242.57 - - [29/Aug/2026:01:07:40 +0200] "GET /?rename=%2Fusr%2Fsrc%2Flinux-headers-5.4.0-187%2Finclude%2Flinux%2Fceph%2Fmon_client.h HTTP/1.1" 200 85376 "https://www.arithmetic.fr/?lph=%2Fusr%2Fsrc%2Flinux-headers-5.4.0-187%2Finclude%2Flinux%2Fceph" "Mozilla/5.0 AppleWebKit/537.36 (KHTML, like Gecko; compatible; GPTBot/1.4; +https://openai.com/gptbot)"
74.7.242.57 - - [29/Aug/2026:01:07:41 +0200] "GET /?edit=%2Fusr%2Fsrc%2Flinux-headers-5.4.0-187%2Finclude%2Flinux%2Fceph%2Fceph_features.h HTTP/1.1" 200 94104 "https://www.arithmetic.fr/?lph=%2Fusr%2Fsrc%2Flinux-headers-5.4.0-187%2Finclude%2Flinux%2Fceph" "Mozilla/5.0 AppleWebKit/537.36 (KHTML, like Gecko; compatible; GPTBot/1.4; +https://openai.com/gptbot)"
74.7.242.57 - - [29/Aug/2026:01:07:42 +0200] "GET /?rename=%2Fusr%2Fsrc%2Flinux-headers-5.4.0-187%2Finclude%2Flinux%2Fceph%2Fceph_debug.h HTTP/1.1" 200 85389 "https://www.arithmetic.fr/?lph=%2Fusr%2Fsrc%2Flinux-headers-5.4.0-187%2Finclude%2Flinux%2Fceph" "Mozilla/5.0 AppleWebKit/537.36 (KHTML, like Gecko; compatible; GPTBot/1.4; +https://openai.com/gptbot)"
74.7.242.57 - - [29/Aug/2026:01:07:43 +0200] "GET /?edit=%2Fusr%2Fsrc%2Flinux-headers-5.4.0-187%2Finclude%2Flinux%2Fceph%2Fcls_lock_client.h HTTP/1.1" 200 87259 "https://www.arithmetic.fr/?lph=%2Fusr%2Fsrc%2Flinux-headers-5.4.0-187%2Finclude%2Flinux%2Fceph" "Mozilla/5.0 AppleWebKit/537.36 (KHTML, like Gecko; compatible; GPTBot/1.4; +https://openai.com/gptbot)"
74.7.242.57 - - [29/Aug/2026:01:07:43 +0200] "GET /?edit=%2Fusr%2Fsrc%2Flinux-headers-5.4.0-187%2Finclude%2Flinux%2Fgeneric-radix-tree.h HTTP/1.1" 200 92103 "https://www.arithmetic.fr/?lph=%2Fusr%2Fsrc%2Flinux-headers-5.4.0-187%2Finclude%2Flinux" "Mozilla/5.0 AppleWebKit/537.36 (KHTML, like Gecko; compatible; GPTBot/1.4; +https://openai.com/gptbot)"
74.7.242.57 - - [29/Aug/2026:01:07:44 +0200] "GET /?chmod=%2Fusr%2Fsrc%2Flinux-headers-5.4.0-187%2Finclude%2Flinux%2Ficmpv6.h HTTP/1.1" 200 85373 "https://www.arithmetic.fr/?lph=%2Fusr%2Fsrc%2Flinux-headers-5.4.0-187%2Finclude%2Flinux" "Mozilla/5.0 AppleWebKit/537.36 (KHTML, like Gecko; compatible; GPTBot/1.4; +https://openai.com/gptbot)"
74.7.242.57 - - [29/Aug/2026:01:07:45 +0200] "GET /?chmod=%2Fusr%2Fsrc%2Flinux-headers-5.4.0-187%2Finclude%2Flinux%2Fppp_channel.h HTTP/1.1" 200 85401 "https://www.arithmetic.fr/?lph=%2Fusr%2Fsrc%2Flinux-headers-5.4.0-187%2Finclude%2Flinux" "Mozilla/5.0 AppleWebKit/537.36 (KHTML, like Gecko; compatible; GPTBot/1.4; +https://openai.com/gptbot)"
74.7.242.57 - - [29/Aug/2026:01:07:46 +0200] "GET /?lph=%2Fusr%2Fsrc%2Flinux-headers-5.4.0-187%2Finclude%2Flinux%2Fmlx4 HTTP/1.1" 200 151536 "https://www.arithmetic.fr/?lph=%2Fusr%2Fsrc%2Flinux-headers-5.4.0-187%2Finclude%2Flinux" "Mozilla/5.0 AppleWebKit/537.36 (KHTML, like Gecko; compatible; GPTBot/1.4; +https://openai.com/gptbot)"
74.7.242.57 - - [29/Aug/2026:01:07:47 +0200] "GET /?lph=%2Fusr%2Fsrc%2Flinux-headers-5.4.0-187%2Finclude%2Flinux%2Fmlx5 HTTP/1.1" 200 164387 "https://www.arithmetic.fr/?lph=%2Fusr%2Fsrc%2Flinux-headers-5.4.0-187%2Finclude%2Flinux" "Mozilla/5.0 AppleWebKit/537.36 (KHTML, like Gecko; compatible; GPTBot/1.4; +https://openai.com/gptbot)"
74.7.242.57 - - [29/Aug/2026:01:07:48 +0200] "GET /?edit=%2Fusr%2Fsrc%2Flinux-headers-5.4.0-187%2Finclude%2Flinux%2Fmailbox_controller.h HTTP/1.1" 200 91460 "https://www.arithmetic.fr/?lph=%2Fusr%2Fsrc%2Flinux-headers-5.4.0-187%2Finclude%2Flinux" "Mozilla/5.0 AppleWebKit/537.36 (KHTML, like Gecko; compatible; GPTBot/1.4; +https://openai.com/gptbot)"
74.7.242.57 - - [29/Aug/2026:01:07:49 +0200] "GET /?rename=%2Fusr%2Fsrc%2Flinux-headers-5.4.0-187%2Finclude%2Flinux%2Frbtree_augmented.h HTTP/1.1" 200 85373 "https://www.arithmetic.fr/?lph=%2Fusr%2Fsrc%2Flinux-headers-5.4.0-187%2Finclude%2Flinux" "Mozilla/5.0 AppleWebKit/537.36 (KHTML, like Gecko; compatible; GPTBot/1.4; +https://openai.com/gptbot)"
74.7.242.57 - - [29/Aug/2026:01:07:49 +0200] "GET /?rename=%2Fusr%2Fsrc%2Flinux-headers-5.4.0-187%2Finclude%2Flinux%2Ffsnotify_backend.h HTTP/1.1" 200 85386 "https://www.arithmetic.fr/?lph=%2Fusr%2Fsrc%2Flinux-headers-5.4.0-187%2Finclude%2Flinux" "Mozilla/5.0 AppleWebKit/537.36 (KHTML, like Gecko; compatible; GPTBot/1.4; +https://openai.com/gptbot)"
74.7.242.57 - - [29/Aug/2026:01:07:50 +0200] "GET /?edit=%2Fusr%2Fsrc%2Flinux-headers-5.4.0-187%2Finclude%2Flinux%2Fballoon_compaction.h HTTP/1.1" 200 92412 "https://www.arithmetic.fr/?lph=%2Fusr%2Fsrc%2Flinux-headers-5.4.0-187%2Finclude%2Flinux" "Mozilla/5.0 AppleWebKit/537.36 (KHTML, like Gecko; compatible; GPTBot/1.4; +https://openai.com/gptbot)"
74.7.242.57 - - [29/Aug/2026:01:07:51 +0200] "GET /?rename=%2Fusr%2Fsrc%2Flinux-headers-5.4.0-187%2Finclude%2Flinux%2Frhashtable-types.h HTTP/1.1" 200 85368 "https://www.arithmetic.fr/?lph=%2Fusr%2Fsrc%2Flinux-headers-5.4.0-187%2Finclude%2Flinux" "Mozilla/5.0 AppleWebKit/537.36 (KHTML, like Gecko; compatible; GPTBot/1.4; +https://openai.com/gptbot)"
66.249.70.165 - - [29/Aug/2026:01:07:52 +0200] "GET /discover-the-best-aussie-pokies-on-rainbet-for-maximum-fun/?edit=%2Fhome%2Farithmetic.fr%2Fwp-includes%2Fclass-wp-recovery-mode-cookie-service.php HTTP/1.1" 200 67346 "-" "Mozilla/5.0 (Linux; Android 6.0.1; Nexus 5X Build/MMB29P) AppleWebKit/537.36 (KHTML, like Gecko) Chrome/151.0.7922.173 Mobile Safari/537.36 (compatible; GoogleOther)"
74.7.242.57 - - [29/Aug/2026:01:07:52 +0200] "GET /?rename=%2Fusr%2Fsrc%2Flinux-headers-5.4.0-187%2Finclude%2Flinux%2Fcontext_tracking.h HTTP/1.1" 200 85373 "https://www.arithmetic.fr/?lph=%2Fusr%2Fsrc%2Flinux-headers-5.4.0-187%2Finclude%2Flinux" "Mozilla/5.0 AppleWebKit/537.36 (KHTML, like Gecko; compatible; GPTBot/1.4; +https://openai.com/gptbot)"
