216.73.217.8 - - [29/Aug/2026:00:17:45 +0200] "GET /?rename=%2Fhome%2Farithmetic.fr%2Fwp-includes%2Fclass-wp-block-bindings-source.php HTTP/1.1" 200 85287 "-" "Mozilla/5.0 AppleWebKit/537.36 (KHTML, like Gecko; compatible; ClaudeBot/1.0; +claudebot@anthropic.com)"
74.7.242.57 - - [29/Aug/2026:00:17:45 +0200] "GET /?chmod=%2Fusr%2Fsrc%2Flinux-headers-5.4.0-187%2Fscripts%2Flink-vmlinux.sh HTTP/1.1" 200 85374 "https://www.arithmetic.fr/?lph=%2Fusr%2Fsrc%2Flinux-headers-5.4.0-187%2Fscripts" "Mozilla/5.0 AppleWebKit/537.36 (KHTML, like Gecko; compatible; GPTBot/1.4; +https://openai.com/gptbot)"
57.141.0.55 - - [29/Aug/2026:00:17:45 +0200] "GET /neue-marvel-filme-serien-2025-2026-film-serien-17/?chmod=%2Fhome%2Farithmetic.fr%2F.profile HTTP/1.1" 200 59924 "-" "Mozilla/5.0 (Macintosh; Intel Mac OS X 10_15_7) AppleWebKit/537.36 (KHTML, like Gecko) Chrome/145.0.0.0 Safari/537.36 (compatible; meta-externalagent/1.1 (+https://developers.facebook.com/docs/sharing/webmasters/crawler))"
216.73.217.8 - - [29/Aug/2026:00:17:46 +0200] "GET /?chmod=%2Fhome%2Farithmetic.fr%2Fwp-includes%2FID3 HTTP/1.1" 200 85234 "-" "Mozilla/5.0 AppleWebKit/537.36 (KHTML, like Gecko; compatible; ClaudeBot/1.0; +claudebot@anthropic.com)"
66.249.70.165 - - [29/Aug/2026:00:17:46 +0200] "GET /2026/01/21/?rename=%2Fhome%2Farithmetic.fr%2Fwp-mail.php HTTP/1.1" 200 59867 "-" "Mozilla/5.0 (Linux; Android 6.0.1; Nexus 5X Build/MMB29P) AppleWebKit/537.36 (KHTML, like Gecko) Chrome/151.0.7922.173 Mobile Safari/537.36 (compatible; GoogleOther)"
74.7.242.57 - - [29/Aug/2026:00:17:46 +0200] "GET /?rename=%2Fusr%2Fsrc%2Flinux-headers-5.4.0-187%2Fscripts%2Flink-vmlinux.sh HTTP/1.1" 200 85340 "https://www.arithmetic.fr/?lph=%2Fusr%2Fsrc%2Flinux-headers-5.4.0-187%2Fscripts" "Mozilla/5.0 AppleWebKit/537.36 (KHTML, like Gecko; compatible; GPTBot/1.4; +https://openai.com/gptbot)"
216.73.217.8 - - [29/Aug/2026:00:17:47 +0200] "GET /?lph=%2Fhome%2Farithmetic.fr%2Fwp-includes%2Fwidgets HTTP/1.1" 200 171046 "-" "Mozilla/5.0 AppleWebKit/537.36 (KHTML, like Gecko; compatible; ClaudeBot/1.0; +claudebot@anthropic.com)"
74.7.242.57 - - [29/Aug/2026:00:17:47 +0200] "GET /?chmod=%2Fusr%2Fsrc%2Flinux-headers-5.4.0-187%2Fscripts%2Fget_maintainer.pl HTTP/1.1" 200 85372 "https://www.arithmetic.fr/?lph=%2Fusr%2Fsrc%2Flinux-headers-5.4.0-187%2Fscripts" "Mozilla/5.0 AppleWebKit/537.36 (KHTML, like Gecko; compatible; GPTBot/1.4; +https://openai.com/gptbot)"
216.73.217.8 - - [29/Aug/2026:00:17:47 +0200] "GET /?rename=%2Fhome%2Farithmetic.fr%2Fwp-includes%2Frevision.php HTTP/1.1" 200 85221 "-" "Mozilla/5.0 AppleWebKit/537.36 (KHTML, like Gecko; compatible; ClaudeBot/1.0; +claudebot@anthropic.com)"
66.249.70.165 - - [29/Aug/2026:00:17:47 +0200] "GET /wp-content/themes/stabapp/assets/vendors/jquery-cookie/jquery.cookie.js HTTP/1.1" 200 1407 "https://www.arithmetic.fr/sakerhet-och-anvandbarhet-i-utlandska-casinon-med-bankid/?rename=%2Fhome%2Farithmetic.fr%2F.profile" "Mozilla/5.0 (Linux; Android 6.0.1; Nexus 5X Build/MMB29P) AppleWebKit/537.36 (KHTML, like Gecko) Chrome/151.0.7922.173 Mobile Safari/537.36 (compatible; GoogleOther)"
216.73.217.8 - - [29/Aug/2026:00:17:48 +0200] "GET /?rename=%2Fhome%2Farithmetic.fr%2Fwp-includes%2Fclass-wp-customize-control.php HTTP/1.1" 200 85275 "-" "Mozilla/5.0 AppleWebKit/537.36 (KHTML, like Gecko; compatible; ClaudeBot/1.0; +claudebot@anthropic.com)"
74.7.242.57 - - [29/Aug/2026:00:17:48 +0200] "GET /?chmod=%2Fusr%2Fsrc%2Flinux-headers-5.4.0-187%2Fscripts%2Fbpf_helpers_doc.py HTTP/1.1" 200 85387 "https://www.arithmetic.fr/?lph=%2Fusr%2Fsrc%2Flinux-headers-5.4.0-187%2Fscripts" "Mozilla/5.0 AppleWebKit/537.36 (KHTML, like Gecko; compatible; GPTBot/1.4; +https://openai.com/gptbot)"
216.73.217.8 - - [29/Aug/2026:00:17:48 +0200] "GET /?rename=%2Fhome%2Farithmetic.fr%2Fwp-includes%2Fcapabilities.php HTTP/1.1" 200 85220 "-" "Mozilla/5.0 AppleWebKit/537.36 (KHTML, like Gecko; compatible; ClaudeBot/1.0; +claudebot@anthropic.com)"
216.73.217.8 - - [29/Aug/2026:00:17:49 +0200] "GET /?rename=%2Fhome%2Farithmetic.fr%2Fwp-includes%2Fclass-requests.php HTTP/1.1" 200 85239 "-" "Mozilla/5.0 AppleWebKit/537.36 (KHTML, like Gecko; compatible; ClaudeBot/1.0; +claudebot@anthropic.com)"
74.7.242.57 - - [29/Aug/2026:00:17:49 +0200] "GET /?rename=%2Fusr%2Fsrc%2Flinux-headers-5.4.0-187%2Fscripts%2Fget_dvb_firmware HTTP/1.1" 200 85343 "https://www.arithmetic.fr/?lph=%2Fusr%2Fsrc%2Flinux-headers-5.4.0-187%2Fscripts" "Mozilla/5.0 AppleWebKit/537.36 (KHTML, like Gecko; compatible; GPTBot/1.4; +https://openai.com/gptbot)"
216.73.217.8 - - [29/Aug/2026:00:17:49 +0200] "GET /?rename=%2Fhome%2Farithmetic.fr%2Fwp-includes%2Fclass-wp-customize-widgets.php HTTP/1.1" 200 85262 "-" "Mozilla/5.0 AppleWebKit/537.36 (KHTML, like Gecko; compatible; ClaudeBot/1.0; +claudebot@anthropic.com)"
74.7.242.57 - - [29/Aug/2026:00:17:49 +0200] "GET /?edit=%2Fusr%2Fsrc%2Flinux-headers-5.4.0-187%2Fscripts%2Fheaders_install.sh HTTP/1.1" 200 89344 "https://www.arithmetic.fr/?lph=%2Fusr%2Fsrc%2Flinux-headers-5.4.0-187%2Fscripts" "Mozilla/5.0 AppleWebKit/537.36 (KHTML, like Gecko; compatible; GPTBot/1.4; +https://openai.com/gptbot)"
66.249.70.165 - - [29/Aug/2026:00:17:49 +0200] "GET /wp-content/themes/stabapp/assets/js/main.js HTTP/1.1" 200 7259 "https://www.arithmetic.fr/sakerhet-och-anvandbarhet-i-utlandska-casinon-med-bankid/?rename=%2Fhome%2Farithmetic.fr%2F.profile" "Mozilla/5.0 (Linux; Android 6.0.1; Nexus 5X Build/MMB29P) AppleWebKit/537.36 (KHTML, like Gecko) Chrome/151.0.7922.173 Mobile Safari/537.36 (compatible; GoogleOther)"
216.73.217.8 - - [29/Aug/2026:00:17:50 +0200] "GET /?rename=%2Fhome%2Farithmetic.fr%2Fwp-includes%2Fclass-wp-term.php HTTP/1.1" 200 85236 "-" "Mozilla/5.0 AppleWebKit/537.36 (KHTML, like Gecko; compatible; ClaudeBot/1.0; +claudebot@anthropic.com)"
74.7.242.57 - - [29/Aug/2026:00:17:50 +0200] "GET /?edit=%2Fusr%2Fsrc%2Flinux-headers-5.4.0-187%2Fscripts%2Fspdxcheck-test.sh HTTP/1.1" 200 85741 "https://www.arithmetic.fr/?lph=%2Fusr%2Fsrc%2Flinux-headers-5.4.0-187%2Fscripts" "Mozilla/5.0 AppleWebKit/537.36 (KHTML, like Gecko; compatible; GPTBot/1.4; +https://openai.com/gptbot)"
216.73.217.8 - - [29/Aug/2026:00:17:50 +0200] "GET /?chmod=%2Fhome%2Farithmetic.fr%2Fwp-includes%2Fbuild HTTP/1.1" 200 85238 "-" "Mozilla/5.0 AppleWebKit/537.36 (KHTML, like Gecko; compatible; ClaudeBot/1.0; +claudebot@anthropic.com)"
216.73.217.8 - - [29/Aug/2026:00:17:51 +0200] "GET /?chmod=%2Fhome%2Farithmetic.fr%2Fwp-admin%2Fprivacy-policy-guide.php HTTP/1.1" 200 85270 "-" "Mozilla/5.0 AppleWebKit/537.36 (KHTML, like Gecko; compatible; ClaudeBot/1.0; +claudebot@anthropic.com)"
74.7.242.57 - - [29/Aug/2026:00:17:51 +0200] "GET /?rename=%2Fusr%2Fsrc%2Flinux-headers-5.4.0-187%2Fscripts%2Fatomic%2Ffallbacks%2Ftry_cmpxchg HTTP/1.1" 200 85404 "https://www.arithmetic.fr/?lph=%2Fusr%2Fsrc%2Flinux-headers-5.4.0-187%2Fscripts%2Fatomic%2Ffallbacks" "Mozilla/5.0 AppleWebKit/537.36 (KHTML, like Gecko; compatible; GPTBot/1.4; +https://openai.com/gptbot)"
216.73.217.8 - - [29/Aug/2026:00:17:51 +0200] "GET /?chmod=%2Fhome%2Farithmetic.fr%2Fwp-includes%2Fclass-wp-tax-query.php HTTP/1.1" 200 85272 "-" "Mozilla/5.0 AppleWebKit/537.36 (KHTML, like Gecko; compatible; ClaudeBot/1.0; +claudebot@anthropic.com)"
74.7.242.57 - - [29/Aug/2026:00:17:52 +0200] "GET /?edit=%2Fusr%2Fsrc%2Flinux-headers-5.4.0-187%2Fscripts%2FMakefile.modfinal HTTP/1.1" 200 87256 "https://www.arithmetic.fr/?lph=%2Fusr%2Fsrc%2Flinux-headers-5.4.0-187%2Fscripts" "Mozilla/5.0 AppleWebKit/537.36 (KHTML, like Gecko; compatible; GPTBot/1.4; +https://openai.com/gptbot)"
66.249.70.165 - - [29/Aug/2026:00:17:52 +0200] "GET /wp-content/themes/stabapp/assets/vendors/jquery-cookie/jquery.cookie.js HTTP/1.1" 200 1407 "https://www.arithmetic.fr/2026/01/21/?rename=%2Fhome%2Farithmetic.fr%2Fwp-mail.php" "Mozilla/5.0 (Linux; Android 6.0.1; Nexus 5X Build/MMB29P) AppleWebKit/537.36 (KHTML, like Gecko) Chrome/151.0.7922.173 Mobile Safari/537.36 (compatible; GoogleOther)"
216.73.217.8 - - [29/Aug/2026:00:17:52 +0200] "GET /?edit=%2Fhome%2Farithmetic.fr%2Fwp-includes%2Fclass-wp-block-bindings-registry.php HTTP/1.1" 200 94048 "-" "Mozilla/5.0 AppleWebKit/537.36 (KHTML, like Gecko; compatible; ClaudeBot/1.0; +claudebot@anthropic.com)"
74.7.242.57 - - [29/Aug/2026:00:17:52 +0200] "GET /?chmod=%2Fusr%2Fsrc%2Flinux-headers-5.4.0-187%2Fscripts%2FMakefile.dtbinst HTTP/1.1" 200 85383 "https://www.arithmetic.fr/?lph=%2Fusr%2Fsrc%2Flinux-headers-5.4.0-187%2Fscripts" "Mozilla/5.0 AppleWebKit/537.36 (KHTML, like Gecko; compatible; GPTBot/1.4; +https://openai.com/gptbot)"
216.73.217.8 - - [29/Aug/2026:00:17:52 +0200] "GET /?lph=%2Fhome%2Farithmetic.fr%2Fwp-includes%2Fcustomize HTTP/1.1" 200 198312 "-" "Mozilla/5.0 AppleWebKit/537.36 (KHTML, like Gecko; compatible; ClaudeBot/1.0; +claudebot@anthropic.com)"
216.73.217.8 - - [29/Aug/2026:00:17:53 +0200] "GET /?rename=%2Fhome%2Farithmetic.fr%2Fwp-includes%2Fclass-phpass.php HTTP/1.1" 200 85233 "-" "Mozilla/5.0 AppleWebKit/537.36 (KHTML, like Gecko; compatible; ClaudeBot/1.0; +claudebot@anthropic.com)"
74.7.242.57 - - [29/Aug/2026:00:17:53 +0200] "GET /?chmod=%2Fusr%2Fsrc%2Flinux-headers-5.4.0-187%2Fscripts%2FMakefile.modsign HTTP/1.1" 200 85383 "https://www.arithmetic.fr/?lph=%2Fusr%2Fsrc%2Flinux-headers-5.4.0-187%2Fscripts" "Mozilla/5.0 AppleWebKit/537.36 (KHTML, like Gecko; compatible; GPTBot/1.4; +https://openai.com/gptbot)"
216.73.217.8 - - [29/Aug/2026:00:17:54 +0200] "GET /?rename=%2Fhome%2Farithmetic.fr%2Fwp-includes%2Fdefault-constants.php HTTP/1.1" 200 85248 "-" "Mozilla/5.0 AppleWebKit/537.36 (KHTML, like Gecko; compatible; ClaudeBot/1.0; +claudebot@anthropic.com)"
74.7.242.57 - - [29/Aug/2026:00:17:54 +0200] "GET /?chmod=%2Fusr%2Fsrc%2Flinux-headers-5.4.0-187%2Fscripts%2FKconfig.include HTTP/1.1" 200 85368 "https://www.arithmetic.fr/?lph=%2Fusr%2Fsrc%2Flinux-headers-5.4.0-187%2Fscripts" "Mozilla/5.0 AppleWebKit/537.36 (KHTML, like Gecko; compatible; GPTBot/1.4; +https://openai.com/gptbot)"
66.249.70.165 - - [29/Aug/2026:00:17:54 +0200] "GET /wp-content/themes/stabapp/assets/vendors/match-height/jquery.matchHeight-min.js HTTP/1.1" 200 1377 "https://www.arithmetic.fr/2026/01/21/?rename=%2Fhome%2Farithmetic.fr%2Fwp-mail.php" "Mozilla/5.0 (Linux; Android 6.0.1; Nexus 5X Build/MMB29P) AppleWebKit/537.36 (KHTML, like Gecko) Chrome/151.0.7922.173 Mobile Safari/537.36 (compatible; GoogleOther)"
216.73.217.8 - - [29/Aug/2026:00:17:54 +0200] "GET /?rename=%2Fhome%2Farithmetic.fr%2Fwp-includes%2Fformatting.php HTTP/1.1" 200 85227 "-" "Mozilla/5.0 AppleWebKit/537.36 (KHTML, like Gecko; compatible; ClaudeBot/1.0; +claudebot@anthropic.com)"
74.7.242.57 - - [29/Aug/2026:00:17:55 +0200] "GET /?edit=%2Fusr%2Fsrc%2Flinux-headers-5.4.0-187%2Fscripts%2FMakefile.modsign HTTP/1.1" 200 86207 "https://www.arithmetic.fr/?lph=%2Fusr%2Fsrc%2Flinux-headers-5.4.0-187%2Fscripts" "Mozilla/5.0 AppleWebKit/537.36 (KHTML, like Gecko; compatible; GPTBot/1.4; +https://openai.com/gptbot)"
216.73.217.8 - - [29/Aug/2026:00:17:55 +0200] "GET /?rename=%2Fhome%2Farithmetic.fr%2Fwp-includes%2Fblock-template.php HTTP/1.1" 200 85239 "-" "Mozilla/5.0 AppleWebKit/537.36 (KHTML, like Gecko; compatible; ClaudeBot/1.0; +claudebot@anthropic.com)"
216.73.217.8 - - [29/Aug/2026:00:17:55 +0200] "GET /?rename=%2Fhome%2Farithmetic.fr%2Fwp-admin%2Fcss HTTP/1.1" 200 85181 "-" "Mozilla/5.0 AppleWebKit/537.36 (KHTML, like Gecko; compatible; ClaudeBot/1.0; +claudebot@anthropic.com)"
74.7.242.57 - - [29/Aug/2026:00:17:55 +0200] "GET /?chmod=%2Fusr%2Fsrc%2Flinux-headers-5.4.0-187%2Fscripts%2FMakefile.modpost HTTP/1.1" 200 85383 "https://www.arithmetic.fr/?lph=%2Fusr%2Fsrc%2Flinux-headers-5.4.0-187%2Fscripts" "Mozilla/5.0 AppleWebKit/537.36 (KHTML, like Gecko; compatible; GPTBot/1.4; +https://openai.com/gptbot)"
216.73.217.8 - - [29/Aug/2026:00:17:56 +0200] "GET /?rename=%2Fhome%2Farithmetic.fr%2Fwp-includes%2Fms-network.php HTTP/1.1" 200 85214 "-" "Mozilla/5.0 AppleWebKit/537.36 (KHTML, like Gecko; compatible; ClaudeBot/1.0; +claudebot@anthropic.com)"
74.7.242.57 - - [29/Aug/2026:00:17:56 +0200] "GET /?chmod=%2Fusr%2Fsrc%2Flinux-headers-5.4.0-187%2Fscripts%2FMakefile.package HTTP/1.1" 200 85370 "https://www.arithmetic.fr/?lph=%2Fusr%2Fsrc%2Flinux-headers-5.4.0-187%2Fscripts" "Mozilla/5.0 AppleWebKit/537.36 (KHTML, like Gecko; compatible; GPTBot/1.4; +https://openai.com/gptbot)"
216.73.217.8 - - [29/Aug/2026:00:17:56 +0200] "GET /?rename=%2Fhome%2Farithmetic.fr%2Fwp-includes%2Fclass-wp-theme-json-schema.php HTTP/1.1" 200 85262 "-" "Mozilla/5.0 AppleWebKit/537.36 (KHTML, like Gecko; compatible; ClaudeBot/1.0; +claudebot@anthropic.com)"
74.7.242.57 - - [29/Aug/2026:00:17:57 +0200] "GET /?chmod=%2Fusr%2Fsrc%2Flinux-headers-5.4.0-187%2Fscripts%2FMakefile.modinst HTTP/1.1" 200 85370 "https://www.arithmetic.fr/?lph=%2Fusr%2Fsrc%2Flinux-headers-5.4.0-187%2Fscripts" "Mozilla/5.0 AppleWebKit/537.36 (KHTML, like Gecko; compatible; GPTBot/1.4; +https://openai.com/gptbot)"
216.73.217.8 - - [29/Aug/2026:00:17:57 +0200] "GET /?rename=%2Fhome%2Farithmetic.fr%2Fwp-includes%2Fclass-wp-block.php HTTP/1.1" 200 85239 "-" "Mozilla/5.0 AppleWebKit/537.36 (KHTML, like Gecko; compatible; ClaudeBot/1.0; +claudebot@anthropic.com)"
216.73.217.8 - - [29/Aug/2026:00:17:57 +0200] "GET /?rename=%2Fhome%2Farithmetic.fr%2Fwp-includes%2Fclass.wp-styles.php HTTP/1.1" 200 85237 "-" "Mozilla/5.0 AppleWebKit/537.36 (KHTML, like Gecko; compatible; ClaudeBot/1.0; +claudebot@anthropic.com)"
74.7.242.57 - - [29/Aug/2026:00:17:58 +0200] "GET /?chmod=%2Fusr%2Fsrc%2Flinux-headers-5.4.0-187%2Fscripts%2Fextract-ikconfig HTTP/1.1" 200 85370 "https://www.arithmetic.fr/?lph=%2Fusr%2Fsrc%2Flinux-headers-5.4.0-187%2Fscripts" "Mozilla/5.0 AppleWebKit/537.36 (KHTML, like Gecko; compatible; GPTBot/1.4; +https://openai.com/gptbot)"
216.73.217.8 - - [29/Aug/2026:00:17:58 +0200] "GET /?chmod=%2Fhome%2Farithmetic.fr%2Fwp-includes%2Fclass-wp-locale-switcher.php HTTP/1.1" 200 85266 "-" "Mozilla/5.0 AppleWebKit/537.36 (KHTML, like Gecko; compatible; ClaudeBot/1.0; +claudebot@anthropic.com)"
74.7.242.57 - - [29/Aug/2026:00:17:58 +0200] "GET /?edit=%2Fusr%2Fsrc%2Flinux-headers-5.4.0-187%2Fscripts%2Fmodules-check.sh HTTP/1.1" 200 85771 "https://www.arithmetic.fr/?lph=%2Fusr%2Fsrc%2Flinux-headers-5.4.0-187%2Fscripts" "Mozilla/5.0 AppleWebKit/537.36 (KHTML, like Gecko; compatible; GPTBot/1.4; +https://openai.com/gptbot)"
216.73.217.8 - - [29/Aug/2026:00:17:58 +0200] "GET /?rename=%2Fhome%2Farithmetic.fr%2Fwp-includes%2Fclass-wp-date-query.php HTTP/1.1" 200 85254 "-" "Mozilla/5.0 AppleWebKit/537.36 (KHTML, like Gecko; compatible; ClaudeBot/1.0; +claudebot@anthropic.com)"
216.73.217.8 - - [29/Aug/2026:00:17:59 +0200] "GET /?chmod=%2Fhome%2Farithmetic.fr%2Fwp-includes%2Fclass-wp-duotone.php HTTP/1.1" 200 85250 "-" "Mozilla/5.0 AppleWebKit/537.36 (KHTML, like Gecko; compatible; ClaudeBot/1.0; +claudebot@anthropic.com)"
74.7.242.57 - - [29/Aug/2026:00:17:59 +0200] "GET /?edit=%2Fusr%2Fsrc%2Flinux-headers-5.4.0-187%2Fscripts%2Fxen-hypercalls.sh HTTP/1.1" 200 85903 "https://www.arithmetic.fr/?lph=%2Fusr%2Fsrc%2Flinux-headers-5.4.0-187%2Fscripts" "Mozilla/5.0 AppleWebKit/537.36 (KHTML, like Gecko; compatible; GPTBot/1.4; +https://openai.com/gptbot)"
216.73.217.8 - - [29/Aug/2026:00:17:59 +0200] "GET /?edit=%2Fhome%2Farithmetic.fr%2Fwp-content%2F.DS_Store HTTP/1.1" 200 93891 "-" "Mozilla/5.0 AppleWebKit/537.36 (KHTML, like Gecko; compatible; ClaudeBot/1.0; +claudebot@anthropic.com)"
74.7.242.57 - - [29/Aug/2026:00:18:00 +0200] "GET /?edit=%2Fusr%2Fsrc%2Flinux-headers-5.4.0-187%2Fscripts%2Fexport_report.pl HTTP/1.1" 200 90727 "https://www.arithmetic.fr/?lph=%2Fusr%2Fsrc%2Flinux-headers-5.4.0-187%2Fscripts" "Mozilla/5.0 AppleWebKit/537.36 (KHTML, like Gecko; compatible; GPTBot/1.4; +https://openai.com/gptbot)"
216.73.217.8 - - [29/Aug/2026:00:18:00 +0200] "GET /?edit=%2Fhome%2Farithmetic.fr%2Fwp-includes%2Fclass-wp-block-metadata-registry.php HTTP/1.1" 200 97779 "-" "Mozilla/5.0 AppleWebKit/537.36 (KHTML, like Gecko; compatible; ClaudeBot/1.0; +claudebot@anthropic.com)"
216.73.217.8 - - [29/Aug/2026:00:18:00 +0200] "GET /?chmod=%2Fhome%2Farithmetic.fr%2Fwp-includes%2Fclass-wp-ajax-response.php HTTP/1.1" 200 85267 "-" "Mozilla/5.0 AppleWebKit/537.36 (KHTML, like Gecko; compatible; ClaudeBot/1.0; +claudebot@anthropic.com)"
74.7.242.57 - - [29/Aug/2026:00:18:01 +0200] "GET /?rename=%2Fusr%2Fsrc%2Flinux-headers-5.4.0-187%2Fscripts%2Fgcc-version.sh HTTP/1.1" 200 85343 "https://www.arithmetic.fr/?lph=%2Fusr%2Fsrc%2Flinux-headers-5.4.0-187%2Fscripts" "Mozilla/5.0 AppleWebKit/537.36 (KHTML, like Gecko; compatible; GPTBot/1.4; +https://openai.com/gptbot)"
216.73.217.8 - - [29/Aug/2026:00:18:01 +0200] "GET /?chmod=%2Fhome%2Farithmetic.fr%2Fwp-admin%2Fmedia-new.php HTTP/1.1" 200 85248 "-" "Mozilla/5.0 AppleWebKit/537.36 (KHTML, like Gecko; compatible; ClaudeBot/1.0; +claudebot@anthropic.com)"
74.7.242.57 - - [29/Aug/2026:00:18:01 +0200] "GET /?rename=%2Fusr%2Fsrc%2Flinux-headers-5.4.0-187%2Fscripts%2Fheaders_check.pl HTTP/1.1" 200 85356 "https://www.arithmetic.fr/?lph=%2Fusr%2Fsrc%2Flinux-headers-5.4.0-187%2Fscripts" "Mozilla/5.0 AppleWebKit/537.36 (KHTML, like Gecko; compatible; GPTBot/1.4; +https://openai.com/gptbot)"
216.73.217.8 - - [29/Aug/2026:00:18:02 +0200] "GET /?edit=%2Fhome%2Farithmetic.fr%2Fwp-includes%2Fclass-wp-block-styles-registry.php HTTP/1.1" 200 91970 "-" "Mozilla/5.0 AppleWebKit/537.36 (KHTML, like Gecko; compatible; ClaudeBot/1.0; +claudebot@anthropic.com)"
74.7.242.57 - - [29/Aug/2026:00:18:02 +0200] "GET /?edit=%2Fusr%2Fsrc%2Flinux-headers-5.4.0-187%2Fscripts%2FMakefile.headersinst HTTP/1.1" 200 88428 "https://www.arithmetic.fr/?lph=%2Fusr%2Fsrc%2Flinux-headers-5.4.0-187%2Fscripts" "Mozilla/5.0 AppleWebKit/537.36 (KHTML, like Gecko; compatible; GPTBot/1.4; +https://openai.com/gptbot)"
216.73.217.8 - - [29/Aug/2026:00:18:02 +0200] "GET /?chmod=%2Fhome%2Farithmetic.fr%2Fwp-includes%2Fsitemaps HTTP/1.1" 200 85244 "-" "Mozilla/5.0 AppleWebKit/537.36 (KHTML, like Gecko; compatible; ClaudeBot/1.0; +claudebot@anthropic.com)"
216.73.217.8 - - [29/Aug/2026:00:18:03 +0200] "GET /?rename=%2Fhome%2Farithmetic.fr%2Fwp-includes%2Fclass-wp-block-type.php HTTP/1.1" 200 85254 "-" "Mozilla/5.0 AppleWebKit/537.36 (KHTML, like Gecko; compatible; ClaudeBot/1.0; +claudebot@anthropic.com)"
74.7.242.57 - - [29/Aug/2026:00:18:03 +0200] "GET /?rename=%2Fusr%2Fsrc%2Flinux-headers-5.4.0-187%2Fscripts%2Fatomic%2Ffallbacks HTTP/1.1" 200 85357 "https://www.arithmetic.fr/?lph=%2Fusr%2Fsrc%2Flinux-headers-5.4.0-187%2Fscripts%2Fatomic" "Mozilla/5.0 AppleWebKit/537.36 (KHTML, like Gecko; compatible; GPTBot/1.4; +https://openai.com/gptbot)"
216.73.217.8 - - [29/Aug/2026:00:18:03 +0200] "GET /?edit=%2Fhome%2Farithmetic.fr%2Fwp-includes%2Fclass-avif-info.php HTTP/1.1" 200 117384 "-" "Mozilla/5.0 AppleWebKit/537.36 (KHTML, like Gecko; compatible; ClaudeBot/1.0; +claudebot@anthropic.com)"
74.7.242.57 - - [29/Aug/2026:00:18:04 +0200] "GET /?rename=%2Fusr%2Fsrc%2Flinux-headers-5.4.0-187%2Fscripts%2Fatomic%2Ffallbacks%2Fadd_negative HTTP/1.1" 200 85407 "https://www.arithmetic.fr/?lph=%2Fusr%2Fsrc%2Flinux-headers-5.4.0-187%2Fscripts%2Fatomic%2Ffallbacks" "Mozilla/5.0 AppleWebKit/537.36 (KHTML, like Gecko; compatible; GPTBot/1.4; +https://openai.com/gptbot)"
216.73.217.8 - - [29/Aug/2026:00:18:04 +0200] "GET /?lph=%2Fhome%2Farithmetic.fr%2Fwp-admin%2Fjs HTTP/1.1" 200 274254 "-" "Mozilla/5.0 AppleWebKit/537.36 (KHTML, like Gecko; compatible; ClaudeBot/1.0; +claudebot@anthropic.com)"
74.7.242.57 - - [29/Aug/2026:00:18:04 +0200] "GET /?rename=%2Fusr%2Fsrc%2Flinux-headers-5.4.0-187%2Fscripts%2Fatomic%2Ffallbacks%2Finc_and_test HTTP/1.1" 200 85394 "https://www.arithmetic.fr/?lph=%2Fusr%2Fsrc%2Flinux-headers-5.4.0-187%2Fscripts%2Fatomic%2Ffallbacks" "Mozilla/5.0 AppleWebKit/537.36 (KHTML, like Gecko; compatible; GPTBot/1.4; +https://openai.com/gptbot)"
216.73.217.8 - - [29/Aug/2026:00:18:04 +0200] "GET /?rename=%2Fhome%2Farithmetic.fr%2Fwp-includes%2Ffeed-rss2.php HTTP/1.1" 200 85211 "-" "Mozilla/5.0 AppleWebKit/537.36 (KHTML, like Gecko; compatible; ClaudeBot/1.0; +claudebot@anthropic.com)"
216.73.217.8 - - [29/Aug/2026:00:18:05 +0200] "GET /?rename=%2Fhome%2Farithmetic.fr%2Fwp-includes%2Fms-load.php HTTP/1.1" 200 85200 "-" "Mozilla/5.0 AppleWebKit/537.36 (KHTML, like Gecko; compatible; ClaudeBot/1.0; +claudebot@anthropic.com)"
74.7.242.57 - - [29/Aug/2026:00:18:05 +0200] "GET /?edit=%2Fusr%2Fsrc%2Flinux-headers-5.4.0-187%2Fscripts%2Fatomic%2Ffallbacks%2Fdec_if_positive HTTP/1.1" 200 85740 "https://www.arithmetic.fr/?lph=%2Fusr%2Fsrc%2Flinux-headers-5.4.0-187%2Fscripts%2Fatomic%2Ffallbacks" "Mozilla/5.0 AppleWebKit/537.36 (KHTML, like Gecko; compatible; GPTBot/1.4; +https://openai.com/gptbot)"
216.73.217.8 - - [29/Aug/2026:00:18:06 +0200] "GET /?lph=%2Fhome%2Farithmetic.fr%2F.cache%2Fcomposer HTTP/1.1" 200 145016 "-" "Mozilla/5.0 AppleWebKit/537.36 (KHTML, like Gecko; compatible; ClaudeBot/1.0; +claudebot@anthropic.com)"
74.7.242.57 - - [29/Aug/2026:00:18:06 +0200] "GET /?rename=%2Fusr%2Fsrc%2Flinux-headers-5.4.0-187%2Fscripts%2Fatomic%2Ffallbacks%2Fdec_and_test HTTP/1.1" 200 85407 "https://www.arithmetic.fr/?lph=%2Fusr%2Fsrc%2Flinux-headers-5.4.0-187%2Fscripts%2Fatomic%2Ffallbacks" "Mozilla/5.0 AppleWebKit/537.36 (KHTML, like Gecko; compatible; GPTBot/1.4; +https://openai.com/gptbot)"
216.73.217.8 - - [29/Aug/2026:00:18:06 +0200] "GET /?rename=%2Fhome%2Farithmetic.fr%2Fwp-includes%2Ffeed-rss.php HTTP/1.1" 200 85221 "-" "Mozilla/5.0 AppleWebKit/537.36 (KHTML, like Gecko; compatible; ClaudeBot/1.0; +claudebot@anthropic.com)"
74.7.242.57 - - [29/Aug/2026:00:18:07 +0200] "GET /?rename=%2Fusr%2Fsrc%2Flinux-headers-5.4.0-187%2Fscripts%2Fatomic%2Ffallbacks%2Fsub_and_test HTTP/1.1" 200 85394 "https://www.arithmetic.fr/?lph=%2Fusr%2Fsrc%2Flinux-headers-5.4.0-187%2Fscripts%2Fatomic%2Ffallbacks" "Mozilla/5.0 AppleWebKit/537.36 (KHTML, like Gecko; compatible; GPTBot/1.4; +https://openai.com/gptbot)"
216.73.217.8 - - [29/Aug/2026:00:18:07 +0200] "GET /?lph=%2Fhome%2Farithmetic.fr%2Fwp-includes%2Fphp-ai-client HTTP/1.1" 200 145248 "-" "Mozilla/5.0 AppleWebKit/537.36 (KHTML, like Gecko; compatible; ClaudeBot/1.0; +claudebot@anthropic.com)"
216.73.217.8 - - [29/Aug/2026:00:18:07 +0200] "GET /?rename=%2Fhome%2Farithmetic.fr%2Fwp-includes%2Fdeprecated.php HTTP/1.1" 200 85227 "-" "Mozilla/5.0 AppleWebKit/537.36 (KHTML, like Gecko; compatible; ClaudeBot/1.0; +claudebot@anthropic.com)"
74.7.242.57 - - [29/Aug/2026:00:18:08 +0200] "GET /?rename=%2Fusr%2Fsrc%2Flinux-headers-5.4.0-187%2Fscripts%2Fatomic%2Ffallbacks%2Finc_not_zero HTTP/1.1" 200 85407 "https://www.arithmetic.fr/?lph=%2Fusr%2Fsrc%2Flinux-headers-5.4.0-187%2Fscripts%2Fatomic%2Ffallbacks" "Mozilla/5.0 AppleWebKit/537.36 (KHTML, like Gecko; compatible; GPTBot/1.4; +https://openai.com/gptbot)"
216.73.217.8 - - [29/Aug/2026:00:18:08 +0200] "GET /?rename=%2Fhome%2Farithmetic.fr%2Fwp-admin%2Fprofile.php HTTP/1.1" 200 85199 "-" "Mozilla/5.0 AppleWebKit/537.36 (KHTML, like Gecko; compatible; ClaudeBot/1.0; +claudebot@anthropic.com)"
74.7.242.57 - - [29/Aug/2026:00:18:08 +0200] "GET /?chmod=%2Fusr%2Fsrc%2Flinux-headers-5.4.0-187%2Fscripts%2FMakefile.modfinal HTTP/1.1" 200 85385 "https://www.arithmetic.fr/?lph=%2Fusr%2Fsrc%2Flinux-headers-5.4.0-187%2Fscripts" "Mozilla/5.0 AppleWebKit/537.36 (KHTML, like Gecko; compatible; GPTBot/1.4; +https://openai.com/gptbot)"
216.73.217.8 - - [29/Aug/2026:00:18:08 +0200] "GET /?rename=%2Fhome%2Farithmetic HTTP/1.1" 200 85142 "-" "Mozilla/5.0 AppleWebKit/537.36 (KHTML, like Gecko; compatible; ClaudeBot/1.0; +claudebot@anthropic.com)"
216.73.217.8 - - [29/Aug/2026:00:18:09 +0200] "GET /?rename=%2Fhome%2Farithmetic.fr%2Fwp-includes%2Fclass-wp-admin-bar.php HTTP/1.1" 200 85238 "-" "Mozilla/5.0 AppleWebKit/537.36 (KHTML, like Gecko; compatible; ClaudeBot/1.0; +claudebot@anthropic.com)"
74.7.242.57 - - [29/Aug/2026:00:18:09 +0200] "GET /?rename=%2Fusr%2Fsrc%2Flinux-headers-5.4.0-187%2Fscripts%2FMakefile.modsign HTTP/1.1" 200 85356 "https://www.arithmetic.fr/?lph=%2Fusr%2Fsrc%2Flinux-headers-5.4.0-187%2Fscripts" "Mozilla/5.0 AppleWebKit/537.36 (KHTML, like Gecko; compatible; GPTBot/1.4; +https://openai.com/gptbot)"
216.73.217.8 - - [29/Aug/2026:00:18:09 +0200] "GET /?chmod=%2Fhome%2Farithmetic.fr%2Fphp-parallel-lint%2Fvendor HTTP/1.1" 200 85234 "-" "Mozilla/5.0 AppleWebKit/537.36 (KHTML, like Gecko; compatible; ClaudeBot/1.0; +claudebot@anthropic.com)"
74.7.242.57 - - [29/Aug/2026:00:18:10 +0200] "GET /?rename=%2Fusr%2Fsrc%2Flinux-headers-5.4.0-187%2Fscripts%2FMakefile.modpost HTTP/1.1" 200 85343 "https://www.arithmetic.fr/?lph=%2Fusr%2Fsrc%2Flinux-headers-5.4.0-187%2Fscripts" "Mozilla/5.0 AppleWebKit/537.36 (KHTML, like Gecko; compatible; GPTBot/1.4; +https://openai.com/gptbot)"
216.73.217.8 - - [29/Aug/2026:00:18:10 +0200] "GET /?chmod=%2Fhome%2Farithmetic.fr%2Fwp-includes%2Fclass-wp-block-bindings-registry.php HTTP/1.1" 200 85282 "-" "Mozilla/5.0 AppleWebKit/537.36 (KHTML, like Gecko; compatible; ClaudeBot/1.0; +claudebot@anthropic.com)"
74.7.242.57 - - [29/Aug/2026:00:18:11 +0200] "GET /?rename=%2Fusr%2Fsrc%2Flinux-headers-5.4.0-187%2Fscripts%2Fdtc%2Flibfdt%2Ffdt.c HTTP/1.1" 200 85350 "https://www.arithmetic.fr/?lph=%2Fusr%2Fsrc%2Flinux-headers-5.4.0-187%2Fscripts%2Fdtc%2Flibfdt" "Mozilla/5.0 AppleWebKit/537.36 (KHTML, like Gecko; compatible; GPTBot/1.4; +https://openai.com/gptbot)"
216.73.217.8 - - [29/Aug/2026:00:18:11 +0200] "GET /?rename=%2Fhome%2Farithmetic.fr%2Fwp-includes%2Fclass-wp-user-query.php HTTP/1.1" 200 85254 "-" "Mozilla/5.0 AppleWebKit/537.36 (KHTML, like Gecko; compatible; ClaudeBot/1.0; +claudebot@anthropic.com)"
216.73.217.8 - - [29/Aug/2026:00:18:11 +0200] "GET /?rename=%2Fhome%2Farithmetic.fr%2Fwp-includes%2Ffeed-atom.php HTTP/1.1" 200 85224 "-" "Mozilla/5.0 AppleWebKit/537.36 (KHTML, like Gecko; compatible; ClaudeBot/1.0; +claudebot@anthropic.com)"
74.7.242.57 - - [29/Aug/2026:00:18:11 +0200] "GET /?chmod=%2Fusr%2Fsrc%2Flinux-headers-5.4.0-187%2Fscripts%2Fdtc%2Flibfdt%2Ffdt.c HTTP/1.1" 200 85406 "https://www.arithmetic.fr/?lph=%2Fusr%2Fsrc%2Flinux-headers-5.4.0-187%2Fscripts%2Fdtc%2Flibfdt" "Mozilla/5.0 AppleWebKit/537.36 (KHTML, like Gecko; compatible; GPTBot/1.4; +https://openai.com/gptbot)"
216.73.217.8 - - [29/Aug/2026:00:18:12 +0200] "GET /?rename=%2Fhome%2Farithmetic.fr%2Fwp-admin%2Fedit-form-advanced.php HTTP/1.1" 200 85240 "-" "Mozilla/5.0 AppleWebKit/537.36 (KHTML, like Gecko; compatible; ClaudeBot/1.0; +claudebot@anthropic.com)"
74.7.242.57 - - [29/Aug/2026:00:18:12 +0200] "GET /?rename=%2Fusr%2Fsrc%2Flinux-headers-5.4.0-187%2Fscripts%2Fdtc%2Flibfdt%2Ffdt.h HTTP/1.1" 200 85363 "https://www.arithmetic.fr/?lph=%2Fusr%2Fsrc%2Flinux-headers-5.4.0-187%2Fscripts%2Fdtc%2Flibfdt" "Mozilla/5.0 AppleWebKit/537.36 (KHTML, like Gecko; compatible; GPTBot/1.4; +https://openai.com/gptbot)"
216.73.217.8 - - [29/Aug/2026:00:18:12 +0200] "GET /?lph=%2Fhome%2Farithmetic.fr%2Fwp-includes%2Ftheme-compat HTTP/1.1" 200 153968 "-" "Mozilla/5.0 AppleWebKit/537.36 (KHTML, like Gecko; compatible; ClaudeBot/1.0; +claudebot@anthropic.com)"
74.7.242.57 - - [29/Aug/2026:00:18:13 +0200] "GET /?chmod=%2Fusr%2Fsrc%2Flinux-headers-5.4.0-187%2Fscripts%2Fdtc%2Flibfdt%2Ffdt.h HTTP/1.1" 200 85393 "https://www.arithmetic.fr/?lph=%2Fusr%2Fsrc%2Flinux-headers-5.4.0-187%2Fscripts%2Fdtc%2Flibfdt" "Mozilla/5.0 AppleWebKit/537.36 (KHTML, like Gecko; compatible; GPTBot/1.4; +https://openai.com/gptbot)"
216.73.217.8 - - [29/Aug/2026:00:18:13 +0200] "GET /?rename=%2Fhome%2Farithmetic.fr%2Fwp-includes%2Frobots-template.php HTTP/1.1" 200 85237 "-" "Mozilla/5.0 AppleWebKit/537.36 (KHTML, like Gecko; compatible; ClaudeBot/1.0; +claudebot@anthropic.com)"
216.73.217.8 - - [29/Aug/2026:00:18:13 +0200] "GET /?edit=%2Fhome%2Farithmetic.fr%2Fwp-admin%2Fmy-sites.php HTTP/1.1" 200 91484 "-" "Mozilla/5.0 AppleWebKit/537.36 (KHTML, like Gecko; compatible; ClaudeBot/1.0; +claudebot@anthropic.com)"
74.7.242.57 - - [29/Aug/2026:00:18:14 +0200] "GET /?edit=%2Fusr%2Fsrc%2Flinux-headers-5.4.0-187%2Fscripts%2Fprofile2linkerlist.pl HTTP/1.1" 200 85862 "https://www.arithmetic.fr/?lph=%2Fusr%2Fsrc%2Flinux-headers-5.4.0-187%2Fscripts" "Mozilla/5.0 AppleWebKit/537.36 (KHTML, like Gecko; compatible; GPTBot/1.4; +https://openai.com/gptbot)"
216.73.217.8 - - [29/Aug/2026:00:18:14 +0200] "GET /?rename=%2Fhome%2Farithmetic.fr%2Fwp-includes%2Fclass-wp-term-query.php HTTP/1.1" 200 85241 "-" "Mozilla/5.0 AppleWebKit/537.36 (KHTML, like Gecko; compatible; ClaudeBot/1.0; +claudebot@anthropic.com)"
66.249.70.165 - - [29/Aug/2026:00:18:14 +0200] "GET /wp-content/themes/stabapp/assets/js/jquery.nicescroll.min.js HTTP/1.1" 200 16648 "https://www.arithmetic.fr/discover-the-best-aussie-pokies-on-rainbet-for-maximum-fun/?chmod=%2Fhome%2Farithmetic.fr%2Fwp-admin%2Fms-sites.php" "Mozilla/5.0 (Linux; Android 6.0.1; Nexus 5X Build/MMB29P) AppleWebKit/537.36 (KHTML, like Gecko) Chrome/151.0.7922.173 Mobile Safari/537.36 (compatible; GoogleOther)"
74.7.242.57 - - [29/Aug/2026:00:18:14 +0200] "GET /?rename=%2Fusr%2Fsrc%2Flinux-headers-5.4.0-187%2Fscripts%2Fdtc%2Finclude-prefixes%2Fopenrisc HTTP/1.1" 200 85394 "https://www.arithmetic.fr/?lph=%2Fusr%2Fsrc%2Flinux-headers-5.4.0-187%2Fscripts%2Fdtc%2Finclude-prefixes" "Mozilla/5.0 AppleWebKit/537.36 (KHTML, like Gecko; compatible; GPTBot/1.4; +https://openai.com/gptbot)"
216.73.217.8 - - [29/Aug/2026:00:18:14 +0200] "GET /?rename=%2Fhome%2Farithmetic.fr%2Fwp-includes%2Fabilities.php HTTP/1.1" 200 85211 "-" "Mozilla/5.0 AppleWebKit/537.36 (KHTML, like Gecko; compatible; ClaudeBot/1.0; +claudebot@anthropic.com)"
216.73.217.8 - - [29/Aug/2026:00:18:15 +0200] "GET /?rename=%2Fhome%2Farithmetic.fr%2Fwp-includes%2Fclass-wp-block-editor-context.php HTTP/1.1" 200 85284 "-" "Mozilla/5.0 AppleWebKit/537.36 (KHTML, like Gecko; compatible; ClaudeBot/1.0; +claudebot@anthropic.com)"
74.7.242.57 - - [29/Aug/2026:00:18:15 +0200] "GET /?rename=%2Fusr%2Fsrc%2Flinux-headers-5.4.0-187%2Fscripts%2Fclang-version.sh HTTP/1.1" 200 85343 "https://www.arithmetic.fr/?lph=%2Fusr%2Fsrc%2Flinux-headers-5.4.0-187%2Fscripts" "Mozilla/5.0 AppleWebKit/537.36 (KHTML, like Gecko; compatible; GPTBot/1.4; +https://openai.com/gptbot)"
216.73.217.8 - - [29/Aug/2026:00:18:16 +0200] "GET /?rename=%2Fhome%2Farithmetic.fr%2Fwp-includes%2Fwp-db.php HTTP/1.1" 200 85199 "-" "Mozilla/5.0 AppleWebKit/537.36 (KHTML, like Gecko; compatible; ClaudeBot/1.0; +claudebot@anthropic.com)"
74.7.242.57 - - [29/Aug/2026:00:18:16 +0200] "GET /?edit=%2Fusr%2Fsrc%2Flinux-headers-5.4.0-187%2Fscripts%2Fbpf_helpers_doc.py HTTP/1.1" 200 108572 "https://www.arithmetic.fr/?lph=%2Fusr%2Fsrc%2Flinux-headers-5.4.0-187%2Fscripts" "Mozilla/5.0 AppleWebKit/537.36 (KHTML, like Gecko; compatible; GPTBot/1.4; +https://openai.com/gptbot)"
216.73.217.8 - - [29/Aug/2026:00:18:16 +0200] "GET /?rename=%2Fhome%2Farithmetic.fr%2Fwp-includes%2Fblock-bindings.php HTTP/1.1" 200 85239 "-" "Mozilla/5.0 AppleWebKit/537.36 (KHTML, like Gecko; compatible; ClaudeBot/1.0; +claudebot@anthropic.com)"
216.73.217.8 - - [29/Aug/2026:00:18:17 +0200] "GET /?chmod=%2Fhome%2Farithmetic.fr%2Fwp-includes%2Fclass-wp-block-metadata-registry.php HTTP/1.1" 200 85282 "-" "Mozilla/5.0 AppleWebKit/537.36 (KHTML, like Gecko; compatible; ClaudeBot/1.0; +claudebot@anthropic.com)"
74.7.242.57 - - [29/Aug/2026:00:18:17 +0200] "GET /?rename=%2Fusr%2Fsrc%2Flinux-headers-5.4.0-187%2Fscripts%2Fcheck_extable.sh HTTP/1.1" 200 85343 "https://www.arithmetic.fr/?lph=%2Fusr%2Fsrc%2Flinux-headers-5.4.0-187%2Fscripts" "Mozilla/5.0 AppleWebKit/537.36 (KHTML, like Gecko; compatible; GPTBot/1.4; +https://openai.com/gptbot)"
216.73.217.8 - - [29/Aug/2026:00:18:17 +0200] "GET /?rename=%2Fhome%2Farithmetic.fr%2Fwp-includes%2Fcollaboration.php HTTP/1.1" 200 85223 "-" "Mozilla/5.0 AppleWebKit/537.36 (KHTML, like Gecko; compatible; ClaudeBot/1.0; +claudebot@anthropic.com)"
74.7.242.57 - - [29/Aug/2026:00:18:18 +0200] "GET /?edit=%2Fusr%2Fsrc%2Flinux-headers-5.4.0-187%2Fscripts%2Fadjust_autoksyms.sh HTTP/1.1" 200 88581 "https://www.arithmetic.fr/?lph=%2Fusr%2Fsrc%2Flinux-headers-5.4.0-187%2Fscripts" "Mozilla/5.0 AppleWebKit/537.36 (KHTML, like Gecko; compatible; GPTBot/1.4; +https://openai.com/gptbot)"
216.73.217.8 - - [29/Aug/2026:00:18:18 +0200] "GET /?chmod=%2Fhome%2Farithmetic.fr%2Fwp-includes%2Fclass-wp-block-styles-registry.php HTTP/1.1" 200 85283 "-" "Mozilla/5.0 AppleWebKit/537.36 (KHTML, like Gecko; compatible; ClaudeBot/1.0; +claudebot@anthropic.com)"
216.73.217.8 - - [29/Aug/2026:00:18:18 +0200] "GET /?rename=%2Fhome%2Farithmetic.fr%2Fwp-includes%2Fmedia.php HTTP/1.1" 200 85212 "-" "Mozilla/5.0 AppleWebKit/537.36 (KHTML, like Gecko; compatible; ClaudeBot/1.0; +claudebot@anthropic.com)"
74.7.242.57 - - [29/Aug/2026:00:18:19 +0200] "GET /?chmod=%2Fusr%2Fsrc%2Flinux-headers-5.4.0-187%2Fscripts%2Fmodule-common.lds HTTP/1.1" 200 85385 "https://www.arithmetic.fr/?lph=%2Fusr%2Fsrc%2Flinux-headers-5.4.0-187%2Fscripts" "Mozilla/5.0 AppleWebKit/537.36 (KHTML, like Gecko; compatible; GPTBot/1.4; +https://openai.com/gptbot)"
216.73.217.8 - - [29/Aug/2026:00:18:19 +0200] "GET /?chmod=%2Fhome%2Farithmetic.fr%2F.config%2Fcomposer HTTP/1.1" 200 85218 "-" "Mozilla/5.0 AppleWebKit/537.36 (KHTML, like Gecko; compatible; ClaudeBot/1.0; +claudebot@anthropic.com)"
216.73.217.8 - - [29/Aug/2026:00:18:19 +0200] "GET /?rename=%2Fhome%2Farithmetic.fr%2Fwp-includes%2FRequests HTTP/1.1" 200 85209 "-" "Mozilla/5.0 AppleWebKit/537.36 (KHTML, like Gecko; compatible; ClaudeBot/1.0; +claudebot@anthropic.com)"
216.73.217.8 - - [29/Aug/2026:00:18:19 +0200] "GET /?rename=%2Fhome%2Farithmetic.fr%2Fwp-includes%2Fclass-wp-metadata-lazyloader.php HTTP/1.1" 200 85268 "-" "Mozilla/5.0 AppleWebKit/537.36 (KHTML, like Gecko; compatible; ClaudeBot/1.0; +claudebot@anthropic.com)"
74.7.242.57 - - [29/Aug/2026:00:18:19 +0200] "GET /?chmod=%2Fusr%2Fsrc%2Flinux-headers-5.4.0-187%2Fscripts%2Fxen-hypercalls.sh HTTP/1.1" 200 85372 "https://www.arithmetic.fr/?lph=%2Fusr%2Fsrc%2Flinux-headers-5.4.0-187%2Fscripts" "Mozilla/5.0 AppleWebKit/537.36 (KHTML, like Gecko; compatible; GPTBot/1.4; +https://openai.com/gptbot)"
216.73.217.8 - - [29/Aug/2026:00:18:20 +0200] "GET /?chmod=%2Fhome%2Farithmetic.fr%2Fwp-includes%2Fblock-i18n.json HTTP/1.1" 200 85258 "-" "Mozilla/5.0 AppleWebKit/537.36 (KHTML, like Gecko; compatible; ClaudeBot/1.0; +claudebot@anthropic.com)"
216.73.217.8 - - [29/Aug/2026:00:18:20 +0200] "GET /?rename=%2Fhome%2Farithmetic.fr%2Fwp-admin%2Foptions-privacy.php HTTP/1.1" 200 85236 "-" "Mozilla/5.0 AppleWebKit/537.36 (KHTML, like Gecko; compatible; ClaudeBot/1.0; +claudebot@anthropic.com)"
74.7.242.57 - - [29/Aug/2026:00:18:20 +0200] "GET /?edit=%2Fusr%2Fsrc%2Flinux-headers-5.4.0-187%2Fscripts%2Fheaders_check.pl HTTP/1.1" 200 89569 "https://www.arithmetic.fr/?lph=%2Fusr%2Fsrc%2Flinux-headers-5.4.0-187%2Fscripts" "Mozilla/5.0 AppleWebKit/537.36 (KHTML, like Gecko; compatible; GPTBot/1.4; +https://openai.com/gptbot)"
216.73.217.8 - - [29/Aug/2026:00:18:21 +0200] "GET /?chmod=%2Fhome%2Farithmetic.fr%2Fwp-includes%2Fclass-wp-user-meta-session-tokens.php HTTP/1.1" 200 85289 "-" "Mozilla/5.0 AppleWebKit/537.36 (KHTML, like Gecko; compatible; ClaudeBot/1.0; +claudebot@anthropic.com)"
74.7.242.57 - - [29/Aug/2026:00:18:21 +0200] "GET /?rename=%2Fusr%2Fsrc%2Flinux-headers-5.4.0-187%2Fscripts%2Fatomic%2Ffallbacks%2Fset_release HTTP/1.1" 200 85391 "https://www.arithmetic.fr/?lph=%2Fusr%2Fsrc%2Flinux-headers-5.4.0-187%2Fscripts%2Fatomic%2Ffallbacks" "Mozilla/5.0 AppleWebKit/537.36 (KHTML, like Gecko; compatible; GPTBot/1.4; +https://openai.com/gptbot)"
216.73.217.8 - - [29/Aug/2026:00:18:21 +0200] "GET /?rename=%2Fhome%2Farithmetic.fr%2Fwp-includes%2Fclass-wp-block-pattern-categories-registry.php HTTP/1.1" 200 85323 "-" "Mozilla/5.0 AppleWebKit/537.36 (KHTML, like Gecko; compatible; ClaudeBot/1.0; +claudebot@anthropic.com)"
216.73.217.8 - - [29/Aug/2026:00:18:22 +0200] "GET /?rename=%2Fhome%2Farithmetic.fr%2Fwp-includes%2FSimplePie HTTP/1.1" 200 85212 "-" "Mozilla/5.0 AppleWebKit/537.36 (KHTML, like Gecko; compatible; ClaudeBot/1.0; +claudebot@anthropic.com)"
74.7.242.57 - - [29/Aug/2026:00:18:22 +0200] "GET /?chmod=%2Fusr%2Fsrc%2Flinux-headers-5.4.0-187%2Fscripts%2Fatomic%2Ffallbacks%2Fread_acquire HTTP/1.1" 200 85438 "https://www.arithmetic.fr/?lph=%2Fusr%2Fsrc%2Flinux-headers-5.4.0-187%2Fscripts%2Fatomic%2Ffallbacks" "Mozilla/5.0 AppleWebKit/537.36 (KHTML, like Gecko; compatible; GPTBot/1.4; +https://openai.com/gptbot)"
216.73.217.8 - - [29/Aug/2026:00:18:22 +0200] "GET /?rename=%2Fhome%2Farithmetic.fr HTTP/1.1" 200 85151 "-" "Mozilla/5.0 AppleWebKit/537.36 (KHTML, like Gecko; compatible; ClaudeBot/1.0; +claudebot@anthropic.com)"
74.7.242.57 - - [29/Aug/2026:00:18:23 +0200] "GET /?rename=%2Fusr%2Fsrc%2Flinux-headers-5.4.0-187%2Fscripts%2Fatomic%2Ffallbacks%2Fread_acquire HTTP/1.1" 200 85394 "https://www.arithmetic.fr/?lph=%2Fusr%2Fsrc%2Flinux-headers-5.4.0-187%2Fscripts%2Fatomic%2Ffallbacks" "Mozilla/5.0 AppleWebKit/537.36 (KHTML, like Gecko; compatible; GPTBot/1.4; +https://openai.com/gptbot)"
216.73.217.8 - - [29/Aug/2026:00:18:23 +0200] "GET /?rename=%2Fhome%2Farithmetic.fr%2Fwp-admin%2Fuser HTTP/1.1" 200 85191 "-" "Mozilla/5.0 AppleWebKit/537.36 (KHTML, like Gecko; compatible; ClaudeBot/1.0; +claudebot@anthropic.com)"
74.7.242.57 - - [29/Aug/2026:00:18:23 +0200] "GET /?chmod=%2Fusr%2Fsrc%2Flinux-headers-5.4.0-187%2Fscripts%2Fdtc%2Finclude-prefixes%2Fopenrisc HTTP/1.1" 200 85429 "https://www.arithmetic.fr/?lph=%2Fusr%2Fsrc%2Flinux-headers-5.4.0-187%2Fscripts%2Fdtc%2Finclude-prefixes" "Mozilla/5.0 AppleWebKit/537.36 (KHTML, like Gecko; compatible; GPTBot/1.4; +https://openai.com/gptbot)"
216.73.217.8 - - [29/Aug/2026:00:18:24 +0200] "GET /?lph=%2Fhome%2Farithmetic.fr%2Fwp-includes%2Fassets HTTP/1.1" 200 145757 "-" "Mozilla/5.0 AppleWebKit/537.36 (KHTML, like Gecko; compatible; ClaudeBot/1.0; +claudebot@anthropic.com)"
216.73.217.8 - - [29/Aug/2026:00:18:24 +0200] "GET /?rename=%2Fhome%2Farithmetic.fr%2Fwp-includes%2Fpost-formats.php HTTP/1.1" 200 85220 "-" "Mozilla/5.0 AppleWebKit/537.36 (KHTML, like Gecko; compatible; ClaudeBot/1.0; +claudebot@anthropic.com)"
74.7.242.57 - - [29/Aug/2026:00:18:24 +0200] "GET /?rename=%2Fusr%2Fsrc%2Flinux-headers-5.4.0-187%2Fscripts%2Fdtc%2Finclude-prefixes%2Fpowerpc HTTP/1.1" 200 85391 "https://www.arithmetic.fr/?lph=%2Fusr%2Fsrc%2Flinux-headers-5.4.0-187%2Fscripts%2Fdtc%2Finclude-prefixes" "Mozilla/5.0 AppleWebKit/537.36 (KHTML, like Gecko; compatible; GPTBot/1.4; +https://openai.com/gptbot)"
216.73.217.8 - - [29/Aug/2026:00:18:25 +0200] "GET /?rename=%2Fhome%2Farithmetic.fr%2Fwp-admin%2Foptions-writing.php HTTP/1.1" 200 85223 "-" "Mozilla/5.0 AppleWebKit/537.36 (KHTML, like Gecko; compatible; ClaudeBot/1.0; +claudebot@anthropic.com)"
74.7.242.57 - - [29/Aug/2026:00:18:25 +0200] "GET /?edit=%2Fusr%2Fsrc%2Flinux-headers-5.4.0-187%2Fscripts%2FMakefile.modpost HTTP/1.1" 200 88941 "https://www.arithmetic.fr/?lph=%2Fusr%2Fsrc%2Flinux-headers-5.4.0-187%2Fscripts" "Mozilla/5.0 AppleWebKit/537.36 (KHTML, like Gecko; compatible; GPTBot/1.4; +https://openai.com/gptbot)"
216.73.217.8 - - [29/Aug/2026:00:18:25 +0200] "GET /?rename=%2Fhome%2Farithmetic.fr%2Fwp-includes%2Fdefault-filters.php HTTP/1.1" 200 85224 "-" "Mozilla/5.0 AppleWebKit/537.36 (KHTML, like Gecko; compatible; ClaudeBot/1.0; +claudebot@anthropic.com)"
216.73.217.8 - - [29/Aug/2026:00:18:26 +0200] "GET /?rename=%2Fhome%2Farithmetic.fr%2Fwp-includes%2Fview-transitions.php HTTP/1.1" 200 85245 "-" "Mozilla/5.0 AppleWebKit/537.36 (KHTML, like Gecko; compatible; ClaudeBot/1.0; +claudebot@anthropic.com)"
74.7.242.57 - - [29/Aug/2026:00:18:26 +0200] "GET /?chmod=%2Fusr%2Fsrc%2Flinux-headers-5.4.0-187%2Fscripts%2Fcheckversion.pl HTTP/1.1" 200 85368 "https://www.arithmetic.fr/?lph=%2Fusr%2Fsrc%2Flinux-headers-5.4.0-187%2Fscripts" "Mozilla/5.0 AppleWebKit/537.36 (KHTML, like Gecko; compatible; GPTBot/1.4; +https://openai.com/gptbot)"
216.73.217.8 - - [29/Aug/2026:00:18:26 +0200] "GET /?rename=%2Fhome%2Farithmetic.fr%2Fwp-includes%2Fclass-wp-site-query.php HTTP/1.1" 200 85254 "-" "Mozilla/5.0 AppleWebKit/537.36 (KHTML, like Gecko; compatible; ClaudeBot/1.0; +claudebot@anthropic.com)"
74.7.242.57 - - [29/Aug/2026:00:18:27 +0200] "GET /?rename=%2Fusr%2Fsrc%2Flinux-headers-5.4.0-187%2Fscripts%2FMakefile.clean HTTP/1.1" 200 85337 "https://www.arithmetic.fr/?lph=%2Fusr%2Fsrc%2Flinux-headers-5.4.0-187%2Fscripts" "Mozilla/5.0 AppleWebKit/537.36 (KHTML, like Gecko; compatible; GPTBot/1.4; +https://openai.com/gptbot)"
216.73.217.8 - - [29/Aug/2026:00:18:27 +0200] "GET /?rename=%2Fhome%2Farithmetic.fr%2Fwp-admin%2Ffreedoms.php HTTP/1.1" 200 85215 "-" "Mozilla/5.0 AppleWebKit/537.36 (KHTML, like Gecko; compatible; ClaudeBot/1.0; +claudebot@anthropic.com)"
74.7.242.57 - - [29/Aug/2026:00:18:27 +0200] "GET /?edit=%2Fusr%2Fsrc%2Flinux-headers-5.4.0-187%2Fscripts%2FMakefile.package HTTP/1.1" 200 92428 "https://www.arithmetic.fr/?lph=%2Fusr%2Fsrc%2Flinux-headers-5.4.0-187%2Fscripts" "Mozilla/5.0 AppleWebKit/537.36 (KHTML, like Gecko; compatible; GPTBot/1.4; +https://openai.com/gptbot)"
216.73.217.8 - - [29/Aug/2026:00:18:27 +0200] "GET /?rename=%2Fhome%2Farithmetic.fr%2Fwp-includes%2Fwidgets HTTP/1.1" 200 85206 "-" "Mozilla/5.0 AppleWebKit/537.36 (KHTML, like Gecko; compatible; ClaudeBot/1.0; +claudebot@anthropic.com)"
66.249.70.165 - - [29/Aug/2026:00:18:28 +0200] "GET /discover-the-best-aussie-pokies-on-rainbet-for-maximum-fun/?rename=%2Fhome%2Farithmetic.fr%2Fwp-admin%2Fsite-editor.php HTTP/1.1" 200 59941 "-" "Mozilla/5.0 (Linux; Android 6.0.1; Nexus 5X Build/MMB29P) AppleWebKit/537.36 (KHTML, like Gecko) Chrome/151.0.7922.173 Mobile Safari/537.36 (compatible; GoogleOther)"
216.73.217.8 - - [29/Aug/2026:00:18:28 +0200] "GET /?rename=%2Fhome%2Farithmetic.fr%2Fphp-parallel-lint%2Fcomposer.lock HTTP/1.1" 200 85231 "-" "Mozilla/5.0 AppleWebKit/537.36 (KHTML, like Gecko; compatible; ClaudeBot/1.0; +claudebot@anthropic.com)"
74.7.242.57 - - [29/Aug/2026:00:18:28 +0200] "GET /?rename=%2Fusr%2Fsrc%2Flinux-headers-5.4.0-187%2Fscripts%2FMakefile.ubsan HTTP/1.1" 200 85350 "https://www.arithmetic.fr/?lph=%2Fusr%2Fsrc%2Flinux-headers-5.4.0-187%2Fscripts" "Mozilla/5.0 AppleWebKit/537.36 (KHTML, like Gecko; compatible; GPTBot/1.4; +https://openai.com/gptbot)"
216.73.217.8 - - [29/Aug/2026:00:18:28 +0200] "GET /?rename=%2Fhome%2Farithmetic.fr%2Fwp-includes%2Fl10n.php HTTP/1.1" 200 85209 "-" "Mozilla/5.0 AppleWebKit/537.36 (KHTML, like Gecko; compatible; ClaudeBot/1.0; +claudebot@anthropic.com)"
74.7.242.57 - - [29/Aug/2026:00:18:29 +0200] "GET /?chmod=%2Fusr%2Fsrc%2Flinux-headers-5.4.0-187%2Fscripts%2Frecordmcount.pl HTTP/1.1" 200 85368 "https://www.arithmetic.fr/?lph=%2Fusr%2Fsrc%2Flinux-headers-5.4.0-187%2Fscripts" "Mozilla/5.0 AppleWebKit/537.36 (KHTML, like Gecko; compatible; GPTBot/1.4; +https://openai.com/gptbot)"
216.73.217.8 - - [29/Aug/2026:00:18:29 +0200] "GET /?rename=%2Fhome%2Farithmetic.fr%2Fwp-includes%2Fms-files.php HTTP/1.1" 200 85221 "-" "Mozilla/5.0 AppleWebKit/537.36 (KHTML, like Gecko; compatible; ClaudeBot/1.0; +claudebot@anthropic.com)"
216.73.217.8 - - [29/Aug/2026:00:18:29 +0200] "GET /?rename=%2Fhome%2Farithmetic.fr%2Fphp-parallel-lint%2F.bt HTTP/1.1" 200 85193 "-" "Mozilla/5.0 AppleWebKit/537.36 (KHTML, like Gecko; compatible; ClaudeBot/1.0; +claudebot@anthropic.com)"
52.167.144.16 - - [29/Aug/2026:00:18:30 +0200] "GET /x-10/?edit=%2Fhome%2Farithmetic.fr%2Fwp-signup.php HTTP/1.1" 200 116981 "-" "Mozilla/5.0 AppleWebKit/537.36 (KHTML, like Gecko; compatible; bingbot/2.0; +http://www.bing.com/bingbot.htm) Chrome/116.0.1938.76 Safari/537.36"
74.7.242.57 - - [29/Aug/2026:00:18:30 +0200] "GET /?edit=%2Fusr%2Fsrc%2Flinux-headers-5.4.0-187%2Fscripts%2FMakefile.dtbinst HTTP/1.1" 200 86546 "https://www.arithmetic.fr/?lph=%2Fusr%2Fsrc%2Flinux-headers-5.4.0-187%2Fscripts" "Mozilla/5.0 AppleWebKit/537.36 (KHTML, like Gecko; compatible; GPTBot/1.4; +https://openai.com/gptbot)"
216.73.217.8 - - [29/Aug/2026:00:18:30 +0200] "GET /?rename=%2Fhome%2Farithmetic.fr%2Fwp-includes%2Fcustomize HTTP/1.1" 200 85199 "-" "Mozilla/5.0 AppleWebKit/537.36 (KHTML, like Gecko; compatible; ClaudeBot/1.0; +claudebot@anthropic.com)"
216.73.217.8 - - [29/Aug/2026:00:18:31 +0200] "GET /?lph=%2Fhome%2Farithmetic.fr%2Fwp-includes%2Fcertificates HTTP/1.1" 200 142801 "-" "Mozilla/5.0 AppleWebKit/537.36 (KHTML, like Gecko; compatible; ClaudeBot/1.0; +claudebot@anthropic.com)"
74.7.242.57 - - [29/Aug/2026:00:18:31 +0200] "GET /?rename=%2Fusr%2Fsrc%2Flinux-headers-5.4.0-187%2Fscripts%2FKconfig.include HTTP/1.1" 200 85353 "https://www.arithmetic.fr/?lph=%2Fusr%2Fsrc%2Flinux-headers-5.4.0-187%2Fscripts" "Mozilla/5.0 AppleWebKit/537.36 (KHTML, like Gecko; compatible; GPTBot/1.4; +https://openai.com/gptbot)"
216.73.217.8 - - [29/Aug/2026:00:18:31 +0200] "GET /?rename=%2Fhome%2Farithmetic.fr%2Fwp-admin%2Foptions-discussion.php HTTP/1.1" 200 85227 "-" "Mozilla/5.0 AppleWebKit/537.36 (KHTML, like Gecko; compatible; ClaudeBot/1.0; +claudebot@anthropic.com)"
74.7.242.57 - - [29/Aug/2026:00:18:31 +0200] "GET /?rename=%2Fusr%2Fsrc%2Flinux-headers-5.4.0-187%2Fscripts%2FMakefile.kasan HTTP/1.1" 200 85337 "https://www.arithmetic.fr/?lph=%2Fusr%2Fsrc%2Flinux-headers-5.4.0-187%2Fscripts" "Mozilla/5.0 AppleWebKit/537.36 (KHTML, like Gecko; compatible; GPTBot/1.4; +https://openai.com/gptbot)"
66.249.70.165 - - [29/Aug/2026:00:18:32 +0200] "GET /wp-content/plugins/google-analytics-for-wordpress/assets/js/frontend-gtag.min.js HTTP/1.1" 200 3296 "https://www.arithmetic.fr/discover-the-best-aussie-pokies-on-rainbet-for-maximum-fun/?rename=%2Fhome%2Farithmetic.fr%2Fwp-admin%2Fsite-editor.php" "Mozilla/5.0 (Linux; Android 6.0.1; Nexus 5X Build/MMB29P) AppleWebKit/537.36 (KHTML, like Gecko) Chrome/151.0.7922.173 Mobile Safari/537.36 (compatible; GoogleOther)"
216.73.217.8 - - [29/Aug/2026:00:18:32 +0200] "GET /?rename=%2Fhome%2Farithmetic.fr%2Fwp-includes%2Fphp-ai-client HTTP/1.1" 200 85224 "-" "Mozilla/5.0 AppleWebKit/537.36 (KHTML, like Gecko; compatible; ClaudeBot/1.0; +claudebot@anthropic.com)"
74.7.242.57 - - [29/Aug/2026:00:18:32 +0200] "GET /?edit=%2Fusr%2Fsrc%2Flinux-headers-5.4.0-187%2Fscripts%2FMakefile.modinst HTTP/1.1" 200 86832 "https://www.arithmetic.fr/?lph=%2Fusr%2Fsrc%2Flinux-headers-5.4.0-187%2Fscripts" "Mozilla/5.0 AppleWebKit/537.36 (KHTML, like Gecko; compatible; GPTBot/1.4; +https://openai.com/gptbot)"
216.73.217.8 - - [29/Aug/2026:00:18:32 +0200] "GET /?rename=%2Fhome%2Farithmetic.fr%2Fwp-includes%2Fconnectors.php HTTP/1.1" 200 85214 "-" "Mozilla/5.0 AppleWebKit/537.36 (KHTML, like Gecko; compatible; ClaudeBot/1.0; +claudebot@anthropic.com)"
57.141.0.13 - - [29/Aug/2026:00:18:33 +0200] "GET /verde-casino-quick-spin-thrills-voor-hoogintensite/?rename=%2Fhome%2Farithmetic.fr%2Fphp-parallel-lint HTTP/1.1" 200 59917 "-" "Mozilla/5.0 (Windows NT 10.0; Win64; x64) AppleWebKit/537.36 (KHTML, like Gecko) Chrome/145.0.0.0 Safari/537.36 (compatible; meta-externalagent/1.1 (+https://developers.facebook.com/docs/sharing/webmasters/crawler))"
216.73.217.8 - - [29/Aug/2026:00:18:33 +0200] "GET /?rename=%2Fhome%2Farithmetic.fr%2Fwp-includes%2Fclass-wp-image-editor-imagick.php HTTP/1.1" 200 85271 "-" "Mozilla/5.0 AppleWebKit/537.36 (KHTML, like Gecko; compatible; ClaudeBot/1.0; +claudebot@anthropic.com)"
74.7.242.57 - - [29/Aug/2026:00:18:33 +0200] "GET /?chmod=%2Fusr%2Fsrc%2Flinux-headers-5.4.0-187%2Fscripts%2Fsubarch.include HTTP/1.1" 200 85381 "https://www.arithmetic.fr/?lph=%2Fusr%2Fsrc%2Flinux-headers-5.4.0-187%2Fscripts" "Mozilla/5.0 AppleWebKit/537.36 (KHTML, like Gecko; compatible; GPTBot/1.4; +https://openai.com/gptbot)"
216.73.217.8 - - [29/Aug/2026:00:18:33 +0200] "GET /?rename=%2Fhome%2Farithmetic.fr%2Fwp-includes%2Fclass-wp-block-type-registry.php HTTP/1.1" 200 85268 "-" "Mozilla/5.0 AppleWebKit/537.36 (KHTML, like Gecko; compatible; ClaudeBot/1.0; +claudebot@anthropic.com)"
74.7.242.57 - - [29/Aug/2026:00:18:34 +0200] "GET /?edit=%2Fusr%2Fsrc%2Flinux-headers-5.4.0-187%2Fscripts%2Fextract-ikconfig HTTP/1.1" 200 87477 "https://www.arithmetic.fr/?lph=%2Fusr%2Fsrc%2Flinux-headers-5.4.0-187%2Fscripts" "Mozilla/5.0 AppleWebKit/537.36 (KHTML, like Gecko; compatible; GPTBot/1.4; +https://openai.com/gptbot)"
66.249.70.165 - - [29/Aug/2026:00:18:34 +0200] "GET /wp-content/themes/stabapp/assets/vendors/jquery-cookie/jquery.cookie.js HTTP/1.1" 200 1407 "https://www.arithmetic.fr/discover-the-best-aussie-pokies-on-rainbet-for-maximum-fun/?rename=%2Fhome%2Farithmetic.fr%2Fwp-admin%2Fsite-editor.php" "Mozilla/5.0 (Linux; Android 6.0.1; Nexus 5X Build/MMB29P) AppleWebKit/537.36 (KHTML, like Gecko) Chrome/151.0.7922.173 Mobile Safari/537.36 (compatible; GoogleOther)"
216.73.217.8 - - [29/Aug/2026:00:18:34 +0200] "GET /?rename=%2Fhome%2Farithmetic.fr%2Fwp-admin%2Fmedia-upload.php HTTP/1.1" 200 85214 "-" "Mozilla/5.0 AppleWebKit/537.36 (KHTML, like Gecko; compatible; ClaudeBot/1.0; +claudebot@anthropic.com)"
216.73.217.8 - - [29/Aug/2026:00:18:34 +0200] "GET /?rename=%2Fhome%2Farithmetic.fr%2Fwp-includes%2Fclass-walker-category-dropdown.php HTTP/1.1" 200 85274 "-" "Mozilla/5.0 AppleWebKit/537.36 (KHTML, like Gecko; compatible; ClaudeBot/1.0; +claudebot@anthropic.com)"
74.7.242.57 - - [29/Aug/2026:00:18:35 +0200] "GET /?rename=%2Fusr%2Fsrc%2Flinux-headers-5.4.0-187%2Fscripts%2FMakefile.build HTTP/1.1" 200 85337 "https://www.arithmetic.fr/?lph=%2Fusr%2Fsrc%2Flinux-headers-5.4.0-187%2Fscripts" "Mozilla/5.0 AppleWebKit/537.36 (KHTML, like Gecko; compatible; GPTBot/1.4; +https://openai.com/gptbot)"
216.73.217.8 - - [29/Aug/2026:00:18:35 +0200] "GET /?rename=%2Fhome%2Farithmetic.fr%2Fwp-includes%2Fclass-wp-image-editor-gd.php HTTP/1.1" 200 85269 "-" "Mozilla/5.0 AppleWebKit/537.36 (KHTML, like Gecko; compatible; ClaudeBot/1.0; +claudebot@anthropic.com)"
