74.7.242.57 - - [29/Aug/2026:00:03:08 +0200] "GET /?rename=%2Fusr%2Fsrc%2Flinux-headers-5.4.0-187%2Fsound%2Fdrivers%2Fmpu401 HTTP/1.1" 200 85350 "https://www.arithmetic.fr/?lph=%2Fusr%2Fsrc%2Flinux-headers-5.4.0-187%2Fsound%2Fdrivers" "Mozilla/5.0 AppleWebKit/537.36 (KHTML, like Gecko; compatible; GPTBot/1.4; +https://openai.com/gptbot)"
74.7.242.57 - - [29/Aug/2026:00:03:09 +0200] "GET /?edit=%2Fusr%2Fsrc%2Flinux-headers-5.4.0-187%2Farch%2Fparisc%2Finclude%2Fasm%2Feisa_eeprom.h HTTP/1.1" 200 89828 "https://www.arithmetic.fr/?lph=%2Fusr%2Fsrc%2Flinux-headers-5.4.0-187%2Farch%2Fparisc%2Finclude%2Fasm" "Mozilla/5.0 AppleWebKit/537.36 (KHTML, like Gecko; compatible; GPTBot/1.4; +https://openai.com/gptbot)"
74.7.242.57 - - [29/Aug/2026:00:03:10 +0200] "GET /?rename=%2Fusr%2Fsrc%2Flinux-headers-5.4.0-216%2Farch%2Fxtensa%2Finclude%2Fasm%2Fswitch_to.h HTTP/1.1" 200 85407 "https://www.arithmetic.fr/?lph=%2Fusr%2Fsrc%2Flinux-headers-5.4.0-216%2Farch%2Fxtensa%2Finclude%2Fasm" "Mozilla/5.0 AppleWebKit/537.36 (KHTML, like Gecko; compatible; GPTBot/1.4; +https://openai.com/gptbot)"
74.7.242.57 - - [29/Aug/2026:00:03:11 +0200] "GET /?rename=%2Fusr%2Fsrc%2Flinux-headers-5.4.0-187%2Fnet%2Fdns_resolver%2FMakefile HTTP/1.1" 200 85365 "https://www.arithmetic.fr/?lph=%2Fusr%2Fsrc%2Flinux-headers-5.4.0-187%2Fnet%2Fdns_resolver" "Mozilla/5.0 AppleWebKit/537.36 (KHTML, like Gecko; compatible; GPTBot/1.4; +https://openai.com/gptbot)"
74.7.242.57 - - [29/Aug/2026:00:03:11 +0200] "GET /?rename=%2Fusr%2Fsrc%2Flinux-headers-5.4.0-216%2Farch%2Fmicroblaze%2Fpci HTTP/1.1" 200 85329 "https://www.arithmetic.fr/?lph=%2Fusr%2Fsrc%2Flinux-headers-5.4.0-216%2Farch%2Fmicroblaze" "Mozilla/5.0 AppleWebKit/537.36 (KHTML, like Gecko; compatible; GPTBot/1.4; +https://openai.com/gptbot)"
74.7.242.57 - - [29/Aug/2026:00:03:12 +0200] "GET /?lph=%2Fusr%2Fsrc%2Flinux-headers-5.4.0-216%2Farch%2Fmicroblaze%2Fpci HTTP/1.1" 200 143103 "https://www.arithmetic.fr/?lph=%2Fusr%2Fsrc%2Flinux-headers-5.4.0-216%2Farch%2Fmicroblaze" "Mozilla/5.0 AppleWebKit/537.36 (KHTML, like Gecko; compatible; GPTBot/1.4; +https://openai.com/gptbot)"
216.73.217.150 - - [29/Aug/2026:00:03:12 +0200] "GET /?rename=%2Fhome%2Farithmetic.fr%2F.cache HTTP/1.1" 200 85175 "-" "Mozilla/5.0 AppleWebKit/537.36 (KHTML, like Gecko; compatible; ClaudeBot/1.0; +claudebot@anthropic.com)"
216.73.217.150 - - [29/Aug/2026:00:03:13 +0200] "GET /?edit=%2Fhome%2Farithmetic.fr%2F.bash_history HTTP/1.1" 200 90180 "-" "Mozilla/5.0 AppleWebKit/537.36 (KHTML, like Gecko; compatible; ClaudeBot/1.0; +claudebot@anthropic.com)"
74.7.242.57 - - [29/Aug/2026:00:03:13 +0200] "GET /?rename=%2Fusr%2Fsrc%2Flinux-headers-5.4.0-216%2Farch%2Fmicroblaze%2FKconfig HTTP/1.1" 200 85341 "https://www.arithmetic.fr/?lph=%2Fusr%2Fsrc%2Flinux-headers-5.4.0-216%2Farch%2Fmicroblaze" "Mozilla/5.0 AppleWebKit/537.36 (KHTML, like Gecko; compatible; GPTBot/1.4; +https://openai.com/gptbot)"
216.73.217.150 - - [29/Aug/2026:00:03:13 +0200] "GET /?rename=%2Fhome%2Farithmetic.fr%2Fwp-cron.php HTTP/1.1" 200 85177 "-" "Mozilla/5.0 AppleWebKit/537.36 (KHTML, like Gecko; compatible; ClaudeBot/1.0; +claudebot@anthropic.com)"
74.7.242.57 - - [29/Aug/2026:00:03:14 +0200] "GET /?rename=%2Fusr%2Fsrc%2Flinux-headers-5.4.0-216%2Farch%2Fmicroblaze%2Fboot HTTP/1.1" 200 85350 "https://www.arithmetic.fr/?lph=%2Fusr%2Fsrc%2Flinux-headers-5.4.0-216%2Farch%2Fmicroblaze" "Mozilla/5.0 AppleWebKit/537.36 (KHTML, like Gecko; compatible; GPTBot/1.4; +https://openai.com/gptbot)"
216.73.217.150 - - [29/Aug/2026:00:03:14 +0200] "GET /?rename=%2Fhome%2Farithmetic.fr%2Fwp-mail.php HTTP/1.1" 200 85190 "-" "Mozilla/5.0 AppleWebKit/537.36 (KHTML, like Gecko; compatible; ClaudeBot/1.0; +claudebot@anthropic.com)"
74.7.242.57 - - [29/Aug/2026:00:03:14 +0200] "GET /?lph=%2Fusr%2Fsrc%2Flinux-headers-5.4.0-216%2Farch%2Fmicroblaze%2Finclude HTTP/1.1" 200 144235 "https://www.arithmetic.fr/?lph=%2Fusr%2Fsrc%2Flinux-headers-5.4.0-216%2Farch%2Fmicroblaze" "Mozilla/5.0 AppleWebKit/537.36 (KHTML, like Gecko; compatible; GPTBot/1.4; +https://openai.com/gptbot)"
216.73.217.150 - - [29/Aug/2026:00:03:15 +0200] "GET /?chmod=%2Fhome%2Farithmetic.fr%2F.bash_history HTTP/1.1" 200 85226 "-" "Mozilla/5.0 AppleWebKit/537.36 (KHTML, like Gecko; compatible; ClaudeBot/1.0; +claudebot@anthropic.com)"
216.73.217.150 - - [29/Aug/2026:00:03:15 +0200] "GET /?lph=%2Fhome%2Farithmetic.fr%2Fwp-content HTTP/1.1" 200 154453 "-" "Mozilla/5.0 AppleWebKit/537.36 (KHTML, like Gecko; compatible; ClaudeBot/1.0; +claudebot@anthropic.com)"
74.7.242.57 - - [29/Aug/2026:00:03:15 +0200] "GET /?chmod=%2Fusr%2Fsrc%2Flinux-headers-5.4.0-216%2Farch%2Fmicroblaze%2Fboot HTTP/1.1" 200 85389 "https://www.arithmetic.fr/?lph=%2Fusr%2Fsrc%2Flinux-headers-5.4.0-216%2Farch%2Fmicroblaze" "Mozilla/5.0 AppleWebKit/537.36 (KHTML, like Gecko; compatible; GPTBot/1.4; +https://openai.com/gptbot)"
216.73.217.150 - - [29/Aug/2026:00:03:16 +0200] "GET /?chmod=%2Fhome%2Farithmetic.fr%2Fvendor HTTP/1.1" 200 85199 "-" "Mozilla/5.0 AppleWebKit/537.36 (KHTML, like Gecko; compatible; ClaudeBot/1.0; +claudebot@anthropic.com)"
74.7.242.57 - - [29/Aug/2026:00:03:16 +0200] "GET /?lph=%2Fusr%2Fsrc%2Flinux-headers-5.4.0-216%2Farch%2Fmicroblaze%2Foprofile HTTP/1.1" 200 143163 "https://www.arithmetic.fr/?lph=%2Fusr%2Fsrc%2Flinux-headers-5.4.0-216%2Farch%2Fmicroblaze" "Mozilla/5.0 AppleWebKit/537.36 (KHTML, like Gecko; compatible; GPTBot/1.4; +https://openai.com/gptbot)"
74.7.242.57 - - [29/Aug/2026:00:03:17 +0200] "GET /?lph=%2Fusr%2Fsrc%2Flinux-headers-5.4.0-216%2Farch%2Fmicroblaze%2Fkernel HTTP/1.1" 200 145690 "https://www.arithmetic.fr/?lph=%2Fusr%2Fsrc%2Flinux-headers-5.4.0-216%2Farch%2Fmicroblaze" "Mozilla/5.0 AppleWebKit/537.36 (KHTML, like Gecko; compatible; GPTBot/1.4; +https://openai.com/gptbot)"
74.7.242.57 - - [29/Aug/2026:00:03:18 +0200] "GET /?chmod=%2Fusr%2Fsrc%2Flinux-headers-5.4.0-216%2Farch%2Fmicroblaze%2Fkernel HTTP/1.1" 200 85380 "https://www.arithmetic.fr/?lph=%2Fusr%2Fsrc%2Flinux-headers-5.4.0-216%2Farch%2Fmicroblaze" "Mozilla/5.0 AppleWebKit/537.36 (KHTML, like Gecko; compatible; GPTBot/1.4; +https://openai.com/gptbot)"
74.7.242.57 - - [29/Aug/2026:00:03:18 +0200] "GET /?rename=%2Fusr%2Fsrc%2Flinux-headers-5.4.0-216%2Farch%2Fmicroblaze%2Flib HTTP/1.1" 200 85334 "https://www.arithmetic.fr/?lph=%2Fusr%2Fsrc%2Flinux-headers-5.4.0-216%2Farch%2Fmicroblaze" "Mozilla/5.0 AppleWebKit/537.36 (KHTML, like Gecko; compatible; GPTBot/1.4; +https://openai.com/gptbot)"
74.7.242.57 - - [29/Aug/2026:00:03:19 +0200] "GET /?edit=%2Fusr%2Fsrc%2Flinux-headers-5.4.0-216%2Farch%2Fmicroblaze%2FKconfig HTTP/1.1" 200 93514 "https://www.arithmetic.fr/?lph=%2Fusr%2Fsrc%2Flinux-headers-5.4.0-216%2Farch%2Fmicroblaze" "Mozilla/5.0 AppleWebKit/537.36 (KHTML, like Gecko; compatible; GPTBot/1.4; +https://openai.com/gptbot)"
74.7.242.57 - - [29/Aug/2026:00:03:20 +0200] "GET /?lph=%2Fusr%2Fsrc%2Flinux-headers-5.4.0-216%2Farch%2Fmicroblaze%2Fboot HTTP/1.1" 200 144369 "https://www.arithmetic.fr/?lph=%2Fusr%2Fsrc%2Flinux-headers-5.4.0-216%2Farch%2Fmicroblaze" "Mozilla/5.0 AppleWebKit/537.36 (KHTML, like Gecko; compatible; GPTBot/1.4; +https://openai.com/gptbot)"
74.7.242.57 - - [29/Aug/2026:00:03:21 +0200] "GET /?rename=%2Fusr%2Fsrc%2Flinux-headers-5.4.0-216%2Farch%2Fmicroblaze%2Fpci%2FMakefile HTTP/1.1" 200 85380 "https://www.arithmetic.fr/?lph=%2Fusr%2Fsrc%2Flinux-headers-5.4.0-216%2Farch%2Fmicroblaze%2Fpci" "Mozilla/5.0 AppleWebKit/537.36 (KHTML, like Gecko; compatible; GPTBot/1.4; +https://openai.com/gptbot)"
74.7.242.57 - - [29/Aug/2026:00:03:22 +0200] "GET /?chmod=%2Fusr%2Fsrc%2Flinux-headers-5.4.0-216%2Farch%2Fmicroblaze%2Fpci%2FMakefile HTTP/1.1" 200 85402 "https://www.arithmetic.fr/?lph=%2Fusr%2Fsrc%2Flinux-headers-5.4.0-216%2Farch%2Fmicroblaze%2Fpci" "Mozilla/5.0 AppleWebKit/537.36 (KHTML, like Gecko; compatible; GPTBot/1.4; +https://openai.com/gptbot)"
74.7.242.57 - - [29/Aug/2026:00:03:23 +0200] "GET /?edit=%2Fusr%2Fsrc%2Flinux-headers-5.4.0-216%2Farch%2Fmicroblaze%2Fpci%2FMakefile HTTP/1.1" 200 85627 "https://www.arithmetic.fr/?lph=%2Fusr%2Fsrc%2Flinux-headers-5.4.0-216%2Farch%2Fmicroblaze%2Fpci" "Mozilla/5.0 AppleWebKit/537.36 (KHTML, like Gecko; compatible; GPTBot/1.4; +https://openai.com/gptbot)"
74.7.242.57 - - [29/Aug/2026:00:03:24 +0200] "GET /?rename=%2Fusr%2Fsrc%2Flinux-headers-5.4.0-216%2Farch%2Fmicroblaze%2Finclude%2Fasm HTTP/1.1" 200 85372 "https://www.arithmetic.fr/?lph=%2Fusr%2Fsrc%2Flinux-headers-5.4.0-216%2Farch%2Fmicroblaze%2Finclude" "Mozilla/5.0 AppleWebKit/537.36 (KHTML, like Gecko; compatible; GPTBot/1.4; +https://openai.com/gptbot)"
74.7.242.57 - - [29/Aug/2026:00:03:25 +0200] "GET /?rename=%2Fusr%2Fsrc%2Flinux-headers-5.4.0-216%2Farch%2Fmicroblaze%2Finclude%2Fuapi HTTP/1.1" 200 85380 "https://www.arithmetic.fr/?lph=%2Fusr%2Fsrc%2Flinux-headers-5.4.0-216%2Farch%2Fmicroblaze%2Finclude" "Mozilla/5.0 AppleWebKit/537.36 (KHTML, like Gecko; compatible; GPTBot/1.4; +https://openai.com/gptbot)"
74.7.242.57 - - [29/Aug/2026:00:03:26 +0200] "GET /?chmod=%2Fusr%2Fsrc%2Flinux-headers-5.4.0-216%2Farch%2Fmicroblaze%2Finclude%2Fasm HTTP/1.1" 200 85404 "https://www.arithmetic.fr/?lph=%2Fusr%2Fsrc%2Flinux-headers-5.4.0-216%2Farch%2Fmicroblaze%2Finclude" "Mozilla/5.0 AppleWebKit/537.36 (KHTML, like Gecko; compatible; GPTBot/1.4; +https://openai.com/gptbot)"
74.7.242.57 - - [29/Aug/2026:00:03:26 +0200] "GET /?rename=%2Fusr%2Fsrc%2Flinux-headers-5.4.0-216%2Farch%2Fmicroblaze%2Fkernel%2Fsyscalls HTTP/1.1" 200 85376 "https://www.arithmetic.fr/?lph=%2Fusr%2Fsrc%2Flinux-headers-5.4.0-216%2Farch%2Fmicroblaze%2Fkernel" "Mozilla/5.0 AppleWebKit/537.36 (KHTML, like Gecko; compatible; GPTBot/1.4; +https://openai.com/gptbot)"
74.7.242.57 - - [29/Aug/2026:00:03:27 +0200] "GET /?rename=%2Fusr%2Fsrc%2Flinux-headers-5.4.0-216%2Farch%2Fmicroblaze%2Fkernel%2Fcpu HTTP/1.1" 200 85374 "https://www.arithmetic.fr/?lph=%2Fusr%2Fsrc%2Flinux-headers-5.4.0-216%2Farch%2Fmicroblaze%2Fkernel" "Mozilla/5.0 AppleWebKit/537.36 (KHTML, like Gecko; compatible; GPTBot/1.4; +https://openai.com/gptbot)"
74.7.242.57 - - [29/Aug/2026:00:03:28 +0200] "GET /?lph=%2Fusr%2Fsrc%2Flinux-headers-5.4.0-216%2Farch%2Fmicroblaze%2Finclude%2Fuapi HTTP/1.1" 200 143119 "https://www.arithmetic.fr/?lph=%2Fusr%2Fsrc%2Flinux-headers-5.4.0-216%2Farch%2Fmicroblaze%2Finclude" "Mozilla/5.0 AppleWebKit/537.36 (KHTML, like Gecko; compatible; GPTBot/1.4; +https://openai.com/gptbot)"
74.7.242.57 - - [29/Aug/2026:00:03:29 +0200] "GET /?lph=%2Fusr%2Fsrc%2Flinux-headers-5.4.0-216%2Farch%2Fmicroblaze%2Fkernel%2Fsyscalls HTTP/1.1" 200 146417 "https://www.arithmetic.fr/?lph=%2Fusr%2Fsrc%2Flinux-headers-5.4.0-216%2Farch%2Fmicroblaze%2Fkernel" "Mozilla/5.0 AppleWebKit/537.36 (KHTML, like Gecko; compatible; GPTBot/1.4; +https://openai.com/gptbot)"
74.7.242.57 - - [29/Aug/2026:00:03:30 +0200] "GET /?chmod=%2Fusr%2Fsrc%2Flinux-headers-5.4.0-216%2Farch%2Fmicroblaze%2Fboot%2FMakefile HTTP/1.1" 200 85418 "https://www.arithmetic.fr/?lph=%2Fusr%2Fsrc%2Flinux-headers-5.4.0-216%2Farch%2Fmicroblaze%2Fboot" "Mozilla/5.0 AppleWebKit/537.36 (KHTML, like Gecko; compatible; GPTBot/1.4; +https://openai.com/gptbot)"
74.7.242.57 - - [29/Aug/2026:00:03:31 +0200] "GET /?chmod=%2Fusr%2Fsrc%2Flinux-headers-5.4.0-216%2Farch%2Fmicroblaze%2Fkernel%2Fcpu HTTP/1.1" 200 85396 "https://www.arithmetic.fr/?lph=%2Fusr%2Fsrc%2Flinux-headers-5.4.0-216%2Farch%2Fmicroblaze%2Fkernel" "Mozilla/5.0 AppleWebKit/537.36 (KHTML, like Gecko; compatible; GPTBot/1.4; +https://openai.com/gptbot)"
66.249.70.167 - - [29/Aug/2026:00:03:31 +0200] "GET /wp-content/themes/stabapp/assets/css/font-awesome.min.css HTTP/1.1" 200 6254 "https://www.arithmetic.fr/discover-the-best-aussie-pokies-on-rainbet-for-maximum-fun/?chmod=%2Fhome%2Farithmetic.fr%2Fwp-includes%2Ftaxonomy.php" "Mozilla/5.0 (Linux; Android 6.0.1; Nexus 5X Build/MMB29P) AppleWebKit/537.36 (KHTML, like Gecko) Chrome/151.0.7922.173 Mobile Safari/537.36 (compatible; GoogleOther)"
74.7.242.57 - - [29/Aug/2026:00:03:32 +0200] "GET /?chmod=%2Fusr%2Fsrc%2Flinux-headers-5.4.0-216%2Farch%2Fmicroblaze%2Finclude%2Fuapi HTTP/1.1" 200 85401 "https://www.arithmetic.fr/?lph=%2Fusr%2Fsrc%2Flinux-headers-5.4.0-216%2Farch%2Fmicroblaze%2Finclude" "Mozilla/5.0 AppleWebKit/537.36 (KHTML, like Gecko; compatible; GPTBot/1.4; +https://openai.com/gptbot)"
74.7.242.57 - - [29/Aug/2026:00:03:32 +0200] "GET /?rename=%2Fusr%2Fsrc%2Flinux-headers-5.4.0-216%2Farch%2Fmicroblaze%2Fboot%2FMakefile HTTP/1.1" 200 85383 "https://www.arithmetic.fr/?lph=%2Fusr%2Fsrc%2Flinux-headers-5.4.0-216%2Farch%2Fmicroblaze%2Fboot" "Mozilla/5.0 AppleWebKit/537.36 (KHTML, like Gecko; compatible; GPTBot/1.4; +https://openai.com/gptbot)"
216.73.217.150 - - [29/Aug/2026:00:03:32 +0200] "GET /?rename=%2Fhome%2Farithmetic.fr%2Findex.php HTTP/1.1" 200 85166 "-" "Mozilla/5.0 AppleWebKit/537.36 (KHTML, like Gecko; compatible; ClaudeBot/1.0; +claudebot@anthropic.com)"
216.73.217.150 - - [29/Aug/2026:00:03:33 +0200] "GET /?rename=%2Fhome%2Farithmetic.fr%2Fwp-config.php HTTP/1.1" 200 85196 "-" "Mozilla/5.0 AppleWebKit/537.36 (KHTML, like Gecko; compatible; ClaudeBot/1.0; +claudebot@anthropic.com)"
74.7.242.57 - - [29/Aug/2026:00:03:33 +0200] "GET /?edit=%2Fusr%2Fsrc%2Flinux-headers-5.4.0-216%2Farch%2Fmicroblaze%2Fboot%2FMakefile HTTP/1.1" 200 86368 "https://www.arithmetic.fr/?lph=%2Fusr%2Fsrc%2Flinux-headers-5.4.0-216%2Farch%2Fmicroblaze%2Fboot" "Mozilla/5.0 AppleWebKit/537.36 (KHTML, like Gecko; compatible; GPTBot/1.4; +https://openai.com/gptbot)"
216.73.217.150 - - [29/Aug/2026:00:03:34 +0200] "GET /?rename=%2Fhome%2Farithmetic.fr%2Fwp-admin HTTP/1.1" 200 85181 "-" "Mozilla/5.0 AppleWebKit/537.36 (KHTML, like Gecko; compatible; ClaudeBot/1.0; +claudebot@anthropic.com)"
74.7.242.57 - - [29/Aug/2026:00:03:34 +0200] "GET /?edit=%2Fusr%2Fsrc%2Flinux-headers-5.4.0-216%2Farch%2Fmicroblaze%2Fkernel%2FMakefile HTTP/1.1" 200 86162 "https://www.arithmetic.fr/?lph=%2Fusr%2Fsrc%2Flinux-headers-5.4.0-216%2Farch%2Fmicroblaze%2Fkernel" "Mozilla/5.0 AppleWebKit/537.36 (KHTML, like Gecko; compatible; GPTBot/1.4; +https://openai.com/gptbot)"
216.73.217.150 - - [29/Aug/2026:00:03:34 +0200] "GET /?lph=%2Fhome%2Farithmetic.fr%2F.local HTTP/1.1" 200 142369 "-" "Mozilla/5.0 AppleWebKit/537.36 (KHTML, like Gecko; compatible; ClaudeBot/1.0; +claudebot@anthropic.com)"
216.73.217.150 - - [29/Aug/2026:00:03:35 +0200] "GET /?rename=%2Fhome%2Farithmetic.fr%2F.bash_logout HTTP/1.1" 200 85180 "-" "Mozilla/5.0 AppleWebKit/537.36 (KHTML, like Gecko; compatible; ClaudeBot/1.0; +claudebot@anthropic.com)"
74.7.242.57 - - [29/Aug/2026:00:03:35 +0200] "GET /?rename=%2Fusr%2Fsrc%2Flinux-headers-5.4.0-216%2Farch%2Fmicroblaze%2Fkernel%2FMakefile HTTP/1.1" 200 85389 "https://www.arithmetic.fr/?lph=%2Fusr%2Fsrc%2Flinux-headers-5.4.0-216%2Farch%2Fmicroblaze%2Fkernel" "Mozilla/5.0 AppleWebKit/537.36 (KHTML, like Gecko; compatible; GPTBot/1.4; +https://openai.com/gptbot)"
216.73.217.150 - - [29/Aug/2026:00:03:35 +0200] "GET /?rename=%2Fhome%2Farithmetic.fr%2Fwp-login.php HTTP/1.1" 200 85193 "-" "Mozilla/5.0 AppleWebKit/537.36 (KHTML, like Gecko; compatible; ClaudeBot/1.0; +claudebot@anthropic.com)"
74.7.242.57 - - [29/Aug/2026:00:03:35 +0200] "GET /?chmod=%2Fusr%2Fsrc%2Flinux-headers-5.4.0-216%2Farch%2Fmicroblaze%2Fkernel%2Fsyscalls HTTP/1.1" 200 85424 "https://www.arithmetic.fr/?lph=%2Fusr%2Fsrc%2Flinux-headers-5.4.0-216%2Farch%2Fmicroblaze%2Fkernel" "Mozilla/5.0 AppleWebKit/537.36 (KHTML, like Gecko; compatible; GPTBot/1.4; +https://openai.com/gptbot)"
74.7.242.57 - - [29/Aug/2026:00:03:36 +0200] "GET /?chmod=%2Fusr%2Fsrc%2Flinux-headers-5.4.0-216%2Farch%2Fmicroblaze%2Fkernel%2FMakefile HTTP/1.1" 200 85424 "https://www.arithmetic.fr/?lph=%2Fusr%2Fsrc%2Flinux-headers-5.4.0-216%2Farch%2Fmicroblaze%2Fkernel" "Mozilla/5.0 AppleWebKit/537.36 (KHTML, like Gecko; compatible; GPTBot/1.4; +https://openai.com/gptbot)"
40.77.167.241 - - [29/Aug/2026:00:03:36 +0200] "GET /wp-json/wp/v2/posts/3299 HTTP/1.1" 200 119744 "-" "Mozilla/5.0 AppleWebKit/537.36 (KHTML, like Gecko; compatible; bingbot/2.0; +http://www.bing.com/bingbot.htm) Chrome/116.0.1938.76 Safari/537.36"
74.7.242.57 - - [29/Aug/2026:00:03:37 +0200] "GET /?chmod=%2Fusr%2Fsrc%2Flinux-headers-5.4.0-216%2Farch%2Fmicroblaze%2Foprofile%2FMakefile HTTP/1.1" 200 85430 "https://www.arithmetic.fr/?lph=%2Fusr%2Fsrc%2Flinux-headers-5.4.0-216%2Farch%2Fmicroblaze%2Foprofile" "Mozilla/5.0 AppleWebKit/537.36 (KHTML, like Gecko; compatible; GPTBot/1.4; +https://openai.com/gptbot)"
74.7.242.57 - - [29/Aug/2026:00:03:38 +0200] "GET /?edit=%2Fusr%2Fsrc%2Flinux-headers-5.4.0-216%2Farch%2Fmicroblaze%2Foprofile%2FMakefile HTTP/1.1" 200 85840 "https://www.arithmetic.fr/?lph=%2Fusr%2Fsrc%2Flinux-headers-5.4.0-216%2Farch%2Fmicroblaze%2Foprofile" "Mozilla/5.0 AppleWebKit/537.36 (KHTML, like Gecko; compatible; GPTBot/1.4; +https://openai.com/gptbot)"
74.7.242.57 - - [29/Aug/2026:00:03:39 +0200] "GET /?rename=%2Fusr%2Fsrc%2Flinux-headers-5.4.0-216%2Farch%2Fmicroblaze%2Fmm HTTP/1.1" 200 85331 "https://www.arithmetic.fr/?lph=%2Fusr%2Fsrc%2Flinux-headers-5.4.0-216%2Farch%2Fmicroblaze" "Mozilla/5.0 AppleWebKit/537.36 (KHTML, like Gecko; compatible; GPTBot/1.4; +https://openai.com/gptbot)"
74.7.242.57 - - [29/Aug/2026:00:03:40 +0200] "GET /?lph=%2Fusr%2Fsrc%2Flinux-headers-5.4.0-216%2Farch%2Fmicroblaze%2Flib HTTP/1.1" 200 143118 "https://www.arithmetic.fr/?lph=%2Fusr%2Fsrc%2Flinux-headers-5.4.0-216%2Farch%2Fmicroblaze" "Mozilla/5.0 AppleWebKit/537.36 (KHTML, like Gecko; compatible; GPTBot/1.4; +https://openai.com/gptbot)"
74.7.242.57 - - [29/Aug/2026:00:03:41 +0200] "GET /?edit=%2Fusr%2Fsrc%2Flinux-headers-5.4.0-216%2Farch%2Fmicroblaze%2FMakefile HTTP/1.1" 200 89652 "https://www.arithmetic.fr/?lph=%2Fusr%2Fsrc%2Flinux-headers-5.4.0-216%2Farch%2Fmicroblaze" "Mozilla/5.0 AppleWebKit/537.36 (KHTML, like Gecko; compatible; GPTBot/1.4; +https://openai.com/gptbot)"
74.7.242.57 - - [29/Aug/2026:00:03:41 +0200] "GET /?chmod=%2Fusr%2Fsrc%2Flinux-headers-5.4.0-216%2Farch%2Fmicroblaze%2FKconfig HTTP/1.1" 200 85395 "https://www.arithmetic.fr/?lph=%2Fusr%2Fsrc%2Flinux-headers-5.4.0-216%2Farch%2Fmicroblaze" "Mozilla/5.0 AppleWebKit/537.36 (KHTML, like Gecko; compatible; GPTBot/1.4; +https://openai.com/gptbot)"
74.7.242.57 - - [29/Aug/2026:00:03:42 +0200] "GET /?chmod=%2Fusr%2Fsrc%2Flinux-headers-5.4.0-216%2Farch%2Fmicroblaze%2Fmm HTTP/1.1" 200 85385 "https://www.arithmetic.fr/?lph=%2Fusr%2Fsrc%2Flinux-headers-5.4.0-216%2Farch%2Fmicroblaze" "Mozilla/5.0 AppleWebKit/537.36 (KHTML, like Gecko; compatible; GPTBot/1.4; +https://openai.com/gptbot)"
74.7.242.57 - - [29/Aug/2026:00:03:43 +0200] "GET /?chmod=%2Fusr%2Fsrc%2Flinux-headers-5.4.0-216%2Farch%2Fmicroblaze%2Fpci HTTP/1.1" 200 85374 "https://www.arithmetic.fr/?lph=%2Fusr%2Fsrc%2Flinux-headers-5.4.0-216%2Farch%2Fmicroblaze" "Mozilla/5.0 AppleWebKit/537.36 (KHTML, like Gecko; compatible; GPTBot/1.4; +https://openai.com/gptbot)"
74.7.242.57 - - [29/Aug/2026:00:03:44 +0200] "GET /?lph=%2Fusr%2Fsrc%2Flinux-headers-5.4.0-216%2Farch%2Fmicroblaze%2Fmm HTTP/1.1" 200 143108 "https://www.arithmetic.fr/?lph=%2Fusr%2Fsrc%2Flinux-headers-5.4.0-216%2Farch%2Fmicroblaze" "Mozilla/5.0 AppleWebKit/537.36 (KHTML, like Gecko; compatible; GPTBot/1.4; +https://openai.com/gptbot)"
57.141.0.71 - - [29/Aug/2026:00:03:44 +0200] "GET /frumzi-casino-ganancias-rpidas-tragamonedas-de-alt/ HTTP/1.1" 200 160688 "-" "Mozilla/5.0 (Windows NT 10.0; Win64; x64; rv:147.0) Gecko/20100101 Firefox/147.0 (compatible; meta-externalagent/1.1 (+https://developers.facebook.com/docs/sharing/webmasters/crawler))"
74.7.242.57 - - [29/Aug/2026:00:03:45 +0200] "GET /?chmod=%2Fusr%2Fsrc%2Flinux-headers-5.4.0-216%2Farch%2Fmicroblaze%2Flib HTTP/1.1" 200 85387 "https://www.arithmetic.fr/?lph=%2Fusr%2Fsrc%2Flinux-headers-5.4.0-216%2Farch%2Fmicroblaze" "Mozilla/5.0 AppleWebKit/537.36 (KHTML, like Gecko; compatible; GPTBot/1.4; +https://openai.com/gptbot)"
74.7.242.57 - - [29/Aug/2026:00:03:46 +0200] "GET /?rename=%2Fusr%2Fsrc%2Flinux-headers-5.4.0-216%2Farch%2Fmicroblaze%2Foprofile%2FMakefile HTTP/1.1" 200 85395 "https://www.arithmetic.fr/?lph=%2Fusr%2Fsrc%2Flinux-headers-5.4.0-216%2Farch%2Fmicroblaze%2Foprofile" "Mozilla/5.0 AppleWebKit/537.36 (KHTML, like Gecko; compatible; GPTBot/1.4; +https://openai.com/gptbot)"
74.7.242.57 - - [29/Aug/2026:00:03:47 +0200] "GET /?chmod=%2Fusr%2Fsrc%2Flinux-headers-5.4.0-216%2Farch%2Fmicroblaze%2FMakefile HTTP/1.1" 200 85379 "https://www.arithmetic.fr/?lph=%2Fusr%2Fsrc%2Flinux-headers-5.4.0-216%2Farch%2Fmicroblaze" "Mozilla/5.0 AppleWebKit/537.36 (KHTML, like Gecko; compatible; GPTBot/1.4; +https://openai.com/gptbot)"
74.7.242.57 - - [29/Aug/2026:00:03:47 +0200] "GET /?lph=%2Fusr%2Fsrc%2Flinux-headers-5.4.0-216%2Farch%2Fmicroblaze%2Fboot%2Fdts HTTP/1.1" 200 143274 "https://www.arithmetic.fr/?lph=%2Fusr%2Fsrc%2Flinux-headers-5.4.0-216%2Farch%2Fmicroblaze%2Fboot" "Mozilla/5.0 AppleWebKit/537.36 (KHTML, like Gecko; compatible; GPTBot/1.4; +https://openai.com/gptbot)"
57.141.0.40 - - [29/Aug/2026:00:03:48 +0200] "GET /casinia-quickspin-slots-und-schnelle-gewinne-fr-de/?rename=%2Fhome%2Farithmetic.fr%2F.wp-cli HTTP/1.1" 200 59882 "-" "Mozilla/5.0 (X11; Linux x86_64) AppleWebKit/537.36 (KHTML, like Gecko) Chrome/145.0.0.0 Safari/537.36 (compatible; meta-externalagent/1.1 (+https://developers.facebook.com/docs/sharing/webmasters/crawler))"
74.7.242.57 - - [29/Aug/2026:00:03:48 +0200] "GET /?rename=%2Fusr%2Fsrc%2Flinux-headers-5.4.0-216%2Farch%2Fmicroblaze%2Finclude HTTP/1.1" 200 85341 "https://www.arithmetic.fr/?lph=%2Fusr%2Fsrc%2Flinux-headers-5.4.0-216%2Farch%2Fmicroblaze" "Mozilla/5.0 AppleWebKit/537.36 (KHTML, like Gecko; compatible; GPTBot/1.4; +https://openai.com/gptbot)"
74.7.242.57 - - [29/Aug/2026:00:03:49 +0200] "GET /?chmod=%2Fusr%2Fsrc%2Flinux-headers-5.4.0-216%2Farch%2Fmicroblaze%2Flib%2FMakefile HTTP/1.1" 200 85402 "https://www.arithmetic.fr/?lph=%2Fusr%2Fsrc%2Flinux-headers-5.4.0-216%2Farch%2Fmicroblaze%2Flib" "Mozilla/5.0 AppleWebKit/537.36 (KHTML, like Gecko; compatible; GPTBot/1.4; +https://openai.com/gptbot)"
74.7.242.57 - - [29/Aug/2026:00:03:50 +0200] "GET /?rename=%2Fusr%2Fsrc%2Flinux-headers-5.4.0-216%2Farch%2Fmicroblaze%2Flib%2FMakefile HTTP/1.1" 200 85380 "https://www.arithmetic.fr/?lph=%2Fusr%2Fsrc%2Flinux-headers-5.4.0-216%2Farch%2Fmicroblaze%2Flib" "Mozilla/5.0 AppleWebKit/537.36 (KHTML, like Gecko; compatible; GPTBot/1.4; +https://openai.com/gptbot)"
216.73.217.150 - - [29/Aug/2026:00:03:50 +0200] "GET /?lph=%2Fhome%2Farithmetic.fr%2F.config HTTP/1.1" 200 143547 "-" "Mozilla/5.0 AppleWebKit/537.36 (KHTML, like Gecko; compatible; ClaudeBot/1.0; +claudebot@anthropic.com)"
74.7.242.57 - - [29/Aug/2026:00:03:51 +0200] "GET /?edit=%2Fusr%2Fsrc%2Flinux-headers-5.4.0-216%2Farch%2Fmicroblaze%2Flib%2FMakefile HTTP/1.1" 200 85935 "https://www.arithmetic.fr/?lph=%2Fusr%2Fsrc%2Flinux-headers-5.4.0-216%2Farch%2Fmicroblaze%2Flib" "Mozilla/5.0 AppleWebKit/537.36 (KHTML, like Gecko; compatible; GPTBot/1.4; +https://openai.com/gptbot)"
216.73.217.150 - - [29/Aug/2026:00:03:51 +0200] "GET /?rename=%2Fhome%2Farithmetic.fr%2Fwp-includes HTTP/1.1" 200 85177 "-" "Mozilla/5.0 AppleWebKit/537.36 (KHTML, like Gecko; compatible; ClaudeBot/1.0; +claudebot@anthropic.com)"
74.7.242.57 - - [29/Aug/2026:00:03:52 +0200] "GET /?rename=%2Fusr%2Fsrc%2Flinux-headers-5.4.0-216%2Farch%2Fmicroblaze%2Fkernel HTTP/1.1" 200 85356 "https://www.arithmetic.fr/?lph=%2Fusr%2Fsrc%2Flinux-headers-5.4.0-216%2Farch%2Fmicroblaze" "Mozilla/5.0 AppleWebKit/537.36 (KHTML, like Gecko; compatible; GPTBot/1.4; +https://openai.com/gptbot)"
216.73.217.150 - - [29/Aug/2026:00:03:52 +0200] "GET /?rename=%2Fhome%2Farithmetic.fr%2F.DS_Store HTTP/1.1" 200 85166 "-" "Mozilla/5.0 AppleWebKit/537.36 (KHTML, like Gecko; compatible; ClaudeBot/1.0; +claudebot@anthropic.com)"
216.73.217.150 - - [29/Aug/2026:00:03:52 +0200] "GET /?rename=%2Fhome%2Farithmetic.fr%2Fbackups HTTP/1.1" 200 85165 "-" "Mozilla/5.0 AppleWebKit/537.36 (KHTML, like Gecko; compatible; ClaudeBot/1.0; +claudebot@anthropic.com)"
74.7.242.57 - - [29/Aug/2026:00:03:52 +0200] "GET /?chmod=%2Fusr%2Fsrc%2Flinux-headers-5.4.0-216%2Farch%2Fmicroblaze%2Foprofile HTTP/1.1" 200 85379 "https://www.arithmetic.fr/?lph=%2Fusr%2Fsrc%2Flinux-headers-5.4.0-216%2Farch%2Fmicroblaze" "Mozilla/5.0 AppleWebKit/537.36 (KHTML, like Gecko; compatible; GPTBot/1.4; +https://openai.com/gptbot)"
216.73.217.150 - - [29/Aug/2026:00:03:53 +0200] "GET /?rename=%2Fhome%2Farithmetic.fr%2Fwp-blog-header.php HTTP/1.1" 200 85211 "-" "Mozilla/5.0 AppleWebKit/537.36 (KHTML, like Gecko; compatible; ClaudeBot/1.0; +claudebot@anthropic.com)"
74.7.242.57 - - [29/Aug/2026:00:03:53 +0200] "GET /?chmod=%2Fusr%2Fsrc%2Flinux-headers-5.4.0-216%2Farch%2Fmicroblaze%2Fmm%2FMakefile HTTP/1.1" 200 85412 "https://www.arithmetic.fr/?lph=%2Fusr%2Fsrc%2Flinux-headers-5.4.0-216%2Farch%2Fmicroblaze%2Fmm" "Mozilla/5.0 AppleWebKit/537.36 (KHTML, like Gecko; compatible; GPTBot/1.4; +https://openai.com/gptbot)"
216.73.217.150 - - [29/Aug/2026:00:03:53 +0200] "GET /?rename=%2Fhome%2Farithmetic.fr%2Fcomposer.json HTTP/1.1" 200 85196 "-" "Mozilla/5.0 AppleWebKit/537.36 (KHTML, like Gecko; compatible; ClaudeBot/1.0; +claudebot@anthropic.com)"
74.7.242.57 - - [29/Aug/2026:00:03:54 +0200] "GET /?rename=%2Fusr%2Fsrc%2Flinux-headers-5.4.0-216%2Farch%2Fmicroblaze%2Fmm%2FMakefile HTTP/1.1" 200 85377 "https://www.arithmetic.fr/?lph=%2Fusr%2Fsrc%2Flinux-headers-5.4.0-216%2Farch%2Fmicroblaze%2Fmm" "Mozilla/5.0 AppleWebKit/537.36 (KHTML, like Gecko; compatible; GPTBot/1.4; +https://openai.com/gptbot)"
74.7.242.57 - - [29/Aug/2026:00:03:55 +0200] "GET /?edit=%2Fusr%2Fsrc%2Flinux-headers-5.4.0-216%2Farch%2Fmicroblaze%2Fmm%2FMakefile HTTP/1.1" 200 85628 "https://www.arithmetic.fr/?lph=%2Fusr%2Fsrc%2Flinux-headers-5.4.0-216%2Farch%2Fmicroblaze%2Fmm" "Mozilla/5.0 AppleWebKit/537.36 (KHTML, like Gecko; compatible; GPTBot/1.4; +https://openai.com/gptbot)"
216.73.217.150 - - [29/Aug/2026:00:03:55 +0200] "GET /?lph=%2Fhome%2Farithmetic.fr%2Fvendor HTTP/1.1" 200 144890 "-" "Mozilla/5.0 AppleWebKit/537.36 (KHTML, like Gecko; compatible; ClaudeBot/1.0; +claudebot@anthropic.com)"
74.7.242.57 - - [29/Aug/2026:00:03:56 +0200] "GET /?chmod=%2Fusr%2Fsrc%2Flinux-headers-5.4.0-216%2Farch%2Fmicroblaze%2Finclude HTTP/1.1" 200 85382 "https://www.arithmetic.fr/?lph=%2Fusr%2Fsrc%2Flinux-headers-5.4.0-216%2Farch%2Fmicroblaze" "Mozilla/5.0 AppleWebKit/537.36 (KHTML, like Gecko; compatible; GPTBot/1.4; +https://openai.com/gptbot)"
216.73.217.150 - - [29/Aug/2026:00:03:56 +0200] "GET /?rename=%2Fhome%2Farithmetic.fr%2Freadme.html HTTP/1.1" 200 85190 "-" "Mozilla/5.0 AppleWebKit/537.36 (KHTML, like Gecko; compatible; ClaudeBot/1.0; +claudebot@anthropic.com)"
74.7.242.57 - - [29/Aug/2026:00:03:56 +0200] "GET /?rename=%2Fusr%2Fsrc%2Flinux-headers-5.4.0-216%2Farch%2Fmicroblaze%2Foprofile HTTP/1.1" 200 85349 "https://www.arithmetic.fr/?lph=%2Fusr%2Fsrc%2Flinux-headers-5.4.0-216%2Farch%2Fmicroblaze" "Mozilla/5.0 AppleWebKit/537.36 (KHTML, like Gecko; compatible; GPTBot/1.4; +https://openai.com/gptbot)"
216.73.217.150 - - [29/Aug/2026:00:03:57 +0200] "GET /?rename=%2Fhome%2Farithmetic.fr%2Fwp-signup.php HTTP/1.1" 200 85196 "-" "Mozilla/5.0 AppleWebKit/537.36 (KHTML, like Gecko; compatible; ClaudeBot/1.0; +claudebot@anthropic.com)"
74.7.242.57 - - [29/Aug/2026:00:03:57 +0200] "GET /?rename=%2Fusr%2Fsrc%2Flinux-headers-5.4.0-216%2Farch%2Fmicroblaze%2FMakefile HTTP/1.1" 200 85349 "https://www.arithmetic.fr/?lph=%2Fusr%2Fsrc%2Flinux-headers-5.4.0-216%2Farch%2Fmicroblaze" "Mozilla/5.0 AppleWebKit/537.36 (KHTML, like Gecko; compatible; GPTBot/1.4; +https://openai.com/gptbot)"
216.73.217.150 - - [29/Aug/2026:00:03:58 +0200] "GET /?rename=%2Fhome%2Farithmetic.fr%2Fwp-links-opml.php HTTP/1.1" 200 85190 "-" "Mozilla/5.0 AppleWebKit/537.36 (KHTML, like Gecko; compatible; ClaudeBot/1.0; +claudebot@anthropic.com)"
216.73.217.150 - - [29/Aug/2026:00:03:58 +0200] "GET /?rename=%2Fhome%2Farithmetic.fr%2Fcomposer.lock HTTP/1.1" 200 85183 "-" "Mozilla/5.0 AppleWebKit/537.36 (KHTML, like Gecko; compatible; ClaudeBot/1.0; +claudebot@anthropic.com)"
74.7.242.57 - - [29/Aug/2026:00:03:58 +0200] "GET /?edit=%2Fusr%2Fsrc%2Flinux-headers-5.4.0-216%2Farch%2Fmicroblaze%2Fkernel%2Fsyscalls%2FMakefile HTTP/1.1" 200 86822 "https://www.arithmetic.fr/?lph=%2Fusr%2Fsrc%2Flinux-headers-5.4.0-216%2Farch%2Fmicroblaze%2Fkernel%2Fsyscalls" "Mozilla/5.0 AppleWebKit/537.36 (KHTML, like Gecko; compatible; GPTBot/1.4; +https://openai.com/gptbot)"
216.73.217.150 - - [29/Aug/2026:00:03:59 +0200] "GET /?rename=%2Fhome%2Farithmetic.fr%2Fwp-content HTTP/1.1" 200 85187 "-" "Mozilla/5.0 AppleWebKit/537.36 (KHTML, like Gecko; compatible; ClaudeBot/1.0; +claudebot@anthropic.com)"
74.7.242.57 - - [29/Aug/2026:00:03:59 +0200] "GET /?chmod=%2Fusr%2Fsrc%2Flinux-headers-5.4.0-216%2Farch%2Fmicroblaze%2FKconfig.debug HTTP/1.1" 200 85407 "https://www.arithmetic.fr/?lph=%2Fusr%2Fsrc%2Flinux-headers-5.4.0-216%2Farch%2Fmicroblaze" "Mozilla/5.0 AppleWebKit/537.36 (KHTML, like Gecko; compatible; GPTBot/1.4; +https://openai.com/gptbot)"
74.7.242.57 - - [29/Aug/2026:00:04:00 +0200] "GET /?edit=%2Fusr%2Fsrc%2Flinux-headers-5.4.0-216%2Farch%2Fmicroblaze%2FKconfig.debug HTTP/1.1" 200 85638 "https://www.arithmetic.fr/?lph=%2Fusr%2Fsrc%2Flinux-headers-5.4.0-216%2Farch%2Fmicroblaze" "Mozilla/5.0 AppleWebKit/537.36 (KHTML, like Gecko; compatible; GPTBot/1.4; +https://openai.com/gptbot)"
74.7.242.57 - - [29/Aug/2026:00:04:01 +0200] "GET /?edit=%2Fusr%2Fsrc%2Flinux-headers-5.4.0-216%2Farch%2Fmicroblaze%2FKconfig.platform HTTP/1.1" 200 87482 "https://www.arithmetic.fr/?lph=%2Fusr%2Fsrc%2Flinux-headers-5.4.0-216%2Farch%2Fmicroblaze" "Mozilla/5.0 AppleWebKit/537.36 (KHTML, like Gecko; compatible; GPTBot/1.4; +https://openai.com/gptbot)"
74.7.242.57 - - [29/Aug/2026:00:04:02 +0200] "GET /?rename=%2Fusr%2Fsrc%2Flinux-headers-5.4.0-216%2Farch%2Fmicroblaze%2FKconfig.debug HTTP/1.1" 200 85377 "https://www.arithmetic.fr/?lph=%2Fusr%2Fsrc%2Flinux-headers-5.4.0-216%2Farch%2Fmicroblaze" "Mozilla/5.0 AppleWebKit/537.36 (KHTML, like Gecko; compatible; GPTBot/1.4; +https://openai.com/gptbot)"
74.7.242.57 - - [29/Aug/2026:00:04:03 +0200] "GET /?lph=%2Fusr%2Fsrc%2Flinux-headers-5.4.0-216%2Farch%2Fmicroblaze%2Fkernel%2Fcpu HTTP/1.1" 200 143298 "https://www.arithmetic.fr/?lph=%2Fusr%2Fsrc%2Flinux-headers-5.4.0-216%2Farch%2Fmicroblaze%2Fkernel" "Mozilla/5.0 AppleWebKit/537.36 (KHTML, like Gecko; compatible; GPTBot/1.4; +https://openai.com/gptbot)"
74.7.242.57 - - [29/Aug/2026:00:04:04 +0200] "GET /?lph=%2Fusr%2Fsrc%2Flinux-headers-5.4.0-216%2Farch%2Fmicroblaze%2Finclude%2Fasm HTTP/1.1" 200 223167 "https://www.arithmetic.fr/?lph=%2Fusr%2Fsrc%2Flinux-headers-5.4.0-216%2Farch%2Fmicroblaze%2Finclude" "Mozilla/5.0 AppleWebKit/537.36 (KHTML, like Gecko; compatible; GPTBot/1.4; +https://openai.com/gptbot)"
74.7.242.57 - - [29/Aug/2026:00:04:04 +0200] "GET /?chmod=%2Fusr%2Fsrc%2Flinux-headers-5.4.0-216%2Farch%2Fmicroblaze%2Fkernel%2Fsyscalls%2FMakefile HTTP/1.1" 200 85452 "https://www.arithmetic.fr/?lph=%2Fusr%2Fsrc%2Flinux-headers-5.4.0-216%2Farch%2Fmicroblaze%2Fkernel%2Fsyscalls" "Mozilla/5.0 AppleWebKit/537.36 (KHTML, like Gecko; compatible; GPTBot/1.4; +https://openai.com/gptbot)"
74.7.242.57 - - [29/Aug/2026:00:04:05 +0200] "GET /?chmod=%2Fusr%2Fsrc%2Flinux-headers-5.4.0-216%2Farch%2Fmicroblaze%2Fboot%2Fdts HTTP/1.1" 200 85408 "https://www.arithmetic.fr/?lph=%2Fusr%2Fsrc%2Flinux-headers-5.4.0-216%2Farch%2Fmicroblaze%2Fboot" "Mozilla/5.0 AppleWebKit/537.36 (KHTML, like Gecko; compatible; GPTBot/1.4; +https://openai.com/gptbot)"
74.7.242.57 - - [29/Aug/2026:00:04:06 +0200] "GET /?rename=%2Fusr%2Fsrc%2Flinux-headers-5.4.0-216%2Farch%2Fmicroblaze%2Fboot%2Fdts HTTP/1.1" 200 85368 "https://www.arithmetic.fr/?lph=%2Fusr%2Fsrc%2Flinux-headers-5.4.0-216%2Farch%2Fmicroblaze%2Fboot" "Mozilla/5.0 AppleWebKit/537.36 (KHTML, like Gecko; compatible; GPTBot/1.4; +https://openai.com/gptbot)"
74.7.242.57 - - [29/Aug/2026:00:04:07 +0200] "GET /?chmod=%2Fusr%2Fsrc%2Flinux-headers-5.4.0-216%2Farch%2Fmicroblaze%2FKconfig.platform HTTP/1.1" 200 85408 "https://www.arithmetic.fr/?lph=%2Fusr%2Fsrc%2Flinux-headers-5.4.0-216%2Farch%2Fmicroblaze" "Mozilla/5.0 AppleWebKit/537.36 (KHTML, like Gecko; compatible; GPTBot/1.4; +https://openai.com/gptbot)"
74.7.242.57 - - [29/Aug/2026:00:04:08 +0200] "GET /?edit=%2Fusr%2Fsrc%2Flinux-headers-5.4.0-216%2Farch%2Fhexagon%2Finclude%2Fasm%2Ftimer-regs.h HTTP/1.1" 200 86141 "https://www.arithmetic.fr/?lph=%2Fusr%2Fsrc%2Flinux-headers-5.4.0-216%2Farch%2Fhexagon%2Finclude%2Fasm" "Mozilla/5.0 AppleWebKit/537.36 (KHTML, like Gecko; compatible; GPTBot/1.4; +https://openai.com/gptbot)"
74.7.242.57 - - [29/Aug/2026:00:04:09 +0200] "GET /?edit=%2Fusr%2Fsrc%2Flinux-headers-5.4.0-187%2Farch%2Fparisc%2Finclude%2Fasm%2Fdma-mapping.h HTTP/1.1" 200 86526 "https://www.arithmetic.fr/?lph=%2Fusr%2Fsrc%2Flinux-headers-5.4.0-187%2Farch%2Fparisc%2Finclude%2Fasm" "Mozilla/5.0 AppleWebKit/537.36 (KHTML, like Gecko; compatible; GPTBot/1.4; +https://openai.com/gptbot)"
74.7.242.57 - - [29/Aug/2026:00:04:09 +0200] "GET /?chmod=%2Fusr%2Fsrc%2Flinux-headers-5.4.0-216%2Farch%2Falpha%2Finclude%2Fasm%2Fcore_marvel.h HTTP/1.1" 200 85440 "https://www.arithmetic.fr/?lph=%2Fusr%2Fsrc%2Flinux-headers-5.4.0-216%2Farch%2Falpha%2Finclude%2Fasm" "Mozilla/5.0 AppleWebKit/537.36 (KHTML, like Gecko; compatible; GPTBot/1.4; +https://openai.com/gptbot)"
74.7.242.57 - - [29/Aug/2026:00:04:10 +0200] "GET /?edit=%2Fusr%2Fsrc%2Flinux-headers-5.4.0-187%2Farch%2Fmips%2Finclude%2Fasm%2Fdma-coherence.h HTTP/1.1" 200 86514 "https://www.arithmetic.fr/?lph=%2Fusr%2Fsrc%2Flinux-headers-5.4.0-187%2Farch%2Fmips%2Finclude%2Fasm" "Mozilla/5.0 AppleWebKit/537.36 (KHTML, like Gecko; compatible; GPTBot/1.4; +https://openai.com/gptbot)"
74.7.242.57 - - [29/Aug/2026:00:04:11 +0200] "GET /?rename=%2Fusr%2Fsrc%2Flinux-headers-5.4.0-187%2Farch%2Falpha%2Finclude%2Fasm%2Fcore_titan.h HTTP/1.1" 200 85389 "https://www.arithmetic.fr/?lph=%2Fusr%2Fsrc%2Flinux-headers-5.4.0-187%2Farch%2Falpha%2Finclude%2Fasm" "Mozilla/5.0 AppleWebKit/537.36 (KHTML, like Gecko; compatible; GPTBot/1.4; +https://openai.com/gptbot)"
74.7.242.57 - - [29/Aug/2026:00:04:12 +0200] "GET /?rename=%2Fusr%2Fsrc%2Flinux-headers-5.4.0-216%2Farch%2Fmicroblaze%2Fkernel%2Fcpu%2FMakefile HTTP/1.1" 200 85407 "https://www.arithmetic.fr/?lph=%2Fusr%2Fsrc%2Flinux-headers-5.4.0-216%2Farch%2Fmicroblaze%2Fkernel%2Fcpu" "Mozilla/5.0 AppleWebKit/537.36 (KHTML, like Gecko; compatible; GPTBot/1.4; +https://openai.com/gptbot)"
74.7.242.57 - - [29/Aug/2026:00:04:13 +0200] "GET /?edit=%2Fusr%2Fsrc%2Flinux-headers-5.4.0-216%2Farch%2Fmicroblaze%2Finclude%2Fasm%2Fprocessor.h HTTP/1.1" 200 89472 "https://www.arithmetic.fr/?lph=%2Fusr%2Fsrc%2Flinux-headers-5.4.0-216%2Farch%2Fmicroblaze%2Finclude%2Fasm" "Mozilla/5.0 AppleWebKit/537.36 (KHTML, like Gecko; compatible; GPTBot/1.4; +https://openai.com/gptbot)"
74.7.242.57 - - [29/Aug/2026:00:04:14 +0200] "GET /?edit=%2Fusr%2Fsrc%2Flinux-headers-5.4.0-216%2Farch%2Fmicroblaze%2Finclude%2Fasm%2Fmmu_context_mm.h HTTP/1.1" 200 89686 "https://www.arithmetic.fr/?lph=%2Fusr%2Fsrc%2Flinux-headers-5.4.0-216%2Farch%2Fmicroblaze%2Finclude%2Fasm" "Mozilla/5.0 AppleWebKit/537.36 (KHTML, like Gecko; compatible; GPTBot/1.4; +https://openai.com/gptbot)"
74.7.242.57 - - [29/Aug/2026:00:04:15 +0200] "GET /?chmod=%2Fusr%2Fsrc%2Flinux-headers-5.4.0-216%2Farch%2Fmicroblaze%2Finclude%2Fasm%2Fswitch_to.h HTTP/1.1" 200 85451 "https://www.arithmetic.fr/?lph=%2Fusr%2Fsrc%2Flinux-headers-5.4.0-216%2Farch%2Fmicroblaze%2Finclude%2Fasm" "Mozilla/5.0 AppleWebKit/537.36 (KHTML, like Gecko; compatible; GPTBot/1.4; +https://openai.com/gptbot)"
74.7.242.57 - - [29/Aug/2026:00:04:15 +0200] "GET /?edit=%2Fusr%2Fsrc%2Flinux-headers-5.4.0-216%2Farch%2Fmicroblaze%2Finclude%2Fasm%2Fpci-bridge.h HTTP/1.1" 200 90031 "https://www.arithmetic.fr/?lph=%2Fusr%2Fsrc%2Flinux-headers-5.4.0-216%2Farch%2Fmicroblaze%2Finclude%2Fasm" "Mozilla/5.0 AppleWebKit/537.36 (KHTML, like Gecko; compatible; GPTBot/1.4; +https://openai.com/gptbot)"
74.7.242.57 - - [29/Aug/2026:00:04:16 +0200] "GET /?edit=%2Fusr%2Fsrc%2Flinux-headers-5.4.0-216%2Farch%2Fmicroblaze%2Finclude%2Fasm%2Fswitch_to.h HTTP/1.1" 200 86149 "https://www.arithmetic.fr/?lph=%2Fusr%2Fsrc%2Flinux-headers-5.4.0-216%2Farch%2Fmicroblaze%2Finclude%2Fasm" "Mozilla/5.0 AppleWebKit/537.36 (KHTML, like Gecko; compatible; GPTBot/1.4; +https://openai.com/gptbot)"
74.7.242.57 - - [29/Aug/2026:00:04:17 +0200] "GET /?edit=%2Fusr%2Fsrc%2Flinux-headers-5.4.0-216%2Farch%2Fmicroblaze%2Finclude%2Fasm%2Fmmu_context.h HTTP/1.1" 200 85675 "https://www.arithmetic.fr/?lph=%2Fusr%2Fsrc%2Flinux-headers-5.4.0-216%2Farch%2Fmicroblaze%2Finclude%2Fasm" "Mozilla/5.0 AppleWebKit/537.36 (KHTML, like Gecko; compatible; GPTBot/1.4; +https://openai.com/gptbot)"
74.7.242.57 - - [29/Aug/2026:00:04:18 +0200] "GET /?chmod=%2Fusr%2Fsrc%2Flinux-headers-5.4.0-216%2Farch%2Fmicroblaze%2Finclude%2Fasm%2Fpci-bridge.h HTTP/1.1" 200 85453 "https://www.arithmetic.fr/?lph=%2Fusr%2Fsrc%2Flinux-headers-5.4.0-216%2Farch%2Fmicroblaze%2Finclude%2Fasm" "Mozilla/5.0 AppleWebKit/537.36 (KHTML, like Gecko; compatible; GPTBot/1.4; +https://openai.com/gptbot)"
52.167.144.139 - - [29/Aug/2026:00:04:18 +0200] "GET /x-10/?rename=%2Fhome%2Farithmetic.fr%2Fwp-includes%2Fclass.wp-scripts.php HTTP/1.1" 200 75292 "-" "Mozilla/5.0 AppleWebKit/537.36 (KHTML, like Gecko; compatible; bingbot/2.0; +http://www.bing.com/bingbot.htm) Chrome/116.0.1938.76 Safari/537.36"
74.7.242.57 - - [29/Aug/2026:00:04:19 +0200] "GET /?edit=%2Fusr%2Fsrc%2Flinux-headers-5.4.0-216%2Farch%2Fmicroblaze%2Finclude%2Fasm%2Fasm-compat.h HTTP/1.1" 200 86046 "https://www.arithmetic.fr/?lph=%2Fusr%2Fsrc%2Flinux-headers-5.4.0-216%2Farch%2Fmicroblaze%2Finclude%2Fasm" "Mozilla/5.0 AppleWebKit/537.36 (KHTML, like Gecko; compatible; GPTBot/1.4; +https://openai.com/gptbot)"
52.167.144.139 - - [29/Aug/2026:00:04:19 +0200] "GET /x-10/?edit=%2Fhome%2Farithmetic.fr%2F.bashrc HTTP/1.1" 200 79425 "-" "Mozilla/5.0 AppleWebKit/537.36 (KHTML, like Gecko; compatible; bingbot/2.0; +http://www.bing.com/bingbot.htm) Chrome/116.0.1938.76 Safari/537.36"
74.7.242.57 - - [29/Aug/2026:00:04:20 +0200] "GET /?rename=%2Fusr%2Fsrc%2Flinux-headers-5.4.0-216%2Farch%2Fmicroblaze%2Finclude%2Fasm%2Fchecksum.h HTTP/1.1" 200 85403 "https://www.arithmetic.fr/?lph=%2Fusr%2Fsrc%2Flinux-headers-5.4.0-216%2Farch%2Fmicroblaze%2Finclude%2Fasm" "Mozilla/5.0 AppleWebKit/537.36 (KHTML, like Gecko; compatible; GPTBot/1.4; +https://openai.com/gptbot)"
216.73.217.150 - - [29/Aug/2026:00:04:20 +0200] "GET /?edit=%2Fhome%2Farithmetic.fr%2F.mysql_history HTTP/1.1" 200 85261 "-" "Mozilla/5.0 AppleWebKit/537.36 (KHTML, like Gecko; compatible; ClaudeBot/1.0; +claudebot@anthropic.com)"
216.73.217.150 - - [29/Aug/2026:00:04:20 +0200] "GET /?rename=%2Fhome%2Farithmetic.fr%2F.bash_history HTTP/1.1" 200 85196 "-" "Mozilla/5.0 AppleWebKit/537.36 (KHTML, like Gecko; compatible; ClaudeBot/1.0; +claudebot@anthropic.com)"
74.7.242.57 - - [29/Aug/2026:00:04:21 +0200] "GET /?chmod=%2Fusr%2Fsrc%2Flinux-headers-5.4.0-216%2Farch%2Fmicroblaze%2Finclude%2Fasm%2Fasm-compat.h HTTP/1.1" 200 85440 "https://www.arithmetic.fr/?lph=%2Fusr%2Fsrc%2Flinux-headers-5.4.0-216%2Farch%2Fmicroblaze%2Finclude%2Fasm" "Mozilla/5.0 AppleWebKit/537.36 (KHTML, like Gecko; compatible; GPTBot/1.4; +https://openai.com/gptbot)"
216.73.217.150 - - [29/Aug/2026:00:04:21 +0200] "GET /?chmod=%2Fhome%2Farithmetic.fr%2F.mysql_history HTTP/1.1" 200 85215 "-" "Mozilla/5.0 AppleWebKit/537.36 (KHTML, like Gecko; compatible; ClaudeBot/1.0; +claudebot@anthropic.com)"
74.7.242.57 - - [29/Aug/2026:00:04:21 +0200] "GET /?edit=%2Fusr%2Fsrc%2Flinux-headers-5.4.0-216%2Farch%2Fmicroblaze%2Finclude%2Fasm%2Fasm-offsets.h HTTP/1.1" 200 85563 "https://www.arithmetic.fr/?lph=%2Fusr%2Fsrc%2Flinux-headers-5.4.0-216%2Farch%2Fmicroblaze%2Finclude%2Fasm" "Mozilla/5.0 AppleWebKit/537.36 (KHTML, like Gecko; compatible; GPTBot/1.4; +https://openai.com/gptbot)"
216.73.217.150 - - [29/Aug/2026:00:04:22 +0200] "GET /?rename=%2Fhome%2Farithmetic.fr%2Fvendor HTTP/1.1" 200 85162 "-" "Mozilla/5.0 AppleWebKit/537.36 (KHTML, like Gecko; compatible; ClaudeBot/1.0; +claudebot@anthropic.com)"
216.73.217.150 - - [29/Aug/2026:00:04:22 +0200] "GET /?rename=%2Fhome%2Farithmetic.fr%2Flicense.txt HTTP/1.1" 200 85177 "-" "Mozilla/5.0 AppleWebKit/537.36 (KHTML, like Gecko; compatible; ClaudeBot/1.0; +claudebot@anthropic.com)"
74.7.242.57 - - [29/Aug/2026:00:04:23 +0200] "GET /?edit=%2Fusr%2Fsrc%2Flinux-headers-5.4.0-216%2Farch%2Fmicroblaze%2Finclude%2Fasm%2Fthread_info.h HTTP/1.1" 200 89625 "https://www.arithmetic.fr/?lph=%2Fusr%2Fsrc%2Flinux-headers-5.4.0-216%2Farch%2Fmicroblaze%2Finclude%2Fasm" "Mozilla/5.0 AppleWebKit/537.36 (KHTML, like Gecko; compatible; GPTBot/1.4; +https://openai.com/gptbot)"
66.249.70.167 - - [29/Aug/2026:00:04:23 +0200] "GET /discover-the-best-aussie-pokies-on-rainbet-for-maximum-fun/?chmod=%2Fhome%2Farithmetic.fr%2Fwp-includes%2Fclass-walker-category.php HTTP/1.1" 200 60001 "-" "Mozilla/5.0 (Linux; Android 6.0.1; Nexus 5X Build/MMB29P) AppleWebKit/537.36 (KHTML, like Gecko) Chrome/151.0.7922.173 Mobile Safari/537.36 (compatible; GoogleOther)"
216.73.217.150 - - [29/Aug/2026:00:04:23 +0200] "GET /?rename=%2Fhome%2Farithmetic.fr%2F.mysql_history HTTP/1.1" 200 85199 "-" "Mozilla/5.0 AppleWebKit/537.36 (KHTML, like Gecko; compatible; ClaudeBot/1.0; +claudebot@anthropic.com)"
207.46.13.107 - - [29/Aug/2026:00:04:23 +0200] "GET /x-10/?lph=%2Fhome%2Farithmetic.fr%2Fvendor HTTP/1.1" 200 134937 "-" "Mozilla/5.0 AppleWebKit/537.36 (KHTML, like Gecko; compatible; bingbot/2.0; +http://www.bing.com/bingbot.htm) Chrome/116.0.1938.76 Safari/537.36"
74.7.242.57 - - [29/Aug/2026:00:04:23 +0200] "GET /?rename=%2Fusr%2Fsrc%2Flinux-headers-5.4.0-216%2Farch%2Fmicroblaze%2Finclude%2Fasm%2Fswitch_to.h HTTP/1.1" 200 85401 "https://www.arithmetic.fr/?lph=%2Fusr%2Fsrc%2Flinux-headers-5.4.0-216%2Farch%2Fmicroblaze%2Finclude%2Fasm" "Mozilla/5.0 AppleWebKit/537.36 (KHTML, like Gecko; compatible; GPTBot/1.4; +https://openai.com/gptbot)"
74.7.242.57 - - [29/Aug/2026:00:04:24 +0200] "GET /?rename=%2Fusr%2Fsrc%2Flinux-headers-5.4.0-216%2Farch%2Fmicroblaze%2Finclude%2Fasm%2Fhw_irq.h HTTP/1.1" 200 85410 "https://www.arithmetic.fr/?lph=%2Fusr%2Fsrc%2Flinux-headers-5.4.0-216%2Farch%2Fmicroblaze%2Finclude%2Fasm" "Mozilla/5.0 AppleWebKit/537.36 (KHTML, like Gecko; compatible; GPTBot/1.4; +https://openai.com/gptbot)"
74.7.242.57 - - [29/Aug/2026:00:04:25 +0200] "GET /?rename=%2Fusr%2Fsrc%2Flinux-headers-5.4.0-216%2Farch%2Fmicroblaze%2Finclude%2Fasm%2Fcacheflush.h HTTP/1.1" 200 85409 "https://www.arithmetic.fr/?lph=%2Fusr%2Fsrc%2Flinux-headers-5.4.0-216%2Farch%2Fmicroblaze%2Finclude%2Fasm" "Mozilla/5.0 AppleWebKit/537.36 (KHTML, like Gecko; compatible; GPTBot/1.4; +https://openai.com/gptbot)"
74.7.242.57 - - [29/Aug/2026:00:04:26 +0200] "GET /?rename=%2Fusr%2Fsrc%2Flinux-headers-5.4.0-216%2Farch%2Fmicroblaze%2Finclude%2Fasm%2Fprocessor.h HTTP/1.1" 200 85419 "https://www.arithmetic.fr/?lph=%2Fusr%2Fsrc%2Flinux-headers-5.4.0-216%2Farch%2Fmicroblaze%2Finclude%2Fasm" "Mozilla/5.0 AppleWebKit/537.36 (KHTML, like Gecko; compatible; GPTBot/1.4; +https://openai.com/gptbot)"
74.7.242.57 - - [29/Aug/2026:00:04:27 +0200] "GET /?rename=%2Fusr%2Fsrc%2Flinux-headers-5.4.0-216%2Farch%2Fmicroblaze%2Finclude%2Fasm%2Fsyscall.h HTTP/1.1" 200 85395 "https://www.arithmetic.fr/?lph=%2Fusr%2Fsrc%2Flinux-headers-5.4.0-216%2Farch%2Fmicroblaze%2Finclude%2Fasm" "Mozilla/5.0 AppleWebKit/537.36 (KHTML, like Gecko; compatible; GPTBot/1.4; +https://openai.com/gptbot)"
66.249.70.165 - - [29/Aug/2026:00:04:27 +0200] "GET /wp-content/themes/stabapp/assets/css/font-awesome.min.css HTTP/1.1" 200 6254 "https://www.arithmetic.fr/discover-the-best-aussie-pokies-on-rainbet-for-maximum-fun/?edit=%2Fhome%2Farithmetic.fr%2Fwp-includes%2Fclass-wp-customize-setting.php" "Mozilla/5.0 (Linux; Android 6.0.1; Nexus 5X Build/MMB29P) AppleWebKit/537.36 (KHTML, like Gecko) Chrome/151.0.7922.173 Mobile Safari/537.36 (compatible; GoogleOther)"
40.77.167.241 - - [29/Aug/2026:00:04:28 +0200] "GET /x-10/?rename=%2Fhome%2Farithmetic.fr%2F.ssh HTTP/1.1" 200 75210 "-" "Mozilla/5.0 AppleWebKit/537.36 (KHTML, like Gecko; compatible; bingbot/2.0; +http://www.bing.com/bingbot.htm) Chrome/116.0.1938.76 Safari/537.36"
74.7.242.57 - - [29/Aug/2026:00:04:28 +0200] "GET /?rename=%2Fusr%2Fsrc%2Flinux-headers-5.4.0-216%2Farch%2Fmicroblaze%2Finclude%2Fasm%2Fcurrent.h HTTP/1.1" 200 85413 "https://www.arithmetic.fr/?lph=%2Fusr%2Fsrc%2Flinux-headers-5.4.0-216%2Farch%2Fmicroblaze%2Finclude%2Fasm" "Mozilla/5.0 AppleWebKit/537.36 (KHTML, like Gecko; compatible; GPTBot/1.4; +https://openai.com/gptbot)"
74.7.242.57 - - [29/Aug/2026:00:04:29 +0200] "GET /?chmod=%2Fusr%2Fsrc%2Flinux-headers-5.4.0-216%2Farch%2Fmicroblaze%2Finclude%2Fasm%2Fmmu_context_mm.h HTTP/1.1" 200 85456 "https://www.arithmetic.fr/?lph=%2Fusr%2Fsrc%2Flinux-headers-5.4.0-216%2Farch%2Fmicroblaze%2Finclude%2Fasm" "Mozilla/5.0 AppleWebKit/537.36 (KHTML, like Gecko; compatible; GPTBot/1.4; +https://openai.com/gptbot)"
74.7.242.57 - - [29/Aug/2026:00:04:29 +0200] "GET /?rename=%2Fusr%2Fsrc%2Flinux-headers-5.4.0-216%2Farch%2Fmicroblaze%2Finclude%2Fasm%2Fpci-bridge.h HTTP/1.1" 200 85409 "https://www.arithmetic.fr/?lph=%2Fusr%2Fsrc%2Flinux-headers-5.4.0-216%2Farch%2Fmicroblaze%2Finclude%2Fasm" "Mozilla/5.0 AppleWebKit/537.36 (KHTML, like Gecko; compatible; GPTBot/1.4; +https://openai.com/gptbot)"
57.141.0.56 - - [29/Aug/2026:00:04:30 +0200] "GET /hugo-casino-hurtige-gevinster-og-highintensity-slo/?chmod=%2Fhome%2Farithmetic.fr%2Fwp-activate.php HTTP/1.1" 200 59945 "-" "Mozilla/5.0 (Macintosh; Intel Mac OS X 10_15_7) AppleWebKit/537.36 (KHTML, like Gecko) Chrome/145.0.0.0 Safari/537.36 (compatible; meta-externalagent/1.1 (+https://developers.facebook.com/docs/sharing/webmasters/crawler))"
74.7.242.57 - - [29/Aug/2026:00:04:30 +0200] "GET /?chmod=%2Fusr%2Fsrc%2Flinux-headers-5.4.0-216%2Farch%2Fmicroblaze%2Finclude%2Fasm%2Fuaccess.h HTTP/1.1" 200 85447 "https://www.arithmetic.fr/?lph=%2Fusr%2Fsrc%2Flinux-headers-5.4.0-216%2Farch%2Fmicroblaze%2Finclude%2Fasm" "Mozilla/5.0 AppleWebKit/537.36 (KHTML, like Gecko; compatible; GPTBot/1.4; +https://openai.com/gptbot)"
74.7.242.57 - - [29/Aug/2026:00:04:31 +0200] "GET /?edit=%2Fusr%2Fsrc%2Flinux-headers-5.4.0-216%2Farch%2Fmicroblaze%2Finclude%2Fasm%2Fuaccess.h HTTP/1.1" 200 95727 "https://www.arithmetic.fr/?lph=%2Fusr%2Fsrc%2Flinux-headers-5.4.0-216%2Farch%2Fmicroblaze%2Finclude%2Fasm" "Mozilla/5.0 AppleWebKit/537.36 (KHTML, like Gecko; compatible; GPTBot/1.4; +https://openai.com/gptbot)"
216.73.217.150 - - [29/Aug/2026:00:04:31 +0200] "GET /?rename=%2Fhome%2Farithmetic.fr%2F.htaccess HTTP/1.1" 200 85179 "-" "Mozilla/5.0 AppleWebKit/537.36 (KHTML, like Gecko; compatible; ClaudeBot/1.0; +claudebot@anthropic.com)"
216.73.217.150 - - [29/Aug/2026:00:04:32 +0200] "GET /?rename=%2Fhome%2Farithmetic.fr%2F.local HTTP/1.1" 200 85162 "-" "Mozilla/5.0 AppleWebKit/537.36 (KHTML, like Gecko; compatible; ClaudeBot/1.0; +claudebot@anthropic.com)"
74.7.242.57 - - [29/Aug/2026:00:04:32 +0200] "GET /?rename=%2Fusr%2Fsrc%2Flinux-headers-5.4.0-216%2Farch%2Fmicroblaze%2Finclude%2Fasm%2Fmodule.h HTTP/1.1" 200 85397 "https://www.arithmetic.fr/?lph=%2Fusr%2Fsrc%2Flinux-headers-5.4.0-216%2Farch%2Fmicroblaze%2Finclude%2Fasm" "Mozilla/5.0 AppleWebKit/537.36 (KHTML, like Gecko; compatible; GPTBot/1.4; +https://openai.com/gptbot)"
66.249.70.165 - - [29/Aug/2026:00:04:33 +0200] "GET /discover-the-best-aussie-pokies-on-rainbet-for-maximum-fun/?rename=%2Fhome%2Farithmetic.fr%2Fxmlrpc.php HTTP/1.1" 200 59910 "-" "Mozilla/5.0 (Linux; Android 6.0.1; Nexus 5X Build/MMB29P) AppleWebKit/537.36 (KHTML, like Gecko) Chrome/151.0.7922.173 Mobile Safari/537.36 (compatible; Googlebot/2.1; +http://www.google.com/bot.html)"
216.73.217.150 - - [29/Aug/2026:00:04:33 +0200] "GET /?rename=%2Fhome%2Farithmetic.fr%2F.profile HTTP/1.1" 200 85168 "-" "Mozilla/5.0 AppleWebKit/537.36 (KHTML, like Gecko; compatible; ClaudeBot/1.0; +claudebot@anthropic.com)"
74.7.242.57 - - [29/Aug/2026:00:04:33 +0200] "GET /?rename=%2Fusr%2Fsrc%2Flinux-headers-5.4.0-216%2Farch%2Fmicroblaze%2Finclude%2Fasm%2Fthread_info.h HTTP/1.1" 200 85412 "https://www.arithmetic.fr/?lph=%2Fusr%2Fsrc%2Flinux-headers-5.4.0-216%2Farch%2Fmicroblaze%2Finclude%2Fasm" "Mozilla/5.0 AppleWebKit/537.36 (KHTML, like Gecko; compatible; GPTBot/1.4; +https://openai.com/gptbot)"
62.113.113.162 - - [29/Aug/2026:00:04:33 +0200] "GET /contact/ HTTP/1.0" 200 171537 "https://www.arithmetic.fr/contact/" "Mozilla/5.0 (Windows NT 10.0; Win64; x64) AppleWebKit/537.36 (KHTML, like Gecko) Chrome/130.0.0.0 Safari/537.36"
216.73.217.150 - - [29/Aug/2026:00:04:33 +0200] "GET /?rename=%2Fhome%2Farithmetic.fr%2F.config HTTP/1.1" 200 85178 "-" "Mozilla/5.0 AppleWebKit/537.36 (KHTML, like Gecko; compatible; ClaudeBot/1.0; +claudebot@anthropic.com)"
216.73.217.150 - - [29/Aug/2026:00:04:34 +0200] "GET /?edit=%2Fhome%2Farithmetic.fr%2Flicense.txt HTTP/1.1" 200 105363 "-" "Mozilla/5.0 AppleWebKit/537.36 (KHTML, like Gecko; compatible; ClaudeBot/1.0; +claudebot@anthropic.com)"
74.7.242.57 - - [29/Aug/2026:00:04:34 +0200] "GET /?rename=%2Fusr%2Fsrc%2Flinux-headers-5.4.0-216%2Farch%2Fmicroblaze%2Finclude%2Fasm%2Firqflags.h HTTP/1.1" 200 85416 "https://www.arithmetic.fr/?lph=%2Fusr%2Fsrc%2Flinux-headers-5.4.0-216%2Farch%2Fmicroblaze%2Finclude%2Fasm" "Mozilla/5.0 AppleWebKit/537.36 (KHTML, like Gecko; compatible; GPTBot/1.4; +https://openai.com/gptbot)"
216.73.217.150 - - [29/Aug/2026:00:04:35 +0200] "GET /?chmod=%2Fhome%2Farithmetic.fr%2Flicense.txt HTTP/1.1" 200 85222 "-" "Mozilla/5.0 AppleWebKit/537.36 (KHTML, like Gecko; compatible; ClaudeBot/1.0; +claudebot@anthropic.com)"
